177.129.48.84 - - [16/Jul/2026:21:10:05 +0000] "GET /wp-content/plugins/woocommerce/assets/js/frontend/cart-fragments.min.js?ver=10.9.4 HTTP/2" 200 943 "https://xedaptot.vn/chinh-sach-van-chuyen/" "Mozilla/5.0 (X11; Linux x86_64) AppleWebKit/537.36 (KHTML, like Gecko) Chrome/150.0.0.0 Safari/537.36"
177.129.48.84 - - [16/Jul/2026:21:10:05 +0000] "GET /wp-content/plugins/revslider/sr6/assets/js/rbtools.min.js?ver=6.7.38 HTTP/2" 200 59937 "https://xedaptot.vn/chinh-sach-van-chuyen/" "Mozilla/5.0 (X11; Linux x86_64) AppleWebKit/537.36 (KHTML, like Gecko) Chrome/150.0.0.0 Safari/537.36"
177.129.48.84 - - [16/Jul/2026:21:10:05 +0000] "GET /wp-content/plugins/revslider/sr6/assets/js/rs6.min.js?ver=6.7.38 HTTP/2" 200 104520 "https://xedaptot.vn/chinh-sach-van-chuyen/" "Mozilla/5.0 (X11; Linux x86_64) AppleWebKit/537.36 (KHTML, like Gecko) Chrome/150.0.0.0 Safari/537.36"
177.129.48.84 - - [16/Jul/2026:21:10:05 +0000] "GET /wp-content/themes/tokoo/assets/js/jquery.waypoints.min.js?ver=1.2.1 HTTP/2" 200 2592 "https://xedaptot.vn/chinh-sach-van-chuyen/" "Mozilla/5.0 (X11; Linux x86_64) AppleWebKit/537.36 (KHTML, like Gecko) Chrome/150.0.0.0 Safari/537.36"
194.44.97.144 - - [16/Jul/2026:21:06:01 +0000] "GET /wp-content/themes/tokoo/assets/js/tokoo.min.js?ver=1.2.1 HTTP/2" 200 2399 "https://xedaptot.vn/product-category/xe-dap-dien-the-thao/" "Mozilla/5.0 (X11; Linux x86_64) AppleWebKit/537.36 (KHTML, like Gecko) Chrome/150.0.0.0 Safari/537.36"
194.44.97.144 - - [16/Jul/2026:21:06:01 +0000] "GET /wp-content/plugins/woocommerce/assets/js/frontend/order-attribution.min.js?ver=10.9.4 HTTP/2" 200 1020 "https://xedaptot.vn/product-category/xe-dap-dien-the-thao/" "Mozilla/5.0 (X11; Linux x86_64) AppleWebKit/537.36 (KHTML, like Gecko) Chrome/150.0.0.0 Safari/537.36"
194.44.97.144 - - [16/Jul/2026:21:06:01 +0000] "GET /wp-content/plugins/kingcomposer/assets/frontend/js/kingcomposer.min.js?ver=2.9.6 HTTP/2" 200 7540 "https://xedaptot.vn/product-category/xe-dap-dien-the-thao/" "Mozilla/5.0 (X11; Linux x86_64) AppleWebKit/537.36 (KHTML, like Gecko) Chrome/150.0.0.0 Safari/537.36"
194.44.97.144 - - [16/Jul/2026:21:06:04 +0000] "GET /wp-content/plugins/woocommerce/assets/js/accounting/accounting.min.js?ver=0.4.2 HTTP/2" 200 1321 "https://xedaptot.vn/product-category/xe-dap-dien-the-thao/" "Mozilla/5.0 (X11; Linux x86_64) AppleWebKit/537.36 (KHTML, like Gecko) Chrome/150.0.0.0 Safari/537.36"
194.44.97.144 - - [16/Jul/2026:21:06:09 +0000] "GET /wp-content/plugins/wpforms-lite/assets/js/frontend/wpforms.min.js?ver=1.10.2.1 HTTP/2" 200 14946 "https://xedaptot.vn/product-category/xe-dap-dien-the-thao/" "Mozilla/5.0 (X11; Linux x86_64) AppleWebKit/537.36 (KHTML, like Gecko) Chrome/150.0.0.0 Safari/537.36"
194.44.97.144 - - [16/Jul/2026:21:06:09 +0000] "GET /wp-content/plugins/wpforms-lite/assets/lib/jquery.validate.min.js?ver=1.21.0 HTTP/2" 200 7806 "https://xedaptot.vn/product-category/xe-dap-dien-the-thao/" "Mozilla/5.0 (X11; Linux x86_64) AppleWebKit/537.36 (KHTML, like Gecko) Chrome/150.0.0.0 Safari/537.36"
194.44.97.144 - - [16/Jul/2026:21:06:09 +0000] "GET /wp-content/plugins/wpforms-lite/assets/lib/punycode.min.js?ver=1.0.0 HTTP/2" 200 833 "https://xedaptot.vn/product-category/xe-dap-dien-the-thao/" "Mozilla/5.0 (X11; Linux x86_64) AppleWebKit/537.36 (KHTML, like Gecko) Chrome/150.0.0.0 Safari/537.36"
194.44.97.144 - - [16/Jul/2026:21:06:09 +0000] "GET /wp-content/plugins/wpforms-lite/assets/js/share/utils.min.js?ver=1.10.2.1 HTTP/2" 200 726 "https://xedaptot.vn/product-category/xe-dap-dien-the-thao/" "Mozilla/5.0 (X11; Linux x86_64) AppleWebKit/537.36 (KHTML, like Gecko) Chrome/150.0.0.0 Safari/537.36"
93.182.71.210 - - [16/Jul/2026:21:07:06 +0000] "GET /wp-content/uploads/2022/10/IMG_7407-600x450.jpg HTTP/2" 200 63478 "-" "Mozilla/5.0 (Macintosh; Intel Mac OS X 10_11_3 rv:2.0; uz-UZ) AppleWebKit/531.20.6 (KHTML, like Gecko) Version/4.1 Safari/531.20.6"
141.98.11.224 - - [16/Jul/2026:21:08:59 +0000] "GET / HTTP/2" 200 37120 "https://xedaptot.vn/" "Mozilla/5.0 (Windows NT 10.0; Win64; x64) AppleWebKit/537.36 (KHTML, like Gecko) Chrome/130.0.0.0 Safari/537.36 CCleaner/130.0.0.0"
65.181.111.155 - - [16/Jul/2026:21:10:03 +0000] "POST /wp-cron.php?doing_wp_cron=1784236203.3243100643157958984375 HTTP/2" 200 0 "-" "WordPress/7.0.1; https://xedaptot.vn"
177.129.48.84 - - [16/Jul/2026:21:10:05 +0000] "GET /wp-content/themes/tokoo/assets/js/bootstrap.min.js?ver=1.2.1 HTTP/2" 200 12878 "https://xedaptot.vn/chinh-sach-van-chuyen/" "Mozilla/5.0 (X11; Linux x86_64) AppleWebKit/537.36 (KHTML, like Gecko) Chrome/150.0.0.0 Safari/537.36"
177.129.48.84 - - [16/Jul/2026:21:10:05 +0000] "GET /wp-includes/js/imagesloaded.min.js?ver=5.0.0 HTTP/2" 200 1687 "https://xedaptot.vn/chinh-sach-van-chuyen/" "Mozilla/5.0 (X11; Linux x86_64) AppleWebKit/537.36 (KHTML, like Gecko) Chrome/150.0.0.0 Safari/537.36"
177.129.48.84 - - [16/Jul/2026:21:10:05 +0000] "GET /wp-content/plugins/woocommerce/assets/js/frontend/order-attribution.min.js?ver=10.9.4 HTTP/2" 200 1020 "https://xedaptot.vn/chinh-sach-van-chuyen/" "Mozilla/5.0 (X11; Linux x86_64) AppleWebKit/537.36 (KHTML, like Gecko) Chrome/150.0.0.0 Safari/537.36"
177.129.48.84 - - [16/Jul/2026:21:10:05 +0000] "GET /wp-content/themes/tokoo/assets/js/typeahead.bundle.min.js?ver=1.2.1 HTTP/2" 200 13586 "https://xedaptot.vn/chinh-sach-van-chuyen/" "Mozilla/5.0 (X11; Linux x86_64) AppleWebKit/537.36 (KHTML, like Gecko) Chrome/150.0.0.0 Safari/537.36"
177.129.48.84 - - [16/Jul/2026:21:10:05 +0000] "GET /wp-content/themes/tokoo/assets/js/popper.min.js?ver=1.2.1 HTTP/2" 200 6923 "https://xedaptot.vn/chinh-sach-van-chuyen/" "Mozilla/5.0 (X11; Linux x86_64) AppleWebKit/537.36 (KHTML, like Gecko) Chrome/150.0.0.0 Safari/537.36"
177.129.48.84 - - [16/Jul/2026:21:10:05 +0000] "GET /wp-content/themes/tokoo/assets/js/navigation.min.js?ver=1.2.1 HTTP/2" 200 717 "https://xedaptot.vn/chinh-sach-van-chuyen/" "Mozilla/5.0 (X11; Linux x86_64) AppleWebKit/537.36 (KHTML, like Gecko) Chrome/150.0.0.0 Safari/537.36"
177.129.48.84 - - [16/Jul/2026:21:10:05 +0000] "GET /wp-content/themes/tokoo/assets/js/handlebars.min.js?ver=1.2.1 HTTP/2" 200 14315 "https://xedaptot.vn/chinh-sach-van-chuyen/" "Mozilla/5.0 (X11; Linux x86_64) AppleWebKit/537.36 (KHTML, like Gecko) Chrome/150.0.0.0 Safari/537.36"
177.129.48.84 - - [16/Jul/2026:21:10:06 +0000] "GET /wp-content/plugins/woocommerce/assets/js/frontend/woocommerce.min.js?ver=10.9.4 HTTP/2" 200 1384 "https://xedaptot.vn/chinh-sach-van-chuyen/" "Mozilla/5.0 (X11; Linux x86_64) AppleWebKit/537.36 (KHTML, like Gecko) Chrome/150.0.0.0 Safari/537.36"
177.129.48.84 - - [16/Jul/2026:21:10:06 +0000] "GET /wp-content/plugins/woocommerce/assets/js/jquery-blockui/jquery.blockUI.min.js?ver=2.7.0-wc.10.9.4 HTTP/2" 200 3277 "https://xedaptot.vn/chinh-sach-van-chuyen/" "Mozilla/5.0 (X11; Linux x86_64) AppleWebKit/537.36 (KHTML, like Gecko) Chrome/150.0.0.0 Safari/537.36"
177.129.48.84 - - [16/Jul/2026:21:10:07 +0000] "GET /wp-includes/js/wp-emoji-release.min.js?ver=7.0.1 HTTP/2" 200 4974 "https://xedaptot.vn/chinh-sach-van-chuyen/" "Mozilla/5.0 (X11; Linux x86_64) AppleWebKit/537.36 (KHTML, like Gecko) Chrome/150.0.0.0 Safari/537.36"
177.129.48.84 - - [16/Jul/2026:21:10:07 +0000] "GET /wp-admin/admin-ajax.php?action=products_live_search&fn=get_ajax_search HTTP/2" 200 6 "https://xedaptot.vn/chinh-sach-van-chuyen/" "Mozilla/5.0 (X11; Linux x86_64) AppleWebKit/537.36 (KHTML, like Gecko) Chrome/150.0.0.0 Safari/537.36"
177.129.48.84 - - [16/Jul/2026:21:10:07 +0000] "POST /?wc-ajax=get_refreshed_fragments HTTP/2" 200 615 "https://xedaptot.vn/chinh-sach-van-chuyen/" "Mozilla/5.0 (X11; Linux x86_64) AppleWebKit/537.36 (KHTML, like Gecko) Chrome/150.0.0.0 Safari/537.36"
177.129.48.84 - - [16/Jul/2026:21:10:06 +0000] "GET /wp-content/plugins/wpforms-lite/assets/lib/jquery.validate.min.js?ver=1.21.0 HTTP/2" 200 7806 "https://xedaptot.vn/chinh-sach-van-chuyen/" "Mozilla/5.0 (X11; Linux x86_64) AppleWebKit/537.36 (KHTML, like Gecko) Chrome/150.0.0.0 Safari/537.36"
177.129.48.84 - - [16/Jul/2026:21:10:06 +0000] "GET /wp-content/plugins/wpforms-lite/assets/lib/punycode.min.js?ver=1.0.0 HTTP/2" 200 833 "https://xedaptot.vn/chinh-sach-van-chuyen/" "Mozilla/5.0 (X11; Linux x86_64) AppleWebKit/537.36 (KHTML, like Gecko) Chrome/150.0.0.0 Safari/537.36"
177.129.48.84 - - [16/Jul/2026:21:10:06 +0000] "GET /wp-content/plugins/woocommerce/assets/js/frontend/add-to-cart.min.js?ver=10.9.4 HTTP/2" 200 1296 "https://xedaptot.vn/chinh-sach-van-chuyen/" "Mozilla/5.0 (X11; Linux x86_64) AppleWebKit/537.36 (KHTML, like Gecko) Chrome/150.0.0.0 Safari/537.36"
177.129.48.84 - - [16/Jul/2026:21:10:06 +0000] "GET /wp-content/plugins/wpforms-lite/assets/js/frontend/fields/address.min.js?ver=1.10.2.1 HTTP/2" 200 672 "https://xedaptot.vn/chinh-sach-van-chuyen/" "Mozilla/5.0 (X11; Linux x86_64) AppleWebKit/537.36 (KHTML, like Gecko) Chrome/150.0.0.0 Safari/537.36"
100.50.179.0 - - [16/Jul/2026:21:10:26 +0000] "GET /robots.txt HTTP/2" 200 161 "-" "Mozilla/5.0 (Macintosh; Intel Mac OS X 10_10_1) AppleWebKit/600.2.5 (KHTML, like Gecko) Version/8.0.2 Safari/600.2.5 (Gort)"
40.77.167.136 - - [16/Jul/2026:21:26:20 +0000] "GET /wp-content/uploads/2022/09/Bo-rua-xich-xanh-choi-4-600x600.jpg HTTP/2" 200 44979 "-" "Mozilla/5.0 AppleWebKit/537.36 (KHTML, like Gecko; compatible; bingbot/2.0; +http://www.bing.com/bingbot.htm) Chrome/116.0.1938.76 Safari/537.36"
43.130.3.120 - - [16/Jul/2026:21:12:21 +0000] "GET /wp-comments-post.php HTTP/2" 405 0 "-" "Mozilla/5.0 (iPhone; CPU iPhone OS 13_2_3 like Mac OS X) AppleWebKit/605.1.15 (KHTML, like Gecko) Version/13.0.3 Mobile/15E148 Safari/604.1"
2a03:2880:f800:2:: - - [16/Jul/2026:21:17:51 +0000] "GET /wp-content/uploads/2022/06/4d88ac307040153b24c903cb5866e42f.jpg HTTP/2" 200 72790 "-" "Mozilla/5.0 (Macintosh; Intel Mac OS X 10.15; rv:147.0) Gecko/20100101 Firefox/147.0 (compatible; meta-webindexer/1.1 (+https://developers.facebook.com/docs/sharing/webmasters/crawler))"
65.181.111.155 - - [16/Jul/2026:21:23:30 +0000] "POST /wp-cron.php?doing_wp_cron=1784237010.7336750030517578125000 HTTP/2" 200 0 "-" "WordPress/7.0.1; https://xedaptot.vn"
170.106.110.146 - - [16/Jul/2026:21:23:23 +0000] "GET /product-category/xe-dap-fixed-gear/?add-to-cart=5338 HTTP/2" 200 20831 "-" "Mozilla/5.0 (iPhone; CPU iPhone OS 13_2_3 like Mac OS X) AppleWebKit/605.1.15 (KHTML, like Gecko) Version/13.0.3 Mobile/15E148 Safari/604.1"
148.113.130.254 - - [16/Jul/2026:21:31:28 +0000] "GET /product-tag/xe-dap-the-thao-glx-ct9t-26-inch/ HTTP/2" 200 18633 "-" "Mozilla/5.0 (compatible; AhrefsBot/7.0; +http://ahrefs.com/robot/)"
65.181.111.155 - - [16/Jul/2026:21:41:15 +0000] "POST /wp-cron.php?doing_wp_cron=1784238075.8857491016387939453125 HTTP/2" 200 0 "-" "WordPress/7.0.1; https://xedaptot.vn"
148.113.130.162 - - [16/Jul/2026:21:41:10 +0000] "GET /product/xe-dap-chevaux-hk-pro/ HTTP/2" 200 25273 "-" "Mozilla/5.0 (compatible; AhrefsBot/7.0; +http://ahrefs.com/robot/)"
65.181.111.155 - - [16/Jul/2026:21:42:26 +0000] "POST /wp-cron.php?doing_wp_cron=1784238146.3355820178985595703125 HTTP/2" 200 0 "-" "WordPress/7.0.1; https://xedaptot.vn"
62.105.205.228 - - [16/Jul/2026:21:42:21 +0000] "GET /product/yen-xe-dap-the-thao-lietu-co-lo/ HTTP/2" 200 26268 "-" "Mozilla/5.0 (compatible; Googlebot/2.1; +http://www.google.com/bot.html)"
65.181.111.155 - - [16/Jul/2026:21:43:17 +0000] "POST /wp-cron.php?doing_wp_cron=1784238197.7203888893127441406250 HTTP/2" 200 0 "-" "WordPress/7.0.1; https://xedaptot.vn"
40.77.167.51 - - [16/Jul/2026:21:43:11 +0000] "GET /sitemap.xml HTTP/2" 301 0 "-" "Mozilla/5.0 AppleWebKit/537.36 (KHTML, like Gecko; compatible; bingbot/2.0; +http://www.bing.com/bingbot.htm) Chrome/116.0.1938.76 Safari/537.36"
40.77.167.51 - - [16/Jul/2026:21:43:22 +0000] "GET /sitemap_index.xml HTTP/2" 200 284 "-" "Mozilla/5.0 AppleWebKit/537.36 (KHTML, like Gecko; compatible; bingbot/2.0; +http://www.bing.com/bingbot.htm) Chrome/116.0.1938.76 Safari/537.36"
65.181.111.155 - - [16/Jul/2026:21:43:38 +0000] "POST /wp-cron.php?doing_wp_cron=1784238218.2800819873809814453125 HTTP/2" 200 0 "-" "WordPress/7.0.1; https://xedaptot.vn"
65.181.111.155 - - [16/Jul/2026:21:31:29 +0000] "POST /wp-cron.php?doing_wp_cron=1784237489.3540790081024169921875 HTTP/2" 200 0 "-" "WordPress/7.0.1; https://xedaptot.vn"
65.181.111.155 - - [16/Jul/2026:21:33:51 +0000] "POST /wp-cron.php?doing_wp_cron=1784237631.6582610607147216796875 HTTP/2" 200 0 "-" "WordPress/7.0.1; https://xedaptot.vn"
43.153.48.240 - - [16/Jul/2026:21:33:50 +0000] "GET /product/xe-dap-gap-california-time-7s/ HTTP/2" 200 26832 "-" "Mozilla/5.0 (iPhone; CPU iPhone OS 13_2_3 like Mac OS X) AppleWebKit/605.1.15 (KHTML, like Gecko) Version/13.0.3 Mobile/15E148 Safari/604.1"
62.105.205.229 - - [16/Jul/2026:21:43:11 +0000] "GET /product/chan-bun-nhua-deo/ HTTP/2" 200 24967 "-" "Mozilla/5.0 (compatible; Googlebot/2.1; +http://www.google.com/bot.html)"
94.154.43.178 - - [16/Jul/2026:21:43:33 +0000] "GET / HTTP/2" 200 37123 "-" "Mozilla/5.0 (Windows NT 10.0; Win64; x64) AppleWebKit/537.36 (KHTML, like Gecko) Chrome/147.0.0.0 Safari/537.36"
43.166.238.12 - - [16/Jul/2026:21:43:48 +0000] "GET /wishlist/ HTTP/2" 200 17839 "-" "Mozilla/5.0 (iPhone; CPU iPhone OS 13_2_3 like Mac OS X) AppleWebKit/605.1.15 (KHTML, like Gecko) Version/13.0.3 Mobile/15E148 Safari/604.1"
62.105.205.230 - - [16/Jul/2026:21:44:01 +0000] "GET /product/den-machfally-sac-usb/ HTTP/2" 200 26340 "-" "Mozilla/5.0 (compatible; Googlebot/2.1; +http://www.google.com/bot.html)"
111.230.233.46 - - [16/Jul/2026:21:48:49 +0000] "GET / HTTP/2" 200 37125 "http://xedaptot.vn" "Mozilla/5.0 (iPhone; CPU iPhone OS 13_2_3 like Mac OS X) AppleWebKit/605.1.15 (KHTML, like Gecko) Version/13.0.3 Mobile/15E148 Safari/604.1"
170.106.84.136 - - [16/Jul/2026:21:55:06 +0000] "GET /?fbclid=IwAR1RzHDTayiTwCFIKzF1FxKYybXQh_7evoQaZAKL4oA8HGEQbEnqmfKcnqw HTTP/2" 200 37068 "-" "Mozilla/5.0 (iPhone; CPU iPhone OS 13_2_3 like Mac OS X) AppleWebKit/605.1.15 (KHTML, like Gecko) Version/13.0.3 Mobile/15E148 Safari/604.1"
65.181.111.155 - - [16/Jul/2026:21:56:57 +0000] "POST /wp-cron.php?doing_wp_cron=1784239017.7841949462890625000000 HTTP/2" 200 0 "-" "WordPress/7.0.1; https://xedaptot.vn"
216.73.216.153 - - [16/Jul/2026:21:56:54 +0000] "GET /robots.txt HTTP/2" 200 161 "-" "Mozilla/5.0 AppleWebKit/537.36 (KHTML, like Gecko; compatible; ClaudeBot/1.0; [email protected])"
65.21.205.125 - - [16/Jul/2026:21:57:19 +0000] "GET /wp-content/uploads/2024/08/2024_07_28_16_44_IMG_4057.jpg HTTP/2" 200 166201 "-" "Mozilla/5.0 (Macintosh; Intel Mac OS X 10_15_7) AppleWebKit/537.36 (KHTML, like Gecko) Chrome/124.0 Safari/537.36"
65.21.205.125 - - [16/Jul/2026:21:57:20 +0000] "GET /wp-content/uploads/2023/12/z4957402771242_7210e52c74be3d2355ffbc94242c706d-1024x683.jpg HTTP/2" 200 82127 "-" "Mozilla/5.0 (Macintosh; Intel Mac OS X 10_15_7) AppleWebKit/537.36 (KHTML, like Gecko) Chrome/124.0 Safari/537.36"
65.21.205.125 - - [16/Jul/2026:21:57:20 +0000] "GET /wp-content/uploads/2022/10/IMG_7441.jpg HTTP/2" 200 243789 "-" "Mozilla/5.0 (Macintosh; Intel Mac OS X 10_15_7) AppleWebKit/537.36 (KHTML, like Gecko) Chrome/124.0 Safari/537.36"
65.21.205.125 - - [16/Jul/2026:21:57:20 +0000] "GET /wp-content/uploads/2022/09/2022_09_27_15_44_IMG_6922.jpg HTTP/2" 200 239639 "-" "Mozilla/5.0 (Macintosh; Intel Mac OS X 10_15_7) AppleWebKit/537.36 (KHTML, like Gecko) Chrome/124.0 Safari/537.36"
65.21.205.125 - - [16/Jul/2026:21:57:21 +0000] "GET /wp-content/uploads/2022/09/gacbaga_-_nhom_-_3_-_cang_master.jpg HTTP/2" 200 26729 "-" "Mozilla/5.0 (Macintosh; Intel Mac OS X 10_15_7) AppleWebKit/537.36 (KHTML, like Gecko) Chrome/124.0 Safari/537.36"
65.21.205.125 - - [16/Jul/2026:21:57:21 +0000] "GET /wp-content/uploads/2022/09/Pedal-Promend-PD-M42-5.jpg HTTP/2" 200 147259 "-" "Mozilla/5.0 (Macintosh; Intel Mac OS X 10_15_7) AppleWebKit/537.36 (KHTML, like Gecko) Chrome/124.0 Safari/537.36"
65.21.205.125 - - [16/Jul/2026:21:57:21 +0000] "GET /wp-content/uploads/2022/09/1-31.jpg HTTP/2" 200 28577 "-" "Mozilla/5.0 (Macintosh; Intel Mac OS X 10_15_7) AppleWebKit/537.36 (KHTML, like Gecko) Chrome/124.0 Safari/537.36"
65.21.205.125 - - [16/Jul/2026:21:57:21 +0000] "GET /wp-content/uploads/2022/09/pedan_20b_e1_ba_a1c_20_c4_91_e1_ba_a1n_20mpeda_2_master.jpg HTTP/2" 200 10922 "-" "Mozilla/5.0 (Macintosh; Intel Mac OS X 10_15_7) AppleWebKit/537.36 (KHTML, like Gecko) Chrome/124.0 Safari/537.36"
65.21.205.125 - - [16/Jul/2026:21:57:22 +0000] "GET /wp-content/uploads/2022/09/Capture1-3-1.jpg HTTP/2" 200 28301 "-" "Mozilla/5.0 (Macintosh; Intel Mac OS X 10_15_7) AppleWebKit/537.36 (KHTML, like Gecko) Chrome/124.0 Safari/537.36"
65.21.205.125 - - [16/Jul/2026:21:57:22 +0000] "GET /wp-content/uploads/2022/09/KMC-X11.jpg HTTP/2" 200 13966 "-" "Mozilla/5.0 (Macintosh; Intel Mac OS X 10_15_7) AppleWebKit/537.36 (KHTML, like Gecko) Chrome/124.0 Safari/537.36"
65.21.205.125 - - [16/Jul/2026:21:57:22 +0000] "GET /wp-content/uploads/2022/09/Mo-xit-chiu-nhiet-Filltech-L-520-1.png HTTP/2" 200 31297 "-" "Mozilla/5.0 (Macintosh; Intel Mac OS X 10_15_7) AppleWebKit/537.36 (KHTML, like Gecko) Chrome/124.0 Safari/537.36"
65.21.205.125 - - [16/Jul/2026:21:57:22 +0000] "GET /wp-content/uploads/2022/09/SHIMANO-FR-TZ500-1-1.jpg HTTP/2" 200 26967 "-" "Mozilla/5.0 (Macintosh; Intel Mac OS X 10_15_7) AppleWebKit/537.36 (KHTML, like Gecko) Chrome/124.0 Safari/537.36"
65.181.111.155 - - [16/Jul/2026:21:55:15 +0000] "POST /wp-cron.php?doing_wp_cron=1784238915.5676319599151611328125 HTTP/2" 200 0 "-" "WordPress/7.0.1; https://xedaptot.vn"
65.21.205.125 - - [16/Jul/2026:21:57:17 +0000] "GET /wp-content/uploads/2025/03/2025_03_12_14_55_IMG_0156.jpg HTTP/2" 200 166143 "-" "Mozilla/5.0 (Macintosh; Intel Mac OS X 10_15_7) AppleWebKit/537.36 (KHTML, like Gecko) Chrome/124.0 Safari/537.36"
65.21.205.125 - - [16/Jul/2026:21:57:17 +0000] "GET /wp-content/uploads/2025/03/2025_03_07_16_30_IMG_5361-1024x768.jpg HTTP/2" 200 207502 "-" "Mozilla/5.0 (Macintosh; Intel Mac OS X 10_15_7) AppleWebKit/537.36 (KHTML, like Gecko) Chrome/124.0 Safari/537.36"
65.21.205.125 - - [16/Jul/2026:21:57:19 +0000] "GET /wp-content/uploads/2024/09/Xe-Dap-The-Thao-FUJISAN-F350-1024x1024.jpg HTTP/2" 200 258794 "-" "Mozilla/5.0 (Macintosh; Intel Mac OS X 10_15_7) AppleWebKit/537.36 (KHTML, like Gecko) Chrome/124.0 Safari/537.36"
65.21.205.125 - - [16/Jul/2026:21:57:19 +0000] "GET /wp-content/uploads/2023/04/XDTN_GN0620_Do-720x480-1.jpg HTTP/2" 200 50622 "-" "Mozilla/5.0 (Macintosh; Intel Mac OS X 10_15_7) AppleWebKit/537.36 (KHTML, like Gecko) Chrome/124.0 Safari/537.36"
65.21.205.125 - - [16/Jul/2026:21:57:20 +0000] "GET /wp-content/uploads/2023/10/2023_09_28_17_03_IMG_1364-1024x682.jpg HTTP/2" 200 85816 "-" "Mozilla/5.0 (Macintosh; Intel Mac OS X 10_15_7) AppleWebKit/537.36 (KHTML, like Gecko) Chrome/124.0 Safari/537.36"
65.21.205.125 - - [16/Jul/2026:21:57:20 +0000] "GET /wp-content/uploads/2023/04/XDTN_MTB2005_Den-720x480-1.jpg HTTP/2" 200 49503 "-" "Mozilla/5.0 (Macintosh; Intel Mac OS X 10_15_7) AppleWebKit/537.36 (KHTML, like Gecko) Chrome/124.0 Safari/537.36"
65.21.205.125 - - [16/Jul/2026:21:57:20 +0000] "GET /wp-content/uploads/2023/04/XDTN_MTB2004_Temvang-720x480-1.jpg HTTP/2" 200 45246 "-" "Mozilla/5.0 (Macintosh; Intel Mac OS X 10_15_7) AppleWebKit/537.36 (KHTML, like Gecko) Chrome/124.0 Safari/537.36"
65.21.205.125 - - [16/Jul/2026:21:57:20 +0000] "GET /wp-content/uploads/2023/04/XDTN_Neo2002_Coban-720x480-1.jpg HTTP/2" 200 48453 "-" "Mozilla/5.0 (Macintosh; Intel Mac OS X 10_15_7) AppleWebKit/537.36 (KHTML, like Gecko) Chrome/124.0 Safari/537.36"
65.21.205.125 - - [16/Jul/2026:21:57:20 +0000] "GET /wp-content/uploads/2022/09/2023_11_04_16_52_IMG_1784.jpg HTTP/2" 200 180363 "-" "Mozilla/5.0 (Macintosh; Intel Mac OS X 10_15_7) AppleWebKit/537.36 (KHTML, like Gecko) Chrome/124.0 Safari/537.36"
65.21.205.125 - - [16/Jul/2026:21:57:20 +0000] "GET /wp-content/uploads/2022/09/2022_09_17_15_46_IMG_6552.jpg HTTP/2" 200 253185 "-" "Mozilla/5.0 (Macintosh; Intel Mac OS X 10_15_7) AppleWebKit/537.36 (KHTML, like Gecko) Chrome/124.0 Safari/537.36"
65.21.205.125 - - [16/Jul/2026:21:57:21 +0000] "GET /wp-content/uploads/2022/09/tay_gat_shimano_ef-51_master-1.jpg HTTP/2" 200 33153 "-" "Mozilla/5.0 (Macintosh; Intel Mac OS X 10_15_7) AppleWebKit/537.36 (KHTML, like Gecko) Chrome/124.0 Safari/537.36"
65.21.205.125 - - [16/Jul/2026:21:57:21 +0000] "GET /wp-content/uploads/2022/09/1-28.jpg HTTP/2" 200 27048 "-" "Mozilla/5.0 (Macintosh; Intel Mac OS X 10_15_7) AppleWebKit/537.36 (KHTML, like Gecko) Chrome/124.0 Safari/537.36"
65.21.205.125 - - [16/Jul/2026:21:57:21 +0000] "GET /wp-content/uploads/2022/09/lip_tha_10_tang_shimano_hg50-10_master.jpg HTTP/2" 200 22019 "-" "Mozilla/5.0 (Macintosh; Intel Mac OS X 10_15_7) AppleWebKit/537.36 (KHTML, like Gecko) Chrome/124.0 Safari/537.36"
65.21.205.125 - - [16/Jul/2026:21:57:21 +0000] "GET /wp-content/uploads/2022/09/Capture3-4.jpg HTTP/2" 200 30605 "-" "Mozilla/5.0 (Macintosh; Intel Mac OS X 10_15_7) AppleWebKit/537.36 (KHTML, like Gecko) Chrome/124.0 Safari/537.36"
65.21.205.125 - - [16/Jul/2026:21:57:21 +0000] "GET /wp-content/uploads/2022/09/Capture3-5.jpg HTTP/2" 200 20239 "-" "Mozilla/5.0 (Macintosh; Intel Mac OS X 10_15_7) AppleWebKit/537.36 (KHTML, like Gecko) Chrome/124.0 Safari/537.36"
65.21.205.125 - - [16/Jul/2026:21:57:22 +0000] "GET /wp-content/uploads/2022/09/a14b8f653cbf4213a59ecfff83b37691.jpg HTTP/2" 200 25529 "-" "Mozilla/5.0 (Macintosh; Intel Mac OS X 10_15_7) AppleWebKit/537.36 (KHTML, like Gecko) Chrome/124.0 Safari/537.36"
65.21.205.125 - - [16/Jul/2026:21:57:22 +0000] "GET /wp-content/uploads/2022/09/tay-nam-dem-cao-su-fxt04.webp HTTP/2" 200 21168 "-" "Mozilla/5.0 (Macintosh; Intel Mac OS X 10_15_7) AppleWebKit/537.36 (KHTML, like Gecko) Chrome/124.0 Safari/537.36"
65.21.205.125 - - [16/Jul/2026:21:57:23 +0000] "GET /wp-content/uploads/2022/09/8accc8f08f5b8d1d4b09938bc5149642.jpg HTTP/2" 200 45302 "-" "Mozilla/5.0 (Macintosh; Intel Mac OS X 10_15_7) AppleWebKit/537.36 (KHTML, like Gecko) Chrome/124.0 Safari/537.36"
65.21.205.125 - - [16/Jul/2026:21:57:23 +0000] "GET /wp-content/uploads/2022/09/z2989909411016_ecfb4cc02dd95095e8255774122f88e5.jpg HTTP/2" 200 20811 "-" "Mozilla/5.0 (Macintosh; Intel Mac OS X 10_15_7) AppleWebKit/537.36 (KHTML, like Gecko) Chrome/124.0 Safari/537.36"
65.21.205.125 - - [16/Jul/2026:21:57:23 +0000] "GET /wp-content/uploads/2022/09/Bom-Mini-Hop-Kim-Nhom-fxbike-1.jpg HTTP/2" 200 37720 "-" "Mozilla/5.0 (Macintosh; Intel Mac OS X 10_15_7) AppleWebKit/537.36 (KHTML, like Gecko) Chrome/124.0 Safari/537.36"
65.21.205.125 - - [16/Jul/2026:21:57:23 +0000] "GET /wp-content/uploads/2022/09/unnamed.png HTTP/2" 200 22095 "-" "Mozilla/5.0 (Macintosh; Intel Mac OS X 10_15_7) AppleWebKit/537.36 (KHTML, like Gecko) Chrome/124.0 Safari/537.36"
65.21.205.125 - - [16/Jul/2026:21:57:24 +0000] "GET /wp-content/uploads/2022/09/Gia-Dien-Thoai-Nhom-1.jpg HTTP/2" 200 37169 "-" "Mozilla/5.0 (Macintosh; Intel Mac OS X 10_15_7) AppleWebKit/537.36 (KHTML, like Gecko) Chrome/124.0 Safari/537.36"
65.21.205.125 - - [16/Jul/2026:21:57:24 +0000] "GET /wp-content/uploads/2022/06/z3358676304989_d1e2387ca6a951909bf4afb016c500c2-1024x682.jpg HTTP/2" 200 73082 "-" "Mozilla/5.0 (Macintosh; Intel Mac OS X 10_15_7) AppleWebKit/537.36 (KHTML, like Gecko) Chrome/124.0 Safari/537.36"
65.21.205.125 - - [16/Jul/2026:21:57:24 +0000] "GET /wp-content/uploads/2022/06/IMG_8041.jpg HTTP/2" 200 110952 "-" "Mozilla/5.0 (Macintosh; Intel Mac OS X 10_15_7) AppleWebKit/537.36 (KHTML, like Gecko) Chrome/124.0 Safari/537.36"
65.21.205.125 - - [16/Jul/2026:21:57:24 +0000] "GET /wp-content/uploads/2022/06/IMG_8208.jpg HTTP/2" 200 111037 "-" "Mozilla/5.0 (Macintosh; Intel Mac OS X 10_15_7) AppleWebKit/537.36 (KHTML, like Gecko) Chrome/124.0 Safari/537.36"
65.21.205.125 - - [16/Jul/2026:21:57:25 +0000] "GET /wp-content/uploads/2022/06/b436fef9ef29c7f9338be81e6efdcb7c.jpg HTTP/2" 200 92419 "-" "Mozilla/5.0 (Macintosh; Intel Mac OS X 10_15_7) AppleWebKit/537.36 (KHTML, like Gecko) Chrome/124.0 Safari/537.36"
65.21.205.125 - - [16/Jul/2026:21:57:25 +0000] "GET /wp-content/uploads/2022/06/Tang-chieu-cao-ghi-dong-2.jpg HTTP/2" 200 45814 "-" "Mozilla/5.0 (Macintosh; Intel Mac OS X 10_15_7) AppleWebKit/537.36 (KHTML, like Gecko) Chrome/124.0 Safari/537.36"
65.21.205.125 - - [16/Jul/2026:21:57:25 +0000] "GET /wp-content/uploads/2022/06/c4f797e0ad35a8aa01a35bbfd6479310.jpg HTTP/2" 200 108679 "-" "Mozilla/5.0 (Macintosh; Intel Mac OS X 10_15_7) AppleWebKit/537.36 (KHTML, like Gecko) Chrome/124.0 Safari/537.36"
65.21.205.125 - - [16/Jul/2026:21:57:25 +0000] "GET /wp-content/uploads/2022/06/KhoaTONYONDayCap2-500x500-1.jpg HTTP/2" 200 14475 "-" "Mozilla/5.0 (Macintosh; Intel Mac OS X 10_15_7) AppleWebKit/537.36 (KHTML, like Gecko) Chrome/124.0 Safari/537.36"
65.21.205.125 - - [16/Jul/2026:21:57:26 +0000] "GET /wp-content/uploads/2022/06/khoa-tonyon-4-so-khong-doi-ma.jpg HTTP/2" 200 65838 "-" "Mozilla/5.0 (Macintosh; Intel Mac OS X 10_15_7) AppleWebKit/537.36 (KHTML, like Gecko) Chrome/124.0 Safari/537.36"
65.21.205.125 - - [16/Jul/2026:21:57:26 +0000] "GET /wp-content/uploads/2022/06/4d88ac307040153b24c903cb5866e42f.jpg HTTP/2" 200 72790 "-" "Mozilla/5.0 (Macintosh; Intel Mac OS X 10_15_7) AppleWebKit/537.36 (KHTML, like Gecko) Chrome/124.0 Safari/537.36"
65.21.205.125 - - [16/Jul/2026:21:57:22 +0000] "GET /wp-content/uploads/2022/09/Tay-Nam-Tron-Promend-GR-501-11.jpg HTTP/2" 200 45398 "-" "Mozilla/5.0 (Macintosh; Intel Mac OS X 10_15_7) AppleWebKit/537.36 (KHTML, like Gecko) Chrome/124.0 Safari/537.36"
65.21.205.125 - - [16/Jul/2026:21:57:22 +0000] "GET /wp-content/uploads/2022/09/pedal-gap-1.png HTTP/2" 200 188123 "-" "Mozilla/5.0 (Macintosh; Intel Mac OS X 10_15_7) AppleWebKit/537.36 (KHTML, like Gecko) Chrome/124.0 Safari/537.36"
65.21.205.125 - - [16/Jul/2026:21:57:23 +0000] "GET /wp-content/uploads/2022/09/tui-don-wildman-1.webp HTTP/2" 200 31948 "-" "Mozilla/5.0 (Macintosh; Intel Mac OS X 10_15_7) AppleWebKit/537.36 (KHTML, like Gecko) Chrome/124.0 Safari/537.36"
65.21.205.125 - - [16/Jul/2026:21:57:23 +0000] "GET /wp-content/uploads/2022/09/Den-sau-Promend-ET-131D-1.jpg HTTP/2" 200 63782 "-" "Mozilla/5.0 (Macintosh; Intel Mac OS X 10_15_7) AppleWebKit/537.36 (KHTML, like Gecko) Chrome/124.0 Safari/537.36"
65.21.205.125 - - [16/Jul/2026:21:57:23 +0000] "GET /wp-content/uploads/2022/09/1e4e297841a82395db3dbbd0d8a65b31.jpg HTTP/2" 200 46590 "-" "Mozilla/5.0 (Macintosh; Intel Mac OS X 10_15_7) AppleWebKit/537.36 (KHTML, like Gecko) Chrome/124.0 Safari/537.36"
65.21.205.125 - - [16/Jul/2026:21:57:24 +0000] "GET /wp-content/uploads/2022/09/2023_10_09_16_16_IMG_1442.jpg HTTP/2" 200 182173 "-" "Mozilla/5.0 (Macintosh; Intel Mac OS X 10_15_7) AppleWebKit/537.36 (KHTML, like Gecko) Chrome/124.0 Safari/537.36"
65.21.205.125 - - [16/Jul/2026:21:57:24 +0000] "GET /wp-content/uploads/2022/06/Xe-Dap-Nu-Modeltime-Cacao-1024x1024.jpg HTTP/2" 200 246457 "-" "Mozilla/5.0 (Macintosh; Intel Mac OS X 10_15_7) AppleWebKit/537.36 (KHTML, like Gecko) Chrome/124.0 Safari/537.36"
65.21.205.125 - - [16/Jul/2026:21:57:24 +0000] "GET /wp-content/uploads/2022/06/IMG_8095.jpg HTTP/2" 200 124657 "-" "Mozilla/5.0 (Macintosh; Intel Mac OS X 10_15_7) AppleWebKit/537.36 (KHTML, like Gecko) Chrome/124.0 Safari/537.36"
65.21.205.125 - - [16/Jul/2026:21:57:25 +0000] "GET /wp-content/uploads/2022/06/0-binh_nuoc_tour_de_france_master.jpg HTTP/2" 200 25177 "-" "Mozilla/5.0 (Macintosh; Intel Mac OS X 10_15_7) AppleWebKit/537.36 (KHTML, like Gecko) Chrome/124.0 Safari/537.36"
65.21.205.125 - - [16/Jul/2026:21:57:25 +0000] "GET /wp-content/uploads/2022/06/dung-cu-va-sam-sahoo-1.jpg HTTP/2" 200 50984 "-" "Mozilla/5.0 (Macintosh; Intel Mac OS X 10_15_7) AppleWebKit/537.36 (KHTML, like Gecko) Chrome/124.0 Safari/537.36"
65.21.205.125 - - [16/Jul/2026:21:57:25 +0000] "GET /wp-content/uploads/2022/06/z2571769105788_8f03073c7958936a264b38ea9cec1193.jpg HTTP/2" 200 34901 "-" "Mozilla/5.0 (Macintosh; Intel Mac OS X 10_15_7) AppleWebKit/537.36 (KHTML, like Gecko) Chrome/124.0 Safari/537.36"
65.21.205.125 - - [16/Jul/2026:21:57:25 +0000] "GET /wp-content/uploads/2022/06/22396743ba3ad4d44c44700303d6b010.webp HTTP/2" 200 42378 "-" "Mozilla/5.0 (Macintosh; Intel Mac OS X 10_15_7) AppleWebKit/537.36 (KHTML, like Gecko) Chrome/124.0 Safari/537.36"
65.21.205.125 - - [16/Jul/2026:21:57:26 +0000] "GET /wp-content/uploads/2022/06/dem_yen_sau_xe_dap_9_master.jpg HTTP/2" 200 21654 "-" "Mozilla/5.0 (Macintosh; Intel Mac OS X 10_15_7) AppleWebKit/537.36 (KHTML, like Gecko) Chrome/124.0 Safari/537.36"
65.21.205.125 - - [16/Jul/2026:21:57:26 +0000] "GET /wp-content/uploads/2022/06/0-320_dau-tra-xich-xe-dap-wolf_master-1.jpg HTTP/2" 200 12876 "-" "Mozilla/5.0 (Macintosh; Intel Mac OS X 10_15_7) AppleWebKit/537.36 (KHTML, like Gecko) Chrome/124.0 Safari/537.36"
65.21.205.125 - - [16/Jul/2026:21:57:26 +0000] "GET /wp-content/uploads/2022/06/den-garciron-13.png HTTP/2" 200 449302 "-" "Mozilla/5.0 (Macintosh; Intel Mac OS X 10_15_7) AppleWebKit/537.36 (KHTML, like Gecko) Chrome/124.0 Safari/537.36"
65.21.205.125 - - [16/Jul/2026:21:57:26 +0000] "GET /wp-content/uploads/2022/06/425df9fd627244fdabeabafb69390947_0df4a773519943068944e823bcad13f3_master.webp HTTP/2" 200 60304 "-" "Mozilla/5.0 (Macintosh; Intel Mac OS X 10_15_7) AppleWebKit/537.36 (KHTML, like Gecko) Chrome/124.0 Safari/537.36"
148.113.128.6 - - [16/Jul/2026:22:02:31 +0000] "GET /product-tag/xe-dap-touring-california-city250/ HTTP/2" 200 18663 "-" "Mozilla/5.0 (compatible; AhrefsBot/7.0; +http://ahrefs.com/robot/)"
40.77.177.182 - - [16/Jul/2026:22:11:50 +0000] "GET /product/xe-dap-touring-life-r9 HTTP/2" 301 0 "-" "Mozilla/5.0 AppleWebKit/537.36 (KHTML, like Gecko; compatible; bingbot/2.0; +http://www.bing.com/bingbot.htm) Chrome/136.0.0.0 Safari/537.36"
15.235.27.136 - - [16/Jul/2026:22:12:03 +0000] "GET /product-tag/ct9t/ HTTP/2" 200 18610 "-" "Mozilla/5.0 (compatible; AhrefsBot/7.0; +http://ahrefs.com/robot/)"
143.198.169.161 - - [16/Jul/2026:22:13:22 +0000] "GET /wp-content/uploads/2022/09/Xich-KMC-8-11-4.jpg HTTP/2" 200 9506 "https://xedaptot.vn/" "Mozilla/5.0 (Windows NT 10.0; Win64; x64) AppleWebKit/537.36 (KHTML, like Gecko) Chrome/124.0.0.0 Safari/537.36"
65.181.111.155 - - [16/Jul/2026:22:16:10 +0000] "POST /wp-cron.php?doing_wp_cron=1784240170.0355761051177978515625 HTTP/2" 200 0 "-" "WordPress/7.0.1; https://xedaptot.vn"
216.73.216.145 - - [16/Jul/2026:22:16:05 +0000] "GET /product-category/xe-dap-touring/?add_to_wishlist=2192 HTTP/2" 200 23746 "-" "Mozilla/5.0 AppleWebKit/537.36 (KHTML, like Gecko; compatible; Claude-SearchBot/1.0; [email protected])"
65.181.111.155 - - [16/Jul/2026:22:02:36 +0000] "POST /wp-cron.php?doing_wp_cron=1784239356.3225600719451904296875 HTTP/2" 200 0 "-" "WordPress/7.0.1; https://xedaptot.vn"
170.106.107.87 - - [16/Jul/2026:22:03:17 +0000] "GET /feed/ HTTP/2" 200 533 "-" "Mozilla/5.0 (iPhone; CPU iPhone OS 13_2_3 like Mac OS X) AppleWebKit/605.1.15 (KHTML, like Gecko) Version/13.0.3 Mobile/15E148 Safari/604.1"
65.181.111.155 - - [16/Jul/2026:22:11:37 +0000] "POST /wp-cron.php?doing_wp_cron=1784239897.3697690963745117187500 HTTP/2" 200 0 "-" "WordPress/7.0.1; https://xedaptot.vn"
43.130.141.193 - - [16/Jul/2026:22:11:34 +0000] "GET /product-category/xe-dap-fixed-gear/?add-to-cart=4621 HTTP/2" 200 20847 "-" "Mozilla/5.0 (iPhone; CPU iPhone OS 13_2_3 like Mac OS X) AppleWebKit/605.1.15 (KHTML, like Gecko) Version/13.0.3 Mobile/15E148 Safari/604.1"
52.167.144.212 - - [16/Jul/2026:22:11:48 +0000] "GET /product/xe-dap-touring-life-r9/ HTTP/2" 200 26132 "-" "Mozilla/5.0 AppleWebKit/537.36 (KHTML, like Gecko; compatible; bingbot/2.0; +http://www.bing.com/bingbot.htm) Chrome/116.0.1938.76 Safari/537.36"
37.243.234.136 - - [16/Jul/2026:22:17:20 +0000] "GET / HTTP/2" 200 37139 "-" "Python/3.12 aiohttp/3.14.1"
216.73.216.145 - - [16/Jul/2026:22:28:28 +0000] "GET /product-category/xe-dap-touring/?add_to_wishlist=3199 HTTP/2" 200 23753 "-" "Mozilla/5.0 AppleWebKit/537.36 (KHTML, like Gecko; compatible; Claude-SearchBot/1.0; [email protected])"
65.181.111.155 - - [16/Jul/2026:22:30:24 +0000] "POST /wp-cron.php?doing_wp_cron=1784241024.0236659049987792968750 HTTP/2" 200 0 "-" "WordPress/7.0.1; https://xedaptot.vn"
51.161.37.82 - - [16/Jul/2026:22:30:18 +0000] "GET /product-tag/xe-dap-nu/ HTTP/2" 200 18440 "-" "Mozilla/5.0 (compatible; AhrefsBot/7.0; +http://ahrefs.com/robot/)"
65.181.111.155 - - [16/Jul/2026:22:33:18 +0000] "POST /wp-cron.php?doing_wp_cron=1784241198.0572359561920166015625 HTTP/2" 200 0 "-" "WordPress/7.0.1; https://xedaptot.vn"
43.133.187.11 - - [16/Jul/2026:22:33:13 +0000] "GET /wp-json/wp/v2/product/4741 HTTP/2" 200 2187 "-" "Mozilla/5.0 (iPhone; CPU iPhone OS 13_2_3 like Mac OS X) AppleWebKit/605.1.15 (KHTML, like Gecko) Version/13.0.3 Mobile/15E148 Safari/604.1"