201.152.10.39 - - [16/Jul/2026:18:27:20 +0000] "GET /wp-content/plugins/yith-woocommerce-wishlist/assets/js/jquery.selectBox.min.js?ver=1.2.0 HTTP/2" 200 3514 "https://xedaptot.vn/chinh-sach-bao-hanh-bao-duong/" "Mozilla/5.0 (X11; Linux x86_64) AppleWebKit/537.36 (KHTML, like Gecko) Chrome/150.0.0.0 Safari/537.36"
201.152.10.39 - - [16/Jul/2026:18:27:20 +0000] "GET /wp-content/plugins/woocommerce/assets/js/frontend/order-attribution.min.js?ver=10.9.4 HTTP/2" 200 1020 "https://xedaptot.vn/chinh-sach-bao-hanh-bao-duong/" "Mozilla/5.0 (X11; Linux x86_64) AppleWebKit/537.36 (KHTML, like Gecko) Chrome/150.0.0.0 Safari/537.36"
201.152.10.39 - - [16/Jul/2026:18:27:20 +0000] "GET /wp-content/plugins/woocommerce/assets/js/jquery-blockui/jquery.blockUI.min.js?ver=2.7.0-wc.10.9.4 HTTP/2" 200 3277 "https://xedaptot.vn/chinh-sach-bao-hanh-bao-duong/" "Mozilla/5.0 (X11; Linux x86_64) AppleWebKit/537.36 (KHTML, like Gecko) Chrome/150.0.0.0 Safari/537.36"
201.152.10.39 - - [16/Jul/2026:18:27:20 +0000] "GET /wp-content/plugins/wpforms-lite/assets/lib/punycode.min.js?ver=1.0.0 HTTP/2" 200 833 "https://xedaptot.vn/chinh-sach-bao-hanh-bao-duong/" "Mozilla/5.0 (X11; Linux x86_64) AppleWebKit/537.36 (KHTML, like Gecko) Chrome/150.0.0.0 Safari/537.36"
201.152.10.39 - - [16/Jul/2026:18:27:20 +0000] "GET /wp-content/plugins/woocommerce/assets/js/frontend/woocommerce.min.js?ver=10.9.4 HTTP/2" 200 1384 "https://xedaptot.vn/chinh-sach-bao-hanh-bao-duong/" "Mozilla/5.0 (X11; Linux x86_64) AppleWebKit/537.36 (KHTML, like Gecko) Chrome/150.0.0.0 Safari/537.36"
201.152.10.39 - - [16/Jul/2026:18:27:20 +0000] "GET /wp-content/plugins/revslider/sr6/assets/js/rs6.min.js?ver=6.7.38 HTTP/2" 200 104520 "https://xedaptot.vn/chinh-sach-bao-hanh-bao-duong/" "Mozilla/5.0 (X11; Linux x86_64) AppleWebKit/537.36 (KHTML, like Gecko) Chrome/150.0.0.0 Safari/537.36"
201.152.10.39 - - [16/Jul/2026:18:27:26 +0000] "GET /wp-includes/js/wp-emoji-release.min.js?ver=7.0.1 HTTP/2" 200 4974 "https://xedaptot.vn/chinh-sach-bao-hanh-bao-duong/" "Mozilla/5.0 (X11; Linux x86_64) AppleWebKit/537.36 (KHTML, like Gecko) Chrome/150.0.0.0 Safari/537.36"
20.14.72.117 - - [16/Jul/2026:18:28:41 +0000] "POST /wp-login.php HTTP/2" 200 0 "-" "Mozilla/5.0 (Windows NT 10.0; Win64; x64) AppleWebKit/537.36 Chrome/129.0.0.0 Safari/537.36"
201.152.10.39 - - [16/Jul/2026:18:27:20 +0000] "GET /wp-content/plugins/wpforms-lite/assets/lib/mailcheck.min.js?ver=1.1.2 HTTP/2" 200 1615 "https://xedaptot.vn/chinh-sach-bao-hanh-bao-duong/" "Mozilla/5.0 (X11; Linux x86_64) AppleWebKit/537.36 (KHTML, like Gecko) Chrome/150.0.0.0 Safari/537.36"
201.152.10.39 - - [16/Jul/2026:18:27:20 +0000] "GET /wp-content/plugins/woocommerce/assets/js/frontend/cart-fragments.min.js?ver=10.9.4 HTTP/2" 200 943 "https://xedaptot.vn/chinh-sach-bao-hanh-bao-duong/" "Mozilla/5.0 (X11; Linux x86_64) AppleWebKit/537.36 (KHTML, like Gecko) Chrome/150.0.0.0 Safari/537.36"
201.152.10.39 - - [16/Jul/2026:18:27:23 +0000] "GET /wp-admin/admin-ajax.php?action=products_live_search&fn=get_ajax_search HTTP/2" 200 6 "https://xedaptot.vn/chinh-sach-bao-hanh-bao-duong/" "Mozilla/5.0 (X11; Linux x86_64) AppleWebKit/537.36 (KHTML, like Gecko) Chrome/150.0.0.0 Safari/537.36"
201.152.10.39 - - [16/Jul/2026:18:27:24 +0000] "POST /?wc-ajax=get_refreshed_fragments HTTP/2" 200 615 "https://xedaptot.vn/chinh-sach-bao-hanh-bao-duong/" "Mozilla/5.0 (X11; Linux x86_64) AppleWebKit/537.36 (KHTML, like Gecko) Chrome/150.0.0.0 Safari/537.36"
36.69.161.125 - - [16/Jul/2026:18:29:23 +0000] "GET /wp-content/uploads/2022/10/IMG_7407-300x225.jpg HTTP/2" 200 20186 "-" "Mozilla/5.0 (compatible; MSIE 7.0; Windows NT 4.0; Trident/5.1)"
188.31.49.76 - - [16/Jul/2026:18:29:49 +0000] "GET /wp-content/uploads/2022/10/IMG_7402-768x576.jpg HTTP/2" 200 138215 "-" "Mozilla/5.0 (compatible; MSIE 6.0; Windows 98; Trident/4.0)"
170.106.15.3 - - [16/Jul/2026:18:30:58 +0000] "GET /cart/ HTTP/2" 200 39118 "-" "Mozilla/5.0 (iPhone; CPU iPhone OS 13_2_3 like Mac OS X) AppleWebKit/605.1.15 (KHTML, like Gecko) Version/13.0.3 Mobile/15E148 Safari/604.1"
142.44.228.201 - - [16/Jul/2026:18:32:27 +0000] "GET /product/chan-bun-nhua-deo/ HTTP/2" 200 24928 "-" "Mozilla/5.0 (compatible; AhrefsBot/7.0; +http://ahrefs.com/robot/)"
216.73.216.145 - - [16/Jul/2026:18:33:15 +0000] "GET /product-category/xe-dap-touring/page/1/?add_to_wishlist=4741 HTTP/2" 301 0 "-" "Mozilla/5.0 AppleWebKit/537.36 (KHTML, like Gecko; compatible; Claude-SearchBot/1.0; [email protected])"
216.73.216.145 - - [16/Jul/2026:18:33:16 +0000] "GET /product-category/xe-dap-touring/?add_to_wishlist=4741 HTTP/2" 200 23752 "https://xedaptot.vn/product-category/xe-dap-touring/page/1/?add_to_wishlist=4741" "Mozilla/5.0 AppleWebKit/537.36 (KHTML, like Gecko; compatible; Claude-SearchBot/1.0; [email protected])"
216.73.216.145 - - [16/Jul/2026:18:33:20 +0000] "GET /product-category/xe-dap-touring/page/1/?add_to_wishlist=5583 HTTP/2" 301 0 "-" "Mozilla/5.0 AppleWebKit/537.36 (KHTML, like Gecko; compatible; Claude-SearchBot/1.0; [email protected])"
216.73.216.145 - - [16/Jul/2026:18:33:21 +0000] "GET /product-category/xe-dap-touring/?add_to_wishlist=5583 HTTP/2" 200 23738 "https://xedaptot.vn/product-category/xe-dap-touring/page/1/?add_to_wishlist=5583" "Mozilla/5.0 AppleWebKit/537.36 (KHTML, like Gecko; compatible; Claude-SearchBot/1.0; [email protected])"
181.216.222.193 - - [16/Jul/2026:18:34:04 +0000] "GET /wp-content/uploads/2022/10/IMG_7408-768x576.jpg HTTP/2" 200 85467 "-" "Mozilla/5.0 (iPod; U; CPU iPhone OS 3_3 like Mac OS X; nds-DE) AppleWebKit/532.28.7 (KHTML, like Gecko) Version/4.0.5 Mobile/8B112 Safari/6532.28.7"
216.73.216.145 - - [16/Jul/2026:18:34:24 +0000] "GET /product-category/xe-dap-touring/page/1/?add_to_wishlist=3985 HTTP/2" 301 0 "-" "Mozilla/5.0 AppleWebKit/537.36 (KHTML, like Gecko; compatible; Claude-SearchBot/1.0; [email protected])"
216.73.216.145 - - [16/Jul/2026:18:34:25 +0000] "GET /product-category/xe-dap-touring/?add_to_wishlist=3985 HTTP/2" 200 23748 "https://xedaptot.vn/product-category/xe-dap-touring/page/1/?add_to_wishlist=3985" "Mozilla/5.0 AppleWebKit/537.36 (KHTML, like Gecko; compatible; Claude-SearchBot/1.0; [email protected])"
216.73.216.145 - - [16/Jul/2026:18:35:28 +0000] "GET /product-category/xe-dap-touring/?add_to_wishlist=4809 HTTP/2" 200 23749 "https://xedaptot.vn/product-category/xe-dap-touring/page/1/?add_to_wishlist=4809" "Mozilla/5.0 AppleWebKit/537.36 (KHTML, like Gecko; compatible; Claude-SearchBot/1.0; [email protected])"
65.181.111.155 - - [16/Jul/2026:18:29:43 +0000] "POST /wp-cron.php?doing_wp_cron=1784226582.9842610359191894531250 HTTP/2" 200 0 "-" "WordPress/7.0.1; https://xedaptot.vn"
45.61.150.67 - - [16/Jul/2026:18:29:41 +0000] "GET /.env HTTP/2" 404 21081 "-" "Mozilla/5.0 (Windows NT 10.0; Win64; x64) AppleWebKit/537.36 (KHTML, like Gecko) Chrome/137.0.0.0 Safari/537.36"
5.0.37.34 - - [16/Jul/2026:18:29:46 +0000] "GET /wp-content/uploads/2022/10/IMG_7397-600x450.jpg HTTP/2" 200 66755 "-" "Mozilla/5.0 (Macintosh; Intel Mac OS X 10_9_3 rv:2.0; wa-BE) AppleWebKit/534.24.6 (KHTML, like Gecko) Version/5.0 Safari/534.24.6"
65.181.111.155 - - [16/Jul/2026:18:30:59 +0000] "POST /wp-cron.php?doing_wp_cron=1784226659.8327429294586181640625 HTTP/2" 200 0 "-" "WordPress/7.0.1; https://xedaptot.vn"
143.14.6.58 - - [16/Jul/2026:18:32:21 +0000] "GET /wp-content/uploads/2023/11/2023_11_08_16_02_IMG_1802-600x450.jpg HTTP/2" 200 78423 "https://xedaptot.vn/" "Mozilla/5.0 (Windows NT 10.0; Win64; x64) AppleWebKit/537.36 (KHTML, like Gecko) Chrome/103.0.0.0 Safari/537.36"
65.181.111.155 - - [16/Jul/2026:18:32:28 +0000] "POST /wp-cron.php?doing_wp_cron=1784226748.3785769939422607421875 HTTP/2" 200 0 "-" "WordPress/7.0.1; https://xedaptot.vn"
65.181.111.155 - - [16/Jul/2026:18:33:16 +0000] "POST /wp-cron.php?doing_wp_cron=1784226796.7104480266571044921875 HTTP/2" 200 0 "-" "WordPress/7.0.1; https://xedaptot.vn"
65.181.111.155 - - [16/Jul/2026:18:34:25 +0000] "POST /wp-cron.php?doing_wp_cron=1784226865.4181129932403564453125 HTTP/2" 200 0 "-" "WordPress/7.0.1; https://xedaptot.vn"
65.181.111.155 - - [16/Jul/2026:18:35:27 +0000] "POST /wp-cron.php?doing_wp_cron=1784226927.8347160816192626953125 HTTP/2" 200 0 "-" "WordPress/7.0.1; https://xedaptot.vn"
216.73.216.145 - - [16/Jul/2026:18:35:26 +0000] "GET /product-category/xe-dap-touring/page/1/?add_to_wishlist=4809 HTTP/2" 301 0 "-" "Mozilla/5.0 AppleWebKit/537.36 (KHTML, like Gecko; compatible; Claude-SearchBot/1.0; [email protected])"
65.181.111.155 - - [16/Jul/2026:18:36:45 +0000] "POST /wp-cron.php?doing_wp_cron=1784227005.3795189857482910156250 HTTP/2" 200 0 "-" "WordPress/7.0.1; https://xedaptot.vn"
216.73.216.145 - - [16/Jul/2026:18:36:44 +0000] "GET /product-category/xe-dap-touring/page/1/?add_to_wishlist=5543 HTTP/2" 301 0 "-" "Mozilla/5.0 AppleWebKit/537.36 (KHTML, like Gecko; compatible; Claude-SearchBot/1.0; [email protected])"
216.73.216.145 - - [16/Jul/2026:18:36:45 +0000] "GET /product-category/xe-dap-touring/?add_to_wishlist=5543 HTTP/2" 200 23743 "https://xedaptot.vn/product-category/xe-dap-touring/page/1/?add_to_wishlist=5543" "Mozilla/5.0 AppleWebKit/537.36 (KHTML, like Gecko; compatible; Claude-SearchBot/1.0; [email protected])"
65.181.111.155 - - [16/Jul/2026:18:38:10 +0000] "POST /wp-cron.php?doing_wp_cron=1784227090.6839048862457275390625 HTTP/2" 200 0 "-" "WordPress/7.0.1; https://xedaptot.vn"
103.165.241.148 - - [16/Jul/2026:18:39:25 +0000] "GET /wp-content/uploads/2022/10/IMG_7405-768x576.jpg HTTP/2" 200 98571 "-" "Mozilla/5.0 (compatible; MSIE 5.0; Windows NT 11.0; Trident/5.0)"
185.161.50.144 - - [16/Jul/2026:18:39:29 +0000] "GET /wp-content/uploads/2022/10/IMG_7404-600x450.jpg HTTP/2" 200 65524 "-" "Mozilla/5.0 (compatible; MSIE 7.0; Windows NT 6.0; Trident/4.0)"
201.71.170.103 - - [16/Jul/2026:18:39:46 +0000] "GET /chinh-sach-doi-tra/ HTTP/2" 200 17419 "-" "Mozilla/5.0 (X11; Linux x86_64) AppleWebKit/537.36 (KHTML, like Gecko) Chrome/150.0.0.0 Safari/537.36"
201.71.170.103 - - [16/Jul/2026:18:39:48 +0000] "GET /wp-content/themes/tokoo/assets/js/lib/number-polyfill.min.js?ver=7.0.1 HTTP/2" 200 2639 "https://xedaptot.vn/chinh-sach-doi-tra/" "Mozilla/5.0 (X11; Linux x86_64) AppleWebKit/537.36 (KHTML, like Gecko) Chrome/150.0.0.0 Safari/537.36"
201.71.170.103 - - [16/Jul/2026:18:39:49 +0000] "GET /wp-includes/js/jquery/jquery.min.js?ver=3.7.1 HTTP/2" 200 29744 "https://xedaptot.vn/chinh-sach-doi-tra/" "Mozilla/5.0 (X11; Linux x86_64) AppleWebKit/537.36 (KHTML, like Gecko) Chrome/150.0.0.0 Safari/537.36"
201.71.170.103 - - [16/Jul/2026:18:39:49 +0000] "GET /wp-includes/js/jquery/jquery-migrate.min.js?ver=3.4.1 HTTP/2" 200 4678 "https://xedaptot.vn/chinh-sach-doi-tra/" "Mozilla/5.0 (X11; Linux x86_64) AppleWebKit/537.36 (KHTML, like Gecko) Chrome/150.0.0.0 Safari/537.36"
201.71.170.103 - - [16/Jul/2026:18:39:49 +0000] "GET /wp-content/themes/tokoo/assets/js/wc-quantity-increment.min.js HTTP/2" 200 460 "https://xedaptot.vn/chinh-sach-doi-tra/" "Mozilla/5.0 (X11; Linux x86_64) AppleWebKit/537.36 (KHTML, like Gecko) Chrome/150.0.0.0 Safari/537.36"
201.71.170.103 - - [16/Jul/2026:18:39:52 +0000] "GET /wp-content/themes/tokoo/assets/js/popper.min.js?ver=1.2.1 HTTP/2" 200 6923 "https://xedaptot.vn/chinh-sach-doi-tra/" "Mozilla/5.0 (X11; Linux x86_64) AppleWebKit/537.36 (KHTML, like Gecko) Chrome/150.0.0.0 Safari/537.36"
201.71.170.103 - - [16/Jul/2026:18:39:52 +0000] "GET /wp-content/themes/tokoo/assets/js/slick.min.js?ver=1.2.1 HTTP/2" 200 9876 "https://xedaptot.vn/chinh-sach-doi-tra/" "Mozilla/5.0 (X11; Linux x86_64) AppleWebKit/537.36 (KHTML, like Gecko) Chrome/150.0.0.0 Safari/537.36"
201.71.170.103 - - [16/Jul/2026:18:39:52 +0000] "GET /wp-content/themes/tokoo/assets/js/scrollup.min.js?ver=1.2.1 HTTP/2" 200 813 "https://xedaptot.vn/chinh-sach-doi-tra/" "Mozilla/5.0 (X11; Linux x86_64) AppleWebKit/537.36 (KHTML, like Gecko) Chrome/150.0.0.0 Safari/537.36"
201.71.170.103 - - [16/Jul/2026:18:39:52 +0000] "GET /wp-content/plugins/yith-woocommerce-wishlist/assets/js/jquery.selectBox.min.js?ver=1.2.0 HTTP/2" 200 3514 "https://xedaptot.vn/chinh-sach-doi-tra/" "Mozilla/5.0 (X11; Linux x86_64) AppleWebKit/537.36 (KHTML, like Gecko) Chrome/150.0.0.0 Safari/537.36"
201.71.170.103 - - [16/Jul/2026:18:39:52 +0000] "GET /wp-content/themes/tokoo/assets/js/waypoints-sticky.min.js?ver=1.2.1 HTTP/2" 200 510 "https://xedaptot.vn/chinh-sach-doi-tra/" "Mozilla/5.0 (X11; Linux x86_64) AppleWebKit/537.36 (KHTML, like Gecko) Chrome/150.0.0.0 Safari/537.36"
201.71.170.103 - - [16/Jul/2026:18:39:52 +0000] "GET /wp-content/plugins/woocommerce/assets/js/prettyPhoto/jquery.prettyPhoto.min.js?ver=3.1.6 HTTP/2" 200 5401 "https://xedaptot.vn/chinh-sach-doi-tra/" "Mozilla/5.0 (X11; Linux x86_64) AppleWebKit/537.36 (KHTML, like Gecko) Chrome/150.0.0.0 Safari/537.36"
201.71.170.103 - - [16/Jul/2026:18:39:52 +0000] "GET /wp-content/themes/tokoo/assets/js/tokoo.min.js?ver=1.2.1 HTTP/2" 200 2399 "https://xedaptot.vn/chinh-sach-doi-tra/" "Mozilla/5.0 (X11; Linux x86_64) AppleWebKit/537.36 (KHTML, like Gecko) Chrome/150.0.0.0 Safari/537.36"
201.71.170.103 - - [16/Jul/2026:18:39:52 +0000] "GET /wp-content/plugins/wpforms-lite/assets/lib/punycode.min.js?ver=1.0.0 HTTP/2" 200 833 "https://xedaptot.vn/chinh-sach-doi-tra/" "Mozilla/5.0 (X11; Linux x86_64) AppleWebKit/537.36 (KHTML, like Gecko) Chrome/150.0.0.0 Safari/537.36"
201.71.170.103 - - [16/Jul/2026:18:39:52 +0000] "GET /wp-content/plugins/wpforms-lite/assets/lib/jquery.validate.min.js?ver=1.21.0 HTTP/2" 200 7806 "https://xedaptot.vn/chinh-sach-doi-tra/" "Mozilla/5.0 (X11; Linux x86_64) AppleWebKit/537.36 (KHTML, like Gecko) Chrome/150.0.0.0 Safari/537.36"
201.71.170.103 - - [16/Jul/2026:18:39:52 +0000] "GET /wp-content/plugins/kingcomposer/assets/frontend/js/kingcomposer.min.js?ver=2.9.6 HTTP/2" 200 7540 "https://xedaptot.vn/chinh-sach-doi-tra/" "Mozilla/5.0 (X11; Linux x86_64) AppleWebKit/537.36 (KHTML, like Gecko) Chrome/150.0.0.0 Safari/537.36"
201.71.170.103 - - [16/Jul/2026:18:39:52 +0000] "GET /wp-content/plugins/wpforms-lite/assets/js/frontend/fields/address.min.js?ver=1.10.2.1 HTTP/2" 200 672 "https://xedaptot.vn/chinh-sach-doi-tra/" "Mozilla/5.0 (X11; Linux x86_64) AppleWebKit/537.36 (KHTML, like Gecko) Chrome/150.0.0.0 Safari/537.36"
201.71.170.103 - - [16/Jul/2026:18:39:52 +0000] "GET /wp-content/plugins/revslider/sr6/assets/js/rbtools.min.js?ver=6.7.38 HTTP/2" 200 59937 "https://xedaptot.vn/chinh-sach-doi-tra/" "Mozilla/5.0 (X11; Linux x86_64) AppleWebKit/537.36 (KHTML, like Gecko) Chrome/150.0.0.0 Safari/537.36"
201.71.170.103 - - [16/Jul/2026:18:39:52 +0000] "GET /wp-content/plugins/woocommerce/assets/js/frontend/add-to-cart.min.js?ver=10.9.4 HTTP/2" 200 1296 "https://xedaptot.vn/chinh-sach-doi-tra/" "Mozilla/5.0 (X11; Linux x86_64) AppleWebKit/537.36 (KHTML, like Gecko) Chrome/150.0.0.0 Safari/537.36"
201.71.170.103 - - [16/Jul/2026:18:39:52 +0000] "GET /wp-content/plugins/woocommerce/assets/js/jquery-blockui/jquery.blockUI.min.js?ver=2.7.0-wc.10.9.4 HTTP/2" 200 3277 "https://xedaptot.vn/chinh-sach-doi-tra/" "Mozilla/5.0 (X11; Linux x86_64) AppleWebKit/537.36 (KHTML, like Gecko) Chrome/150.0.0.0 Safari/537.36"
201.71.170.103 - - [16/Jul/2026:18:39:52 +0000] "GET /wp-content/plugins/woocommerce/assets/js/frontend/cart-fragments.min.js?ver=10.9.4 HTTP/2" 200 943 "https://xedaptot.vn/chinh-sach-doi-tra/" "Mozilla/5.0 (X11; Linux x86_64) AppleWebKit/537.36 (KHTML, like Gecko) Chrome/150.0.0.0 Safari/537.36"
201.71.170.103 - - [16/Jul/2026:18:39:52 +0000] "GET /wp-content/plugins/yith-woocommerce-wishlist/assets/js/jquery.yith-wcwl.min.js?ver=4.16.0 HTTP/2" 200 6454 "https://xedaptot.vn/chinh-sach-doi-tra/" "Mozilla/5.0 (X11; Linux x86_64) AppleWebKit/537.36 (KHTML, like Gecko) Chrome/150.0.0.0 Safari/537.36"
201.71.170.103 - - [16/Jul/2026:18:39:52 +0000] "GET /wp-content/themes/tokoo/assets/js/jquery.easing.min.js?ver=1.2.1 HTTP/2" 200 940 "https://xedaptot.vn/chinh-sach-doi-tra/" "Mozilla/5.0 (X11; Linux x86_64) AppleWebKit/537.36 (KHTML, like Gecko) Chrome/150.0.0.0 Safari/537.36"
201.71.170.103 - - [16/Jul/2026:18:39:52 +0000] "GET /wp-content/plugins/wpforms-lite/assets/js/share/utils.min.js?ver=1.10.2.1 HTTP/2" 200 726 "https://xedaptot.vn/chinh-sach-doi-tra/" "Mozilla/5.0 (X11; Linux x86_64) AppleWebKit/537.36 (KHTML, like Gecko) Chrome/150.0.0.0 Safari/537.36"
201.71.170.103 - - [16/Jul/2026:18:39:52 +0000] "GET /wp-includes/js/masonry.min.js?ver=4.2.2 HTTP/2" 200 7117 "https://xedaptot.vn/chinh-sach-doi-tra/" "Mozilla/5.0 (X11; Linux x86_64) AppleWebKit/537.36 (KHTML, like Gecko) Chrome/150.0.0.0 Safari/537.36"
201.71.170.103 - - [16/Jul/2026:18:39:52 +0000] "GET /wp-content/plugins/woocommerce/assets/js/frontend/order-attribution.min.js?ver=10.9.4 HTTP/2" 200 1020 "https://xedaptot.vn/chinh-sach-doi-tra/" "Mozilla/5.0 (X11; Linux x86_64) AppleWebKit/537.36 (KHTML, like Gecko) Chrome/150.0.0.0 Safari/537.36"
201.71.170.103 - - [16/Jul/2026:18:39:52 +0000] "GET /wp-content/themes/tokoo/assets/js/bootstrap.min.js?ver=1.2.1 HTTP/2" 200 12878 "https://xedaptot.vn/chinh-sach-doi-tra/" "Mozilla/5.0 (X11; Linux x86_64) AppleWebKit/537.36 (KHTML, like Gecko) Chrome/150.0.0.0 Safari/537.36"
216.73.216.145 - - [16/Jul/2026:18:38:08 +0000] "GET /product-category/xe-dap-touring/page/1/?add_to_wishlist=4982 HTTP/2" 301 0 "-" "Mozilla/5.0 AppleWebKit/537.36 (KHTML, like Gecko; compatible; Claude-SearchBot/1.0; [email protected])"
216.73.216.145 - - [16/Jul/2026:18:38:10 +0000] "GET /product-category/xe-dap-touring/?add_to_wishlist=4982 HTTP/2" 200 23726 "https://xedaptot.vn/product-category/xe-dap-touring/page/1/?add_to_wishlist=4982" "Mozilla/5.0 AppleWebKit/537.36 (KHTML, like Gecko; compatible; Claude-SearchBot/1.0; [email protected])"
20.14.72.117 - - [16/Jul/2026:18:36:46 +0000] "POST /wp-login.php HTTP/2" 200 0 "-" "Mozilla/5.0 (Windows NT 10.0; Win64; rv:143.0) Gecko/20100101 Firefox/143.0"
65.181.111.155 - - [16/Jul/2026:18:39:47 +0000] "POST /wp-cron.php?doing_wp_cron=1784227187.7299981117248535156250 HTTP/2" 200 0 "-" "WordPress/7.0.1; https://xedaptot.vn"
201.71.170.103 - - [16/Jul/2026:18:39:52 +0000] "GET /wp-content/themes/tokoo/assets/js/jquery.waypoints.min.js?ver=1.2.1 HTTP/2" 200 2592 "https://xedaptot.vn/chinh-sach-doi-tra/" "Mozilla/5.0 (X11; Linux x86_64) AppleWebKit/537.36 (KHTML, like Gecko) Chrome/150.0.0.0 Safari/537.36"
201.71.170.103 - - [16/Jul/2026:18:39:52 +0000] "GET /wp-content/themes/tokoo/assets/js/typeahead.bundle.min.js?ver=1.2.1 HTTP/2" 200 13586 "https://xedaptot.vn/chinh-sach-doi-tra/" "Mozilla/5.0 (X11; Linux x86_64) AppleWebKit/537.36 (KHTML, like Gecko) Chrome/150.0.0.0 Safari/537.36"
201.71.170.103 - - [16/Jul/2026:18:39:52 +0000] "GET /wp-includes/js/imagesloaded.min.js?ver=5.0.0 HTTP/2" 200 1687 "https://xedaptot.vn/chinh-sach-doi-tra/" "Mozilla/5.0 (X11; Linux x86_64) AppleWebKit/537.36 (KHTML, like Gecko) Chrome/150.0.0.0 Safari/537.36"
201.71.170.103 - - [16/Jul/2026:18:39:52 +0000] "GET /wp-content/themes/tokoo/assets/js/navigation.min.js?ver=1.2.1 HTTP/2" 200 717 "https://xedaptot.vn/chinh-sach-doi-tra/" "Mozilla/5.0 (X11; Linux x86_64) AppleWebKit/537.36 (KHTML, like Gecko) Chrome/150.0.0.0 Safari/537.36"
201.71.170.103 - - [16/Jul/2026:18:39:52 +0000] "GET /wp-content/plugins/wpforms-lite/assets/js/frontend/wpforms.min.js?ver=1.10.2.1 HTTP/2" 200 14946 "https://xedaptot.vn/chinh-sach-doi-tra/" "Mozilla/5.0 (X11; Linux x86_64) AppleWebKit/537.36 (KHTML, like Gecko) Chrome/150.0.0.0 Safari/537.36"
201.71.170.103 - - [16/Jul/2026:18:39:52 +0000] "GET /wp-content/plugins/woocommerce/assets/js/frontend/woocommerce.min.js?ver=10.9.4 HTTP/2" 200 1384 "https://xedaptot.vn/chinh-sach-doi-tra/" "Mozilla/5.0 (X11; Linux x86_64) AppleWebKit/537.36 (KHTML, like Gecko) Chrome/150.0.0.0 Safari/537.36"
201.71.170.103 - - [16/Jul/2026:18:39:52 +0000] "GET /wp-content/plugins/woocommerce/assets/js/js-cookie/js.cookie.min.js?ver=2.1.4-wc.10.9.4 HTTP/2" 200 760 "https://xedaptot.vn/chinh-sach-doi-tra/" "Mozilla/5.0 (X11; Linux x86_64) AppleWebKit/537.36 (KHTML, like Gecko) Chrome/150.0.0.0 Safari/537.36"
102.68.63.59 - - [16/Jul/2026:18:40:26 +0000] "POST /xmlrpc.php HTTP/2" 403 1242 "-" "Mozilla/5.0 (Windows NT 6.3; x86) AppleWebKit/537.36 (KHTML, like Gecko) Opera/65.0.0.0 Safari/537.36"
201.71.170.103 - - [16/Jul/2026:18:39:52 +0000] "GET /wp-content/themes/tokoo/assets/js/handlebars.min.js?ver=1.2.1 HTTP/2" 200 14315 "https://xedaptot.vn/chinh-sach-doi-tra/" "Mozilla/5.0 (X11; Linux x86_64) AppleWebKit/537.36 (KHTML, like Gecko) Chrome/150.0.0.0 Safari/537.36"
201.71.170.103 - - [16/Jul/2026:18:39:52 +0000] "GET /wp-content/plugins/woocommerce/assets/js/sourcebuster/sourcebuster.min.js?ver=10.9.4 HTTP/2" 200 4609 "https://xedaptot.vn/chinh-sach-doi-tra/" "Mozilla/5.0 (X11; Linux x86_64) AppleWebKit/537.36 (KHTML, like Gecko) Chrome/150.0.0.0 Safari/537.36"
201.71.170.103 - - [16/Jul/2026:18:39:52 +0000] "GET /wp-content/plugins/wpforms-lite/assets/lib/mailcheck.min.js?ver=1.1.2 HTTP/2" 200 1615 "https://xedaptot.vn/chinh-sach-doi-tra/" "Mozilla/5.0 (X11; Linux x86_64) AppleWebKit/537.36 (KHTML, like Gecko) Chrome/150.0.0.0 Safari/537.36"
201.71.170.103 - - [16/Jul/2026:18:39:52 +0000] "GET /wp-content/plugins/revslider/sr6/assets/js/rs6.min.js?ver=6.7.38 HTTP/2" 200 104520 "https://xedaptot.vn/chinh-sach-doi-tra/" "Mozilla/5.0 (X11; Linux x86_64) AppleWebKit/537.36 (KHTML, like Gecko) Chrome/150.0.0.0 Safari/537.36"
201.71.170.103 - - [16/Jul/2026:18:39:56 +0000] "GET /wp-includes/js/wp-emoji-release.min.js?ver=7.0.1 HTTP/2" 200 4974 "https://xedaptot.vn/chinh-sach-doi-tra/" "Mozilla/5.0 (X11; Linux x86_64) AppleWebKit/537.36 (KHTML, like Gecko) Chrome/150.0.0.0 Safari/537.36"
201.71.170.103 - - [16/Jul/2026:18:39:56 +0000] "POST /?wc-ajax=get_refreshed_fragments HTTP/2" 200 615 "https://xedaptot.vn/chinh-sach-doi-tra/" "Mozilla/5.0 (X11; Linux x86_64) AppleWebKit/537.36 (KHTML, like Gecko) Chrome/150.0.0.0 Safari/537.36"
201.71.170.103 - - [16/Jul/2026:18:39:56 +0000] "GET /wp-admin/admin-ajax.php?action=products_live_search&fn=get_ajax_search HTTP/2" 200 6 "https://xedaptot.vn/chinh-sach-doi-tra/" "Mozilla/5.0 (X11; Linux x86_64) AppleWebKit/537.36 (KHTML, like Gecko) Chrome/150.0.0.0 Safari/537.36"
65.181.111.155 - - [16/Jul/2026:18:41:02 +0000] "POST /wp-cron.php?doing_wp_cron=1784227262.8325910568237304687500 HTTP/2" 200 0 "-" "WordPress/7.0.1; https://xedaptot.vn"
103.131.71.156 - - [16/Jul/2026:18:41:19 +0000] "GET /product/cu-de-shimano-tourney-ty300/ HTTP/2" 200 25945 "-" "Mozilla/5.0 (compatible; coccocbot-web/1.0; +http://help.coccoc.com/searchengine)"
65.181.111.155 - - [16/Jul/2026:18:41:51 +0000] "POST /wp-cron.php?doing_wp_cron=1784227311.8570380210876464843750 HTTP/2" 200 0 "-" "WordPress/7.0.1; https://xedaptot.vn"
54.39.210.243 - - [16/Jul/2026:18:41:50 +0000] "GET /product/xe-dap-touring-giant-escape-2-city-disc/ HTTP/2" 200 26107 "-" "Mozilla/5.0 (compatible; AhrefsBot/7.0; +http://ahrefs.com/robot/)"
65.181.111.155 - - [16/Jul/2026:18:43:19 +0000] "POST /wp-cron.php?doing_wp_cron=1784227399.7304909229278564453125 HTTP/2" 200 0 "-" "WordPress/7.0.1; https://xedaptot.vn"
216.73.216.145 - - [16/Jul/2026:18:43:18 +0000] "GET /product-category/xe-dap-touring/page/1/?add_to_wishlist=4175 HTTP/2" 301 0 "-" "Mozilla/5.0 AppleWebKit/537.36 (KHTML, like Gecko; compatible; Claude-SearchBot/1.0; [email protected])"
216.73.216.145 - - [16/Jul/2026:18:43:19 +0000] "GET /product-category/xe-dap-touring/?add_to_wishlist=4175 HTTP/2" 200 23750 "https://xedaptot.vn/product-category/xe-dap-touring/page/1/?add_to_wishlist=4175" "Mozilla/5.0 AppleWebKit/537.36 (KHTML, like Gecko; compatible; Claude-SearchBot/1.0; [email protected])"
65.181.111.155 - - [16/Jul/2026:18:43:43 +0000] "POST /wp-cron.php?doing_wp_cron=1784227423.3801751136779785156250 HTTP/2" 200 0 "-" "WordPress/7.0.1; https://xedaptot.vn"
216.73.216.145 - - [16/Jul/2026:18:43:42 +0000] "GET /product-category/xe-dap-touring/page/1/?add_to_wishlist=3929 HTTP/2" 301 0 "-" "Mozilla/5.0 AppleWebKit/537.36 (KHTML, like Gecko; compatible; Claude-SearchBot/1.0; [email protected])"
216.73.216.145 - - [16/Jul/2026:18:43:43 +0000] "GET /product-category/xe-dap-touring/?add_to_wishlist=3929 HTTP/2" 200 23723 "https://xedaptot.vn/product-category/xe-dap-touring/page/1/?add_to_wishlist=3929" "Mozilla/5.0 AppleWebKit/537.36 (KHTML, like Gecko; compatible; Claude-SearchBot/1.0; [email protected])"
66.249.74.9 - - [16/Jul/2026:18:43:57 +0000] "GET /wp-content/uploads/2023/04/XDTN_MTB2004_Temvang-720x480-1-300x225.jpg HTTP/2" 200 15314 "-" "Googlebot-Image/1.0"
65.181.111.155 - - [16/Jul/2026:18:45:44 +0000] "POST /wp-cron.php?doing_wp_cron=1784227544.0248711109161376953125 HTTP/2" 200 0 "-" "WordPress/7.0.1; https://xedaptot.vn"
170.106.147.63 - - [16/Jul/2026:18:45:42 +0000] "GET /shop/?add-to-cart=5484 HTTP/2" 200 23683 "-" "Mozilla/5.0 (iPhone; CPU iPhone OS 13_2_3 like Mac OS X) AppleWebKit/605.1.15 (KHTML, like Gecko) Version/13.0.3 Mobile/15E148 Safari/604.1"
3.93.5.217 - - [16/Jul/2026:18:46:03 +0000] "GET / HTTP/2" 200 37139 "-" "Mozilla/5.0 (compatible; DotBot/1.1; http://www.opensiteexplorer.org/dotbot, [email protected])"
65.181.111.155 - - [16/Jul/2026:18:47:02 +0000] "POST /wp-cron.php?doing_wp_cron=1784227622.1475560665130615234375 HTTP/2" 200 0 "-" "WordPress/7.0.1; https://xedaptot.vn"
216.73.216.145 - - [16/Jul/2026:18:47:01 +0000] "GET /product-category/xe-dap-touring/page/1/?add_to_wishlist=4949 HTTP/2" 301 0 "-" "Mozilla/5.0 AppleWebKit/537.36 (KHTML, like Gecko; compatible; Claude-SearchBot/1.0; [email protected])"
216.73.216.145 - - [16/Jul/2026:18:47:02 +0000] "GET /product-category/xe-dap-touring/?add_to_wishlist=4949 HTTP/2" 200 23725 "https://xedaptot.vn/product-category/xe-dap-touring/page/1/?add_to_wishlist=4949" "Mozilla/5.0 AppleWebKit/537.36 (KHTML, like Gecko; compatible; Claude-SearchBot/1.0; [email protected])"
78.144.117.180 - - [16/Jul/2026:18:48:52 +0000] "GET /wp-content/uploads/2022/10/IMG_7398-150x113.jpg HTTP/2" 200 7451 "-" "Mozilla/5.0 (X11; Linux i686; rv:1.9.7.20) Gecko/9728-01-10 09:03:58.276367 Firefox/14.0"
177.124.50.227 - - [16/Jul/2026:18:49:31 +0000] "GET /wp-content/uploads/2022/10/IMG_7407-150x113.jpg HTTP/2" 200 6370 "-" "Opera/8.53.(Windows NT 5.0; ast-ES) Presto/2.9.174 Version/10.00"
103.253.247.245 - - [16/Jul/2026:18:49:32 +0000] "GET /wp-content/uploads/2022/10/IMG_7380-600x450.jpg HTTP/2" 200 95899 "-" "Mozilla/5.0 (iPod; U; CPU iPhone OS 4_1 like Mac OS X; om-KE) AppleWebKit/533.8.7 (KHTML, like Gecko) Version/3.0.5 Mobile/8B116 Safari/6533.8.7"
52.167.144.212 - - [16/Jul/2026:18:50:16 +0000] "GET /wp-content/uploads/2022/09/2022_09_27_15_32_IMG_6916-300x225.jpg HTTP/2" 200 25745 "-" "Mozilla/5.0 AppleWebKit/537.36 (KHTML, like Gecko; compatible; bingbot/2.0; +http://www.bing.com/bingbot.htm) Chrome/116.0.1938.76 Safari/537.36"
216.73.216.145 - - [16/Jul/2026:18:51:19 +0000] "GET /product-category/xe-dap-touring/page/1/?add_to_wishlist=4678 HTTP/2" 301 0 "-" "Mozilla/5.0 AppleWebKit/537.36 (KHTML, like Gecko; compatible; Claude-SearchBot/1.0; [email protected])"
216.73.216.145 - - [16/Jul/2026:18:51:20 +0000] "GET /product-category/xe-dap-touring/?add_to_wishlist=4678 HTTP/2" 200 23731 "https://xedaptot.vn/product-category/xe-dap-touring/page/1/?add_to_wishlist=4678" "Mozilla/5.0 AppleWebKit/537.36 (KHTML, like Gecko; compatible; Claude-SearchBot/1.0; [email protected])"
65.181.111.155 - - [16/Jul/2026:18:52:59 +0000] "POST /wp-cron.php?doing_wp_cron=1784227979.5853610038757324218750 HTTP/2" 200 0 "-" "WordPress/7.0.1; https://xedaptot.vn"
162.62.213.187 - - [16/Jul/2026:18:52:58 +0000] "GET /product/xe-dap-the-thao-fujisan-m450/?add-to-cart=3962 HTTP/2" 200 26069 "-" "Mozilla/5.0 (iPhone; CPU iPhone OS 13_2_3 like Mac OS X) AppleWebKit/605.1.15 (KHTML, like Gecko) Version/13.0.3 Mobile/15E148 Safari/604.1"
216.73.216.145 - - [16/Jul/2026:18:41:01 +0000] "GET /product-category/xe-dap-touring/page/1/?add_to_wishlist=4204 HTTP/2" 301 0 "-" "Mozilla/5.0 AppleWebKit/537.36 (KHTML, like Gecko; compatible; Claude-SearchBot/1.0; [email protected])"
216.73.216.145 - - [16/Jul/2026:18:41:02 +0000] "GET /product-category/xe-dap-touring/?add_to_wishlist=4204 HTTP/2" 200 23749 "https://xedaptot.vn/product-category/xe-dap-touring/page/1/?add_to_wishlist=4204" "Mozilla/5.0 AppleWebKit/537.36 (KHTML, like Gecko; compatible; Claude-SearchBot/1.0; [email protected])"
207.180.11.131 - - [16/Jul/2026:18:43:36 +0000] "GET /wp-content/uploads/2023/06/Xe-Dap-The-Thao-CALIFORNIA-700CC-10.jpg HTTP/2" 200 182962 "https://xedaptot.vn/" "Mozilla/5.0 (Windows NT 10.0; Win64; x64) AppleWebKit/537.36 (KHTML, like Gecko) Chrome/106.0.5249.119 Safari/537.36"
177.193.215.77 - - [16/Jul/2026:18:43:44 +0000] "GET /wp-content/uploads/2022/10/2023_08_17_17_31_IMG_0767-300x225.jpg HTTP/2" 200 23555 "-" "Mozilla/5.0 (iPad; CPU iPad OS 12_4_8 like Mac OS X) AppleWebKit/531.0 (KHTML, like Gecko) FxiOS/18.1p1705.0 Mobile/93W874 Safari/531.0"
216.73.216.145 - - [16/Jul/2026:18:45:14 +0000] "GET /product-category/xe-dap-touring/page/1/?add_to_wishlist=5041 HTTP/2" 301 0 "-" "Mozilla/5.0 AppleWebKit/537.36 (KHTML, like Gecko; compatible; Claude-SearchBot/1.0; [email protected])"
216.73.216.145 - - [16/Jul/2026:18:45:15 +0000] "GET /product-category/xe-dap-touring/?add_to_wishlist=5041 HTTP/2" 200 23741 "https://xedaptot.vn/product-category/xe-dap-touring/page/1/?add_to_wishlist=5041" "Mozilla/5.0 AppleWebKit/537.36 (KHTML, like Gecko; compatible; Claude-SearchBot/1.0; [email protected])"
116.98.242.134 - - [16/Jul/2026:18:46:13 +0000] "GET /wp-content/uploads/2022/09/2023_08_28_16_28_IMG_0911-300x225.jpg HTTP/2" 200 22402 "-" "Mozilla/5.0 (Windows 98; yi-US; rv:1.9.0.20) Gecko/9494-05-02 09:52:55.984802 Firefox/3.8"
115.133.33.201 - - [16/Jul/2026:18:46:30 +0000] "GET /wp-content/uploads/2022/10/2023_08_17_17_31_IMG_0767-150x113.jpg HTTP/2" 200 7250 "-" "Mozilla/5.0 (Windows; U; Windows NT 5.1) AppleWebKit/535.46.5 (KHTML, like Gecko) Version/4.1 Safari/535.46.5"
20.14.72.117 - - [16/Jul/2026:18:45:06 +0000] "POST /wp-login.php HTTP/2" 200 0 "-" "Mozilla/5.0 (Macintosh; Intel Mac OS X 10_15_7) AppleWebKit/605.1.15 Version/17.0 Safari/605.1.15"
182.48.94.177 - - [16/Jul/2026:18:47:58 +0000] "GET /wp-content/uploads/2022/10/2023_08_17_17_31_IMG_0768-150x113.jpg HTTP/2" 200 7341 "-" "Mozilla/5.0 (iPod; U; CPU iPhone OS 3_1 like Mac OS X; rw-RW) AppleWebKit/531.13.2 (KHTML, like Gecko) Version/4.0.5 Mobile/8B115 Safari/6531.13.2"
65.181.111.155 - - [16/Jul/2026:18:51:20 +0000] "POST /wp-cron.php?doing_wp_cron=1784227880.2533710002899169921875 HTTP/2" 200 0 "-" "WordPress/7.0.1; https://xedaptot.vn"
47.82.54.212 - - [16/Jul/2026:18:55:13 +0000] "GET /product-tag/xe-dap-tre-em-thong-nhat-mtb-20-05/ HTTP/2" 200 18569 "-" "Mozilla/5.0 (Windows NT 10.0; Win64; x64) AppleWebKit/537.36 (KHTML, like Gecko) Chrome/143.0.0.0 Safari/537.36"
65.181.111.155 - - [16/Jul/2026:18:57:30 +0000] "POST /wp-cron.php?doing_wp_cron=1784228250.4050259590148925781250 HTTP/2" 200 0 "-" "WordPress/7.0.1; https://xedaptot.vn"
51.161.37.43 - - [16/Jul/2026:18:57:26 +0000] "GET /product/xe-dap-nu-modeltime-cacao/ HTTP/2" 200 26077 "-" "Mozilla/5.0 (compatible; AhrefsBot/7.0; +http://ahrefs.com/robot/)"
45.177.218.8 - - [16/Jul/2026:18:58:55 +0000] "GET /wp-content/uploads/2022/10/IMG_7398-768x576.jpg HTTP/2" 200 139151 "-" "Opera/9.77.(X11; Linux x86_64; kn-IN) Presto/2.9.163 Version/11.00"
65.181.111.155 - - [16/Jul/2026:18:54:05 +0000] "POST /wp-cron.php?doing_wp_cron=1784228045.0685510635375976562500 HTTP/2" 200 0 "-" "WordPress/7.0.1; https://xedaptot.vn"
216.73.216.145 - - [16/Jul/2026:18:54:04 +0000] "GET /product-category/xe-dap-touring/page/1/?add_to_wishlist=4851 HTTP/2" 301 0 "-" "Mozilla/5.0 AppleWebKit/537.36 (KHTML, like Gecko; compatible; Claude-SearchBot/1.0; [email protected])"
216.73.216.145 - - [16/Jul/2026:18:54:05 +0000] "GET /product-category/xe-dap-touring/?add_to_wishlist=4851 HTTP/2" 200 23747 "https://xedaptot.vn/product-category/xe-dap-touring/page/1/?add_to_wishlist=4851" "Mozilla/5.0 AppleWebKit/537.36 (KHTML, like Gecko; compatible; Claude-SearchBot/1.0; [email protected])"
20.14.72.117 - - [16/Jul/2026:18:53:17 +0000] "POST /wp-login.php HTTP/2" 200 0 "-" "Mozilla/5.0 (Windows NT 10.0; Win64; rv:143.0) Gecko/20100101 Firefox/143.0"
216.73.216.145 - - [16/Jul/2026:18:55:26 +0000] "GET /product-category/xe-dap-touring/?add_to_wishlist=2192 HTTP/2" 200 23751 "-" "Mozilla/5.0 AppleWebKit/537.36 (KHTML, like Gecko; compatible; Claude-SearchBot/1.0; [email protected])"
223.205.220.123 - - [16/Jul/2026:18:55:46 +0000] "GET /wp-content/uploads/2022/10/IMG_7397.jpg HTTP/2" 200 154700 "-" "Mozilla/5.0 (Windows; U; Windows NT 5.0) AppleWebKit/535.42.1 (KHTML, like Gecko) Version/5.0.1 Safari/535.42.1"
2404:c0:ba04:f560:58bf:b592:d47f:9e58 - - [16/Jul/2026:18:55:47 +0000] "GET /wp-content/uploads/2022/10/IMG_7381-150x113.jpg HTTP/2" 200 7546 "-" "Mozilla/5.0 (Macintosh; U; Intel Mac OS X 10_6_1 rv:3.0; lg-UG) AppleWebKit/532.8.2 (KHTML, like Gecko) Version/4.0.3 Safari/532.8.2"
197.58.232.149 - - [16/Jul/2026:18:56:04 +0000] "GET /wp-content/uploads/2022/10/IMG_7384-600x450.jpg HTTP/2" 200 88995 "-" "Opera/9.10.(X11; Linux x86_64; bg-BG) Presto/2.9.181 Version/11.00"
2404:c0:a302:2a94:d9b4:5bfc:3662:f53b - - [16/Jul/2026:18:58:42 +0000] "GET /wp-content/uploads/2022/10/IMG_7395.jpg HTTP/2" 200 161333 "-" "Mozilla/5.0 (iPod; U; CPU iPhone OS 4_2 like Mac OS X; cv-RU) AppleWebKit/532.37.5 (KHTML, like Gecko) Version/4.0.5 Mobile/8B118 Safari/6532.37.5"
65.181.111.155 - - [16/Jul/2026:19:00:28 +0000] "POST /wp-cron.php?doing_wp_cron=1784228428.6415860652923583984375 HTTP/2" 200 0 "-" "WordPress/7.0.1; https://xedaptot.vn"
216.73.216.145 - - [16/Jul/2026:19:00:27 +0000] "GET /product-category/xe-dap-touring/page/1/?add_to_wishlist=4104 HTTP/2" 301 0 "-" "Mozilla/5.0 AppleWebKit/537.36 (KHTML, like Gecko; compatible; Claude-SearchBot/1.0; [email protected])"
216.73.216.145 - - [16/Jul/2026:19:00:28 +0000] "GET /product-category/xe-dap-touring/?add_to_wishlist=4104 HTTP/2" 200 23729 "https://xedaptot.vn/product-category/xe-dap-touring/page/1/?add_to_wishlist=4104" "Mozilla/5.0 AppleWebKit/537.36 (KHTML, like Gecko; compatible; Claude-SearchBot/1.0; [email protected])"
65.181.111.155 - - [16/Jul/2026:19:05:20 +0000] "POST /wp-cron.php?doing_wp_cron=1784228720.4274508953094482421875 HTTP/2" 200 0 "-" "WordPress/7.0.1; https://xedaptot.vn"
65.181.111.155 - - [16/Jul/2026:19:05:41 +0000] "POST /wp-cron.php?doing_wp_cron=1784228741.9574830532073974609375 HTTP/2" 200 0 "-" "WordPress/7.0.1; https://xedaptot.vn"
216.73.216.145 - - [16/Jul/2026:19:05:38 +0000] "GET /robots.txt HTTP/2" 200 161 "-" "Mozilla/5.0 AppleWebKit/537.36 (KHTML, like Gecko; compatible; Claude-SearchBot/1.0; [email protected])"
148.113.128.123 - - [16/Jul/2026:19:06:19 +0000] "GET /product/xe-nu-cavanio-sping-24/ HTTP/2" 200 24200 "-" "Mozilla/5.0 (compatible; AhrefsBot/7.0; +http://ahrefs.com/robot/)"
216.73.216.145 - - [16/Jul/2026:19:06:48 +0000] "GET /product-category/xe-dap-touring/?add_to_wishlist=2175 HTTP/2" 200 23726 "-" "Mozilla/5.0 AppleWebKit/537.36 (KHTML, like Gecko; compatible; Claude-SearchBot/1.0; [email protected])"
3.93.5.217 - - [16/Jul/2026:19:07:41 +0000] "GET /feed/ HTTP/2" 200 533 "-" "Mozilla/5.0 (compatible; DotBot/1.1; http://www.opensiteexplorer.org/dotbot, [email protected])"
3.93.5.217 - - [16/Jul/2026:19:07:43 +0000] "GET /shop/ HTTP/2" 200 23622 "-" "Mozilla/5.0 (compatible; DotBot/1.1; http://www.opensiteexplorer.org/dotbot, [email protected])"
3.93.5.217 - - [16/Jul/2026:19:07:47 +0000] "GET /product-category/xe-dap-dua/ HTTP/2" 200 20804 "-" "Mozilla/5.0 (compatible; DotBot/1.1; http://www.opensiteexplorer.org/dotbot, [email protected])"
3.93.5.217 - - [16/Jul/2026:19:07:49 +0000] "GET /product-category/xe-dap-gap/ HTTP/2" 200 20105 "-" "Mozilla/5.0 (compatible; DotBot/1.1; http://www.opensiteexplorer.org/dotbot, [email protected])"
20.14.72.117 - - [16/Jul/2026:19:01:11 +0000] "POST /wp-login.php HTTP/2" 200 0 "-" "Mozilla/5.0 (Windows NT 10.0; Win64; x64) AppleWebKit/537.36 Chrome/129.0.0.0 Safari/537.36"
43.153.15.51 - - [16/Jul/2026:19:05:19 +0000] "GET /product/xe-dap-touring-fujisan-rs350/?add-to-cart=4949 HTTP/2" 200 25770 "-" "Mozilla/5.0 (iPhone; CPU iPhone OS 13_2_3 like Mac OS X) AppleWebKit/605.1.15 (KHTML, like Gecko) Version/13.0.3 Mobile/15E148 Safari/604.1"
216.73.216.145 - - [16/Jul/2026:19:05:42 +0000] "GET /product-category/xe-dap-touring/?add_to_wishlist=3199 HTTP/2" 200 23750 "-" "Mozilla/5.0 AppleWebKit/537.36 (KHTML, like Gecko; compatible; Claude-SearchBot/1.0; [email protected])"
65.181.111.155 - - [16/Jul/2026:19:06:50 +0000] "POST /wp-cron.php?doing_wp_cron=1784228810.1001911163330078125000 HTTP/2" 200 0 "-" "WordPress/7.0.1; https://xedaptot.vn"
65.181.111.155 - - [16/Jul/2026:19:07:39 +0000] "POST /wp-cron.php?doing_wp_cron=1784228859.8195350170135498046875 HTTP/2" 200 0 "-" "WordPress/7.0.1; https://xedaptot.vn"
3.93.5.217 - - [16/Jul/2026:19:07:38 +0000] "GET /robots.txt HTTP/2" 200 161 "-" "Mozilla/5.0 (compatible; DotBot/1.1; http://www.opensiteexplorer.org/dotbot, [email protected])"
3.93.5.217 - - [16/Jul/2026:19:07:39 +0000] "GET / HTTP/2" 200 37138 "-" "Mozilla/5.0 (compatible; DotBot/1.1; http://www.opensiteexplorer.org/dotbot, [email protected])"
3.93.5.217 - - [16/Jul/2026:19:07:42 +0000] "GET /comments/feed/ HTTP/2" 200 422 "-" "Mozilla/5.0 (compatible; DotBot/1.1; http://www.opensiteexplorer.org/dotbot, [email protected])"
3.93.5.217 - - [16/Jul/2026:19:07:45 +0000] "GET /product-category/xe-dap-the-thao/ HTTP/2" 200 23249 "-" "Mozilla/5.0 (compatible; DotBot/1.1; http://www.opensiteexplorer.org/dotbot, [email protected])"
3.93.5.217 - - [16/Jul/2026:19:07:46 +0000] "GET /product-category/xe-dap-touring/ HTTP/2" 200 23693 "-" "Mozilla/5.0 (compatible; DotBot/1.1; http://www.opensiteexplorer.org/dotbot, [email protected])"
3.93.5.217 - - [16/Jul/2026:19:07:50 +0000] "GET /product-category/xe-dap-nu/ HTTP/2" 200 21435 "-" "Mozilla/5.0 (compatible; DotBot/1.1; http://www.opensiteexplorer.org/dotbot, [email protected])"
3.93.5.217 - - [16/Jul/2026:19:07:51 +0000] "GET /product-category/xe-dap-tre-em/ HTTP/2" 200 22335 "-" "Mozilla/5.0 (compatible; DotBot/1.1; http://www.opensiteexplorer.org/dotbot, [email protected])"
3.93.5.217 - - [16/Jul/2026:19:07:52 +0000] "GET /product-category/xe-dap-fixed-gear/ HTTP/2" 200 20740 "-" "Mozilla/5.0 (compatible; DotBot/1.1; http://www.opensiteexplorer.org/dotbot, [email protected])"
20.14.72.117 - - [16/Jul/2026:19:09:11 +0000] "POST /wp-login.php HTTP/2" 200 0 "-" "Mozilla/5.0 (Windows NT 10.0; Win64; x64) AppleWebKit/537.36 Chrome/129.0.0.0 Safari/537.36"
169.224.58.25 - - [16/Jul/2026:19:11:58 +0000] "GET /wp-content/uploads/2022/10/IMG_7395-768x576.jpg HTTP/2" 200 111029 "-" "Opera/8.55.(X11; Linux i686; sa-IN) Presto/2.9.167 Version/11.00"
41.43.3.210 - - [16/Jul/2026:19:12:19 +0000] "GET /wp-content/uploads/2022/10/2023_08_17_17_31_IMG_0768-600x450.jpg HTTP/2" 200 75208 "-" "Mozilla/5.0 (iPhone; CPU iPhone OS 13_7 like Mac OS X) AppleWebKit/534.1 (KHTML, like Gecko) FxiOS/15.2s1266.0 Mobile/67P529 Safari/534.1"
65.181.111.155 - - [16/Jul/2026:19:14:56 +0000] "POST /wp-cron.php?doing_wp_cron=1784229296.1892220973968505859375 HTTP/2" 200 0 "-" "WordPress/7.0.1; https://xedaptot.vn"
216.73.216.145 - - [16/Jul/2026:19:14:55 +0000] "GET /product-category/xe-dap-touring/page/1/?add_to_wishlist=5466 HTTP/2" 301 0 "-" "Mozilla/5.0 AppleWebKit/537.36 (KHTML, like Gecko; compatible; Claude-SearchBot/1.0; [email protected])"
216.73.216.145 - - [16/Jul/2026:19:14:56 +0000] "GET /product-category/xe-dap-touring/?add_to_wishlist=5466 HTTP/2" 200 23747 "https://xedaptot.vn/product-category/xe-dap-touring/page/1/?add_to_wishlist=5466" "Mozilla/5.0 AppleWebKit/537.36 (KHTML, like Gecko; compatible; Claude-SearchBot/1.0; [email protected])"
216.73.216.145 - - [16/Jul/2026:19:16:56 +0000] "GET /product-category/xe-dap-touring/?add_to_wishlist=3929 HTTP/2" 200 23754 "-" "Mozilla/5.0 AppleWebKit/537.36 (KHTML, like Gecko; compatible; Claude-SearchBot/1.0; [email protected])"
49.204.134.135 - - [16/Jul/2026:19:20:38 +0000] "GET /wp-content/uploads/2022/10/IMG_7399-768x576.jpg HTTP/2" 200 145135 "-" "Opera/9.70.(X11; Linux i686; crh-UA) Presto/2.9.175 Version/11.00"
65.181.111.155 - - [16/Jul/2026:19:21:41 +0000] "POST /wp-cron.php?doing_wp_cron=1784229701.3667080402374267578125 HTTP/2" 200 0 "-" "WordPress/7.0.1; https://xedaptot.vn"
187.190.24.84 - - [16/Jul/2026:19:21:44 +0000] "GET /wp-includes/js/jquery/ui/core.min.js?ver=1.13.3 HTTP/2" 200 6812 "https://xedaptot.vn/product-category/phu-kien-xe-dap/page/3/" "Mozilla/5.0 (X11; Linux x86_64) AppleWebKit/537.36 (KHTML, like Gecko) Chrome/150.0.0.0 Safari/537.36"
187.190.24.84 - - [16/Jul/2026:19:21:44 +0000] "GET /wp-includes/js/jquery/ui/mouse.min.js?ver=1.13.3 HTTP/2" 200 1012 "https://xedaptot.vn/product-category/phu-kien-xe-dap/page/3/" "Mozilla/5.0 (X11; Linux x86_64) AppleWebKit/537.36 (KHTML, like Gecko) Chrome/150.0.0.0 Safari/537.36"
187.190.24.84 - - [16/Jul/2026:19:21:44 +0000] "GET /wp-content/plugins/woocommerce/assets/js/jquery-ui-touch-punch/jquery-ui-touch-punch.min.js?ver=10.9.4 HTTP/2" 200 529 "https://xedaptot.vn/product-category/phu-kien-xe-dap/page/3/" "Mozilla/5.0 (X11; Linux x86_64) AppleWebKit/537.36 (KHTML, like Gecko) Chrome/150.0.0.0 Safari/537.36"
187.190.24.84 - - [16/Jul/2026:19:21:44 +0000] "GET /wp-content/plugins/woocommerce/assets/js/frontend/price-slider.min.js?ver=10.9.4 HTTP/2" 200 538 "https://xedaptot.vn/product-category/phu-kien-xe-dap/page/3/" "Mozilla/5.0 (X11; Linux x86_64) AppleWebKit/537.36 (KHTML, like Gecko) Chrome/150.0.0.0 Safari/537.36"
187.190.24.84 - - [16/Jul/2026:19:21:44 +0000] "GET /wp-content/plugins/woocommerce/assets/js/accounting/accounting.min.js?ver=0.4.2 HTTP/2" 200 1321 "https://xedaptot.vn/product-category/phu-kien-xe-dap/page/3/" "Mozilla/5.0 (X11; Linux x86_64) AppleWebKit/537.36 (KHTML, like Gecko) Chrome/150.0.0.0 Safari/537.36"
68.105.177.221 - - [16/Jul/2026:19:24:23 +0000] "GET /wp-content/uploads/2022/09/2023_08_28_16_28_IMG_0911-600x450.jpg HTTP/2" 200 76415 "-" "Mozilla/5.0 (Macintosh; PPC Mac OS X 10_9_1; rv:1.9.2.20) Gecko/6898-11-24 00:38:34.212494 Firefox/4.0"
104.187.231.35 - - [16/Jul/2026:19:25:32 +0000] "GET /wp-content/uploads/2022/10/IMG_7404-150x113.jpg HTTP/2" 200 6127 "-" "Mozilla/5.0 (Macintosh; U; PPC Mac OS X 10_12_8 rv:4.0; es-PA) AppleWebKit/532.45.5 (KHTML, like Gecko) Version/4.0.3 Safari/532.45.5"
2001:16a2:f74a:5f00:ec6e:1ca1:72a5:bfc6 - - [16/Jul/2026:19:25:33 +0000] "GET /wp-content/uploads/2022/10/IMG_7405.jpg HTTP/2" 200 138882 "-" "Mozilla/5.0 (Android 3.2.5; Mobile; rv:52.0) Gecko/52.0 Firefox/52.0"
170.106.180.246 - - [16/Jul/2026:19:14:09 +0000] "GET /my-account/ HTTP/2" 200 18516 "-" "Mozilla/5.0 (iPhone; CPU iPhone OS 13_2_3 like Mac OS X) AppleWebKit/605.1.15 (KHTML, like Gecko) Version/13.0.3 Mobile/15E148 Safari/604.1"
65.181.111.155 - - [16/Jul/2026:19:16:58 +0000] "POST /wp-cron.php?doing_wp_cron=1784229418.0740740299224853515625 HTTP/2" 200 0 "-" "WordPress/7.0.1; https://xedaptot.vn"
170.231.173.252 - - [16/Jul/2026:19:17:49 +0000] "GET /wp-content/uploads/2022/10/2023_08_17_17_31_IMG_0768.jpg HTTP/2" 200 168051 "-" "Mozilla/5.0 (iPhone; CPU iPhone OS 2_2_1 like Mac OS X) AppleWebKit/535.2 (KHTML, like Gecko) FxiOS/11.6h7061.0 Mobile/90H884 Safari/535.2"
20.14.72.117 - - [16/Jul/2026:19:17:19 +0000] "POST /wp-login.php HTTP/2" 200 0 "-" "Mozilla/5.0 (Macintosh; Intel Mac OS X 10_15_7) AppleWebKit/605.1.15 Version/17.0 Safari/605.1.15"
179.0.118.232 - - [16/Jul/2026:19:19:24 +0000] "GET /wp-content/uploads/2022/10/IMG_7384-768x576.jpg HTTP/2" 200 137032 "-" "Mozilla/5.0 (Windows; U; Windows NT 6.0) AppleWebKit/531.22.4 (KHTML, like Gecko) Version/4.0 Safari/531.22.4"
187.190.24.84 - - [16/Jul/2026:19:21:40 +0000] "GET /product-category/phu-kien-xe-dap/page/3/ HTTP/2" 200 23874 "-" "Mozilla/5.0 (X11; Linux x86_64) AppleWebKit/537.36 (KHTML, like Gecko) Chrome/150.0.0.0 Safari/537.36"
187.190.24.84 - - [16/Jul/2026:19:21:44 +0000] "GET /wp-includes/js/jquery/ui/slider.min.js?ver=1.13.3 HTTP/2" 200 3010 "https://xedaptot.vn/product-category/phu-kien-xe-dap/page/3/" "Mozilla/5.0 (X11; Linux x86_64) AppleWebKit/537.36 (KHTML, like Gecko) Chrome/150.0.0.0 Safari/537.36"
187.190.24.84 - - [16/Jul/2026:19:21:46 +0000] "GET /wp-admin/admin-ajax.php?action=products_live_search&fn=get_ajax_search HTTP/2" 200 6 "https://xedaptot.vn/product-category/phu-kien-xe-dap/page/3/" "Mozilla/5.0 (X11; Linux x86_64) AppleWebKit/537.36 (KHTML, like Gecko) Chrome/150.0.0.0 Safari/537.36"
187.190.24.84 - - [16/Jul/2026:19:21:48 +0000] "POST /?wc-ajax=get_refreshed_fragments HTTP/2" 200 615 "https://xedaptot.vn/product-category/phu-kien-xe-dap/page/3/" "Mozilla/5.0 (X11; Linux x86_64) AppleWebKit/537.36 (KHTML, like Gecko) Chrome/150.0.0.0 Safari/537.36"
2400:1a00:6b24:2a5:b9c8:2bd9:d16b:19c5 - - [16/Jul/2026:19:22:26 +0000] "GET /wp-content/uploads/2022/10/IMG_7402-150x113.jpg HTTP/2" 200 7972 "-" "Mozilla/5.0 (compatible; MSIE 5.0; Windows CE; Trident/4.1)"
170.106.107.87 - - [16/Jul/2026:19:22:27 +0000] "GET /product/xe-dap-touring-merida-cossway-100/ HTTP/2" 200 25684 "-" "Mozilla/5.0 (iPhone; CPU iPhone OS 13_2_3 like Mac OS X) AppleWebKit/605.1.15 (KHTML, like Gecko) Version/13.0.3 Mobile/15E148 Safari/604.1"
65.181.111.155 - - [16/Jul/2026:19:23:28 +0000] "POST /wp-cron.php?doing_wp_cron=1784229808.8758571147918701171875 HTTP/2" 200 0 "-" "WordPress/7.0.1; https://xedaptot.vn"
216.73.216.145 - - [16/Jul/2026:19:23:27 +0000] "GET /product-category/xe-dap-touring/?add_to_wishlist=2171 HTTP/2" 200 23734 "-" "Mozilla/5.0 AppleWebKit/537.36 (KHTML, like Gecko; compatible; Claude-SearchBot/1.0; [email protected])"
154.159.237.128 - - [16/Jul/2026:19:27:17 +0000] "GET /chinh-sach-bao-mat/ HTTP/2" 200 19314 "-" "Mozilla/5.0 (X11; Linux x86_64) AppleWebKit/537.36 (KHTML, like Gecko) Chrome/150.0.0.0 Safari/537.36"
154.159.237.128 - - [16/Jul/2026:19:27:27 +0000] "GET /wp-content/themes/tokoo/assets/js/lib/number-polyfill.min.js?ver=7.0.1 HTTP/2" 200 2639 "https://xedaptot.vn/chinh-sach-bao-mat/" "Mozilla/5.0 (X11; Linux x86_64) AppleWebKit/537.36 (KHTML, like Gecko) Chrome/150.0.0.0 Safari/537.36"
154.159.237.128 - - [16/Jul/2026:19:27:32 +0000] "GET /wp-content/plugins/yith-woocommerce-wishlist/assets/js/jquery.selectBox.min.js?ver=1.2.0 HTTP/2" 200 3514 "https://xedaptot.vn/chinh-sach-bao-mat/" "Mozilla/5.0 (X11; Linux x86_64) AppleWebKit/537.36 (KHTML, like Gecko) Chrome/150.0.0.0 Safari/537.36"
124.6.235.238 - - [16/Jul/2026:19:27:36 +0000] "GET /wp-content/uploads/2022/10/IMG_7407.jpg HTTP/2" 200 137864 "-" "Mozilla/5.0 (iPod; U; CPU iPhone OS 3_0 like Mac OS X; he-IL) AppleWebKit/533.12.3 (KHTML, like Gecko) Version/3.0.5 Mobile/8B114 Safari/6533.12.3"
154.159.237.128 - - [16/Jul/2026:19:27:37 +0000] "GET /wp-content/themes/tokoo/assets/js/jquery.easing.min.js?ver=1.2.1 HTTP/2" 200 940 "https://xedaptot.vn/chinh-sach-bao-mat/" "Mozilla/5.0 (X11; Linux x86_64) AppleWebKit/537.36 (KHTML, like Gecko) Chrome/150.0.0.0 Safari/537.36"
154.159.237.128 - - [16/Jul/2026:19:27:37 +0000] "GET /wp-content/plugins/yith-woocommerce-wishlist/assets/js/jquery.yith-wcwl.min.js?ver=4.16.0 HTTP/2" 200 6454 "https://xedaptot.vn/chinh-sach-bao-mat/" "Mozilla/5.0 (X11; Linux x86_64) AppleWebKit/537.36 (KHTML, like Gecko) Chrome/150.0.0.0 Safari/537.36"
20.14.72.117 - - [16/Jul/2026:19:25:40 +0000] "POST /wp-login.php HTTP/2" 200 0 "-" "Mozilla/5.0 (Macintosh; Intel Mac OS X 10_15_7) AppleWebKit/605.1.15 Version/17.0 Safari/605.1.15"
65.181.111.155 - - [16/Jul/2026:19:27:18 +0000] "POST /wp-cron.php?doing_wp_cron=1784230038.7690401077270507812500 HTTP/2" 200 0 "-" "WordPress/7.0.1; https://xedaptot.vn"
154.159.237.128 - - [16/Jul/2026:19:27:27 +0000] "GET /wp-includes/js/jquery/jquery.min.js?ver=3.7.1 HTTP/2" 200 29744 "https://xedaptot.vn/chinh-sach-bao-mat/" "Mozilla/5.0 (X11; Linux x86_64) AppleWebKit/537.36 (KHTML, like Gecko) Chrome/150.0.0.0 Safari/537.36"
154.159.237.128 - - [16/Jul/2026:19:27:27 +0000] "GET /wp-content/themes/tokoo/assets/js/wc-quantity-increment.min.js HTTP/2" 200 460 "https://xedaptot.vn/chinh-sach-bao-mat/" "Mozilla/5.0 (X11; Linux x86_64) AppleWebKit/537.36 (KHTML, like Gecko) Chrome/150.0.0.0 Safari/537.36"
154.159.237.128 - - [16/Jul/2026:19:27:27 +0000] "GET /wp-includes/js/jquery/jquery-migrate.min.js?ver=3.4.1 HTTP/2" 200 4678 "https://xedaptot.vn/chinh-sach-bao-mat/" "Mozilla/5.0 (X11; Linux x86_64) AppleWebKit/537.36 (KHTML, like Gecko) Chrome/150.0.0.0 Safari/537.36"
154.159.237.128 - - [16/Jul/2026:19:27:37 +0000] "GET /wp-content/themes/tokoo/assets/js/bootstrap.min.js?ver=1.2.1 HTTP/2" 200 12878 "https://xedaptot.vn/chinh-sach-bao-mat/" "Mozilla/5.0 (X11; Linux x86_64) AppleWebKit/537.36 (KHTML, like Gecko) Chrome/150.0.0.0 Safari/537.36"
154.159.237.128 - - [16/Jul/2026:19:27:37 +0000] "GET /wp-content/themes/tokoo/assets/js/popper.min.js?ver=1.2.1 HTTP/2" 200 6923 "https://xedaptot.vn/chinh-sach-bao-mat/" "Mozilla/5.0 (X11; Linux x86_64) AppleWebKit/537.36 (KHTML, like Gecko) Chrome/150.0.0.0 Safari/537.36"
154.159.237.128 - - [16/Jul/2026:19:27:37 +0000] "GET /wp-content/plugins/woocommerce/assets/js/prettyPhoto/jquery.prettyPhoto.min.js?ver=3.1.6 HTTP/2" 200 5401 "https://xedaptot.vn/chinh-sach-bao-mat/" "Mozilla/5.0 (X11; Linux x86_64) AppleWebKit/537.36 (KHTML, like Gecko) Chrome/150.0.0.0 Safari/537.36"
186.192.53.205 - - [16/Jul/2026:19:34:17 +0000] "GET /wp-content/uploads/2022/10/IMG_7398-600x450.jpg HTTP/2" 200 90003 "-" "Mozilla/5.0 (Macintosh; U; PPC Mac OS X 10_5_1 rv:2.0; he-IL) AppleWebKit/533.38.2 (KHTML, like Gecko) Version/4.0 Safari/533.38.2"
43.159.148.221 - - [16/Jul/2026:19:34:20 +0000] "GET /product/xe-dap-touring-inverter-roma7/ HTTP/2" 200 25963 "-" "Mozilla/5.0 (iPhone; CPU iPhone OS 13_2_3 like Mac OS X) AppleWebKit/605.1.15 (KHTML, like Gecko) Version/13.0.3 Mobile/15E148 Safari/604.1"
