183.81.34.155 - - [16/Jul/2026:13:37:12 +0000] "GET /product/xe-dap-tre-em-mums/ HTTP/2" 200 25583 "-" "Mozilla/5.0 (Windows NT 10.0; Win64; x64) AppleWebKit/537.36 (KHTML, like Gecko) Chrome/109.0.0.0 Safari/537.36"
183.81.34.155 - - [16/Jul/2026:13:37:16 +0000] "GET /product/tui-don-treo-khung-wildman/ HTTP/2" 200 26267 "-" "Mozilla/5.0 (Windows NT 10.0; Win64; x64) AppleWebKit/537.36 (KHTML, like Gecko) Chrome/109.0.0.0 Safari/537.36"
183.81.34.155 - - [16/Jul/2026:13:37:25 +0000] "GET /product/pedal-xe-dap-promend-m52c-2/ HTTP/2" 200 25821 "-" "Mozilla/5.0 (Windows NT 10.0; Win64; x64) AppleWebKit/537.36 (KHTML, like Gecko) Chrome/109.0.0.0 Safari/537.36"
183.81.34.155 - - [16/Jul/2026:13:37:27 +0000] "GET /product/lop-kenda-26/ HTTP/2" 200 25143 "-" "Mozilla/5.0 (Windows NT 10.0; Win64; x64) AppleWebKit/537.36 (KHTML, like Gecko) Chrome/109.0.0.0 Safari/537.36"
183.81.34.155 - - [16/Jul/2026:13:37:30 +0000] "GET /product/xe-dap-touring-ucc-700c/ HTTP/2" 200 25792 "-" "Mozilla/5.0 (Windows NT 10.0; Win64; x64) AppleWebKit/537.36 (KHTML, like Gecko) Chrome/109.0.0.0 Safari/537.36"
183.81.34.155 - - [16/Jul/2026:13:37:34 +0000] "GET /product/xe-dap-fixed-gear-funky-popping/ HTTP/2" 200 26601 "-" "Mozilla/5.0 (Windows NT 10.0; Win64; x64) AppleWebKit/537.36 (KHTML, like Gecko) Chrome/109.0.0.0 Safari/537.36"
65.181.111.155 - - [16/Jul/2026:13:37:38 +0000] "POST /wp-cron.php?doing_wp_cron=1784209058.1929121017456054687500 HTTP/2" 200 0 "-" "WordPress/7.0.1; https://xedaptot.vn"
183.81.34.155 - - [16/Jul/2026:13:37:37 +0000] "GET /product/xe-dap-touring-life-hbr88/ HTTP/2" 200 27124 "-" "Mozilla/5.0 (Windows NT 10.0; Win64; x64) AppleWebKit/537.36 (KHTML, like Gecko) Chrome/109.0.0.0 Safari/537.36"
183.81.34.155 - - [16/Jul/2026:13:37:39 +0000] "GET /product/sam-kenda-26/ HTTP/2" 200 25204 "-" "Mozilla/5.0 (Windows NT 10.0; Win64; x64) AppleWebKit/537.36 (KHTML, like Gecko) Chrome/109.0.0.0 Safari/537.36"
183.81.34.155 - - [16/Jul/2026:13:36:35 +0000] "GET /product/bo-dung-cu-va-sam/ HTTP/2" 200 25592 "-" "Mozilla/5.0 (Windows NT 10.0; Win64; x64) AppleWebKit/537.36 (KHTML, like Gecko) Chrome/109.0.0.0 Safari/537.36"
54.39.136.241 - - [16/Jul/2026:13:36:37 +0000] "GET /product/xe-dap-tre-em-thong-nhat-neo-20-02/ HTTP/2" 200 26193 "-" "Mozilla/5.0 (compatible; AhrefsBot/7.0; +http://ahrefs.com/robot/)"
183.81.34.155 - - [16/Jul/2026:13:36:51 +0000] "GET /product/xe-dap-fixed-gear-tsunani-smn100-intro-7/ HTTP/2" 200 25595 "-" "Mozilla/5.0 (Windows NT 10.0; Win64; x64) AppleWebKit/537.36 (KHTML, like Gecko) Chrome/109.0.0.0 Safari/537.36"
183.81.34.155 - - [16/Jul/2026:13:36:53 +0000] "GET /product/xe-dap-dua-dkaln-rs200/ HTTP/2" 200 26884 "-" "Mozilla/5.0 (Windows NT 10.0; Win64; x64) AppleWebKit/537.36 (KHTML, like Gecko) Chrome/109.0.0.0 Safari/537.36"
183.81.34.155 - - [16/Jul/2026:13:36:55 +0000] "GET /product/xe-dap-touring-life-journey/ HTTP/2" 200 26387 "-" "Mozilla/5.0 (Windows NT 10.0; Win64; x64) AppleWebKit/537.36 (KHTML, like Gecko) Chrome/109.0.0.0 Safari/537.36"
183.81.34.155 - - [16/Jul/2026:13:36:58 +0000] "GET /product/xe-dap-dia-hinh-giant-xtc-800-2022/ HTTP/2" 200 26408 "-" "Mozilla/5.0 (Windows NT 10.0; Win64; x64) AppleWebKit/537.36 (KHTML, like Gecko) Chrome/109.0.0.0 Safari/537.36"
183.81.34.155 - - [16/Jul/2026:13:37:14 +0000] "GET /product/xe-dap-merida-explorer-500/ HTTP/2" 200 26844 "-" "Mozilla/5.0 (Windows NT 10.0; Win64; x64) AppleWebKit/537.36 (KHTML, like Gecko) Chrome/109.0.0.0 Safari/537.36"
183.81.34.155 - - [16/Jul/2026:13:37:19 +0000] "GET /product/yen-xe-dap-promend-561/ HTTP/2" 200 26355 "-" "Mozilla/5.0 (Windows NT 10.0; Win64; x64) AppleWebKit/537.36 (KHTML, like Gecko) Chrome/109.0.0.0 Safari/537.36"
183.81.34.155 - - [16/Jul/2026:13:37:22 +0000] "GET /product/chuong-tay-gat/ HTTP/2" 200 25372 "-" "Mozilla/5.0 (Windows NT 10.0; Win64; x64) AppleWebKit/537.36 (KHTML, like Gecko) Chrome/109.0.0.0 Safari/537.36"
183.81.34.155 - - [16/Jul/2026:13:37:32 +0000] "GET /product/bom-easydo-co-dong-ho/ HTTP/2" 200 26169 "-" "Mozilla/5.0 (Windows NT 10.0; Win64; x64) AppleWebKit/537.36 (KHTML, like Gecko) Chrome/109.0.0.0 Safari/537.36"
183.81.34.155 - - [16/Jul/2026:13:37:53 +0000] "GET /product/xe-dap-fixed-gear-california-r350/ HTTP/2" 200 26570 "-" "Mozilla/5.0 (Windows NT 10.0; Win64; x64) AppleWebKit/537.36 (KHTML, like Gecko) Chrome/109.0.0.0 Safari/537.36"
183.81.34.155 - - [16/Jul/2026:13:37:56 +0000] "GET /product/den-hau-promend-et-131d/ HTTP/2" 200 25878 "-" "Mozilla/5.0 (Windows NT 10.0; Win64; x64) AppleWebKit/537.36 (KHTML, like Gecko) Chrome/109.0.0.0 Safari/537.36"
183.81.34.155 - - [16/Jul/2026:13:37:58 +0000] "GET /product/tay-bam-xa-shimano-altus-m310-8/ HTTP/2" 200 25862 "-" "Mozilla/5.0 (Windows NT 10.0; Win64; x64) AppleWebKit/537.36 (KHTML, like Gecko) Chrome/109.0.0.0 Safari/537.36"
183.81.34.155 - - [16/Jul/2026:13:38:01 +0000] "GET /product/binh-nuoc-nhua-giant/ HTTP/2" 200 25928 "-" "Mozilla/5.0 (Windows NT 10.0; Win64; x64) AppleWebKit/537.36 (KHTML, like Gecko) Chrome/109.0.0.0 Safari/537.36"
183.81.34.155 - - [16/Jul/2026:13:38:08 +0000] "GET /product/binh-nuoc-ultro-santic-500ml/ HTTP/2" 200 25317 "-" "Mozilla/5.0 (Windows NT 10.0; Win64; x64) AppleWebKit/537.36 (KHTML, like Gecko) Chrome/109.0.0.0 Safari/537.36"
183.81.34.155 - - [16/Jul/2026:13:38:10 +0000] "GET /product/chan-chong-giua-xe-dap-1-ben/ HTTP/2" 200 25922 "-" "Mozilla/5.0 (Windows NT 10.0; Win64; x64) AppleWebKit/537.36 (KHTML, like Gecko) Chrome/109.0.0.0 Safari/537.36"
183.81.34.155 - - [16/Jul/2026:13:38:12 +0000] "GET /shop/ HTTP/2" 200 23616 "-" "Mozilla/5.0 (Windows NT 10.0; Win64; x64) AppleWebKit/537.36 (KHTML, like Gecko) Chrome/109.0.0.0 Safari/537.36"
183.81.34.155 - - [16/Jul/2026:13:38:14 +0000] "GET /product-category/xe-dap-the-thao/ HTTP/2" 200 23248 "-" "Mozilla/5.0 (Windows NT 10.0; Win64; x64) AppleWebKit/537.36 (KHTML, like Gecko) Chrome/109.0.0.0 Safari/537.36"
183.81.34.155 - - [16/Jul/2026:13:37:41 +0000] "GET /product/xe-dap-touring-california-city250/ HTTP/2" 200 25092 "-" "Mozilla/5.0 (Windows NT 10.0; Win64; x64) AppleWebKit/537.36 (KHTML, like Gecko) Chrome/109.0.0.0 Safari/537.36"
183.81.34.155 - - [16/Jul/2026:13:37:44 +0000] "GET /product/xe-dap-the-thao-california-700cc/ HTTP/2" 200 25899 "-" "Mozilla/5.0 (Windows NT 10.0; Win64; x64) AppleWebKit/537.36 (KHTML, like Gecko) Chrome/109.0.0.0 Safari/537.36"
183.81.34.155 - - [16/Jul/2026:13:37:46 +0000] "GET /product/xe-dap-touring-dkaln-ql900/ HTTP/2" 200 25364 "-" "Mozilla/5.0 (Windows NT 10.0; Win64; x64) AppleWebKit/537.36 (KHTML, like Gecko) Chrome/109.0.0.0 Safari/537.36"
183.81.34.155 - - [16/Jul/2026:13:37:48 +0000] "GET /product/xich-shimano-hg73/ HTTP/2" 200 25538 "-" "Mozilla/5.0 (Windows NT 10.0; Win64; x64) AppleWebKit/537.36 (KHTML, like Gecko) Chrome/109.0.0.0 Safari/537.36"
183.81.34.155 - - [16/Jul/2026:13:37:50 +0000] "GET /product/xe-dap-the-thao-laux-hk680/ HTTP/2" 200 26647 "-" "Mozilla/5.0 (Windows NT 10.0; Win64; x64) AppleWebKit/537.36 (KHTML, like Gecko) Chrome/109.0.0.0 Safari/537.36"
183.81.34.155 - - [16/Jul/2026:13:38:04 +0000] "GET /product/xe-dap-nu-california-modeltime/ HTTP/2" 200 26703 "-" "Mozilla/5.0 (Windows NT 10.0; Win64; x64) AppleWebKit/537.36 (KHTML, like Gecko) Chrome/109.0.0.0 Safari/537.36"
183.81.34.155 - - [16/Jul/2026:13:38:16 +0000] "GET /product-category/xe-dap-touring/ HTTP/2" 200 23695 "-" "Mozilla/5.0 (Windows NT 10.0; Win64; x64) AppleWebKit/537.36 (KHTML, like Gecko) Chrome/109.0.0.0 Safari/537.36"
183.81.34.155 - - [16/Jul/2026:13:38:23 +0000] "GET /product-category/xe-dap-nu/ HTTP/2" 200 21436 "-" "Mozilla/5.0 (Windows NT 10.0; Win64; x64) AppleWebKit/537.36 (KHTML, like Gecko) Chrome/109.0.0.0 Safari/537.36"
183.81.34.155 - - [16/Jul/2026:13:38:25 +0000] "GET /product-category/xe-dap-tre-em/ HTTP/2" 200 22336 "-" "Mozilla/5.0 (Windows NT 10.0; Win64; x64) AppleWebKit/537.36 (KHTML, like Gecko) Chrome/109.0.0.0 Safari/537.36"
183.81.34.155 - - [16/Jul/2026:13:38:34 +0000] "GET /product-category/phu-tung-xe-dap/ HTTP/2" 200 23696 "-" "Mozilla/5.0 (Windows NT 10.0; Win64; x64) AppleWebKit/537.36 (KHTML, like Gecko) Chrome/109.0.0.0 Safari/537.36"
65.181.111.155 - - [16/Jul/2026:13:38:38 +0000] "POST /wp-cron.php?doing_wp_cron=1784209118.3212730884552001953125 HTTP/2" 200 0 "-" "WordPress/7.0.1; https://xedaptot.vn"
183.81.34.155 - - [16/Jul/2026:13:38:37 +0000] "GET /cart/ HTTP/2" 200 39086 "-" "Mozilla/5.0 (Windows NT 10.0; Win64; x64) AppleWebKit/537.36 (KHTML, like Gecko) Chrome/109.0.0.0 Safari/537.36"
183.81.34.155 - - [16/Jul/2026:13:38:39 +0000] "GET /wishlist/ HTTP/2" 200 18050 "-" "Mozilla/5.0 (Windows NT 10.0; Win64; x64) AppleWebKit/537.36 (KHTML, like Gecko) Chrome/109.0.0.0 Safari/537.36"
183.81.34.155 - - [16/Jul/2026:13:38:44 +0000] "GET /?add_to_wishlist=5583&_wpnonce=71424ada4c HTTP/2" 200 37815 "-" "Mozilla/5.0 (Windows NT 10.0; Win64; x64) AppleWebKit/537.36 (KHTML, like Gecko) Chrome/109.0.0.0 Safari/537.36"
183.81.34.155 - - [16/Jul/2026:13:38:46 +0000] "GET /?add_to_wishlist=5565&_wpnonce=71424ada4c HTTP/2" 200 37768 "-" "Mozilla/5.0 (Windows NT 10.0; Win64; x64) AppleWebKit/537.36 (KHTML, like Gecko) Chrome/109.0.0.0 Safari/537.36"
183.81.34.155 - - [16/Jul/2026:13:38:49 +0000] "GET /?add_to_wishlist=5543&_wpnonce=71424ada4c HTTP/2" 200 37768 "-" "Mozilla/5.0 (Windows NT 10.0; Win64; x64) AppleWebKit/537.36 (KHTML, like Gecko) Chrome/109.0.0.0 Safari/537.36"
183.81.34.155 - - [16/Jul/2026:13:38:56 +0000] "GET /?add_to_wishlist=5500&_wpnonce=71424ada4c HTTP/2" 200 37505 "-" "Mozilla/5.0 (Windows NT 10.0; Win64; x64) AppleWebKit/537.36 (KHTML, like Gecko) Chrome/109.0.0.0 Safari/537.36"
183.81.34.155 - - [16/Jul/2026:13:39:01 +0000] "GET /?add_to_wishlist=5466&_wpnonce=71424ada4c HTTP/2" 200 37515 "-" "Mozilla/5.0 (Windows NT 10.0; Win64; x64) AppleWebKit/537.36 (KHTML, like Gecko) Chrome/109.0.0.0 Safari/537.36"
183.81.34.155 - - [16/Jul/2026:13:38:18 +0000] "GET /product-category/xe-dap-dua/ HTTP/2" 200 20806 "-" "Mozilla/5.0 (Windows NT 10.0; Win64; x64) AppleWebKit/537.36 (KHTML, like Gecko) Chrome/109.0.0.0 Safari/537.36"
183.81.34.155 - - [16/Jul/2026:13:38:20 +0000] "GET /product-category/xe-dap-gap/ HTTP/2" 200 20102 "-" "Mozilla/5.0 (Windows NT 10.0; Win64; x64) AppleWebKit/537.36 (KHTML, like Gecko) Chrome/109.0.0.0 Safari/537.36"
183.81.34.155 - - [16/Jul/2026:13:38:27 +0000] "GET /product-category/xe-dap-fixed-gear/ HTTP/2" 200 20742 "-" "Mozilla/5.0 (Windows NT 10.0; Win64; x64) AppleWebKit/537.36 (KHTML, like Gecko) Chrome/109.0.0.0 Safari/537.36"
183.81.34.155 - - [16/Jul/2026:13:38:29 +0000] "GET /product-category/xe-dap-dien-the-thao/ HTTP/2" 200 19144 "-" "Mozilla/5.0 (Windows NT 10.0; Win64; x64) AppleWebKit/537.36 (KHTML, like Gecko) Chrome/109.0.0.0 Safari/537.36"
183.81.34.155 - - [16/Jul/2026:13:38:31 +0000] "GET /product-category/phu-kien-xe-dap/ HTTP/2" 200 23646 "-" "Mozilla/5.0 (Windows NT 10.0; Win64; x64) AppleWebKit/537.36 (KHTML, like Gecko) Chrome/109.0.0.0 Safari/537.36"
183.81.34.155 - - [16/Jul/2026:13:38:42 +0000] "GET /my-account/ HTTP/2" 200 18518 "-" "Mozilla/5.0 (Windows NT 10.0; Win64; x64) AppleWebKit/537.36 (KHTML, like Gecko) Chrome/109.0.0.0 Safari/537.36"
183.81.34.155 - - [16/Jul/2026:13:38:53 +0000] "GET /?add_to_wishlist=5530&_wpnonce=71424ada4c HTTP/2" 200 37501 "-" "Mozilla/5.0 (Windows NT 10.0; Win64; x64) AppleWebKit/537.36 (KHTML, like Gecko) Chrome/109.0.0.0 Safari/537.36"
183.81.34.155 - - [16/Jul/2026:13:38:58 +0000] "GET /?add_to_wishlist=5484&_wpnonce=71424ada4c HTTP/2" 200 37540 "-" "Mozilla/5.0 (Windows NT 10.0; Win64; x64) AppleWebKit/537.36 (KHTML, like Gecko) Chrome/109.0.0.0 Safari/537.36"
183.81.34.155 - - [16/Jul/2026:13:39:07 +0000] "GET /?add_to_wishlist=5396&_wpnonce=71424ada4c HTTP/2" 200 37783 "-" "Mozilla/5.0 (Windows NT 10.0; Win64; x64) AppleWebKit/537.36 (KHTML, like Gecko) Chrome/109.0.0.0 Safari/537.36"
183.81.34.155 - - [16/Jul/2026:13:39:10 +0000] "GET /product-category/xe-dap-the-thao/ HTTP/2" 200 23246 "-" "Mozilla/5.0 (Windows NT 10.0; Win64; x64) AppleWebKit/537.36 (KHTML, like Gecko) Chrome/109.0.0.0 Safari/537.36"
183.81.34.155 - - [16/Jul/2026:13:39:20 +0000] "GET /?add_to_wishlist=4953&_wpnonce=71424ada4c HTTP/2" 200 37514 "-" "Mozilla/5.0 (Windows NT 10.0; Win64; x64) AppleWebKit/537.36 (KHTML, like Gecko) Chrome/109.0.0.0 Safari/537.36"
183.81.34.155 - - [16/Jul/2026:13:39:29 +0000] "GET /product-category/xe-dap-touring/ HTTP/2" 200 23695 "-" "Mozilla/5.0 (Windows NT 10.0; Win64; x64) AppleWebKit/537.36 (KHTML, like Gecko) Chrome/109.0.0.0 Safari/537.36"
183.81.34.155 - - [16/Jul/2026:13:39:40 +0000] "GET /?add_to_wishlist=4982&_wpnonce=71424ada4c HTTP/2" 200 37477 "-" "Mozilla/5.0 (Windows NT 10.0; Win64; x64) AppleWebKit/537.36 (KHTML, like Gecko) Chrome/109.0.0.0 Safari/537.36"
183.81.34.155 - - [16/Jul/2026:13:39:43 +0000] "GET /?add_to_wishlist=4949&_wpnonce=71424ada4c HTTP/2" 200 37483 "-" "Mozilla/5.0 (Windows NT 10.0; Win64; x64) AppleWebKit/537.36 (KHTML, like Gecko) Chrome/109.0.0.0 Safari/537.36"
183.81.34.155 - - [16/Jul/2026:13:39:46 +0000] "GET /product-category/xe-dap-dua/ HTTP/2" 200 20802 "-" "Mozilla/5.0 (Windows NT 10.0; Win64; x64) AppleWebKit/537.36 (KHTML, like Gecko) Chrome/109.0.0.0 Safari/537.36"
183.81.34.155 - - [16/Jul/2026:13:39:48 +0000] "GET /?add_to_wishlist=5119&_wpnonce=71424ada4c HTTP/2" 200 37468 "-" "Mozilla/5.0 (Windows NT 10.0; Win64; x64) AppleWebKit/537.36 (KHTML, like Gecko) Chrome/109.0.0.0 Safari/537.36"
183.81.34.155 - - [16/Jul/2026:13:40:12 +0000] "GET /?add_to_wishlist=4839&_wpnonce=71424ada4c HTTP/2" 200 37795 "-" "Mozilla/5.0 (Windows NT 10.0; Win64; x64) AppleWebKit/537.36 (KHTML, like Gecko) Chrome/109.0.0.0 Safari/537.36"
183.81.34.155 - - [16/Jul/2026:13:40:15 +0000] "GET /?add_to_wishlist=4160&_wpnonce=71424ada4c HTTP/2" 200 37519 "-" "Mozilla/5.0 (Windows NT 10.0; Win64; x64) AppleWebKit/537.36 (KHTML, like Gecko) Chrome/109.0.0.0 Safari/537.36"
183.81.34.155 - - [16/Jul/2026:13:39:04 +0000] "GET /?add_to_wishlist=5451&_wpnonce=71424ada4c HTTP/2" 200 37799 "-" "Mozilla/5.0 (Windows NT 10.0; Win64; x64) AppleWebKit/537.36 (KHTML, like Gecko) Chrome/109.0.0.0 Safari/537.36"
183.81.34.155 - - [16/Jul/2026:13:39:14 +0000] "GET /?add_to_wishlist=5003&_wpnonce=71424ada4c HTTP/2" 200 37511 "-" "Mozilla/5.0 (Windows NT 10.0; Win64; x64) AppleWebKit/537.36 (KHTML, like Gecko) Chrome/109.0.0.0 Safari/537.36"
183.81.34.155 - - [16/Jul/2026:13:39:17 +0000] "GET /?add_to_wishlist=4964&_wpnonce=71424ada4c HTTP/2" 200 37518 "-" "Mozilla/5.0 (Windows NT 10.0; Win64; x64) AppleWebKit/537.36 (KHTML, like Gecko) Chrome/109.0.0.0 Safari/537.36"
183.81.34.155 - - [16/Jul/2026:13:39:23 +0000] "GET /?add_to_wishlist=4863&_wpnonce=71424ada4c HTTP/2" 200 37520 "-" "Mozilla/5.0 (Windows NT 10.0; Win64; x64) AppleWebKit/537.36 (KHTML, like Gecko) Chrome/109.0.0.0 Safari/537.36"
183.81.34.155 - - [16/Jul/2026:13:39:26 +0000] "GET /?add_to_wishlist=4663&_wpnonce=71424ada4c HTTP/2" 200 37502 "-" "Mozilla/5.0 (Windows NT 10.0; Win64; x64) AppleWebKit/537.36 (KHTML, like Gecko) Chrome/109.0.0.0 Safari/537.36"
183.81.34.155 - - [16/Jul/2026:13:39:32 +0000] "GET /?add_to_wishlist=5125&_wpnonce=71424ada4c HTTP/2" 200 37475 "-" "Mozilla/5.0 (Windows NT 10.0; Win64; x64) AppleWebKit/537.36 (KHTML, like Gecko) Chrome/109.0.0.0 Safari/537.36"
65.181.111.155 - - [16/Jul/2026:13:39:37 +0000] "POST /wp-cron.php?doing_wp_cron=1784209177.0679810047149658203125 HTTP/2" 200 0 "-" "WordPress/7.0.1; https://xedaptot.vn"
183.81.34.155 - - [16/Jul/2026:13:39:35 +0000] "GET /?add_to_wishlist=5041&_wpnonce=71424ada4c HTTP/2" 200 37522 "-" "Mozilla/5.0 (Windows NT 10.0; Win64; x64) AppleWebKit/537.36 (KHTML, like Gecko) Chrome/109.0.0.0 Safari/537.36"
183.81.34.155 - - [16/Jul/2026:13:39:50 +0000] "GET /?add_to_wishlist=4943&_wpnonce=71424ada4c HTTP/2" 200 37449 "-" "Mozilla/5.0 (Windows NT 10.0; Win64; x64) AppleWebKit/537.36 (KHTML, like Gecko) Chrome/109.0.0.0 Safari/537.36"
183.81.34.155 - - [16/Jul/2026:13:39:53 +0000] "GET /?add_to_wishlist=4935&_wpnonce=71424ada4c HTTP/2" 200 37462 "-" "Mozilla/5.0 (Windows NT 10.0; Win64; x64) AppleWebKit/537.36 (KHTML, like Gecko) Chrome/109.0.0.0 Safari/537.36"
183.81.34.155 - - [16/Jul/2026:13:39:56 +0000] "GET /?add_to_wishlist=4823&_wpnonce=71424ada4c HTTP/2" 200 37469 "-" "Mozilla/5.0 (Windows NT 10.0; Win64; x64) AppleWebKit/537.36 (KHTML, like Gecko) Chrome/109.0.0.0 Safari/537.36"
183.81.34.155 - - [16/Jul/2026:13:39:59 +0000] "GET /?add_to_wishlist=2204&_wpnonce=71424ada4c HTTP/2" 200 37438 "-" "Mozilla/5.0 (Windows NT 10.0; Win64; x64) AppleWebKit/537.36 (KHTML, like Gecko) Chrome/109.0.0.0 Safari/537.36"
183.81.34.155 - - [16/Jul/2026:13:40:01 +0000] "GET /product-category/xe-dap-gap/ HTTP/2" 200 20104 "-" "Mozilla/5.0 (Windows NT 10.0; Win64; x64) AppleWebKit/537.36 (KHTML, like Gecko) Chrome/109.0.0.0 Safari/537.36"
183.81.34.155 - - [16/Jul/2026:13:40:05 +0000] "GET /?add_to_wishlist=4741&_wpnonce=71424ada4c HTTP/2" 200 37510 "-" "Mozilla/5.0 (Windows NT 10.0; Win64; x64) AppleWebKit/537.36 (KHTML, like Gecko) Chrome/109.0.0.0 Safari/537.36"
183.81.34.155 - - [16/Jul/2026:13:40:19 +0000] "GET /product-category/xe-dap-nu/ HTTP/2" 200 21436 "-" "Mozilla/5.0 (Windows NT 10.0; Win64; x64) AppleWebKit/537.36 (KHTML, like Gecko) Chrome/109.0.0.0 Safari/537.36"
183.81.34.155 - - [16/Jul/2026:13:40:21 +0000] "GET /?add_to_wishlist=5380&_wpnonce=71424ada4c HTTP/2" 200 37466 "-" "Mozilla/5.0 (Windows NT 10.0; Win64; x64) AppleWebKit/537.36 (KHTML, like Gecko) Chrome/109.0.0.0 Safari/537.36"
183.81.34.155 - - [16/Jul/2026:13:40:25 +0000] "GET /?add_to_wishlist=5114&_wpnonce=71424ada4c HTTP/2" 200 37447 "-" "Mozilla/5.0 (Windows NT 10.0; Win64; x64) AppleWebKit/537.36 (KHTML, like Gecko) Chrome/109.0.0.0 Safari/537.36"
183.81.34.155 - - [16/Jul/2026:13:40:28 +0000] "GET /?add_to_wishlist=4058&_wpnonce=71424ada4c HTTP/2" 200 37480 "-" "Mozilla/5.0 (Windows NT 10.0; Win64; x64) AppleWebKit/537.36 (KHTML, like Gecko) Chrome/109.0.0.0 Safari/537.36"
183.81.34.155 - - [16/Jul/2026:13:40:31 +0000] "GET /?add_to_wishlist=3765&_wpnonce=71424ada4c HTTP/2" 200 37481 "-" "Mozilla/5.0 (Windows NT 10.0; Win64; x64) AppleWebKit/537.36 (KHTML, like Gecko) Chrome/109.0.0.0 Safari/537.36"
183.81.34.155 - - [16/Jul/2026:13:40:34 +0000] "GET /?add_to_wishlist=3193&_wpnonce=71424ada4c HTTP/2" 200 37459 "-" "Mozilla/5.0 (Windows NT 10.0; Win64; x64) AppleWebKit/537.36 (KHTML, like Gecko) Chrome/109.0.0.0 Safari/537.36"
183.81.34.155 - - [16/Jul/2026:13:40:38 +0000] "GET /?add_to_wishlist=2214&_wpnonce=71424ada4c HTTP/2" 200 37494 "-" "Mozilla/5.0 (Windows NT 10.0; Win64; x64) AppleWebKit/537.36 (KHTML, like Gecko) Chrome/109.0.0.0 Safari/537.36"
183.81.34.155 - - [16/Jul/2026:13:40:41 +0000] "GET /?add_to_wishlist=2211&_wpnonce=71424ada4c HTTP/2" 200 37473 "-" "Mozilla/5.0 (Windows NT 10.0; Win64; x64) AppleWebKit/537.36 (KHTML, like Gecko) Chrome/109.0.0.0 Safari/537.36"
183.81.34.155 - - [16/Jul/2026:13:40:45 +0000] "GET /product-category/xe-dap-tre-em/ HTTP/2" 200 22345 "-" "Mozilla/5.0 (Windows NT 10.0; Win64; x64) AppleWebKit/537.36 (KHTML, like Gecko) Chrome/109.0.0.0 Safari/537.36"
183.81.34.155 - - [16/Jul/2026:13:40:50 +0000] "GET /?add_to_wishlist=4487&_wpnonce=71424ada4c HTTP/2" 200 37516 "-" "Mozilla/5.0 (Windows NT 10.0; Win64; x64) AppleWebKit/537.36 (KHTML, like Gecko) Chrome/109.0.0.0 Safari/537.36"
183.81.34.155 - - [16/Jul/2026:13:40:57 +0000] "GET /?add_to_wishlist=4479&_wpnonce=71424ada4c HTTP/2" 200 37491 "-" "Mozilla/5.0 (Windows NT 10.0; Win64; x64) AppleWebKit/537.36 (KHTML, like Gecko) Chrome/109.0.0.0 Safari/537.36"
183.81.34.155 - - [16/Jul/2026:13:41:00 +0000] "GET /?add_to_wishlist=4474&_wpnonce=71424ada4c HTTP/2" 200 37487 "-" "Mozilla/5.0 (Windows NT 10.0; Win64; x64) AppleWebKit/537.36 (KHTML, like Gecko) Chrome/109.0.0.0 Safari/537.36"
183.81.34.155 - - [16/Jul/2026:13:41:06 +0000] "GET /?add_to_wishlist=4462&_wpnonce=71424ada4c HTTP/2" 200 37487 "-" "Mozilla/5.0 (Windows NT 10.0; Win64; x64) AppleWebKit/537.36 (KHTML, like Gecko) Chrome/109.0.0.0 Safari/537.36"
183.81.34.155 - - [16/Jul/2026:13:41:09 +0000] "GET /product-category/xe-dap-fixed-gear/ HTTP/2" 200 20737 "-" "Mozilla/5.0 (Windows NT 10.0; Win64; x64) AppleWebKit/537.36 (KHTML, like Gecko) Chrome/109.0.0.0 Safari/537.36"
183.81.34.155 - - [16/Jul/2026:13:41:12 +0000] "GET /?add_to_wishlist=5338&_wpnonce=71424ada4c HTTP/2" 200 37502 "-" "Mozilla/5.0 (Windows NT 10.0; Win64; x64) AppleWebKit/537.36 (KHTML, like Gecko) Chrome/109.0.0.0 Safari/537.36"
183.81.34.155 - - [16/Jul/2026:13:41:17 +0000] "GET /?add_to_wishlist=5152&_wpnonce=71424ada4c HTTP/2" 200 37499 "-" "Mozilla/5.0 (Windows NT 10.0; Win64; x64) AppleWebKit/537.36 (KHTML, like Gecko) Chrome/109.0.0.0 Safari/537.36"
183.81.34.155 - - [16/Jul/2026:13:41:30 +0000] "GET /?add_to_wishlist=4701&_wpnonce=71424ada4c HTTP/2" 200 37530 "-" "Mozilla/5.0 (Windows NT 10.0; Win64; x64) AppleWebKit/537.36 (KHTML, like Gecko) Chrome/109.0.0.0 Safari/537.36"
183.81.34.155 - - [16/Jul/2026:13:41:37 +0000] "GET /product-category/xe-dap-dien-the-thao/ HTTP/2" 200 19146 "-" "Mozilla/5.0 (Windows NT 10.0; Win64; x64) AppleWebKit/537.36 (KHTML, like Gecko) Chrome/109.0.0.0 Safari/537.36"
183.81.34.155 - - [16/Jul/2026:13:41:39 +0000] "GET /product-category/phu-kien/ HTTP/2" 404 21090 "-" "Mozilla/5.0 (Windows NT 10.0; Win64; x64) AppleWebKit/537.36 (KHTML, like Gecko) Chrome/109.0.0.0 Safari/537.36"
183.81.34.155 - - [16/Jul/2026:13:41:44 +0000] "GET /?add_to_wishlist=2088&_wpnonce=71424ada4c HTTP/2" 200 37508 "-" "Mozilla/5.0 (Windows NT 10.0; Win64; x64) AppleWebKit/537.36 (KHTML, like Gecko) Chrome/109.0.0.0 Safari/537.36"
183.81.34.155 - - [16/Jul/2026:13:41:48 +0000] "GET /?add_to_wishlist=2089&_wpnonce=71424ada4c HTTP/2" 200 37534 "-" "Mozilla/5.0 (Windows NT 10.0; Win64; x64) AppleWebKit/537.36 (KHTML, like Gecko) Chrome/109.0.0.0 Safari/537.36"
65.181.111.155 - - [16/Jul/2026:13:40:36 +0000] "POST /wp-cron.php?doing_wp_cron=1784209236.2355139255523681640625 HTTP/2" 200 0 "-" "WordPress/7.0.1; https://xedaptot.vn"
183.81.34.155 - - [16/Jul/2026:13:40:47 +0000] "GET /?add_to_wishlist=5367&_wpnonce=71424ada4c HTTP/2" 200 37483 "-" "Mozilla/5.0 (Windows NT 10.0; Win64; x64) AppleWebKit/537.36 (KHTML, like Gecko) Chrome/109.0.0.0 Safari/537.36"
183.81.34.155 - - [16/Jul/2026:13:40:54 +0000] "GET /?add_to_wishlist=4482&_wpnonce=71424ada4c HTTP/2" 200 37490 "-" "Mozilla/5.0 (Windows NT 10.0; Win64; x64) AppleWebKit/537.36 (KHTML, like Gecko) Chrome/109.0.0.0 Safari/537.36"
65.181.111.155 - - [16/Jul/2026:13:40:58 +0000] "POST /wp-cron.php?doing_wp_cron=1784209258.8557429313659667968750 HTTP/2" 200 0 "-" "WordPress/7.0.1; https://xedaptot.vn"
183.81.34.155 - - [16/Jul/2026:13:41:03 +0000] "GET /?add_to_wishlist=4469&_wpnonce=71424ada4c HTTP/2" 200 37481 "-" "Mozilla/5.0 (Windows NT 10.0; Win64; x64) AppleWebKit/537.36 (KHTML, like Gecko) Chrome/109.0.0.0 Safari/537.36"
183.81.34.155 - - [16/Jul/2026:13:41:20 +0000] "GET /?add_to_wishlist=5135&_wpnonce=71424ada4c HTTP/2" 200 37506 "-" "Mozilla/5.0 (Windows NT 10.0; Win64; x64) AppleWebKit/537.36 (KHTML, like Gecko) Chrome/109.0.0.0 Safari/537.36"
183.81.34.155 - - [16/Jul/2026:13:41:23 +0000] "GET /?add_to_wishlist=5130&_wpnonce=71424ada4c HTTP/2" 200 37497 "-" "Mozilla/5.0 (Windows NT 10.0; Win64; x64) AppleWebKit/537.36 (KHTML, like Gecko) Chrome/109.0.0.0 Safari/537.36"
183.81.34.155 - - [16/Jul/2026:13:41:26 +0000] "GET /?add_to_wishlist=4923&_wpnonce=71424ada4c HTTP/2" 200 37493 "-" "Mozilla/5.0 (Windows NT 10.0; Win64; x64) AppleWebKit/537.36 (KHTML, like Gecko) Chrome/109.0.0.0 Safari/537.36"
183.81.34.155 - - [16/Jul/2026:13:41:33 +0000] "GET /?add_to_wishlist=4621&_wpnonce=71424ada4c HTTP/2" 200 37519 "-" "Mozilla/5.0 (Windows NT 10.0; Win64; x64) AppleWebKit/537.36 (KHTML, like Gecko) Chrome/109.0.0.0 Safari/537.36"
65.181.111.155 - - [16/Jul/2026:13:41:38 +0000] "POST /wp-cron.php?doing_wp_cron=1784209298.0647859573364257812500 HTTP/2" 200 0 "-" "WordPress/7.0.1; https://xedaptot.vn"
183.81.34.155 - - [16/Jul/2026:13:41:41 +0000] "GET /product-category/phu-kien-xe-dap/ HTTP/2" 200 23666 "-" "Mozilla/5.0 (Windows NT 10.0; Win64; x64) AppleWebKit/537.36 (KHTML, like Gecko) Chrome/109.0.0.0 Safari/537.36"
183.81.34.155 - - [16/Jul/2026:13:41:54 +0000] "GET /?add_to_wishlist=2092&_wpnonce=71424ada4c HTTP/2" 200 37485 "-" "Mozilla/5.0 (Windows NT 10.0; Win64; x64) AppleWebKit/537.36 (KHTML, like Gecko) Chrome/109.0.0.0 Safari/537.36"
183.81.34.155 - - [16/Jul/2026:13:41:57 +0000] "GET /product-category/phu-tung-xe-dap/ HTTP/2" 200 23696 "-" "Mozilla/5.0 (Windows NT 10.0; Win64; x64) AppleWebKit/537.36 (KHTML, like Gecko) Chrome/109.0.0.0 Safari/537.36"
183.81.34.155 - - [16/Jul/2026:13:41:59 +0000] "GET /?add_to_wishlist=2087&_wpnonce=71424ada4c HTTP/2" 200 37484 "-" "Mozilla/5.0 (Windows NT 10.0; Win64; x64) AppleWebKit/537.36 (KHTML, like Gecko) Chrome/109.0.0.0 Safari/537.36"
183.81.34.155 - - [16/Jul/2026:13:42:09 +0000] "GET /?add_to_wishlist=2094&_wpnonce=71424ada4c HTTP/2" 200 37468 "-" "Mozilla/5.0 (Windows NT 10.0; Win64; x64) AppleWebKit/537.36 (KHTML, like Gecko) Chrome/109.0.0.0 Safari/537.36"
183.81.34.155 - - [16/Jul/2026:13:42:15 +0000] "GET /huong-dan-dat-hang/ HTTP/2" 200 17797 "-" "Mozilla/5.0 (Windows NT 10.0; Win64; x64) AppleWebKit/537.36 (KHTML, like Gecko) Chrome/109.0.0.0 Safari/537.36"
183.81.34.155 - - [16/Jul/2026:13:42:17 +0000] "GET /chinh-sach-thanh-toan/ HTTP/2" 200 18050 "-" "Mozilla/5.0 (Windows NT 10.0; Win64; x64) AppleWebKit/537.36 (KHTML, like Gecko) Chrome/109.0.0.0 Safari/537.36"
183.81.34.155 - - [16/Jul/2026:13:42:28 +0000] "GET /track-your-order/ HTTP/2" 200 17517 "-" "Mozilla/5.0 (Windows NT 10.0; Win64; x64) AppleWebKit/537.36 (KHTML, like Gecko) Chrome/109.0.0.0 Safari/537.36"
183.81.34.155 - - [16/Jul/2026:13:41:51 +0000] "GET /?add_to_wishlist=2090&_wpnonce=71424ada4c HTTP/2" 200 37486 "-" "Mozilla/5.0 (Windows NT 10.0; Win64; x64) AppleWebKit/537.36 (KHTML, like Gecko) Chrome/109.0.0.0 Safari/537.36"
183.81.34.155 - - [16/Jul/2026:13:42:04 +0000] "GET /?add_to_wishlist=2091&_wpnonce=71424ada4c HTTP/2" 200 37473 "-" "Mozilla/5.0 (Windows NT 10.0; Win64; x64) AppleWebKit/537.36 (KHTML, like Gecko) Chrome/109.0.0.0 Safari/537.36"
183.81.34.155 - - [16/Jul/2026:13:42:12 +0000] "GET /?add_to_wishlist=2103&_wpnonce=71424ada4c HTTP/2" 200 37465 "-" "Mozilla/5.0 (Windows NT 10.0; Win64; x64) AppleWebKit/537.36 (KHTML, like Gecko) Chrome/109.0.0.0 Safari/537.36"
183.81.34.155 - - [16/Jul/2026:13:42:19 +0000] "GET /chinh-sach-bao-hanh-bao-duong/ HTTP/2" 200 18047 "-" "Mozilla/5.0 (Windows NT 10.0; Win64; x64) AppleWebKit/537.36 (KHTML, like Gecko) Chrome/109.0.0.0 Safari/537.36"
183.81.34.155 - - [16/Jul/2026:13:42:21 +0000] "GET /chinh-sach-doi-tra/ HTTP/2" 200 17431 "-" "Mozilla/5.0 (Windows NT 10.0; Win64; x64) AppleWebKit/537.36 (KHTML, like Gecko) Chrome/109.0.0.0 Safari/537.36"
183.81.34.155 - - [16/Jul/2026:13:42:23 +0000] "GET /chinh-sach-van-chuyen/ HTTP/2" 200 18119 "-" "Mozilla/5.0 (Windows NT 10.0; Win64; x64) AppleWebKit/537.36 (KHTML, like Gecko) Chrome/109.0.0.0 Safari/537.36"
183.81.34.155 - - [16/Jul/2026:13:42:26 +0000] "GET /chinh-sach-bao-mat/ HTTP/2" 200 19331 "-" "Mozilla/5.0 (Windows NT 10.0; Win64; x64) AppleWebKit/537.36 (KHTML, like Gecko) Chrome/109.0.0.0 Safari/537.36"
183.81.34.155 - - [16/Jul/2026:13:42:31 +0000] "GET /?add_to_wishlist=3527&_wpnonce=71424ada4c HTTP/2" 200 37158 "-" "Mozilla/5.0 (Windows NT 10.0; Win64; x64) AppleWebKit/537.36 (KHTML, like Gecko) Chrome/109.0.0.0 Safari/537.36"
183.81.34.155 - - [16/Jul/2026:13:42:41 +0000] "GET /?add_to_wishlist=3535&_wpnonce=71424ada4c HTTP/2" 200 37163 "-" "Mozilla/5.0 (Windows NT 10.0; Win64; x64) AppleWebKit/537.36 (KHTML, like Gecko) Chrome/109.0.0.0 Safari/537.36"
183.81.34.155 - - [16/Jul/2026:13:42:44 +0000] "GET /?add_to_wishlist=3530&_wpnonce=71424ada4c HTTP/2" 200 37149 "-" "Mozilla/5.0 (Windows NT 10.0; Win64; x64) AppleWebKit/537.36 (KHTML, like Gecko) Chrome/109.0.0.0 Safari/537.36"
183.81.34.155 - - [16/Jul/2026:13:42:48 +0000] "GET /?add_to_wishlist=3533&_wpnonce=71424ada4c HTTP/2" 200 37148 "-" "Mozilla/5.0 (Windows NT 10.0; Win64; x64) AppleWebKit/537.36 (KHTML, like Gecko) Chrome/109.0.0.0 Safari/537.36"
183.81.34.155 - - [16/Jul/2026:13:42:51 +0000] "GET /?add_to_wishlist=3523&_wpnonce=71424ada4c HTTP/2" 200 37153 "-" "Mozilla/5.0 (Windows NT 10.0; Win64; x64) AppleWebKit/537.36 (KHTML, like Gecko) Chrome/109.0.0.0 Safari/537.36"
183.81.34.155 - - [16/Jul/2026:13:42:58 +0000] "GET /wp-content/uploads/2022/09/Tui-Doi-Treo-Khung-WildMan-1.webp HTTP/2" 200 160270 "-" "Mozilla/5.0 (Windows NT 10.0; Win64; x64) AppleWebKit/537.36 (KHTML, like Gecko) Chrome/109.0.0.0 Safari/537.36"
183.81.34.155 - - [16/Jul/2026:13:43:00 +0000] "GET /?add_to_wishlist=3341&_wpnonce=71424ada4c HTTP/2" 200 37152 "-" "Mozilla/5.0 (Windows NT 10.0; Win64; x64) AppleWebKit/537.36 (KHTML, like Gecko) Chrome/109.0.0.0 Safari/537.36"
183.81.34.155 - - [16/Jul/2026:13:43:06 +0000] "GET /product/binh-nuoc-giant-chinh-hang-600ml/ HTTP/2" 200 24898 "-" "Mozilla/5.0 (Windows NT 10.0; Win64; x64) AppleWebKit/537.36 (KHTML, like Gecko) Chrome/109.0.0.0 Safari/537.36"
183.81.34.155 - - [16/Jul/2026:13:43:08 +0000] "GET /?add_to_wishlist=2133&_wpnonce=71424ada4c HTTP/2" 200 37156 "-" "Mozilla/5.0 (Windows NT 10.0; Win64; x64) AppleWebKit/537.36 (KHTML, like Gecko) Chrome/109.0.0.0 Safari/537.36"
183.81.34.155 - - [16/Jul/2026:13:43:12 +0000] "GET /?add_to_wishlist=2132&_wpnonce=71424ada4c HTTP/2" 200 37146 "-" "Mozilla/5.0 (Windows NT 10.0; Win64; x64) AppleWebKit/537.36 (KHTML, like Gecko) Chrome/109.0.0.0 Safari/537.36"
183.81.34.155 - - [16/Jul/2026:13:42:34 +0000] "GET /?fbclid=IwAR3Iw6WTtbOZVIs7-DykbdXg0UbOQt4CZkRlofmMK6tGdqiWTZ5Bq07vTVE HTTP/2" 200 37074 "-" "Mozilla/5.0 (Windows NT 10.0; Win64; x64) AppleWebKit/537.36 (KHTML, like Gecko) Chrome/109.0.0.0 Safari/537.36"
183.81.34.155 - - [16/Jul/2026:13:42:38 +0000] "GET /?fbclid=IwAR1RzHDTayiTwCFIKzF1FxKYybXQh_7evoQaZAKL4oA8HGEQbEnqmfKcnqw HTTP/2" 200 37065 "-" "Mozilla/5.0 (Windows NT 10.0; Win64; x64) AppleWebKit/537.36 (KHTML, like Gecko) Chrome/109.0.0.0 Safari/537.36"
183.81.34.155 - - [16/Jul/2026:13:42:54 +0000] "GET /?add_to_wishlist=3563&_wpnonce=71424ada4c HTTP/2" 200 37150 "-" "Mozilla/5.0 (Windows NT 10.0; Win64; x64) AppleWebKit/537.36 (KHTML, like Gecko) Chrome/109.0.0.0 Safari/537.36"
65.181.111.155 - - [16/Jul/2026:13:43:05 +0000] "POST /wp-cron.php?doing_wp_cron=1784209385.1089210510253906250000 HTTP/2" 200 0 "-" "WordPress/7.0.1; https://xedaptot.vn"
183.81.34.155 - - [16/Jul/2026:13:43:02 +0000] "GET /?add_to_wishlist=2140&_wpnonce=71424ada4c HTTP/2" 200 37160 "-" "Mozilla/5.0 (Windows NT 10.0; Win64; x64) AppleWebKit/537.36 (KHTML, like Gecko) Chrome/109.0.0.0 Safari/537.36"
183.81.34.155 - - [16/Jul/2026:13:43:23 +0000] "GET /?add_to_wishlist=3207&_wpnonce=71424ada4c HTTP/2" 200 37158 "-" "Mozilla/5.0 (Windows NT 10.0; Win64; x64) AppleWebKit/537.36 (KHTML, like Gecko) Chrome/109.0.0.0 Safari/537.36"
183.81.34.155 - - [16/Jul/2026:13:43:27 +0000] "GET /?add_to_wishlist=3369&_wpnonce=71424ada4c HTTP/2" 200 37159 "-" "Mozilla/5.0 (Windows NT 10.0; Win64; x64) AppleWebKit/537.36 (KHTML, like Gecko) Chrome/109.0.0.0 Safari/537.36"
131.221.89.150 - - [16/Jul/2026:13:43:37 +0000] "GET /wp-includes/js/jquery/jquery-migrate.min.js?ver=3.4.1 HTTP/2" 200 4678 "https://xedaptot.vn/product-category/phu-tung-xe-dap/page/2/" "Mozilla/5.0 (X11; Linux x86_64) AppleWebKit/537.36 (KHTML, like Gecko) Chrome/150.0.0.0 Safari/537.36"
131.221.89.150 - - [16/Jul/2026:13:43:37 +0000] "GET /wp-content/themes/tokoo/assets/js/wc-quantity-increment.min.js HTTP/2" 200 460 "https://xedaptot.vn/product-category/phu-tung-xe-dap/page/2/" "Mozilla/5.0 (X11; Linux x86_64) AppleWebKit/537.36 (KHTML, like Gecko) Chrome/150.0.0.0 Safari/537.36"
65.181.111.155 - - [16/Jul/2026:13:43:38 +0000] "POST /wp-cron.php?doing_wp_cron=1784209418.2331969738006591796875 HTTP/2" 200 0 "-" "WordPress/7.0.1; https://xedaptot.vn"
131.221.89.150 - - [16/Jul/2026:13:43:38 +0000] "GET /wp-content/plugins/yith-woocommerce-wishlist/assets/js/jquery.selectBox.min.js?ver=1.2.0 HTTP/2" 200 3514 "https://xedaptot.vn/product-category/phu-tung-xe-dap/page/2/" "Mozilla/5.0 (X11; Linux x86_64) AppleWebKit/537.36 (KHTML, like Gecko) Chrome/150.0.0.0 Safari/537.36"
131.221.89.150 - - [16/Jul/2026:13:43:39 +0000] "GET /wp-content/themes/tokoo/assets/js/waypoints-sticky.min.js?ver=1.2.1 HTTP/2" 200 510 "https://xedaptot.vn/product-category/phu-tung-xe-dap/page/2/" "Mozilla/5.0 (X11; Linux x86_64) AppleWebKit/537.36 (KHTML, like Gecko) Chrome/150.0.0.0 Safari/537.36"
131.221.89.150 - - [16/Jul/2026:13:43:39 +0000] "GET /wp-content/plugins/woocommerce/assets/js/jquery-ui-touch-punch/jquery-ui-touch-punch.min.js?ver=10.9.4 HTTP/2" 200 529 "https://xedaptot.vn/product-category/phu-tung-xe-dap/page/2/" "Mozilla/5.0 (X11; Linux x86_64) AppleWebKit/537.36 (KHTML, like Gecko) Chrome/150.0.0.0 Safari/537.36"
131.221.89.150 - - [16/Jul/2026:13:43:39 +0000] "GET /wp-content/plugins/woocommerce/assets/js/accounting/accounting.min.js?ver=0.4.2 HTTP/2" 200 1321 "https://xedaptot.vn/product-category/phu-tung-xe-dap/page/2/" "Mozilla/5.0 (X11; Linux x86_64) AppleWebKit/537.36 (KHTML, like Gecko) Chrome/150.0.0.0 Safari/537.36"
131.221.89.150 - - [16/Jul/2026:13:43:39 +0000] "GET /wp-content/themes/tokoo/assets/js/slick.min.js?ver=1.2.1 HTTP/2" 200 9876 "https://xedaptot.vn/product-category/phu-tung-xe-dap/page/2/" "Mozilla/5.0 (X11; Linux x86_64) AppleWebKit/537.36 (KHTML, like Gecko) Chrome/150.0.0.0 Safari/537.36"
183.81.34.155 - - [16/Jul/2026:13:43:15 +0000] "GET /?add_to_wishlist=2135&_wpnonce=71424ada4c HTTP/2" 200 37151 "-" "Mozilla/5.0 (Windows NT 10.0; Win64; x64) AppleWebKit/537.36 (KHTML, like Gecko) Chrome/109.0.0.0 Safari/537.36"
183.81.34.155 - - [16/Jul/2026:13:43:19 +0000] "GET /?add_to_wishlist=2142&_wpnonce=71424ada4c HTTP/2" 200 37149 "-" "Mozilla/5.0 (Windows NT 10.0; Win64; x64) AppleWebKit/537.36 (KHTML, like Gecko) Chrome/109.0.0.0 Safari/537.36"
183.81.34.155 - - [16/Jul/2026:13:43:30 +0000] "GET /?add_to_wishlist=2125&_wpnonce=71424ada4c HTTP/2" 200 37154 "-" "Mozilla/5.0 (Windows NT 10.0; Win64; x64) AppleWebKit/537.36 (KHTML, like Gecko) Chrome/109.0.0.0 Safari/537.36"
131.221.89.150 - - [16/Jul/2026:13:43:34 +0000] "GET /product-category/phu-tung-xe-dap/page/2/ HTTP/2" 200 23805 "-" "Mozilla/5.0 (X11; Linux x86_64) AppleWebKit/537.36 (KHTML, like Gecko) Chrome/150.0.0.0 Safari/537.36"
183.81.34.155 - - [16/Jul/2026:13:43:33 +0000] "GET /?add_to_wishlist=2136&_wpnonce=71424ada4c HTTP/2" 200 37155 "-" "Mozilla/5.0 (Windows NT 10.0; Win64; x64) AppleWebKit/537.36 (KHTML, like Gecko) Chrome/109.0.0.0 Safari/537.36"
131.221.89.150 - - [16/Jul/2026:13:43:37 +0000] "GET /wp-includes/js/jquery/jquery.min.js?ver=3.7.1 HTTP/2" 200 29744 "https://xedaptot.vn/product-category/phu-tung-xe-dap/page/2/" "Mozilla/5.0 (X11; Linux x86_64) AppleWebKit/537.36 (KHTML, like Gecko) Chrome/150.0.0.0 Safari/537.36"
131.221.89.150 - - [16/Jul/2026:13:43:37 +0000] "GET /wp-content/themes/tokoo/assets/js/lib/number-polyfill.min.js?ver=7.0.1 HTTP/2" 200 2639 "https://xedaptot.vn/product-category/phu-tung-xe-dap/page/2/" "Mozilla/5.0 (X11; Linux x86_64) AppleWebKit/537.36 (KHTML, like Gecko) Chrome/150.0.0.0 Safari/537.36"
131.221.89.150 - - [16/Jul/2026:13:43:38 +0000] "GET /wp-content/plugins/woocommerce/assets/js/prettyPhoto/jquery.prettyPhoto.min.js?ver=3.1.6 HTTP/2" 200 5401 "https://xedaptot.vn/product-category/phu-tung-xe-dap/page/2/" "Mozilla/5.0 (X11; Linux x86_64) AppleWebKit/537.36 (KHTML, like Gecko) Chrome/150.0.0.0 Safari/537.36"
183.81.34.155 - - [16/Jul/2026:13:43:36 +0000] "GET /?add_to_wishlist=2116&_wpnonce=71424ada4c HTTP/2" 200 37160 "-" "Mozilla/5.0 (Windows NT 10.0; Win64; x64) AppleWebKit/537.36 (KHTML, like Gecko) Chrome/109.0.0.0 Safari/537.36"
131.221.89.150 - - [16/Jul/2026:13:43:39 +0000] "GET /wp-includes/js/imagesloaded.min.js?ver=5.0.0 HTTP/2" 200 1687 "https://xedaptot.vn/product-category/phu-tung-xe-dap/page/2/" "Mozilla/5.0 (X11; Linux x86_64) AppleWebKit/537.36 (KHTML, like Gecko) Chrome/150.0.0.0 Safari/537.36"
131.221.89.150 - - [16/Jul/2026:13:43:39 +0000] "GET /wp-includes/js/jquery/ui/slider.min.js?ver=1.13.3 HTTP/2" 200 3010 "https://xedaptot.vn/product-category/phu-tung-xe-dap/page/2/" "Mozilla/5.0 (X11; Linux x86_64) AppleWebKit/537.36 (KHTML, like Gecko) Chrome/150.0.0.0 Safari/537.36"
131.221.89.150 - - [16/Jul/2026:13:43:39 +0000] "GET /wp-content/plugins/yith-woocommerce-wishlist/assets/js/jquery.yith-wcwl.min.js?ver=4.16.0 HTTP/2" 200 6454 "https://xedaptot.vn/product-category/phu-tung-xe-dap/page/2/" "Mozilla/5.0 (X11; Linux x86_64) AppleWebKit/537.36 (KHTML, like Gecko) Chrome/150.0.0.0 Safari/537.36"
131.221.89.150 - - [16/Jul/2026:13:43:39 +0000] "GET /wp-content/plugins/woocommerce/assets/js/frontend/price-slider.min.js?ver=10.9.4 HTTP/2" 200 538 "https://xedaptot.vn/product-category/phu-tung-xe-dap/page/2/" "Mozilla/5.0 (X11; Linux x86_64) AppleWebKit/537.36 (KHTML, like Gecko) Chrome/150.0.0.0 Safari/537.36"
131.221.89.150 - - [16/Jul/2026:13:43:39 +0000] "GET /wp-content/plugins/woocommerce/assets/js/jquery-blockui/jquery.blockUI.min.js?ver=2.7.0-wc.10.9.4 HTTP/2" 200 3277 "https://xedaptot.vn/product-category/phu-tung-xe-dap/page/2/" "Mozilla/5.0 (X11; Linux x86_64) AppleWebKit/537.36 (KHTML, like Gecko) Chrome/150.0.0.0 Safari/537.36"
131.221.89.150 - - [16/Jul/2026:13:43:39 +0000] "GET /wp-content/plugins/wpforms-lite/assets/lib/punycode.min.js?ver=1.0.0 HTTP/2" 200 833 "https://xedaptot.vn/product-category/phu-tung-xe-dap/page/2/" "Mozilla/5.0 (X11; Linux x86_64) AppleWebKit/537.36 (KHTML, like Gecko) Chrome/150.0.0.0 Safari/537.36"
131.221.89.150 - - [16/Jul/2026:13:43:39 +0000] "GET /wp-content/plugins/wpforms-lite/assets/js/frontend/wpforms.min.js?ver=1.10.2.1 HTTP/2" 200 14946 "https://xedaptot.vn/product-category/phu-tung-xe-dap/page/2/" "Mozilla/5.0 (X11; Linux x86_64) AppleWebKit/537.36 (KHTML, like Gecko) Chrome/150.0.0.0 Safari/537.36"
131.221.89.150 - - [16/Jul/2026:13:43:39 +0000] "GET /wp-content/plugins/woocommerce/assets/js/frontend/add-to-cart.min.js?ver=10.9.4 HTTP/2" 200 1296 "https://xedaptot.vn/product-category/phu-tung-xe-dap/page/2/" "Mozilla/5.0 (X11; Linux x86_64) AppleWebKit/537.36 (KHTML, like Gecko) Chrome/150.0.0.0 Safari/537.36"
131.221.89.150 - - [16/Jul/2026:13:43:39 +0000] "GET /wp-content/plugins/revslider/sr6/assets/js/rs6.min.js?ver=6.7.38 HTTP/2" 200 104520 "https://xedaptot.vn/product-category/phu-tung-xe-dap/page/2/" "Mozilla/5.0 (X11; Linux x86_64) AppleWebKit/537.36 (KHTML, like Gecko) Chrome/150.0.0.0 Safari/537.36"
131.221.89.150 - - [16/Jul/2026:13:43:39 +0000] "GET /wp-content/themes/tokoo/assets/js/bootstrap.min.js?ver=1.2.1 HTTP/2" 200 12878 "https://xedaptot.vn/product-category/phu-tung-xe-dap/page/2/" "Mozilla/5.0 (X11; Linux x86_64) AppleWebKit/537.36 (KHTML, like Gecko) Chrome/150.0.0.0 Safari/537.36"
131.221.89.150 - - [16/Jul/2026:13:43:39 +0000] "GET /wp-includes/js/jquery/ui/core.min.js?ver=1.13.3 HTTP/2" 200 6812 "https://xedaptot.vn/product-category/phu-tung-xe-dap/page/2/" "Mozilla/5.0 (X11; Linux x86_64) AppleWebKit/537.36 (KHTML, like Gecko) Chrome/150.0.0.0 Safari/537.36"
131.221.89.150 - - [16/Jul/2026:13:43:39 +0000] "GET /wp-includes/js/jquery/ui/mouse.min.js?ver=1.13.3 HTTP/2" 200 1012 "https://xedaptot.vn/product-category/phu-tung-xe-dap/page/2/" "Mozilla/5.0 (X11; Linux x86_64) AppleWebKit/537.36 (KHTML, like Gecko) Chrome/150.0.0.0 Safari/537.36"
131.221.89.150 - - [16/Jul/2026:13:43:39 +0000] "GET /wp-content/themes/tokoo/assets/js/jquery.waypoints.min.js?ver=1.2.1 HTTP/2" 200 2592 "https://xedaptot.vn/product-category/phu-tung-xe-dap/page/2/" "Mozilla/5.0 (X11; Linux x86_64) AppleWebKit/537.36 (KHTML, like Gecko) Chrome/150.0.0.0 Safari/537.36"
131.221.89.150 - - [16/Jul/2026:13:43:39 +0000] "GET /wp-content/themes/tokoo/assets/js/tokoo.min.js?ver=1.2.1 HTTP/2" 200 2399 "https://xedaptot.vn/product-category/phu-tung-xe-dap/page/2/" "Mozilla/5.0 (X11; Linux x86_64) AppleWebKit/537.36 (KHTML, like Gecko) Chrome/150.0.0.0 Safari/537.36"
131.221.89.150 - - [16/Jul/2026:13:43:39 +0000] "GET /wp-content/themes/tokoo/assets/js/typeahead.bundle.min.js?ver=1.2.1 HTTP/2" 200 13586 "https://xedaptot.vn/product-category/phu-tung-xe-dap/page/2/" "Mozilla/5.0 (X11; Linux x86_64) AppleWebKit/537.36 (KHTML, like Gecko) Chrome/150.0.0.0 Safari/537.36"
131.221.89.150 - - [16/Jul/2026:13:43:39 +0000] "GET /wp-content/plugins/kingcomposer/assets/frontend/js/kingcomposer.min.js?ver=2.9.6 HTTP/2" 200 7540 "https://xedaptot.vn/product-category/phu-tung-xe-dap/page/2/" "Mozilla/5.0 (X11; Linux x86_64) AppleWebKit/537.36 (KHTML, like Gecko) Chrome/150.0.0.0 Safari/537.36"
131.221.89.150 - - [16/Jul/2026:13:43:39 +0000] "GET /wp-content/themes/tokoo/assets/js/popper.min.js?ver=1.2.1 HTTP/2" 200 6923 "https://xedaptot.vn/product-category/phu-tung-xe-dap/page/2/" "Mozilla/5.0 (X11; Linux x86_64) AppleWebKit/537.36 (KHTML, like Gecko) Chrome/150.0.0.0 Safari/537.36"
131.221.89.150 - - [16/Jul/2026:13:43:39 +0000] "GET /wp-content/plugins/woocommerce/assets/js/sourcebuster/sourcebuster.min.js?ver=10.9.4 HTTP/2" 200 4609 "https://xedaptot.vn/product-category/phu-tung-xe-dap/page/2/" "Mozilla/5.0 (X11; Linux x86_64) AppleWebKit/537.36 (KHTML, like Gecko) Chrome/150.0.0.0 Safari/537.36"
131.221.89.150 - - [16/Jul/2026:13:43:39 +0000] "GET /wp-content/plugins/wpforms-lite/assets/lib/jquery.validate.min.js?ver=1.21.0 HTTP/2" 200 7806 "https://xedaptot.vn/product-category/phu-tung-xe-dap/page/2/" "Mozilla/5.0 (X11; Linux x86_64) AppleWebKit/537.36 (KHTML, like Gecko) Chrome/150.0.0.0 Safari/537.36"
131.221.89.150 - - [16/Jul/2026:13:43:39 +0000] "GET /wp-content/themes/tokoo/assets/js/navigation.min.js?ver=1.2.1 HTTP/2" 200 717 "https://xedaptot.vn/product-category/phu-tung-xe-dap/page/2/" "Mozilla/5.0 (X11; Linux x86_64) AppleWebKit/537.36 (KHTML, like Gecko) Chrome/150.0.0.0 Safari/537.36"
131.221.89.150 - - [16/Jul/2026:13:43:39 +0000] "GET /wp-content/themes/tokoo/assets/js/scrollup.min.js?ver=1.2.1 HTTP/2" 200 813 "https://xedaptot.vn/product-category/phu-tung-xe-dap/page/2/" "Mozilla/5.0 (X11; Linux x86_64) AppleWebKit/537.36 (KHTML, like Gecko) Chrome/150.0.0.0 Safari/537.36"
131.221.89.150 - - [16/Jul/2026:13:43:39 +0000] "GET /wp-content/themes/tokoo/assets/js/jquery.easing.min.js?ver=1.2.1 HTTP/2" 200 940 "https://xedaptot.vn/product-category/phu-tung-xe-dap/page/2/" "Mozilla/5.0 (X11; Linux x86_64) AppleWebKit/537.36 (KHTML, like Gecko) Chrome/150.0.0.0 Safari/537.36"
131.221.89.150 - - [16/Jul/2026:13:43:39 +0000] "GET /wp-includes/js/masonry.min.js?ver=4.2.2 HTTP/2" 200 7117 "https://xedaptot.vn/product-category/phu-tung-xe-dap/page/2/" "Mozilla/5.0 (X11; Linux x86_64) AppleWebKit/537.36 (KHTML, like Gecko) Chrome/150.0.0.0 Safari/537.36"
131.221.89.150 - - [16/Jul/2026:13:43:39 +0000] "GET /wp-content/plugins/woocommerce/assets/js/frontend/order-attribution.min.js?ver=10.9.4 HTTP/2" 200 1020 "https://xedaptot.vn/product-category/phu-tung-xe-dap/page/2/" "Mozilla/5.0 (X11; Linux x86_64) AppleWebKit/537.36 (KHTML, like Gecko) Chrome/150.0.0.0 Safari/537.36"
131.221.89.150 - - [16/Jul/2026:13:43:39 +0000] "GET /wp-content/plugins/wpforms-lite/assets/lib/mailcheck.min.js?ver=1.1.2 HTTP/2" 200 1615 "https://xedaptot.vn/product-category/phu-tung-xe-dap/page/2/" "Mozilla/5.0 (X11; Linux x86_64) AppleWebKit/537.36 (KHTML, like Gecko) Chrome/150.0.0.0 Safari/537.36"
131.221.89.150 - - [16/Jul/2026:13:43:43 +0000] "POST /?wc-ajax=get_refreshed_fragments HTTP/2" 200 615 "https://xedaptot.vn/product-category/phu-tung-xe-dap/page/2/" "Mozilla/5.0 (X11; Linux x86_64) AppleWebKit/537.36 (KHTML, like Gecko) Chrome/150.0.0.0 Safari/537.36"
131.221.89.150 - - [16/Jul/2026:13:43:42 +0000] "GET /wp-admin/admin-ajax.php?action=products_live_search&fn=get_ajax_search HTTP/2" 200 6 "https://xedaptot.vn/product-category/phu-tung-xe-dap/page/2/" "Mozilla/5.0 (X11; Linux x86_64) AppleWebKit/537.36 (KHTML, like Gecko) Chrome/150.0.0.0 Safari/537.36"
183.81.34.155 - - [16/Jul/2026:13:43:42 +0000] "GET /?add_to_wishlist=4036&_wpnonce=71424ada4c HTTP/2" 200 37157 "-" "Mozilla/5.0 (Windows NT 10.0; Win64; x64) AppleWebKit/537.36 (KHTML, like Gecko) Chrome/109.0.0.0 Safari/537.36"
183.81.34.155 - - [16/Jul/2026:13:43:51 +0000] "GET /?add_to_wishlist=3985&_wpnonce=71424ada4c HTTP/2" 200 37147 "-" "Mozilla/5.0 (Windows NT 10.0; Win64; x64) AppleWebKit/537.36 (KHTML, like Gecko) Chrome/109.0.0.0 Safari/537.36"
183.81.34.155 - - [16/Jul/2026:13:43:55 +0000] "GET /?add_to_wishlist=2192&_wpnonce=71424ada4c HTTP/2" 200 37150 "-" "Mozilla/5.0 (Windows NT 10.0; Win64; x64) AppleWebKit/537.36 (KHTML, like Gecko) Chrome/109.0.0.0 Safari/537.36"
183.81.34.155 - - [16/Jul/2026:13:44:02 +0000] "GET /?add_to_wishlist=3204&_wpnonce=71424ada4c HTTP/2" 200 37152 "-" "Mozilla/5.0 (Windows NT 10.0; Win64; x64) AppleWebKit/537.36 (KHTML, like Gecko) Chrome/109.0.0.0 Safari/537.36"
183.81.34.155 - - [16/Jul/2026:13:44:11 +0000] "GET /?add_to_wishlist=2134&_wpnonce=71424ada4c HTTP/2" 200 37155 "-" "Mozilla/5.0 (Windows NT 10.0; Win64; x64) AppleWebKit/537.36 (KHTML, like Gecko) Chrome/109.0.0.0 Safari/537.36"
183.81.34.155 - - [16/Jul/2026:13:44:14 +0000] "GET /?add_to_wishlist=2123&_wpnonce=71424ada4c HTTP/2" 200 37165 "-" "Mozilla/5.0 (Windows NT 10.0; Win64; x64) AppleWebKit/537.36 (KHTML, like Gecko) Chrome/109.0.0.0 Safari/537.36"
131.221.89.150 - - [16/Jul/2026:13:43:39 +0000] "GET /wp-content/themes/tokoo/assets/js/handlebars.min.js?ver=1.2.1 HTTP/2" 200 14315 "https://xedaptot.vn/product-category/phu-tung-xe-dap/page/2/" "Mozilla/5.0 (X11; Linux x86_64) AppleWebKit/537.36 (KHTML, like Gecko) Chrome/150.0.0.0 Safari/537.36"
131.221.89.150 - - [16/Jul/2026:13:43:39 +0000] "GET /wp-content/plugins/woocommerce/assets/js/frontend/cart-fragments.min.js?ver=10.9.4 HTTP/2" 200 943 "https://xedaptot.vn/product-category/phu-tung-xe-dap/page/2/" "Mozilla/5.0 (X11; Linux x86_64) AppleWebKit/537.36 (KHTML, like Gecko) Chrome/150.0.0.0 Safari/537.36"
131.221.89.150 - - [16/Jul/2026:13:43:39 +0000] "GET /wp-content/plugins/wpforms-lite/assets/js/frontend/fields/address.min.js?ver=1.10.2.1 HTTP/2" 200 672 "https://xedaptot.vn/product-category/phu-tung-xe-dap/page/2/" "Mozilla/5.0 (X11; Linux x86_64) AppleWebKit/537.36 (KHTML, like Gecko) Chrome/150.0.0.0 Safari/537.36"
131.221.89.150 - - [16/Jul/2026:13:43:39 +0000] "GET /wp-content/plugins/wpforms-lite/assets/js/share/utils.min.js?ver=1.10.2.1 HTTP/2" 200 726 "https://xedaptot.vn/product-category/phu-tung-xe-dap/page/2/" "Mozilla/5.0 (X11; Linux x86_64) AppleWebKit/537.36 (KHTML, like Gecko) Chrome/150.0.0.0 Safari/537.36"
131.221.89.150 - - [16/Jul/2026:13:43:39 +0000] "GET /wp-content/plugins/woocommerce/assets/js/js-cookie/js.cookie.min.js?ver=2.1.4-wc.10.9.4 HTTP/2" 200 760 "https://xedaptot.vn/product-category/phu-tung-xe-dap/page/2/" "Mozilla/5.0 (X11; Linux x86_64) AppleWebKit/537.36 (KHTML, like Gecko) Chrome/150.0.0.0 Safari/537.36"
131.221.89.150 - - [16/Jul/2026:13:43:39 +0000] "GET /wp-content/plugins/woocommerce/assets/js/frontend/woocommerce.min.js?ver=10.9.4 HTTP/2" 200 1384 "https://xedaptot.vn/product-category/phu-tung-xe-dap/page/2/" "Mozilla/5.0 (X11; Linux x86_64) AppleWebKit/537.36 (KHTML, like Gecko) Chrome/150.0.0.0 Safari/537.36"
131.221.89.150 - - [16/Jul/2026:13:43:39 +0000] "GET /wp-content/plugins/revslider/sr6/assets/js/rbtools.min.js?ver=6.7.38 HTTP/2" 200 59937 "https://xedaptot.vn/product-category/phu-tung-xe-dap/page/2/" "Mozilla/5.0 (X11; Linux x86_64) AppleWebKit/537.36 (KHTML, like Gecko) Chrome/150.0.0.0 Safari/537.36"
183.81.34.155 - - [16/Jul/2026:13:43:39 +0000] "GET /?add_to_wishlist=2131&_wpnonce=71424ada4c HTTP/2" 200 37155 "-" "Mozilla/5.0 (Windows NT 10.0; Win64; x64) AppleWebKit/537.36 (KHTML, like Gecko) Chrome/109.0.0.0 Safari/537.36"
131.221.89.150 - - [16/Jul/2026:13:43:43 +0000] "GET /wp-includes/js/wp-emoji-release.min.js?ver=7.0.1 HTTP/2" 200 4974 "https://xedaptot.vn/product-category/phu-tung-xe-dap/page/2/" "Mozilla/5.0 (X11; Linux x86_64) AppleWebKit/537.36 (KHTML, like Gecko) Chrome/150.0.0.0 Safari/537.36"
183.81.34.155 - - [16/Jul/2026:13:43:48 +0000] "GET /product-tag/xe-dap-touring-life-fcr22/ HTTP/2" 200 18620 "-" "Mozilla/5.0 (Windows NT 10.0; Win64; x64) AppleWebKit/537.36 (KHTML, like Gecko) Chrome/109.0.0.0 Safari/537.36"
183.81.34.155 - - [16/Jul/2026:13:43:59 +0000] "GET /?add_to_wishlist=3929&_wpnonce=71424ada4c HTTP/2" 200 37160 "-" "Mozilla/5.0 (Windows NT 10.0; Win64; x64) AppleWebKit/537.36 (KHTML, like Gecko) Chrome/109.0.0.0 Safari/537.36"
183.81.34.155 - - [16/Jul/2026:13:44:08 +0000] "GET /?add_to_wishlist=2127&_wpnonce=71424ada4c HTTP/2" 200 37160 "-" "Mozilla/5.0 (Windows NT 10.0; Win64; x64) AppleWebKit/537.36 (KHTML, like Gecko) Chrome/109.0.0.0 Safari/537.36"
183.81.34.155 - - [16/Jul/2026:13:44:20 +0000] "GET /?add_to_wishlist=3299&_wpnonce=71424ada4c HTTP/2" 200 37205 "-" "Mozilla/5.0 (Windows NT 10.0; Win64; x64) AppleWebKit/537.36 (KHTML, like Gecko) Chrome/109.0.0.0 Safari/537.36"
183.81.34.155 - - [16/Jul/2026:13:44:24 +0000] "GET /?add_to_wishlist=3281&_wpnonce=71424ada4c HTTP/2" 200 37146 "-" "Mozilla/5.0 (Windows NT 10.0; Win64; x64) AppleWebKit/537.36 (KHTML, like Gecko) Chrome/109.0.0.0 Safari/537.36"
183.81.34.155 - - [16/Jul/2026:13:44:27 +0000] "GET /?add_to_wishlist=2137&_wpnonce=71424ada4c HTTP/2" 200 37150 "-" "Mozilla/5.0 (Windows NT 10.0; Win64; x64) AppleWebKit/537.36 (KHTML, like Gecko) Chrome/109.0.0.0 Safari/537.36"
183.81.34.155 - - [16/Jul/2026:13:44:33 +0000] "GET /wp-content/uploads/2022/06/425df9fd627244fdabeabafb69390947_0df4a773519943068944e823bcad13f3_master.webp HTTP/2" 200 60304 "-" "Mozilla/5.0 (Windows NT 10.0; Win64; x64) AppleWebKit/537.36 (KHTML, like Gecko) Chrome/109.0.0.0 Safari/537.36"
