183.81.34.155 - - [16/Jul/2026:13:54:28 +0000] "GET /wp-content/uploads/2022/09/tui-don-wildman-4.webp HTTP/2" 200 38614 "-" "Mozilla/5.0 (Windows NT 10.0; Win64; x64) AppleWebKit/537.36 (KHTML, like Gecko) Chrome/109.0.0.0 Safari/537.36"
183.81.34.155 - - [16/Jul/2026:13:54:29 +0000] "GET /?add_to_wishlist=3345&_wpnonce=71424ada4c HTTP/2" 200 37146 "-" "Mozilla/5.0 (Windows NT 10.0; Win64; x64) AppleWebKit/537.36 (KHTML, like Gecko) Chrome/109.0.0.0 Safari/537.36"
183.81.34.155 - - [16/Jul/2026:13:54:33 +0000] "GET /?add_to_wishlist=3417&_wpnonce=71424ada4c HTTP/2" 200 37146 "-" "Mozilla/5.0 (Windows NT 10.0; Win64; x64) AppleWebKit/537.36 (KHTML, like Gecko) Chrome/109.0.0.0 Safari/537.36"
183.81.34.155 - - [16/Jul/2026:13:54:42 +0000] "GET /product-tag/xe-dap-fixed-gear-funky-popping/ HTTP/2" 200 18431 "-" "Mozilla/5.0 (Windows NT 10.0; Win64; x64) AppleWebKit/537.36 (KHTML, like Gecko) Chrome/109.0.0.0 Safari/537.36"
183.81.34.155 - - [16/Jul/2026:13:54:47 +0000] "GET /product-tag/xe-dap-touring-california-city250/ HTTP/2" 200 18654 "-" "Mozilla/5.0 (Windows NT 10.0; Win64; x64) AppleWebKit/537.36 (KHTML, like Gecko) Chrome/109.0.0.0 Safari/537.36"
183.81.34.155 - - [16/Jul/2026:13:54:49 +0000] "GET /product-tag/700/ HTTP/2" 200 18596 "-" "Mozilla/5.0 (Windows NT 10.0; Win64; x64) AppleWebKit/537.36 (KHTML, like Gecko) Chrome/109.0.0.0 Safari/537.36"
183.81.34.155 - - [16/Jul/2026:13:54:54 +0000] "GET /product-tag/california-700cc/ HTTP/2" 200 18648 "-" "Mozilla/5.0 (Windows NT 10.0; Win64; x64) AppleWebKit/537.36 (KHTML, like Gecko) Chrome/109.0.0.0 Safari/537.36"
183.81.34.155 - - [16/Jul/2026:13:54:56 +0000] "GET /product-tag/xe-dap-touring-dkaln-ql900/ HTTP/2" 200 18742 "-" "Mozilla/5.0 (Windows NT 10.0; Win64; x64) AppleWebKit/537.36 (KHTML, like Gecko) Chrome/109.0.0.0 Safari/537.36"
183.81.34.155 - - [16/Jul/2026:13:55:04 +0000] "GET /product-tag/xe-dap-fixed-gear-california-r350/ HTTP/2" 200 18510 "-" "Mozilla/5.0 (Windows NT 10.0; Win64; x64) AppleWebKit/537.36 (KHTML, like Gecko) Chrome/109.0.0.0 Safari/537.36"
183.81.34.155 - - [16/Jul/2026:13:55:07 +0000] "GET /?add_to_wishlist=3631&_wpnonce=71424ada4c HTTP/2" 200 37150 "-" "Mozilla/5.0 (Windows NT 10.0; Win64; x64) AppleWebKit/537.36 (KHTML, like Gecko) Chrome/109.0.0.0 Safari/537.36"
183.81.34.155 - - [16/Jul/2026:13:55:10 +0000] "GET /?add_to_wishlist=2106&_wpnonce=71424ada4c HTTP/2" 200 37148 "-" "Mozilla/5.0 (Windows NT 10.0; Win64; x64) AppleWebKit/537.36 (KHTML, like Gecko) Chrome/109.0.0.0 Safari/537.36"
183.81.34.155 - - [16/Jul/2026:13:55:14 +0000] "GET /product-tag/xe-dap-nu-modeltime-mango/ HTTP/2" 200 18643 "-" "Mozilla/5.0 (Windows NT 10.0; Win64; x64) AppleWebKit/537.36 (KHTML, like Gecko) Chrome/109.0.0.0 Safari/537.36"
183.81.34.155 - - [16/Jul/2026:13:55:16 +0000] "GET /shop/page/2/ HTTP/2" 200 24629 "-" "Mozilla/5.0 (Windows NT 10.0; Win64; x64) AppleWebKit/537.36 (KHTML, like Gecko) Chrome/109.0.0.0 Safari/537.36"
183.81.34.155 - - [16/Jul/2026:13:55:21 +0000] "GET /shop/page/4/ HTTP/2" 200 24279 "-" "Mozilla/5.0 (Windows NT 10.0; Win64; x64) AppleWebKit/537.36 (KHTML, like Gecko) Chrome/109.0.0.0 Safari/537.36"
183.81.34.155 - - [16/Jul/2026:13:55:26 +0000] "GET /shop/page/9/ HTTP/2" 200 24250 "-" "Mozilla/5.0 (Windows NT 10.0; Win64; x64) AppleWebKit/537.36 (KHTML, like Gecko) Chrome/109.0.0.0 Safari/537.36"
65.181.111.155 - - [16/Jul/2026:13:55:38 +0000] "POST /wp-cron.php?doing_wp_cron=1784210138.7659718990325927734375 HTTP/2" 200 0 "-" "WordPress/7.0.1; https://xedaptot.vn"
183.81.34.155 - - [16/Jul/2026:13:55:39 +0000] "GET /product-category/phu-kien-xe-dap/page/2/ HTTP/2" 200 23985 "-" "Mozilla/5.0 (Windows NT 10.0; Win64; x64) AppleWebKit/537.36 (KHTML, like Gecko) Chrome/109.0.0.0 Safari/537.36"
183.81.34.155 - - [16/Jul/2026:13:55:45 +0000] "GET /product-category/phu-kien-xe-dap/page/4/ HTTP/2" 200 22672 "-" "Mozilla/5.0 (Windows NT 10.0; Win64; x64) AppleWebKit/537.36 (KHTML, like Gecko) Chrome/109.0.0.0 Safari/537.36"
183.81.34.155 - - [16/Jul/2026:13:55:55 +0000] "GET /shop/page/1/ HTTP/2" 301 0 "-" "Mozilla/5.0 (Windows NT 10.0; Win64; x64) AppleWebKit/537.36 (KHTML, like Gecko) Chrome/109.0.0.0 Safari/537.36"
183.81.34.155 - - [16/Jul/2026:13:55:56 +0000] "GET /shop/ HTTP/2" 200 23620 "-" "Mozilla/5.0 (Windows NT 10.0; Win64; x64) AppleWebKit/537.36 (KHTML, like Gecko) Chrome/109.0.0.0 Safari/537.36"
183.81.34.155 - - [16/Jul/2026:13:55:59 +0000] "GET /shop/page/5/ HTTP/2" 200 24148 "-" "Mozilla/5.0 (Windows NT 10.0; Win64; x64) AppleWebKit/537.36 (KHTML, like Gecko) Chrome/109.0.0.0 Safari/537.36"
183.81.34.155 - - [16/Jul/2026:13:56:02 +0000] "GET /shop/page/6/ HTTP/2" 200 24034 "-" "Mozilla/5.0 (Windows NT 10.0; Win64; x64) AppleWebKit/537.36 (KHTML, like Gecko) Chrome/109.0.0.0 Safari/537.36"
183.81.34.155 - - [16/Jul/2026:13:56:08 +0000] "GET /?add_to_wishlist=2108&_wpnonce=71424ada4c HTTP/2" 200 37160 "-" "Mozilla/5.0 (Windows NT 10.0; Win64; x64) AppleWebKit/537.36 (KHTML, like Gecko) Chrome/109.0.0.0 Safari/537.36"
183.81.34.155 - - [16/Jul/2026:13:56:11 +0000] "GET /product/gong-nuoc-nhua/ HTTP/2" 200 25297 "-" "Mozilla/5.0 (Windows NT 10.0; Win64; x64) AppleWebKit/537.36 (KHTML, like Gecko) Chrome/109.0.0.0 Safari/537.36"
183.81.34.155 - - [16/Jul/2026:13:56:17 +0000] "GET /product-category/phu-kien-xe-dap/page/1/ HTTP/2" 301 0 "-" "Mozilla/5.0 (Windows NT 10.0; Win64; x64) AppleWebKit/537.36 (KHTML, like Gecko) Chrome/109.0.0.0 Safari/537.36"
183.81.34.155 - - [16/Jul/2026:13:56:18 +0000] "GET /product-category/phu-kien-xe-dap/ HTTP/2" 200 23666 "-" "Mozilla/5.0 (Windows NT 10.0; Win64; x64) AppleWebKit/537.36 (KHTML, like Gecko) Chrome/109.0.0.0 Safari/537.36"
65.181.111.155 - - [16/Jul/2026:13:57:27 +0000] "POST /wp-cron.php?doing_wp_cron=1784210247.6695780754089355468750 HTTP/2" 200 0 "-" "WordPress/7.0.1; https://xedaptot.vn"
216.73.216.145 - - [16/Jul/2026:13:57:26 +0000] "GET /sitemap_index.xml HTTP/2" 200 284 "-" "Mozilla/5.0 AppleWebKit/537.36 (KHTML, like Gecko; compatible; Claude-SearchBot/1.0; [email protected])"
51.161.37.67 - - [16/Jul/2026:13:59:56 +0000] "GET /product/pedal-bac-dan-xpedo/ HTTP/2" 200 25663 "-" "Mozilla/5.0 (compatible; AhrefsBot/7.0; +http://ahrefs.com/robot/)"
183.81.34.155 - - [16/Jul/2026:13:55:34 +0000] "GET /shop/page/10/ HTTP/2" 200 22393 "-" "Mozilla/5.0 (Windows NT 10.0; Win64; x64) AppleWebKit/537.36 (KHTML, like Gecko) Chrome/109.0.0.0 Safari/537.36"
183.81.34.155 - - [16/Jul/2026:13:55:36 +0000] "GET /product-category/xe-dap-touring/page/2/ HTTP/2" 200 21334 "-" "Mozilla/5.0 (Windows NT 10.0; Win64; x64) AppleWebKit/537.36 (KHTML, like Gecko) Chrome/109.0.0.0 Safari/537.36"
183.81.34.155 - - [16/Jul/2026:13:55:43 +0000] "GET /product-category/phu-kien-xe-dap/page/3/ HTTP/2" 200 23862 "-" "Mozilla/5.0 (Windows NT 10.0; Win64; x64) AppleWebKit/537.36 (KHTML, like Gecko) Chrome/109.0.0.0 Safari/537.36"
183.81.34.155 - - [16/Jul/2026:13:55:48 +0000] "GET /product-category/phu-tung-xe-dap/page/2/ HTTP/2" 200 23799 "-" "Mozilla/5.0 (Windows NT 10.0; Win64; x64) AppleWebKit/537.36 (KHTML, like Gecko) Chrome/109.0.0.0 Safari/537.36"
183.81.34.155 - - [16/Jul/2026:13:55:50 +0000] "GET /product-category/phu-tung-xe-dap/page/3/ HTTP/2" 200 19659 "-" "Mozilla/5.0 (Windows NT 10.0; Win64; x64) AppleWebKit/537.36 (KHTML, like Gecko) Chrome/109.0.0.0 Safari/537.36"
183.81.34.155 - - [16/Jul/2026:13:55:53 +0000] "GET /my-account/lost-password/ HTTP/2" 200 18536 "-" "Mozilla/5.0 (Windows NT 10.0; Win64; x64) AppleWebKit/537.36 (KHTML, like Gecko) Chrome/109.0.0.0 Safari/537.36"
183.81.34.155 - - [16/Jul/2026:13:56:06 +0000] "GET /shop/page/7/ HTTP/2" 200 24843 "-" "Mozilla/5.0 (Windows NT 10.0; Win64; x64) AppleWebKit/537.36 (KHTML, like Gecko) Chrome/109.0.0.0 Safari/537.36"
183.81.34.155 - - [16/Jul/2026:13:56:13 +0000] "GET /product-category/xe-dap-touring/page/1/ HTTP/2" 301 0 "-" "Mozilla/5.0 (Windows NT 10.0; Win64; x64) AppleWebKit/537.36 (KHTML, like Gecko) Chrome/109.0.0.0 Safari/537.36"
183.81.34.155 - - [16/Jul/2026:13:56:14 +0000] "GET /product-category/xe-dap-touring/ HTTP/2" 200 23718 "-" "Mozilla/5.0 (Windows NT 10.0; Win64; x64) AppleWebKit/537.36 (KHTML, like Gecko) Chrome/109.0.0.0 Safari/537.36"
183.81.34.155 - - [16/Jul/2026:13:56:21 +0000] "GET /product-category/phu-tung-xe-dap/page/1/ HTTP/2" 301 0 "-" "Mozilla/5.0 (Windows NT 10.0; Win64; x64) AppleWebKit/537.36 (KHTML, like Gecko) Chrome/109.0.0.0 Safari/537.36"
183.81.34.155 - - [16/Jul/2026:13:56:23 +0000] "GET /product-category/phu-tung-xe-dap/ HTTP/2" 200 23693 "-" "Mozilla/5.0 (Windows NT 10.0; Win64; x64) AppleWebKit/537.36 (KHTML, like Gecko) Chrome/109.0.0.0 Safari/537.36"
65.181.111.155 - - [16/Jul/2026:13:59:57 +0000] "POST /wp-cron.php?doing_wp_cron=1784210397.4196410179138183593750 HTTP/2" 200 0 "-" "WordPress/7.0.1; https://xedaptot.vn"
65.181.111.155 - - [16/Jul/2026:14:07:45 +0000] "POST /wp-cron.php?doing_wp_cron=1784210865.3894081115722656250000 HTTP/2" 200 0 "-" "WordPress/7.0.1; https://xedaptot.vn"
216.73.216.145 - - [16/Jul/2026:14:07:43 +0000] "GET /product-category/xe-dap-touring/page/2/?add_to_wishlist=4036 HTTP/2" 200 21392 "-" "Mozilla/5.0 AppleWebKit/537.36 (KHTML, like Gecko; compatible; Claude-SearchBot/1.0; [email protected])"
142.44.225.247 - - [16/Jul/2026:14:08:14 +0000] "GET /product/gia-chong-xe-chu-l/ HTTP/2" 200 25785 "-" "Mozilla/5.0 (compatible; AhrefsBot/7.0; +http://ahrefs.com/robot/)"
216.73.216.145 - - [16/Jul/2026:14:08:17 +0000] "GET /product-category/xe-dap-touring/page/2/?add_to_wishlist=2171 HTTP/2" 200 21390 "-" "Mozilla/5.0 AppleWebKit/537.36 (KHTML, like Gecko; compatible; Claude-SearchBot/1.0; [email protected])"
40.77.167.28 - - [16/Jul/2026:14:10:15 +0000] "GET /wp-content/uploads/2022/09/2022_09_27_15_31_IMG_6908-300x225.jpg HTTP/2" 200 24079 "-" "Mozilla/5.0 AppleWebKit/537.36 (KHTML, like Gecko; compatible; bingbot/2.0; +http://www.bing.com/bingbot.htm) Chrome/116.0.1938.76 Safari/537.36"
144.31.35.20 - - [16/Jul/2026:14:15:05 +0000] "GET /wp-content/uploads/2022/09/Den-sau-Promend-ET-131D-1.jpg HTTP/2" 200 63782 "https://xedaptot.vn/" "Mozilla/5.0 (Windows NT 10.0; Win64; x64) AppleWebKit/537.36 (KHTML, like Gecko) Chrome/116.0.0.0 Safari/537.36"
167.71.27.111 - - [16/Jul/2026:14:17:09 +0000] "GET /wp-content/uploads/2023/12/z4957388232478_996d27a1232699fee12ea2bb5b73aec3.jpg HTTP/2" 200 82407 "https://xedaptot.vn/" "Mozilla/5.0 (Windows NT 10.0; Win64; x64) AppleWebKit/537.36 (KHTML, like Gecko) Chrome/131.0.0.0 Safari/537.36"
65.181.111.155 - - [16/Jul/2026:14:20:51 +0000] "POST /wp-cron.php?doing_wp_cron=1784211651.6279370784759521484375 HTTP/2" 200 0 "-" "WordPress/7.0.1; https://xedaptot.vn"
65.181.111.155 - - [16/Jul/2026:14:21:36 +0000] "POST /wp-cron.php?doing_wp_cron=1784211696.3399240970611572265625 HTTP/2" 200 0 "-" "WordPress/7.0.1; https://xedaptot.vn"
65.181.111.155 - - [16/Jul/2026:14:18:34 +0000] "POST /wp-cron.php?doing_wp_cron=1784211514.3091239929199218750000 HTTP/2" 200 0 "-" "WordPress/7.0.1; https://xedaptot.vn"
216.73.216.145 - - [16/Jul/2026:14:18:32 +0000] "GET /product-category/xe-dap-touring/page/2/?add_to_wishlist=4982 HTTP/2" 200 21391 "-" "Mozilla/5.0 AppleWebKit/537.36 (KHTML, like Gecko; compatible; Claude-SearchBot/1.0; [email protected])"
216.73.216.145 - - [16/Jul/2026:14:18:35 +0000] "GET /product-category/xe-dap-touring/page/2/?add_to_wishlist=2192 HTTP/2" 200 21380 "-" "Mozilla/5.0 AppleWebKit/537.36 (KHTML, like Gecko; compatible; Claude-SearchBot/1.0; [email protected])"
216.73.216.145 - - [16/Jul/2026:14:20:50 +0000] "GET /product-category/xe-dap-touring/page/2/?add_to_wishlist=3199 HTTP/2" 200 21388 "-" "Mozilla/5.0 AppleWebKit/537.36 (KHTML, like Gecko; compatible; Claude-SearchBot/1.0; [email protected])"
216.73.216.145 - - [16/Jul/2026:14:21:35 +0000] "GET /product-category/xe-dap-touring/page/1/ HTTP/2" 301 0 "-" "Mozilla/5.0 AppleWebKit/537.36 (KHTML, like Gecko; compatible; Claude-SearchBot/1.0; [email protected])"
216.73.216.145 - - [16/Jul/2026:14:21:36 +0000] "GET /product-category/xe-dap-touring/ HTTP/2" 200 23711 "https://xedaptot.vn/product-category/xe-dap-touring/page/1/" "Mozilla/5.0 AppleWebKit/537.36 (KHTML, like Gecko; compatible; Claude-SearchBot/1.0; [email protected])"
216.73.216.145 - - [16/Jul/2026:14:23:10 +0000] "GET /product-category/xe-dap-touring/page/2/?add_to_wishlist=2175 HTTP/2" 200 21400 "-" "Mozilla/5.0 AppleWebKit/537.36 (KHTML, like Gecko; compatible; Claude-SearchBot/1.0; [email protected])"
65.181.111.155 - - [16/Jul/2026:14:29:27 +0000] "POST /wp-cron.php?doing_wp_cron=1784212167.8984310626983642578125 HTTP/2" 200 0 "-" "WordPress/7.0.1; https://xedaptot.vn"
142.44.225.110 - - [16/Jul/2026:14:29:25 +0000] "GET /product/xe-dap-tre-em-thong-nhat-neo-20-03/ HTTP/2" 200 26328 "-" "Mozilla/5.0 (compatible; AhrefsBot/7.0; +http://ahrefs.com/robot/)"
65.181.111.155 - - [16/Jul/2026:14:31:48 +0000] "POST /wp-cron.php?doing_wp_cron=1784212308.5468308925628662109375 HTTP/2" 200 0 "-" "WordPress/7.0.1; https://xedaptot.vn"
216.73.216.145 - - [16/Jul/2026:14:31:46 +0000] "GET /product-category/xe-dap-touring/page/2/?add_to_wishlist=4073 HTTP/2" 200 21392 "-" "Mozilla/5.0 AppleWebKit/537.36 (KHTML, like Gecko; compatible; Claude-SearchBot/1.0; [email protected])"
216.73.216.145 - - [16/Jul/2026:14:31:49 +0000] "GET /product-category/xe-dap-touring/page/2/?add_to_wishlist=5565 HTTP/2" 200 21391 "-" "Mozilla/5.0 AppleWebKit/537.36 (KHTML, like Gecko; compatible; Claude-SearchBot/1.0; [email protected])"
216.73.216.145 - - [16/Jul/2026:14:33:28 +0000] "GET /product-category/xe-dap-touring/page/2/?add_to_wishlist=3985 HTTP/2" 200 21390 "-" "Mozilla/5.0 AppleWebKit/537.36 (KHTML, like Gecko; compatible; Claude-SearchBot/1.0; [email protected])"
65.181.111.155 - - [16/Jul/2026:14:35:04 +0000] "POST /wp-cron.php?doing_wp_cron=1784212504.4735429286956787109375 HTTP/2" 200 0 "-" "WordPress/7.0.1; https://xedaptot.vn"
65.181.111.155 - - [16/Jul/2026:14:37:33 +0000] "POST /wp-cron.php?doing_wp_cron=1784212653.1996190547943115234375 HTTP/2" 200 0 "-" "WordPress/7.0.1; https://xedaptot.vn"
65.181.111.155 - - [16/Jul/2026:14:23:11 +0000] "POST /wp-cron.php?doing_wp_cron=1784211791.3924849033355712890625 HTTP/2" 200 0 "-" "WordPress/7.0.1; https://xedaptot.vn"
65.181.111.155 - - [16/Jul/2026:14:24:53 +0000] "POST /wp-cron.php?doing_wp_cron=1784211893.8298079967498779296875 HTTP/2" 200 0 "-" "WordPress/7.0.1; https://xedaptot.vn"
216.73.216.145 - - [16/Jul/2026:14:24:52 +0000] "GET /product-category/xe-dap-touring/page/2/?add_to_wishlist=3929 HTTP/2" 200 21389 "-" "Mozilla/5.0 AppleWebKit/537.36 (KHTML, like Gecko; compatible; Claude-SearchBot/1.0; [email protected])"
65.181.111.155 - - [16/Jul/2026:14:33:05 +0000] "POST /wp-cron.php?doing_wp_cron=1784212385.4380919933319091796875 HTTP/2" 200 0 "-" "WordPress/7.0.1; https://xedaptot.vn"
216.73.216.145 - - [16/Jul/2026:14:33:04 +0000] "GET /product-category/xe-dap-touring/page/2/?add_to_wishlist=5583 HTTP/2" 200 21392 "-" "Mozilla/5.0 AppleWebKit/537.36 (KHTML, like Gecko; compatible; Claude-SearchBot/1.0; [email protected])"
216.73.216.145 - - [16/Jul/2026:14:33:05 +0000] "GET /product-category/xe-dap-touring/page/2/?add_to_wishlist=4741 HTTP/2" 200 21382 "-" "Mozilla/5.0 AppleWebKit/537.36 (KHTML, like Gecko; compatible; Claude-SearchBot/1.0; [email protected])"
148.113.128.117 - - [16/Jul/2026:14:35:03 +0000] "GET /product/xe-dap-nu-california-sophia/ HTTP/2" 200 26129 "-" "Mozilla/5.0 (compatible; AhrefsBot/7.0; +http://ahrefs.com/robot/)"
216.73.216.145 - - [16/Jul/2026:14:37:32 +0000] "GET /product-category/xe-dap-touring/page/2/?add_to_wishlist=4809 HTTP/2" 200 21392 "-" "Mozilla/5.0 AppleWebKit/537.36 (KHTML, like Gecko; compatible; Claude-SearchBot/1.0; [email protected])"
65.181.111.155 - - [16/Jul/2026:14:40:47 +0000] "POST /wp-cron.php?doing_wp_cron=1784212847.5531210899353027343750 HTTP/2" 200 0 "-" "WordPress/7.0.1; https://xedaptot.vn"
216.73.216.145 - - [16/Jul/2026:14:40:46 +0000] "GET /product-category/xe-dap-touring/page/2/?add_to_wishlist=5543 HTTP/2" 200 21390 "-" "Mozilla/5.0 AppleWebKit/537.36 (KHTML, like Gecko; compatible; Claude-SearchBot/1.0; [email protected])"
216.73.216.145 - - [16/Jul/2026:14:43:41 +0000] "GET /product-category/xe-dap-touring/page/2/?add_to_wishlist=5041 HTTP/2" 200 21381 "-" "Mozilla/5.0 AppleWebKit/537.36 (KHTML, like Gecko; compatible; Claude-SearchBot/1.0; [email protected])"
216.73.216.145 - - [16/Jul/2026:14:44:22 +0000] "GET /product-category/xe-dap-touring/page/2/?add_to_wishlist=4949 HTTP/2" 200 21392 "-" "Mozilla/5.0 AppleWebKit/537.36 (KHTML, like Gecko; compatible; Claude-SearchBot/1.0; [email protected])"
103.131.71.231 - - [16/Jul/2026:14:44:56 +0000] "GET /product/xe-dap-touring-laux-rs200/ HTTP/2" 200 25314 "-" "Mozilla/5.0 (compatible; coccocbot-web/1.0; +http://help.coccoc.com/searchengine)"
103.131.71.231 - - [16/Jul/2026:14:45:04 +0000] "GET /product-tag/xe-dap-touring-fortina-nhat-ban/ HTTP/2" 200 18616 "-" "Mozilla/5.0 (compatible; coccocbot-web/1.0; +http://help.coccoc.com/searchengine)"
2402:9d80:85e:37f0:1a9:4cb2:6f5e:67b5 - - [16/Jul/2026:14:48:02 +0000] "GET /product/xe-dap-dua-dkaln-rs200/ HTTP/2" 200 26851 "https://www.google.com/" "Mozilla/5.0 (Linux; Android 10; K) AppleWebKit/537.36 (KHTML, like Gecko) Chrome/150.0.0.0 Safari/537.36"
2402:9d80:85e:37f0:1a9:4cb2:6f5e:67b5 - - [16/Jul/2026:14:48:04 +0000] "GET /wp-content/plugins/woocommerce/assets/css/photoswipe/default-skin/default-skin.min.css?ver=10.9.4 HTTP/2" 304 0 "https://xedaptot.vn/product/xe-dap-dua-dkaln-rs200/" "Mozilla/5.0 (Linux; Android 10; K) AppleWebKit/537.36 (KHTML, like Gecko) Chrome/150.0.0.0 Safari/537.36"
2402:9d80:85e:37f0:1a9:4cb2:6f5e:67b5 - - [16/Jul/2026:14:48:04 +0000] "GET /wp-content/plugins/woocommerce/assets/css/photoswipe/photoswipe.min.css?ver=10.9.4 HTTP/2" 304 0 "https://xedaptot.vn/product/xe-dap-dua-dkaln-rs200/" "Mozilla/5.0 (Linux; Android 10; K) AppleWebKit/537.36 (KHTML, like Gecko) Chrome/150.0.0.0 Safari/537.36"
2402:9d80:85e:37f0:1a9:4cb2:6f5e:67b5 - - [16/Jul/2026:14:48:05 +0000] "GET /wp-content/plugins/woocommerce/assets/client/blocks/wc-blocks.css?ver=wc-10.9.4 HTTP/2" 304 0 "https://xedaptot.vn/product/xe-dap-dua-dkaln-rs200/" "Mozilla/5.0 (Linux; Android 10; K) AppleWebKit/537.36 (KHTML, like Gecko) Chrome/150.0.0.0 Safari/537.36"
2402:9d80:85e:37f0:1a9:4cb2:6f5e:67b5 - - [16/Jul/2026:14:48:05 +0000] "GET /wp-content/plugins/woocommerce/assets/js/zoom/jquery.zoom.min.js?ver=1.7.21-wc.10.9.4 HTTP/2" 304 0 "https://xedaptot.vn/product/xe-dap-dua-dkaln-rs200/" "Mozilla/5.0 (Linux; Android 10; K) AppleWebKit/537.36 (KHTML, like Gecko) Chrome/150.0.0.0 Safari/537.36"
2402:9d80:85e:37f0:1a9:4cb2:6f5e:67b5 - - [16/Jul/2026:14:48:05 +0000] "GET /wp-content/plugins/woocommerce/assets/js/frontend/woocommerce.min.js?ver=10.9.4 HTTP/2" 304 0 "https://xedaptot.vn/product/xe-dap-dua-dkaln-rs200/" "Mozilla/5.0 (Linux; Android 10; K) AppleWebKit/537.36 (KHTML, like Gecko) Chrome/150.0.0.0 Safari/537.36"
2402:9d80:85e:37f0:1a9:4cb2:6f5e:67b5 - - [16/Jul/2026:14:48:05 +0000] "GET /wp-content/plugins/woocommerce/assets/js/frontend/single-product.min.js?ver=10.9.4 HTTP/2" 304 0 "https://xedaptot.vn/product/xe-dap-dua-dkaln-rs200/" "Mozilla/5.0 (Linux; Android 10; K) AppleWebKit/537.36 (KHTML, like Gecko) Chrome/150.0.0.0 Safari/537.36"
2402:9d80:85e:37f0:1a9:4cb2:6f5e:67b5 - - [16/Jul/2026:14:48:05 +0000] "GET /wp-content/plugins/woocommerce/assets/js/jquery-blockui/jquery.blockUI.min.js?ver=2.7.0-wc.10.9.4 HTTP/2" 304 0 "https://xedaptot.vn/product/xe-dap-dua-dkaln-rs200/" "Mozilla/5.0 (Linux; Android 10; K) AppleWebKit/537.36 (KHTML, like Gecko) Chrome/150.0.0.0 Safari/537.36"
51.161.65.226 - - [16/Jul/2026:14:40:47 +0000] "GET /product/xe-dap-nu-bdf/ HTTP/2" 200 25513 "-" "Mozilla/5.0 (compatible; AhrefsBot/7.0; +http://ahrefs.com/robot/)"
65.181.111.155 - - [16/Jul/2026:14:41:52 +0000] "POST /wp-cron.php?doing_wp_cron=1784212912.8541870117187500000000 HTTP/2" 200 0 "-" "WordPress/7.0.1; https://xedaptot.vn"
216.73.216.145 - - [16/Jul/2026:14:41:51 +0000] "GET /product-category/xe-dap-touring/page/2/?add_to_wishlist=4204 HTTP/2" 200 21382 "-" "Mozilla/5.0 AppleWebKit/537.36 (KHTML, like Gecko; compatible; Claude-SearchBot/1.0; [email protected])"
216.73.216.145 - - [16/Jul/2026:14:41:56 +0000] "GET /product-category/xe-dap-touring/page/2/?add_to_wishlist=4175 HTTP/2" 200 21384 "-" "Mozilla/5.0 AppleWebKit/537.36 (KHTML, like Gecko; compatible; Claude-SearchBot/1.0; [email protected])"
65.181.111.155 - - [16/Jul/2026:14:43:42 +0000] "POST /wp-cron.php?doing_wp_cron=1784213022.8715000152587890625000 HTTP/2" 200 0 "-" "WordPress/7.0.1; https://xedaptot.vn"
143.198.169.88 - - [16/Jul/2026:14:44:31 +0000] "GET /wp-content/uploads/2023/04/XDTN_MTB2004_Temdo-720x480-1-600x400.jpg HTTP/2" 200 36181 "https://xedaptot.vn/" "Mozilla/5.0 (Windows NT 10.0; Win64; x64) AppleWebKit/537.36 (KHTML, like Gecko) Chrome/108.0.0.0 Safari/537.36"
103.131.71.231 - - [16/Jul/2026:14:45:00 +0000] "GET /product/xe-dap-touring-louis-garneau-lgs-ch-2024/ HTTP/2" 200 26687 "-" "Mozilla/5.0 (compatible; coccocbot-web/1.0; +http://help.coccoc.com/searchengine)"
65.181.111.155 - - [16/Jul/2026:14:48:03 +0000] "POST /wp-cron.php?doing_wp_cron=1784213283.6426908969879150390625 HTTP/2" 200 0 "-" "WordPress/7.0.1; https://xedaptot.vn"
2402:9d80:85e:37f0:1a9:4cb2:6f5e:67b5 - - [16/Jul/2026:14:48:04 +0000] "GET /wp-content/uploads/2024/08/xe-dap-dua-dkaln-rs200-1024x1024.jpg HTTP/2" 200 255702 "https://xedaptot.vn/product/xe-dap-dua-dkaln-rs200/" "Mozilla/5.0 (Linux; Android 10; K) AppleWebKit/537.36 (KHTML, like Gecko) Chrome/150.0.0.0 Safari/537.36"
2402:9d80:85e:37f0:1a9:4cb2:6f5e:67b5 - - [16/Jul/2026:14:48:05 +0000] "GET /wp-content/plugins/woocommerce/assets/js/frontend/order-attribution.min.js?ver=10.9.4 HTTP/2" 304 0 "https://xedaptot.vn/product/xe-dap-dua-dkaln-rs200/" "Mozilla/5.0 (Linux; Android 10; K) AppleWebKit/537.36 (KHTML, like Gecko) Chrome/150.0.0.0 Safari/537.36"
2402:9d80:85e:37f0:1a9:4cb2:6f5e:67b5 - - [16/Jul/2026:14:48:05 +0000] "GET /wp-content/plugins/woocommerce/assets/js/sourcebuster/sourcebuster.min.js?ver=10.9.4 HTTP/2" 304 0 "https://xedaptot.vn/product/xe-dap-dua-dkaln-rs200/" "Mozilla/5.0 (Linux; Android 10; K) AppleWebKit/537.36 (KHTML, like Gecko) Chrome/150.0.0.0 Safari/537.36"
2402:9d80:85e:37f0:1a9:4cb2:6f5e:67b5 - - [16/Jul/2026:14:48:05 +0000] "GET /wp-content/plugins/woocommerce/assets/js/photoswipe/photoswipe.min.js?ver=4.1.1-wc.10.9.4 HTTP/2" 304 0 "https://xedaptot.vn/product/xe-dap-dua-dkaln-rs200/" "Mozilla/5.0 (Linux; Android 10; K) AppleWebKit/537.36 (KHTML, like Gecko) Chrome/150.0.0.0 Safari/537.36"
2402:9d80:85e:37f0:1a9:4cb2:6f5e:67b5 - - [16/Jul/2026:14:48:05 +0000] "GET /wp-content/plugins/woocommerce/assets/js/frontend/cart-fragments.min.js?ver=10.9.4 HTTP/2" 304 0 "https://xedaptot.vn/product/xe-dap-dua-dkaln-rs200/" "Mozilla/5.0 (Linux; Android 10; K) AppleWebKit/537.36 (KHTML, like Gecko) Chrome/150.0.0.0 Safari/537.36"
2402:9d80:85e:37f0:1a9:4cb2:6f5e:67b5 - - [16/Jul/2026:14:48:05 +0000] "GET /wp-content/plugins/woocommerce/assets/js/js-cookie/js.cookie.min.js?ver=2.1.4-wc.10.9.4 HTTP/2" 304 0 "https://xedaptot.vn/product/xe-dap-dua-dkaln-rs200/" "Mozilla/5.0 (Linux; Android 10; K) AppleWebKit/537.36 (KHTML, like Gecko) Chrome/150.0.0.0 Safari/537.36"
2402:9d80:85e:37f0:1a9:4cb2:6f5e:67b5 - - [16/Jul/2026:14:48:05 +0000] "GET /wp-content/uploads/2024/08/z5689575124583_dc12fc28fa13515da3c4298fdf0a8110-1024x682.jpg HTTP/2" 200 87246 "https://xedaptot.vn/product/xe-dap-dua-dkaln-rs200/" "Mozilla/5.0 (Linux; Android 10; K) AppleWebKit/537.36 (KHTML, like Gecko) Chrome/150.0.0.0 Safari/537.36"
2402:9d80:85e:37f0:1a9:4cb2:6f5e:67b5 - - [16/Jul/2026:14:48:05 +0000] "GET /wp-content/plugins/woocommerce/assets/js/photoswipe/photoswipe-ui-default.min.js?ver=4.1.1-wc.10.9.4 HTTP/2" 304 0 "https://xedaptot.vn/product/xe-dap-dua-dkaln-rs200/" "Mozilla/5.0 (Linux; Android 10; K) AppleWebKit/537.36 (KHTML, like Gecko) Chrome/150.0.0.0 Safari/537.36"
2402:9d80:85e:37f0:1a9:4cb2:6f5e:67b5 - - [16/Jul/2026:14:48:06 +0000] "GET /wp-admin/admin-ajax.php?action=products_live_search&fn=get_ajax_search HTTP/2" 200 6 "https://xedaptot.vn/product/xe-dap-dua-dkaln-rs200/" "Mozilla/5.0 (Linux; Android 10; K) AppleWebKit/537.36 (KHTML, like Gecko) Chrome/150.0.0.0 Safari/537.36"
2402:9d80:85e:37f0:1a9:4cb2:6f5e:67b5 - - [16/Jul/2026:14:48:07 +0000] "GET /wp-content/uploads/2024/08/z5689575142541_1188964316470f2c783ebfa587b14ef5.jpg HTTP/2" 200 186835 "https://xedaptot.vn/product/xe-dap-dua-dkaln-rs200/" "Mozilla/5.0 (Linux; Android 10; K) AppleWebKit/537.36 (KHTML, like Gecko) Chrome/150.0.0.0 Safari/537.36"
2402:9d80:85e:37f0:1a9:4cb2:6f5e:67b5 - - [16/Jul/2026:14:48:07 +0000] "POST /?wc-ajax=get_refreshed_fragments HTTP/2" 200 615 "https://xedaptot.vn/product/xe-dap-dua-dkaln-rs200/" "Mozilla/5.0 (Linux; Android 10; K) AppleWebKit/537.36 (KHTML, like Gecko) Chrome/150.0.0.0 Safari/537.36"
2a03:2880:f800:4:: - - [16/Jul/2026:14:50:30 +0000] "GET /wp-content/uploads/2022/06/0-binh_nuoc_tour_de_france_master.jpg HTTP/2" 200 25177 "-" "Mozilla/5.0 (Windows NT 10.0; Win64; x64) AppleWebKit/537.36 (KHTML, like Gecko) Chrome/145.0.0.0 Safari/537.36 (compatible; meta-webindexer/1.1 (+https://developers.facebook.com/docs/sharing/webmasters/crawler))"
65.181.111.155 - - [16/Jul/2026:14:52:07 +0000] "POST /wp-cron.php?doing_wp_cron=1784213527.8660221099853515625000 HTTP/2" 200 0 "-" "WordPress/7.0.1; https://xedaptot.vn"
216.73.216.145 - - [16/Jul/2026:14:52:06 +0000] "GET /product-category/xe-dap-touring/page/2/?add_to_wishlist=4104 HTTP/2" 200 21383 "-" "Mozilla/5.0 AppleWebKit/537.36 (KHTML, like Gecko; compatible; Claude-SearchBot/1.0; [email protected])"
216.73.216.145 - - [16/Jul/2026:14:52:10 +0000] "GET /product-category/xe-dap-touring/page/1/?add_to_wishlist=4741 HTTP/2" 301 0 "-" "Mozilla/5.0 AppleWebKit/537.36 (KHTML, like Gecko; compatible; Claude-SearchBot/1.0; [email protected])"
216.73.216.145 - - [16/Jul/2026:14:52:13 +0000] "GET /product-category/xe-dap-touring/?add_to_wishlist=4741 HTTP/2" 200 23747 "https://xedaptot.vn/product-category/xe-dap-touring/page/1/?add_to_wishlist=4741" "Mozilla/5.0 AppleWebKit/537.36 (KHTML, like Gecko; compatible; Claude-SearchBot/1.0; [email protected])"
2402:9d80:85e:37f0:1a9:4cb2:6f5e:67b5 - - [16/Jul/2026:14:52:37 +0000] "GET /wp-content/uploads/2024/08/z5689575142541_1188964316470f2c783ebfa587b14ef5-1024x682.jpg HTTP/2" 200 93135 "https://xedaptot.vn/product/xe-dap-dua-dkaln-rs200/" "Mozilla/5.0 (Linux; Android 10; K) AppleWebKit/537.36 (KHTML, like Gecko) Chrome/150.0.0.0 Safari/537.36"
2402:9d80:85e:37f0:1a9:4cb2:6f5e:67b5 - - [16/Jul/2026:14:52:50 +0000] "GET /wp-content/uploads/2022/06/IMG_8183-300x225.jpg HTTP/2" 304 0 "https://xedaptot.vn/product/xe-dap-dua-dkaln-rs200/" "Mozilla/5.0 (Linux; Android 10; K) AppleWebKit/537.36 (KHTML, like Gecko) Chrome/150.0.0.0 Safari/537.36"
65.181.111.155 - - [16/Jul/2026:14:53:21 +0000] "POST /wp-cron.php?doing_wp_cron=1784213601.0641179084777832031250 HTTP/2" 200 0 "-" "WordPress/7.0.1; https://xedaptot.vn"
216.73.216.145 - - [16/Jul/2026:14:53:17 +0000] "GET /product-category/xe-dap-touring/page/2/?add_to_wishlist=4851 HTTP/2" 200 21383 "-" "Mozilla/5.0 AppleWebKit/537.36 (KHTML, like Gecko; compatible; Claude-SearchBot/1.0; [email protected])"
65.181.111.155 - - [16/Jul/2026:14:54:20 +0000] "POST /wp-cron.php?doing_wp_cron=1784213660.5174059867858886718750 HTTP/2" 200 0 "-" "WordPress/7.0.1; https://xedaptot.vn"
216.73.216.145 - - [16/Jul/2026:14:54:19 +0000] "GET /robots.txt HTTP/2" 200 161 "-" "Mozilla/5.0 AppleWebKit/537.36 (KHTML, like Gecko; compatible; Claude-SearchBot/1.0; [email protected])"
216.73.216.145 - - [16/Jul/2026:14:54:20 +0000] "GET /product-category/xe-dap-touring/page/2/?add_to_wishlist=5466 HTTP/2" 200 21392 "-" "Mozilla/5.0 AppleWebKit/537.36 (KHTML, like Gecko; compatible; Claude-SearchBot/1.0; [email protected])"
65.181.111.155 - - [16/Jul/2026:14:54:41 +0000] "POST /wp-cron.php?doing_wp_cron=1784213681.1953759193420410156250 HTTP/2" 200 0 "-" "WordPress/7.0.1; https://xedaptot.vn"
216.73.216.145 - - [16/Jul/2026:14:54:39 +0000] "GET /product-category/xe-dap-touring/page/2/?add_to_wishlist=5125 HTTP/2" 200 21391 "-" "Mozilla/5.0 AppleWebKit/537.36 (KHTML, like Gecko; compatible; Claude-SearchBot/1.0; [email protected])"
65.181.111.155 - - [16/Jul/2026:14:50:03 +0000] "POST /wp-cron.php?doing_wp_cron=1784213403.7756500244140625000000 HTTP/2" 200 0 "-" "WordPress/7.0.1; https://xedaptot.vn"
216.73.216.145 - - [16/Jul/2026:14:50:02 +0000] "GET /product-category/xe-dap-touring/page/2/?add_to_wishlist=4678 HTTP/2" 200 21393 "-" "Mozilla/5.0 AppleWebKit/537.36 (KHTML, like Gecko; compatible; Claude-SearchBot/1.0; [email protected])"
2402:9d80:85e:37f0:1a9:4cb2:6f5e:67b5 - - [16/Jul/2026:14:52:23 +0000] "GET /product/xe-dap-dua-dkaln-rs200/ HTTP/2" 200 26893 "https://www.google.com/" "Mozilla/5.0 (Linux; Android 10; K) AppleWebKit/537.36 (KHTML, like Gecko) Chrome/150.0.0.0 Safari/537.36"
2402:9d80:85e:37f0:1a9:4cb2:6f5e:67b5 - - [16/Jul/2026:14:52:29 +0000] "POST /?wc-ajax=get_refreshed_fragments HTTP/2" 200 615 "https://xedaptot.vn/product/xe-dap-dua-dkaln-rs200/" "Mozilla/5.0 (Linux; Android 10; K) AppleWebKit/537.36 (KHTML, like Gecko) Chrome/150.0.0.0 Safari/537.36"
2402:9d80:85e:37f0:1a9:4cb2:6f5e:67b5 - - [16/Jul/2026:14:52:35 +0000] "GET /wp-content/uploads/2024/08/z5689575129340_600307cfd59c5cfb91fc9f1a317aab62-1024x682.jpg HTTP/2" 200 84800 "https://xedaptot.vn/product/xe-dap-dua-dkaln-rs200/" "Mozilla/5.0 (Linux; Android 10; K) AppleWebKit/537.36 (KHTML, like Gecko) Chrome/150.0.0.0 Safari/537.36"
2402:9d80:85e:37f0:1a9:4cb2:6f5e:67b5 - - [16/Jul/2026:14:52:47 +0000] "GET /wp-content/uploads/2024/08/2024_07_28_15_05_IMG_4001.jpg HTTP/2" 200 140337 "https://xedaptot.vn/product/xe-dap-dua-dkaln-rs200/" "Mozilla/5.0 (Linux; Android 10; K) AppleWebKit/537.36 (KHTML, like Gecko) Chrome/150.0.0.0 Safari/537.36"
2402:9d80:85e:37f0:1a9:4cb2:6f5e:67b5 - - [16/Jul/2026:14:52:47 +0000] "GET /wp-content/uploads/2024/08/2024_07_28_15_06_IMG_4003.jpg HTTP/2" 200 144640 "https://xedaptot.vn/product/xe-dap-dua-dkaln-rs200/" "Mozilla/5.0 (Linux; Android 10; K) AppleWebKit/537.36 (KHTML, like Gecko) Chrome/150.0.0.0 Safari/537.36"
2402:9d80:85e:37f0:1a9:4cb2:6f5e:67b5 - - [16/Jul/2026:14:52:50 +0000] "GET /wp-content/uploads/2024/08/Xe-Dap-Dua-FUJISAN-Rc350-300x225.jpg HTTP/2" 304 0 "https://xedaptot.vn/product/xe-dap-dua-dkaln-rs200/" "Mozilla/5.0 (Linux; Android 10; K) AppleWebKit/537.36 (KHTML, like Gecko) Chrome/150.0.0.0 Safari/537.36"
2402:9d80:85e:37f0:1a9:4cb2:6f5e:67b5 - - [16/Jul/2026:14:52:50 +0000] "GET /wp-content/uploads/2023/12/Xe-Dap-Dua-CALIFORNIA-R680-600x450.jpg HTTP/2" 200 85346 "https://xedaptot.vn/product/xe-dap-dua-dkaln-rs200/" "Mozilla/5.0 (Linux; Android 10; K) AppleWebKit/537.36 (KHTML, like Gecko) Chrome/150.0.0.0 Safari/537.36"
2402:9d80:85e:37f0:1a9:4cb2:6f5e:67b5 - - [16/Jul/2026:14:52:50 +0000] "GET /wp-content/uploads/2023/08/Xe-Dap-Dua-GALAXY-RL420-1-600x450.jpg HTTP/2" 200 81325 "https://xedaptot.vn/product/xe-dap-dua-dkaln-rs200/" "Mozilla/5.0 (Linux; Android 10; K) AppleWebKit/537.36 (KHTML, like Gecko) Chrome/150.0.0.0 Safari/537.36"
2402:9d80:85e:37f0:1a9:4cb2:6f5e:67b5 - - [16/Jul/2026:14:52:50 +0000] "GET /wp-content/uploads/2023/10/2023_09_28_17_03_IMG_1364-300x225.jpg HTTP/2" 304 0 "https://xedaptot.vn/product/xe-dap-dua-dkaln-rs200/" "Mozilla/5.0 (Linux; Android 10; K) AppleWebKit/537.36 (KHTML, like Gecko) Chrome/150.0.0.0 Safari/537.36"
103.131.71.28 - - [16/Jul/2026:14:58:13 +0000] "GET /wp-content/uploads/2023/12/2024_06_19_17_32_IMG_3692.jpg HTTP/2" 200 179645 "-" "Mozilla/5.0 (compatible; coccocbot-image/1.0; +http://help.coccoc.com/searchengine)"
103.131.71.28 - - [16/Jul/2026:14:58:17 +0000] "GET /wp-content/uploads/2023/12/2024_06_19_17_32_IMG_3693.jpg HTTP/2" 200 184680 "-" "Mozilla/5.0 (compatible; coccocbot-image/1.0; +http://help.coccoc.com/searchengine)"
103.131.71.28 - - [16/Jul/2026:14:58:22 +0000] "GET /wp-content/uploads/2023/12/2024_06_19_17_32_IMG_3694.jpg HTTP/2" 200 187877 "-" "Mozilla/5.0 (compatible; coccocbot-image/1.0; +http://help.coccoc.com/searchengine)"
103.131.71.28 - - [16/Jul/2026:14:58:34 +0000] "GET /wp-content/uploads/2023/12/2024_06_19_17_33_IMG_3697.jpg HTTP/2" 200 107114 "-" "Mozilla/5.0 (compatible; coccocbot-image/1.0; +http://help.coccoc.com/searchengine)"
103.131.71.28 - - [16/Jul/2026:14:58:38 +0000] "GET /sitemap_index.xml HTTP/2" 200 284 "-" "Mozilla/5.0 (compatible; coccocbot-image/1.0; +http://help.coccoc.com/searchengine)"
65.181.111.155 - - [16/Jul/2026:15:00:10 +0000] "POST /wp-cron.php?doing_wp_cron=1784214010.4710259437561035156250 HTTP/2" 200 0 "-" "WordPress/7.0.1; https://xedaptot.vn"
65.181.111.155 - - [16/Jul/2026:15:02:15 +0000] "POST /wp-cron.php?doing_wp_cron=1784214134.9981269836425781250000 HTTP/2" 200 0 "-" "WordPress/7.0.1; https://xedaptot.vn"
216.73.216.145 - - [16/Jul/2026:15:02:13 +0000] "GET /product-category/xe-dap-touring/page/1/?add_to_wishlist=5565 HTTP/2" 301 0 "-" "Mozilla/5.0 AppleWebKit/537.36 (KHTML, like Gecko; compatible; Claude-SearchBot/1.0; [email protected])"
216.73.216.145 - - [16/Jul/2026:15:02:15 +0000] "GET /product-category/xe-dap-touring/?add_to_wishlist=5565 HTTP/2" 200 23743 "https://xedaptot.vn/product-category/xe-dap-touring/page/1/?add_to_wishlist=5565" "Mozilla/5.0 AppleWebKit/537.36 (KHTML, like Gecko; compatible; Claude-SearchBot/1.0; [email protected])"
216.73.216.145 - - [16/Jul/2026:15:02:16 +0000] "GET /product-category/xe-dap-touring/page/1/?add_to_wishlist=3199 HTTP/2" 301 0 "-" "Mozilla/5.0 AppleWebKit/537.36 (KHTML, like Gecko; compatible; Claude-SearchBot/1.0; [email protected])"
216.73.216.145 - - [16/Jul/2026:15:02:19 +0000] "GET /product-category/xe-dap-touring/page/1/?add_to_wishlist=4606 HTTP/2" 301 0 "-" "Mozilla/5.0 AppleWebKit/537.36 (KHTML, like Gecko; compatible; Claude-SearchBot/1.0; [email protected])"
216.73.216.145 - - [16/Jul/2026:15:02:19 +0000] "GET /product-category/xe-dap-touring/?add_to_wishlist=3199 HTTP/2" 200 23724 "https://xedaptot.vn/product-category/xe-dap-touring/page/1/?add_to_wishlist=3199" "Mozilla/5.0 AppleWebKit/537.36 (KHTML, like Gecko; compatible; Claude-SearchBot/1.0; [email protected])"
216.73.216.145 - - [16/Jul/2026:15:02:21 +0000] "GET /product-category/xe-dap-touring/page/1/?add_to_wishlist=4036 HTTP/2" 301 0 "-" "Mozilla/5.0 AppleWebKit/537.36 (KHTML, like Gecko; compatible; Claude-SearchBot/1.0; [email protected])"
216.73.216.145 - - [16/Jul/2026:15:02:20 +0000] "GET /product-category/xe-dap-touring/?add_to_wishlist=4606 HTTP/2" 200 23724 "https://xedaptot.vn/product-category/xe-dap-touring/page/1/?add_to_wishlist=4606" "Mozilla/5.0 AppleWebKit/537.36 (KHTML, like Gecko; compatible; Claude-SearchBot/1.0; [email protected])"
216.73.216.145 - - [16/Jul/2026:15:02:23 +0000] "GET /product-category/xe-dap-touring/?add_to_wishlist=4036 HTTP/2" 200 23751 "https://xedaptot.vn/product-category/xe-dap-touring/page/1/?add_to_wishlist=4036" "Mozilla/5.0 AppleWebKit/537.36 (KHTML, like Gecko; compatible; Claude-SearchBot/1.0; [email protected])"
65.181.111.155 - - [16/Jul/2026:15:03:30 +0000] "POST /wp-cron.php?doing_wp_cron=1784214210.5129361152648925781250 HTTP/2" 200 0 "-" "WordPress/7.0.1; https://xedaptot.vn"
65.181.111.155 - - [16/Jul/2026:15:03:36 +0000] "POST /wp-cron.php?doing_wp_cron=1784214216.1216299533843994140625 HTTP/2" 200 0 "-" "WordPress/7.0.1; https://xedaptot.vn"
66.249.74.11 - - [16/Jul/2026:15:03:57 +0000] "GET /wp-content/uploads/2024/09/2024_08_26_16_49_IMG_4349.jpg HTTP/2" 200 210728 "-" "Googlebot-Image/1.0"
52.167.144.214 - - [16/Jul/2026:15:04:08 +0000] "GET /product/xe-dap-the-thao-dkaln-666/feed/ HTTP/2" 200 468 "-" "Mozilla/5.0 AppleWebKit/537.36 (KHTML, like Gecko; compatible; bingbot/2.0; +http://www.bing.com/bingbot.htm) Chrome/116.0.1938.76 Safari/537.36"
103.131.71.28 - - [16/Jul/2026:14:58:26 +0000] "GET /wp-content/uploads/2023/12/2024_06_19_17_32_IMG_3695.jpg HTTP/2" 200 139924 "-" "Mozilla/5.0 (compatible; coccocbot-image/1.0; +http://help.coccoc.com/searchengine)"
103.131.71.28 - - [16/Jul/2026:14:58:30 +0000] "GET /wp-content/uploads/2023/12/2024_06_19_17_32_IMG_3696.jpg HTTP/2" 200 190405 "-" "Mozilla/5.0 (compatible; coccocbot-image/1.0; +http://help.coccoc.com/searchengine)"
65.181.111.155 - - [16/Jul/2026:14:58:39 +0000] "POST /wp-cron.php?doing_wp_cron=1784213919.4481799602508544921875 HTTP/2" 200 0 "-" "WordPress/7.0.1; https://xedaptot.vn"
216.73.216.145 - - [16/Jul/2026:15:00:09 +0000] "GET /product-category/xe-dap-touring/page/1/?add_to_wishlist=2175 HTTP/2" 301 0 "-" "Mozilla/5.0 AppleWebKit/537.36 (KHTML, like Gecko; compatible; Claude-SearchBot/1.0; [email protected])"
216.73.216.145 - - [16/Jul/2026:15:00:10 +0000] "GET /product-category/xe-dap-touring/?add_to_wishlist=2175 HTTP/2" 200 23749 "https://xedaptot.vn/product-category/xe-dap-touring/page/1/?add_to_wishlist=2175" "Mozilla/5.0 AppleWebKit/537.36 (KHTML, like Gecko; compatible; Claude-SearchBot/1.0; [email protected])"
216.73.216.145 - - [16/Jul/2026:15:00:14 +0000] "GET /product-category/xe-dap-touring/page/1/?add_to_wishlist=2192 HTTP/2" 301 0 "-" "Mozilla/5.0 AppleWebKit/537.36 (KHTML, like Gecko; compatible; Claude-SearchBot/1.0; [email protected])"
216.73.216.145 - - [16/Jul/2026:15:00:16 +0000] "GET /product-category/xe-dap-touring/?add_to_wishlist=2192 HTTP/2" 200 23745 "https://xedaptot.vn/product-category/xe-dap-touring/page/1/?add_to_wishlist=2192" "Mozilla/5.0 AppleWebKit/537.36 (KHTML, like Gecko; compatible; Claude-SearchBot/1.0; [email protected])"
216.73.216.145 - - [16/Jul/2026:15:03:29 +0000] "GET /product-category/xe-dap-touring/page/1/?add_to_wishlist=5583 HTTP/2" 301 0 "-" "Mozilla/5.0 AppleWebKit/537.36 (KHTML, like Gecko; compatible; Claude-SearchBot/1.0; [email protected])"
216.73.216.145 - - [16/Jul/2026:15:03:30 +0000] "GET /product-category/xe-dap-touring/?add_to_wishlist=5583 HTTP/2" 200 23738 "https://xedaptot.vn/product-category/xe-dap-touring/page/1/?add_to_wishlist=5583" "Mozilla/5.0 AppleWebKit/537.36 (KHTML, like Gecko; compatible; Claude-SearchBot/1.0; [email protected])"
216.73.216.145 - - [16/Jul/2026:15:03:33 +0000] "GET /product-category/xe-dap-touring/page/1/?add_to_wishlist=4073 HTTP/2" 301 0 "-" "Mozilla/5.0 AppleWebKit/537.36 (KHTML, like Gecko; compatible; Claude-SearchBot/1.0; [email protected])"
216.73.216.145 - - [16/Jul/2026:15:03:34 +0000] "GET /product-category/xe-dap-touring/?add_to_wishlist=4073 HTTP/2" 200 23746 "https://xedaptot.vn/product-category/xe-dap-touring/page/1/?add_to_wishlist=4073" "Mozilla/5.0 AppleWebKit/537.36 (KHTML, like Gecko; compatible; Claude-SearchBot/1.0; [email protected])"
65.181.111.155 - - [16/Jul/2026:15:04:53 +0000] "POST /wp-cron.php?doing_wp_cron=1784214293.4177050590515136718750 HTTP/2" 200 0 "-" "WordPress/7.0.1; https://xedaptot.vn"
216.73.216.145 - - [16/Jul/2026:15:04:52 +0000] "GET /product-category/xe-dap-touring/page/1/?add_to_wishlist=4809 HTTP/2" 301 0 "-" "Mozilla/5.0 AppleWebKit/537.36 (KHTML, like Gecko; compatible; Claude-SearchBot/1.0; [email protected])"
216.73.216.145 - - [16/Jul/2026:15:04:53 +0000] "GET /product-category/xe-dap-touring/?add_to_wishlist=4809 HTTP/2" 200 23751 "https://xedaptot.vn/product-category/xe-dap-touring/page/1/?add_to_wishlist=4809" "Mozilla/5.0 AppleWebKit/537.36 (KHTML, like Gecko; compatible; Claude-SearchBot/1.0; [email protected])"
65.181.111.155 - - [16/Jul/2026:15:07:00 +0000] "POST /wp-cron.php?doing_wp_cron=1784214420.8685779571533203125000 HTTP/2" 200 0 "-" "WordPress/7.0.1; https://xedaptot.vn"
65.181.111.155 - - [16/Jul/2026:15:07:50 +0000] "POST /wp-cron.php?doing_wp_cron=1784214470.5367600917816162109375 HTTP/2" 200 0 "-" "WordPress/7.0.1; https://xedaptot.vn"
65.181.111.155 - - [16/Jul/2026:15:10:25 +0000] "POST /wp-cron.php?doing_wp_cron=1784214625.6529989242553710937500 HTTP/2" 200 0 "-" "WordPress/7.0.1; https://xedaptot.vn"
216.73.216.145 - - [16/Jul/2026:15:10:24 +0000] "GET /product-category/xe-dap-touring/page/1/?add_to_wishlist=4175 HTTP/2" 301 0 "-" "Mozilla/5.0 AppleWebKit/537.36 (KHTML, like Gecko; compatible; Claude-SearchBot/1.0; [email protected])"
216.73.216.145 - - [16/Jul/2026:15:10:25 +0000] "GET /product-category/xe-dap-touring/?add_to_wishlist=4175 HTTP/2" 200 23724 "https://xedaptot.vn/product-category/xe-dap-touring/page/1/?add_to_wishlist=4175" "Mozilla/5.0 AppleWebKit/537.36 (KHTML, like Gecko; compatible; Claude-SearchBot/1.0; [email protected])"
216.73.216.145 - - [16/Jul/2026:15:10:27 +0000] "GET /product-category/xe-dap-touring/page/1/?add_to_wishlist=4204 HTTP/2" 301 0 "-" "Mozilla/5.0 AppleWebKit/537.36 (KHTML, like Gecko; compatible; Claude-SearchBot/1.0; [email protected])"
216.73.216.145 - - [16/Jul/2026:15:10:28 +0000] "GET /product-category/xe-dap-touring/?add_to_wishlist=4204 HTTP/2" 200 23749 "https://xedaptot.vn/product-category/xe-dap-touring/page/1/?add_to_wishlist=4204" "Mozilla/5.0 AppleWebKit/537.36 (KHTML, like Gecko; compatible; Claude-SearchBot/1.0; [email protected])"
66.249.74.11 - - [16/Jul/2026:15:11:05 +0000] "GET /wp-includes/js/jquery/jquery.min.js?ver=3.7.1 HTTP/2" 200 29744 "https://xedaptot.vn/product/binh-nuoc-magicbross/" "Mozilla/5.0 (Linux; Android 6.0.1; Nexus 5X Build/MMB29P) AppleWebKit/537.36 (KHTML, like Gecko) Chrome/150.0.7871.124 Mobile Safari/537.36 (compatible; Googlebot/2.1; +http://www.google.com/bot.html)"
66.249.74.10 - - [16/Jul/2026:15:11:10 +0000] "GET /wp-content/plugins/wpforms-lite/assets/js/frontend/fields/address.min.js?ver=1.10.2.1 HTTP/2" 200 672 "https://xedaptot.vn/product/binh-nuoc-magicbross/" "Mozilla/5.0 (Linux; Android 6.0.1; Nexus 5X Build/MMB29P) AppleWebKit/537.36 (KHTML, like Gecko) Chrome/150.0.7871.124 Mobile Safari/537.36 (compatible; Googlebot/2.1; +http://www.google.com/bot.html)"
65.181.111.155 - - [16/Jul/2026:15:11:13 +0000] "POST /wp-cron.php?doing_wp_cron=1784214673.4263370037078857421875 HTTP/2" 200 0 "-" "WordPress/7.0.1; https://xedaptot.vn"
66.249.74.9 - - [16/Jul/2026:15:11:12 +0000] "GET /wp-admin/admin-ajax.php?action=products_live_search&fn=get_ajax_search HTTP/2" 200 6 "https://xedaptot.vn/product/binh-nuoc-magicbross/" "Mozilla/5.0 (Linux; Android 6.0.1; Nexus 5X Build/MMB29P) AppleWebKit/537.36 (KHTML, like Gecko) Chrome/150.0.7871.124 Mobile Safari/537.36 (compatible; Googlebot/2.1; +http://www.google.com/bot.html)"
66.249.74.9 - - [16/Jul/2026:15:11:13 +0000] "POST /?wc-ajax=get_refreshed_fragments HTTP/2" 200 615 "https://xedaptot.vn/product/binh-nuoc-magicbross/" "Mozilla/5.0 (Linux; Android 6.0.1; Nexus 5X Build/MMB29P) AppleWebKit/537.36 (KHTML, like Gecko) Chrome/150.0.7871.124 Mobile Safari/537.36 (compatible; Googlebot/2.1; +http://www.google.com/bot.html)"
216.73.216.145 - - [16/Jul/2026:15:04:55 +0000] "GET /product-category/xe-dap-touring/page/1/?add_to_wishlist=3985 HTTP/2" 301 0 "-" "Mozilla/5.0 AppleWebKit/537.36 (KHTML, like Gecko; compatible; Claude-SearchBot/1.0; [email protected])"
216.73.216.145 - - [16/Jul/2026:15:04:56 +0000] "GET /product-category/xe-dap-touring/?add_to_wishlist=3985 HTTP/2" 200 23751 "https://xedaptot.vn/product-category/xe-dap-touring/page/1/?add_to_wishlist=3985" "Mozilla/5.0 AppleWebKit/537.36 (KHTML, like Gecko; compatible; Claude-SearchBot/1.0; [email protected])"
216.73.216.145 - - [16/Jul/2026:15:06:59 +0000] "GET /product-category/xe-dap-touring/page/1/?add_to_wishlist=4982 HTTP/2" 301 0 "-" "Mozilla/5.0 AppleWebKit/537.36 (KHTML, like Gecko; compatible; Claude-SearchBot/1.0; [email protected])"
216.73.216.145 - - [16/Jul/2026:15:07:00 +0000] "GET /product-category/xe-dap-touring/?add_to_wishlist=4982 HTTP/2" 200 23743 "https://xedaptot.vn/product-category/xe-dap-touring/page/1/?add_to_wishlist=4982" "Mozilla/5.0 AppleWebKit/537.36 (KHTML, like Gecko; compatible; Claude-SearchBot/1.0; [email protected])"
216.73.216.145 - - [16/Jul/2026:15:07:02 +0000] "GET /product-category/xe-dap-touring/page/1/?add_to_wishlist=5543 HTTP/2" 301 0 "-" "Mozilla/5.0 AppleWebKit/537.36 (KHTML, like Gecko; compatible; Claude-SearchBot/1.0; [email protected])"
216.73.216.145 - - [16/Jul/2026:15:07:04 +0000] "GET /product-category/xe-dap-touring/?add_to_wishlist=5543 HTTP/2" 200 23741 "https://xedaptot.vn/product-category/xe-dap-touring/page/1/?add_to_wishlist=5543" "Mozilla/5.0 AppleWebKit/537.36 (KHTML, like Gecko; compatible; Claude-SearchBot/1.0; [email protected])"
148.113.128.140 - - [16/Jul/2026:15:07:49 +0000] "GET /product/gat-de-shimano-deore-fd-m610-10/ HTTP/2" 200 25667 "-" "Mozilla/5.0 (compatible; AhrefsBot/7.0; +http://ahrefs.com/robot/)"
66.249.74.9 - - [16/Jul/2026:15:08:07 +0000] "GET /product/binh-nuoc-magicbross/ HTTP/2" 200 25332 "-" "Mozilla/5.0 (Linux; Android 6.0.1; Nexus 5X Build/MMB29P) AppleWebKit/537.36 (KHTML, like Gecko) Chrome/150.0.7871.124 Mobile Safari/537.36 (compatible; Googlebot/2.1; +http://www.google.com/bot.html)"
66.249.74.9 - - [16/Jul/2026:15:11:05 +0000] "GET /wp-content/themes/tokoo/assets/css/colors/green.css?ver=1.2.1 HTTP/2" 200 3731 "https://xedaptot.vn/product/binh-nuoc-magicbross/" "Mozilla/5.0 (Linux; Android 6.0.1; Nexus 5X Build/MMB29P) AppleWebKit/537.36 (KHTML, like Gecko) Chrome/150.0.7871.124 Mobile Safari/537.36 (compatible; Googlebot/2.1; +http://www.google.com/bot.html)"
66.249.74.10 - - [16/Jul/2026:15:11:06 +0000] "GET /wp-includes/js/jquery/jquery-migrate.min.js?ver=3.4.1 HTTP/2" 200 4678 "https://xedaptot.vn/product/binh-nuoc-magicbross/" "Mozilla/5.0 (Linux; Android 6.0.1; Nexus 5X Build/MMB29P) AppleWebKit/537.36 (KHTML, like Gecko) Chrome/150.0.7871.124 Mobile Safari/537.36 (compatible; Googlebot/2.1; +http://www.google.com/bot.html)"
66.249.74.10 - - [16/Jul/2026:15:11:09 +0000] "GET /wp-content/plugins/wpforms-lite/assets/lib/jquery.validate.min.js?ver=1.21.0 HTTP/2" 200 7806 "https://xedaptot.vn/product/binh-nuoc-magicbross/" "Mozilla/5.0 (Linux; Android 6.0.1; Nexus 5X Build/MMB29P) AppleWebKit/537.36 (KHTML, like Gecko) Chrome/150.0.7871.124 Mobile Safari/537.36 (compatible; Googlebot/2.1; +http://www.google.com/bot.html)"
66.249.74.9 - - [16/Jul/2026:15:11:10 +0000] "GET /wp-content/plugins/wpforms-lite/assets/js/frontend/wpforms.min.js?ver=1.10.2.1 HTTP/2" 200 14946 "https://xedaptot.vn/product/binh-nuoc-magicbross/" "Mozilla/5.0 (Linux; Android 6.0.1; Nexus 5X Build/MMB29P) AppleWebKit/537.36 (KHTML, like Gecko) Chrome/150.0.7871.124 Mobile Safari/537.36 (compatible; Googlebot/2.1; +http://www.google.com/bot.html)"
65.181.111.155 - - [16/Jul/2026:15:12:30 +0000] "POST /wp-cron.php?doing_wp_cron=1784214750.3318700790405273437500 HTTP/2" 200 0 "-" "WordPress/7.0.1; https://xedaptot.vn"
216.73.216.145 - - [16/Jul/2026:15:12:29 +0000] "GET /product-category/xe-dap-touring/page/1/?add_to_wishlist=5041 HTTP/2" 301 0 "-" "Mozilla/5.0 AppleWebKit/537.36 (KHTML, like Gecko; compatible; Claude-SearchBot/1.0; [email protected])"
216.73.216.145 - - [16/Jul/2026:15:12:30 +0000] "GET /product-category/xe-dap-touring/?add_to_wishlist=5041 HTTP/2" 200 23741 "https://xedaptot.vn/product-category/xe-dap-touring/page/1/?add_to_wishlist=5041" "Mozilla/5.0 AppleWebKit/537.36 (KHTML, like Gecko; compatible; Claude-SearchBot/1.0; [email protected])"
216.73.216.145 - - [16/Jul/2026:15:12:32 +0000] "GET /product-category/xe-dap-touring/page/1/?add_to_wishlist=3929 HTTP/2" 301 0 "-" "Mozilla/5.0 AppleWebKit/537.36 (KHTML, like Gecko; compatible; Claude-SearchBot/1.0; [email protected])"
216.73.216.145 - - [16/Jul/2026:15:12:33 +0000] "GET /product-category/xe-dap-touring/?add_to_wishlist=3929 HTTP/2" 200 23728 "https://xedaptot.vn/product-category/xe-dap-touring/page/1/?add_to_wishlist=3929" "Mozilla/5.0 AppleWebKit/537.36 (KHTML, like Gecko; compatible; Claude-SearchBot/1.0; [email protected])"
216.73.216.145 - - [16/Jul/2026:15:12:35 +0000] "GET /product-category/xe-dap-touring/page/1/?add_to_wishlist=4678 HTTP/2" 301 0 "-" "Mozilla/5.0 AppleWebKit/537.36 (KHTML, like Gecko; compatible; Claude-SearchBot/1.0; [email protected])"
65.181.111.155 - - [16/Jul/2026:15:12:37 +0000] "POST /wp-cron.php?doing_wp_cron=1784214757.0341739654541015625000 HTTP/2" 200 0 "-" "WordPress/7.0.1; https://xedaptot.vn"
216.73.216.145 - - [16/Jul/2026:15:12:35 +0000] "GET /product-category/xe-dap-touring/?add_to_wishlist=4678 HTTP/2" 200 23725 "https://xedaptot.vn/product-category/xe-dap-touring/page/1/?add_to_wishlist=4678" "Mozilla/5.0 AppleWebKit/537.36 (KHTML, like Gecko; compatible; Claude-SearchBot/1.0; [email protected])"
216.73.216.145 - - [16/Jul/2026:15:12:38 +0000] "GET /product-category/xe-dap-touring/page/1/?add_to_wishlist=4949 HTTP/2" 301 0 "-" "Mozilla/5.0 AppleWebKit/537.36 (KHTML, like Gecko; compatible; Claude-SearchBot/1.0; [email protected])"
216.73.216.145 - - [16/Jul/2026:15:12:38 +0000] "GET /product-category/xe-dap-touring/?add_to_wishlist=4949 HTTP/2" 200 23730 "https://xedaptot.vn/product-category/xe-dap-touring/page/1/?add_to_wishlist=4949" "Mozilla/5.0 AppleWebKit/537.36 (KHTML, like Gecko; compatible; Claude-SearchBot/1.0; [email protected])"
65.181.111.155 - - [16/Jul/2026:15:13:21 +0000] "POST /wp-cron.php?doing_wp_cron=1784214801.7184391021728515625000 HTTP/2" 200 0 "-" "WordPress/7.0.1; https://xedaptot.vn"
216.73.216.145 - - [16/Jul/2026:15:13:20 +0000] "GET /product-category/xe-dap-touring/page/1/?add_to_wishlist=4104 HTTP/2" 301 0 "-" "Mozilla/5.0 AppleWebKit/537.36 (KHTML, like Gecko; compatible; Claude-SearchBot/1.0; [email protected])"
216.73.216.145 - - [16/Jul/2026:15:13:21 +0000] "GET /product-category/xe-dap-touring/?add_to_wishlist=4104 HTTP/2" 200 23728 "https://xedaptot.vn/product-category/xe-dap-touring/page/1/?add_to_wishlist=4104" "Mozilla/5.0 AppleWebKit/537.36 (KHTML, like Gecko; compatible; Claude-SearchBot/1.0; [email protected])"
