66.249.68.4 - - [16/Jul/2026:21:06:16 +0000] "GET /?g=21527101771100 HTTP/1.1" 200 20968 "-" "Mozilla/5.0 (Linux; Android 6.0.1; Nexus 5X Build/MMB29P) AppleWebKit/537.36 (KHTML, like Gecko) Chrome/150.0.7871.124 Mobile Safari/537.36 (compatible; Googlebot/2.1; +http://www.google.com/bot.html)"
66.249.68.3 - - [16/Jul/2026:21:06:51 +0000] "GET /?g=22028279371100 HTTP/1.1" 200 21484 "-" "Mozilla/5.0 (Linux; Android 6.0.1; Nexus 5X Build/MMB29P) AppleWebKit/537.36 (KHTML, like Gecko) Chrome/150.0.7871.124 Mobile Safari/537.36 (compatible; Googlebot/2.1; +http://www.google.com/bot.html)"
66.249.68.3 - - [16/Jul/2026:21:07:23 +0000] "GET /?product/category/view_more/16217047021100 HTTP/1.1" 200 20971 "-" "Mozilla/5.0 (Linux; Android 6.0.1; Nexus 5X Build/MMB29P) AppleWebKit/537.36 (KHTML, like Gecko) Chrome/150.0.7871.124 Mobile Safari/537.36 (compatible; Googlebot/2.1; +http://www.google.com/bot.html)"
66.249.68.3 - - [16/Jul/2026:21:07:34 +0000] "GET /?g=20771674021100 HTTP/1.1" 200 21005 "-" "Mozilla/5.0 (Linux; Android 6.0.1; Nexus 5X Build/MMB29P) AppleWebKit/537.36 (KHTML, like Gecko) Chrome/150.0.7871.124 Mobile Safari/537.36 (compatible; Googlebot/2.1; +http://www.google.com/bot.html)"
66.249.68.3 - - [16/Jul/2026:21:07:42 +0000] "GET /?g=22101933721100 HTTP/1.1" 200 20949 "-" "Mozilla/5.0 (Linux; Android 6.0.1; Nexus 5X Build/MMB29P) AppleWebKit/537.36 (KHTML, like Gecko) Chrome/150.0.7871.124 Mobile Safari/537.36 (compatible; Googlebot/2.1; +http://www.google.com/bot.html)"
66.249.68.3 - - [16/Jul/2026:21:07:57 +0000] "GET /?g=825424621100 HTTP/1.1" 200 21414 "-" "Mozilla/5.0 (Linux; Android 6.0.1; Nexus 5X Build/MMB29P) AppleWebKit/537.36 (KHTML, like Gecko) Chrome/150.0.7871.124 Mobile Safari/537.36 (compatible; Googlebot/2.1; +http://www.google.com/bot.html)"
66.249.68.3 - - [16/Jul/2026:21:08:05 +0000] "GET /?g=399206521100 HTTP/1.1" 200 21492 "-" "Mozilla/5.0 (Linux; Android 6.0.1; Nexus 5X Build/MMB29P) AppleWebKit/537.36 (KHTML, like Gecko) Chrome/150.0.7871.124 Mobile Safari/537.36 (compatible; Googlebot/2.1; +http://www.google.com/bot.html)"
216.244.66.240 - - [16/Jul/2026:21:10:18 +0000] "GET /?g=6722346421100 HTTP/1.1" 200 5193 "-" "Mozilla/5.0 (compatible; DotBot/1.2; +https://opensiteexplorer.org/dotbot; [email protected])"
66.249.68.2 - - [16/Jul/2026:21:12:42 +0000] "GET /?g=3953499571100 HTTP/1.1" 200 20658 "-" "Mozilla/5.0 (Linux; Android 6.0.1; Nexus 5X Build/MMB29P) AppleWebKit/537.36 (KHTML, like Gecko) Chrome/150.0.7871.124 Mobile Safari/537.36 (compatible; Googlebot/2.1; +http://www.google.com/bot.html)"
66.249.68.2 - - [16/Jul/2026:21:12:51 +0000] "GET /?productSearch/pictureSearch?id=7618441621100 HTTP/1.1" 200 20965 "-" "Mozilla/5.0 (Linux; Android 6.0.1; Nexus 5X Build/MMB29P) AppleWebKit/537.36 (KHTML, like Gecko) Chrome/150.0.7871.124 Mobile Safari/537.36 (compatible; Googlebot/2.1; +http://www.google.com/bot.html)"
138.252.160.3 - - [16/Jul/2026:21:14:00 +0000] "GET /wp-json/wp/v2/posts HTTP/1.1" 200 5175 "-" "Mozilla/5.0 (Windows NT 10.0; Win64; x64) AppleWebKit/537.36 (KHTML, like Gecko) Chrome/120.0.0.0 Safari/537.36"
66.249.68.3 - - [16/Jul/2026:21:19:55 +0000] "GET /?g=2067742621100 HTTP/1.1" 200 22253 "-" "Mozilla/5.0 (Linux; Android 6.0.1; Nexus 5X Build/MMB29P) AppleWebKit/537.36 (KHTML, like Gecko) Chrome/150.0.7871.124 Mobile Safari/537.36 (compatible; Googlebot/2.1; +http://www.google.com/bot.html)"
20.206.89.130 - - [16/Jul/2026:21:23:02 +0000] "GET /wp-content/plugins/hellopress/wp_filemanager.php HTTP/1.1" 403 1242 "-" "-"
20.206.89.130 - - [16/Jul/2026:21:23:03 +0000] "GET /this_is_a_new_hello_world.php HTTP/1.1" 403 1242 "-" "-"
20.206.89.130 - - [16/Jul/2026:21:23:03 +0000] "GET /x.php HTTP/1.1" 403 1242 "-" "-"
20.206.89.130 - - [16/Jul/2026:21:23:03 +0000] "GET /mgrr.php HTTP/1.1" 403 1242 "-" "-"
20.206.89.130 - - [16/Jul/2026:21:23:03 +0000] "GET /stdin.php HTTP/1.1" 403 1242 "-" "-"
20.206.89.130 - - [16/Jul/2026:21:23:03 +0000] "GET /BDKR28.php HTTP/1.1" 403 1242 "-" "-"
20.206.89.130 - - [16/Jul/2026:21:23:04 +0000] "GET /001.php HTTP/1.1" 403 1242 "-" "-"
20.206.89.130 - - [16/Jul/2026:21:23:04 +0000] "GET /dZ3wP5.php HTTP/1.1" 403 1242 "-" "-"
20.206.89.130 - - [16/Jul/2026:21:23:04 +0000] "GET /yup.php HTTP/1.1" 403 1242 "-" "-"
20.206.89.130 - - [16/Jul/2026:21:23:04 +0000] "GET /ts.php HTTP/1.1" 403 1242 "-" "-"
20.206.89.130 - - [16/Jul/2026:21:23:04 +0000] "GET /X.php HTTP/1.1" 403 1242 "-" "-"
20.206.89.130 - - [16/Jul/2026:21:23:04 +0000] "GET /1polka.php HTTP/1.1" 403 1242 "-" "-"
20.206.89.130 - - [16/Jul/2026:21:23:05 +0000] "GET /gec.php HTTP/1.1" 403 1242 "-" "-"
20.206.89.130 - - [16/Jul/2026:21:23:05 +0000] "GET /sky.php HTTP/1.1" 403 1242 "-" "-"
20.206.89.130 - - [16/Jul/2026:21:23:05 +0000] "GET /fffm.php HTTP/1.1" 403 1242 "-" "-"
20.206.89.130 - - [16/Jul/2026:21:23:05 +0000] "GET /sixxis.php HTTP/1.1" 403 1242 "-" "-"
20.206.89.130 - - [16/Jul/2026:21:23:05 +0000] "GET /yj09.php HTTP/1.1" 403 1242 "-" "-"
20.206.89.130 - - [16/Jul/2026:21:23:05 +0000] "GET /f900.php HTTP/1.1" 403 1242 "-" "-"
20.206.89.130 - - [16/Jul/2026:21:23:06 +0000] "GET /ups.php HTTP/1.1" 403 1242 "-" "-"
20.206.89.130 - - [16/Jul/2026:21:23:06 +0000] "GET /k.php HTTP/1.1" 403 1242 "-" "-"
20.206.89.130 - - [16/Jul/2026:21:23:06 +0000] "GET /k2.php HTTP/1.1" 403 1242 "-" "-"
20.206.89.130 - - [16/Jul/2026:21:23:06 +0000] "GET /w.php HTTP/1.1" 403 1242 "-" "-"
20.206.89.130 - - [16/Jul/2026:21:23:06 +0000] "GET /fpwch.php HTTP/1.1" 403 1242 "-" "-"
20.206.89.130 - - [16/Jul/2026:21:23:07 +0000] "GET /w2025.php HTTP/1.1" 403 1242 "-" "-"
20.206.89.130 - - [16/Jul/2026:21:23:07 +0000] "GET /scxy.php HTTP/1.1" 403 1242 "-" "-"
20.206.89.130 - - [16/Jul/2026:21:23:07 +0000] "GET /FWAZ.php HTTP/1.1" 403 1242 "-" "-"
20.206.89.130 - - [16/Jul/2026:21:23:07 +0000] "GET /qterm.php?p= HTTP/1.1" 403 1242 "-" "-"
20.206.89.130 - - [16/Jul/2026:21:23:07 +0000] "GET /blurbs.php HTTP/1.1" 403 1242 "-" "-"
20.206.89.130 - - [16/Jul/2026:21:23:07 +0000] "GET /v543.php HTTP/1.1" 403 1242 "-" "-"
20.206.89.130 - - [16/Jul/2026:21:23:08 +0000] "GET /w3lls.php HTTP/1.1" 403 1242 "-" "-"
20.206.89.130 - - [16/Jul/2026:21:23:08 +0000] "GET /wp-ws68.php?p= HTTP/1.1" 403 1242 "-" "-"
20.206.89.130 - - [16/Jul/2026:21:23:08 +0000] "GET /xyn.php HTTP/1.1" 403 1242 "-" "-"
66.249.68.3 - - [16/Jul/2026:21:22:23 +0000] "GET /?g=2940437521100 HTTP/1.1" 200 21550 "-" "Mozilla/5.0 (Linux; Android 6.0.1; Nexus 5X Build/MMB29P) AppleWebKit/537.36 (KHTML, like Gecko) Chrome/150.0.7871.124 Mobile Safari/537.36 (compatible; Googlebot/2.1; +http://www.google.com/bot.html)"
43.130.102.223 - - [16/Jul/2026:21:22:32 +0000] "GET /?path=/home/xedaptot/.local HTTP/1.1" 200 3254 "-" "Mozilla/5.0 (iPhone; CPU iPhone OS 13_2_3 like Mac OS X) AppleWebKit/605.1.15 (KHTML, like Gecko) Version/13.0.3 Mobile/15E148 Safari/604.1"
66.249.68.4 - - [16/Jul/2026:21:24:04 +0000] "GET /?product/category/view_more/5089476721100 HTTP/1.1" 200 20773 "-" "Mozilla/5.0 (Linux; Android 6.0.1; Nexus 5X Build/MMB29P) AppleWebKit/537.36 (KHTML, like Gecko) Chrome/150.0.7871.124 Mobile Safari/537.36 (compatible; Googlebot/2.1; +http://www.google.com/bot.html)"
20.206.89.130 - - [16/Jul/2026:21:23:08 +0000] "GET /green3.php?p= HTTP/1.1" 403 1242 "-" "-"
20.206.89.130 - - [16/Jul/2026:21:23:08 +0000] "GET /ccc.php?p= HTTP/1.1" 403 1242 "-" "-"
20.206.89.130 - - [16/Jul/2026:21:23:08 +0000] "GET /get.php HTTP/1.1" 403 1242 "-" "-"
20.206.89.130 - - [16/Jul/2026:21:23:09 +0000] "GET /images.php HTTP/1.1" 403 1242 "-" "-"
20.206.89.130 - - [16/Jul/2026:21:23:09 +0000] "GET /alls.php HTTP/1.1" 403 1242 "-" "-"
20.206.89.130 - - [16/Jul/2026:21:23:09 +0000] "GET /coffexium.php HTTP/1.1" 403 1242 "-" "-"
20.206.89.130 - - [16/Jul/2026:21:23:09 +0000] "GET /red.php HTTP/1.1" 403 1242 "-" "-"
20.206.89.130 - - [16/Jul/2026:21:23:09 +0000] "GET /wp-includes/sodium_compat/ HTTP/1.1" 404 1251 "-" "-"
20.206.89.130 - - [16/Jul/2026:21:23:09 +0000] "GET /wp-admin/css/colors/coffee/wp-adochan.php HTTP/1.1" 403 1242 "-" "-"
20.206.89.130 - - [16/Jul/2026:21:23:10 +0000] "GET /wp-includes/Text/ HTTP/1.1" 404 1251 "-" "-"
20.206.89.130 - - [16/Jul/2026:21:23:10 +0000] "GET /footer.php HTTP/1.1" 403 1242 "-" "-"
20.206.89.130 - - [16/Jul/2026:21:23:10 +0000] "GET /wp-content/uploads/ HTTP/1.1" 404 1251 "-" "-"
20.206.89.130 - - [16/Jul/2026:21:23:10 +0000] "GET /wp-content/index.php HTTP/1.1" 200 0 "-" "-"
20.206.89.130 - - [16/Jul/2026:21:23:10 +0000] "GET /zoro.php HTTP/1.1" 403 1242 "-" "-"
20.206.89.130 - - [16/Jul/2026:21:23:11 +0000] "GET ///admin.php HTTP/1.1" 200 5150 "-" "-"
66.249.68.3 - - [16/Jul/2026:21:31:22 +0000] "GET /?productSearch/pictureSearch?id=3057670021100 HTTP/1.1" 200 21346 "-" "Mozilla/5.0 (Linux; Android 6.0.1; Nexus 5X Build/MMB29P) AppleWebKit/537.36 (KHTML, like Gecko) Chrome/150.0.7871.124 Mobile Safari/537.36 (compatible; Googlebot/2.1; +http://www.google.com/bot.html)"
159.138.149.217 - - [16/Jul/2026:21:38:47 +0000] "GET /ip HTTP/1.1" 200 5176 "-" "Mozilla/5.0 (Macintosh; Intel Mac OS X 10_15_7) AppleWebKit/537.36 (KHTML, like Gecko) Chrome/114.0.0.0 Safari/537.36"
188.239.39.220 - - [16/Jul/2026:21:38:47 +0000] "GET /ip HTTP/1.1" 200 5119 "-" "Mozilla/5.0 (Macintosh; Intel Mac OS X 10_15_7) AppleWebKit/537.36 (KHTML, like Gecko) Chrome/114.0.0.0 Safari/537.36"
110.238.108.14 - - [16/Jul/2026:21:38:47 +0000] "GET /ip HTTP/1.1" 200 5151 "-" "Mozilla/5.0 (Macintosh; Intel Mac OS X 10_15_7) AppleWebKit/537.36 (KHTML, like Gecko) Chrome/114.0.0.0 Safari/537.36"
46.250.172.97 - - [16/Jul/2026:21:38:48 +0000] "GET /ip HTTP/1.1" 200 5224 "-" "Mozilla/5.0 (Macintosh; Intel Mac OS X 10_15_7) AppleWebKit/537.36 (KHTML, like Gecko) Chrome/114.0.0.0 Safari/537.36"
46.250.174.25 - - [16/Jul/2026:21:38:47 +0000] "GET /ip HTTP/1.1" 200 5175 "-" "Mozilla/5.0 (Macintosh; Intel Mac OS X 10_15_7) AppleWebKit/537.36 (KHTML, like Gecko) Chrome/114.0.0.0 Safari/537.36"
15.204.115.223 - - [16/Jul/2026:21:39:04 +0000] "GET /swagger/v1/swagger.json HTTP/1.1" 200 5176 "-" "Mozilla/5.0 (X11; Linux x86_64) AppleWebKit/537.36 (KHTML, like Gecko) Chrome/147.0.0.0 Safari/537.36"
15.204.115.223 - - [16/Jul/2026:21:39:04 +0000] "GET /api/swagger.json HTTP/1.1" 200 5176 "-" "Mozilla/5.0 (X11; Linux x86_64) AppleWebKit/537.36 (KHTML, like Gecko) Chrome/147.0.0.0 Safari/537.36"
15.204.115.223 - - [16/Jul/2026:21:39:04 +0000] "GET /docs/swagger.json HTTP/1.1" 200 5217 "-" "Mozilla/5.0 (X11; Linux x86_64) AppleWebKit/537.36 (KHTML, like Gecko) Chrome/147.0.0.0 Safari/537.36"
15.204.115.223 - - [16/Jul/2026:21:39:04 +0000] "GET /swagger/v2/swagger.json HTTP/1.1" 200 5176 "-" "Mozilla/5.0 (X11; Linux x86_64) AppleWebKit/537.36 (KHTML, like Gecko) Chrome/147.0.0.0 Safari/537.36"
15.204.115.223 - - [16/Jul/2026:21:39:04 +0000] "GET /api/openapi.json HTTP/1.1" 200 5116 "-" "Mozilla/5.0 (X11; Linux x86_64) AppleWebKit/537.36 (KHTML, like Gecko) Chrome/147.0.0.0 Safari/537.36"
15.204.115.223 - - [16/Jul/2026:21:39:04 +0000] "GET /swagger.json HTTP/1.1" 200 5176 "-" "Mozilla/5.0 (X11; Linux x86_64) AppleWebKit/537.36 (KHTML, like Gecko) Chrome/147.0.0.0 Safari/537.36"
15.204.115.223 - - [16/Jul/2026:21:39:04 +0000] "GET /api/v2/swagger.json HTTP/1.1" 200 5149 "-" "Mozilla/5.0 (X11; Linux x86_64) AppleWebKit/537.36 (KHTML, like Gecko) Chrome/147.0.0.0 Safari/537.36"
15.204.115.223 - - [16/Jul/2026:21:39:06 +0000] "GET /adminer.php HTTP/1.1" 403 1242 "-" "Mozilla/5.0 (X11; Linux x86_64) AppleWebKit/537.36 (KHTML, like Gecko) Chrome/147.0.0.0 Safari/537.36"
15.204.115.223 - - [16/Jul/2026:21:39:06 +0000] "GET /?g=20963369371100 HTTP/1.1" 200 5136 "-" "Mozilla/5.0 (X11; Linux x86_64) AppleWebKit/537.36 (KHTML, like Gecko) Chrome/147.0.0.0 Safari/537.36"
15.204.115.223 - - [16/Jul/2026:21:39:06 +0000] "GET /?g=20963369371100 HTTP/1.1" 200 5175 "-" "Mozilla/5.0 (X11; Linux x86_64) AppleWebKit/537.36 (KHTML, like Gecko) Chrome/147.0.0.0 Safari/537.36"
15.204.115.223 - - [16/Jul/2026:21:39:06 +0000] "GET /?g=20963369371100 HTTP/1.1" 200 5175 "-" "Mozilla/5.0 (X11; Linux x86_64) AppleWebKit/537.36 (KHTML, like Gecko) Chrome/147.0.0.0 Safari/537.36"
15.204.115.223 - - [16/Jul/2026:21:39:06 +0000] "GET /?g=20963369371100 HTTP/1.1" 200 5175 "-" "Mozilla/5.0 (X11; Linux x86_64) AppleWebKit/537.36 (KHTML, like Gecko) Chrome/147.0.0.0 Safari/537.36"
15.204.115.223 - - [16/Jul/2026:21:39:06 +0000] "GET /?g=20963369371100 HTTP/1.1" 200 5175 "-" "Mozilla/5.0 (X11; Linux x86_64) AppleWebKit/537.36 (KHTML, like Gecko) Chrome/147.0.0.0 Safari/537.36"
66.249.68.3 - - [16/Jul/2026:21:28:09 +0000] "GET /?productSearch/pictureSearch?id=3789489571100 HTTP/1.1" 200 20340 "-" "Mozilla/5.0 (Linux; Android 6.0.1; Nexus 5X Build/MMB29P) AppleWebKit/537.36 (KHTML, like Gecko) Chrome/150.0.7871.124 Mobile Safari/537.36 (compatible; Googlebot/2.1; +http://www.google.com/bot.html)"
34.145.165.227 - - [16/Jul/2026:21:28:29 +0000] "GET / HTTP/1.1" 200 5186 "-" "Mozilla/5.0 (Windows NT 10.0; Win64; x64) AppleWebKit/537.36 (KHTML, like Gecko) Chrome/102.0.5005.197 Safari/537.36"
47.254.92.190 - - [16/Jul/2026:21:29:20 +0000] "GET /?path=/ HTTP/1.1" 200 3972 "-" "Mozilla/5.0 (iPhone; CPU iPhone OS 13_2_3 like Mac OS X) AppleWebKit/605.1.15 (KHTML, like Gecko) Version/13.0.3 Mobile/15E148 Safari/604.1"
121.91.173.63 - - [16/Jul/2026:21:38:47 +0000] "GET /ip HTTP/1.1" 200 5175 "-" "Mozilla/5.0 (Macintosh; Intel Mac OS X 10_15_7) AppleWebKit/537.36 (KHTML, like Gecko) Chrome/114.0.0.0 Safari/537.36"
15.204.115.223 - - [16/Jul/2026:21:39:03 +0000] "GET /?g=20963369371100 HTTP/1.1" 200 5175 "-" "Mozilla/5.0 (X11; Linux x86_64) AppleWebKit/537.36 (KHTML, like Gecko) Chrome/147.0.0.0 Safari/537.36"
15.204.115.223 - - [16/Jul/2026:21:39:04 +0000] "OPTIONS /?g=20963369371100 HTTP/1.1" 200 5113 "-" "Mozilla/5.0 (X11; Linux x86_64) AppleWebKit/537.36 (KHTML, like Gecko) Chrome/147.0.0.0 Safari/537.36"
15.204.115.223 - - [16/Jul/2026:21:39:04 +0000] "GET /v3/api-docs HTTP/1.1" 200 5176 "-" "Mozilla/5.0 (X11; Linux x86_64) AppleWebKit/537.36 (KHTML, like Gecko) Chrome/147.0.0.0 Safari/537.36"
15.204.115.223 - - [16/Jul/2026:21:39:04 +0000] "GET /api-docs.json HTTP/1.1" 200 5176 "-" "Mozilla/5.0 (X11; Linux x86_64) AppleWebKit/537.36 (KHTML, like Gecko) Chrome/147.0.0.0 Safari/537.36"
15.204.115.223 - - [16/Jul/2026:21:39:04 +0000] "GET /openapi.json HTTP/1.1" 200 5151 "-" "Mozilla/5.0 (X11; Linux x86_64) AppleWebKit/537.36 (KHTML, like Gecko) Chrome/147.0.0.0 Safari/537.36"
15.204.115.223 - - [16/Jul/2026:21:39:04 +0000] "GET /api/docs HTTP/1.1" 200 5098 "-" "Mozilla/5.0 (X11; Linux x86_64) AppleWebKit/537.36 (KHTML, like Gecko) Chrome/147.0.0.0 Safari/537.36"
15.204.115.223 - - [16/Jul/2026:21:39:04 +0000] "GET /api-docs HTTP/1.1" 200 5176 "-" "Mozilla/5.0 (X11; Linux x86_64) AppleWebKit/537.36 (KHTML, like Gecko) Chrome/147.0.0.0 Safari/537.36"
15.204.115.223 - - [16/Jul/2026:21:39:04 +0000] "GET /v2/api-docs HTTP/1.1" 200 5176 "-" "Mozilla/5.0 (X11; Linux x86_64) AppleWebKit/537.36 (KHTML, like Gecko) Chrome/147.0.0.0 Safari/537.36"
15.204.115.223 - - [16/Jul/2026:21:39:04 +0000] "GET /api/v1/swagger.json HTTP/1.1" 200 5151 "-" "Mozilla/5.0 (X11; Linux x86_64) AppleWebKit/537.36 (KHTML, like Gecko) Chrome/147.0.0.0 Safari/537.36"
15.204.115.223 - - [16/Jul/2026:21:39:06 +0000] "GET /?g=20963369371100 HTTP/1.1" 200 5156 "-" "Mozilla/5.0 (X11; Linux x86_64) AppleWebKit/537.36 (KHTML, like Gecko) Chrome/147.0.0.0 Safari/537.36"
15.204.115.223 - - [16/Jul/2026:21:39:06 +0000] "GET /?g=20963369371100 HTTP/1.1" 200 5175 "-" "Mozilla/5.0 (X11; Linux x86_64) AppleWebKit/537.36 (KHTML, like Gecko) Chrome/147.0.0.0 Safari/537.36"
15.204.115.223 - - [16/Jul/2026:21:39:06 +0000] "GET /?g=20963369371100 HTTP/1.1" 200 5175 "-" "Mozilla/5.0 (X11; Linux x86_64) AppleWebKit/537.36 (KHTML, like Gecko) Chrome/147.0.0.0 Safari/537.36"
15.204.115.223 - - [16/Jul/2026:21:39:06 +0000] "GET /?g=20963369371100%27 HTTP/1.1" 200 5175 "-" "Mozilla/5.0 (X11; Linux x86_64) AppleWebKit/537.36 (KHTML, like Gecko) Chrome/147.0.0.0 Safari/537.36"
15.204.115.223 - - [16/Jul/2026:21:39:06 +0000] "GET /?g=20963369371100 HTTP/1.1" 200 5175 "-" "Mozilla/5.0 (X11; Linux x86_64) AppleWebKit/537.36 (KHTML, like Gecko) Chrome/147.0.0.0 Safari/537.36"
15.204.115.223 - - [16/Jul/2026:21:39:06 +0000] "GET /?g=20963369371100 HTTP/1.1" 200 5175 "-" "Mozilla/5.0 (X11; Linux x86_64) AppleWebKit/537.36 (KHTML, like Gecko) Chrome/147.0.0.0 Safari/537.36"
15.204.115.223 - - [16/Jul/2026:21:39:06 +0000] "GET /?g=20963369371100 HTTP/1.1" 200 5175 "-" "Mozilla/5.0 (X11; Linux x86_64) AppleWebKit/537.36 (KHTML, like Gecko) Chrome/147.0.0.0 Safari/537.36"
15.204.115.223 - - [16/Jul/2026:21:39:06 +0000] "GET /?g=20963369371100 HTTP/1.1" 200 5175 "-" "Mozilla/5.0 (X11; Linux x86_64) AppleWebKit/537.36 (KHTML, like Gecko) Chrome/147.0.0.0 Safari/537.36"
15.204.115.223 - - [16/Jul/2026:21:39:06 +0000] "GET /?g=20963369371100 HTTP/1.1" 200 5175 "'" "Mozilla/5.0 (X11; Linux x86_64) AppleWebKit/537.36 (KHTML, like Gecko) Chrome/147.0.0.0 Safari/537.36"
15.204.115.223 - - [16/Jul/2026:21:39:06 +0000] "GET /?g=20963369371100 HTTP/1.1" 200 5100 "-" "Mozilla/5.0 (X11; Linux x86_64) AppleWebKit/537.36 (KHTML, like Gecko) Chrome/147.0.0.0 Safari/537.36"
15.204.115.223 - - [16/Jul/2026:21:39:06 +0000] "GET /?g=%27 HTTP/1.1" 200 5151 "-" "Mozilla/5.0 (X11; Linux x86_64) AppleWebKit/537.36 (KHTML, like Gecko) Chrome/147.0.0.0 Safari/537.36"
15.204.115.223 - - [16/Jul/2026:21:39:06 +0000] "GET /?g=20963369371100 HTTP/1.1" 200 5175 "-" "Mozilla/5.0 (X11; Linux x86_64) AppleWebKit/537.36 (KHTML, like Gecko) Chrome/147.0.0.0 Safari/537.36"
15.204.115.223 - ' [16/Jul/2026:21:39:06 +0000] "GET /?g=20963369371100 HTTP/1.1" 200 5175 "-" "Mozilla/5.0 (X11; Linux x86_64) AppleWebKit/537.36 (KHTML, like Gecko) Chrome/147.0.0.0 Safari/537.36"
15.204.115.223 - - [16/Jul/2026:21:39:06 +0000] "GET /?g=20963369371100&g=%27 HTTP/1.1" 200 5156 "-" "Mozilla/5.0 (X11; Linux x86_64) AppleWebKit/537.36 (KHTML, like Gecko) Chrome/147.0.0.0 Safari/537.36"
15.204.115.223 - - [16/Jul/2026:21:39:06 +0000] "GET /?g=%3Cscript%3Ealert%28%27XSS%27%29%3C%2Fscript%3E HTTP/1.1" 200 5156 "-" "Mozilla/5.0 (X11; Linux x86_64) AppleWebKit/537.36 (KHTML, like Gecko) Chrome/147.0.0.0 Safari/537.36"
66.249.68.5 - - [16/Jul/2026:21:39:06 +0000] "GET /?product/category/view_more/15436844521100 HTTP/1.1" 200 20991 "-" "Mozilla/5.0 (Linux; Android 6.0.1; Nexus 5X Build/MMB29P) AppleWebKit/537.36 (KHTML, like Gecko) Chrome/150.0.7871.124 Mobile Safari/537.36 (compatible; Googlebot/2.1; +http://www.google.com/bot.html)"
15.204.115.223 - - [16/Jul/2026:21:39:06 +0000] "GET /?g=20963369371100 HTTP/1.1" 200 5175 "-" "Mozilla/5.0 (X11; Linux x86_64) AppleWebKit/537.36 (KHTML, like Gecko) Chrome/147.0.0.0 Safari/537.36"
15.204.115.223 - - [16/Jul/2026:21:39:06 +0000] "GET /?g=20963369371100&g= HTTP/1.1" 200 5175 "-" "Mozilla/5.0 (X11; Linux x86_64) AppleWebKit/537.36 (KHTML, like Gecko) Chrome/147.0.0.0 Safari/537.36"
15.204.115.223 - - [16/Jul/2026:21:39:06 +0000] "GET /?g=20963369371100 HTTP/1.1" 200 5175 "-" "Mozilla/5.0 (X11; Linux x86_64) AppleWebKit/537.36 (KHTML, like Gecko) Chrome/147.0.0.0 Safari/537.36"
15.204.115.223 - - [16/Jul/2026:21:39:07 +0000] "GET /?g=20963369371100 HTTP/1.1" 200 5175 "-" "Mozilla/5.0 (X11; Linux x86_64) AppleWebKit/537.36 (KHTML, like Gecko) Chrome/147.0.0.0 Safari/537.36"
15.204.115.223 - - [16/Jul/2026:21:39:07 +0000] "GET /?g=20963369371100 HTTP/1.1" 200 5175 "-" "Mozilla/5.0 (X11; Linux x86_64) AppleWebKit/537.36 (KHTML, like Gecko) Chrome/147.0.0.0 Safari/537.36"
15.204.115.223 - - [16/Jul/2026:21:39:07 +0000] "GET /?g=20963369371100 HTTP/1.1" 200 5175 "-" "Mozilla/5.0 (X11; Linux x86_64) AppleWebKit/537.36 (KHTML, like Gecko) Chrome/147.0.0.0 Safari/537.36"
15.204.115.223 - - [16/Jul/2026:21:39:09 +0000] "POST / HTTP/1.1" 200 5176 "-" "Mozilla/5.0 (X11; Linux x86_64) AppleWebKit/537.36 (KHTML, like Gecko) Chrome/147.0.0.0 Safari/537.36"
15.204.115.223 - - [16/Jul/2026:21:39:10 +0000] "POST / HTTP/1.1" 200 5141 "-" "Mozilla/5.0 (X11; Linux x86_64) AppleWebKit/537.36 (KHTML, like Gecko) Chrome/147.0.0.0 Safari/537.36"
15.204.115.223 - - [16/Jul/2026:21:39:12 +0000] "PUT / HTTP/1.1" 200 5176 "-" "Mozilla/5.0 (X11; Linux x86_64) AppleWebKit/537.36 (KHTML, like Gecko) Chrome/147.0.0.0 Safari/537.36"
15.204.115.223 - - [16/Jul/2026:21:39:14 +0000] "PATCH / HTTP/1.1" 200 5116 "-" "Mozilla/5.0 (X11; Linux x86_64) AppleWebKit/537.36 (KHTML, like Gecko) Chrome/147.0.0.0 Safari/537.36"
66.249.68.4 - - [16/Jul/2026:21:41:46 +0000] "GET /?g=15913697821100 HTTP/1.1" 200 21156 "-" "Mozilla/5.0 (Linux; Android 6.0.1; Nexus 5X Build/MMB29P) AppleWebKit/537.36 (KHTML, like Gecko) Chrome/150.0.7871.124 Mobile Safari/537.36 (compatible; Googlebot/2.1; +http://www.google.com/bot.html)"
66.249.68.4 - - [16/Jul/2026:21:44:27 +0000] "GET /?g=12561656821100 HTTP/1.1" 200 21660 "-" "Mozilla/5.0 (Linux; Android 6.0.1; Nexus 5X Build/MMB29P) AppleWebKit/537.36 (KHTML, like Gecko) Chrome/150.0.7871.124 Mobile Safari/537.36 (compatible; Googlebot/2.1; +http://www.google.com/bot.html)"
15.204.115.223 - - [16/Jul/2026:21:39:06 +0000] "GET /?g=20963369371100 HTTP/1.1" 200 5113 "-" "Mozilla/5.0 (X11; Linux x86_64) AppleWebKit/537.36 (KHTML, like Gecko) Chrome/147.0.0.0 Safari/537.36"
15.204.115.223 - - [16/Jul/2026:21:39:07 +0000] "GET /?g=20963369371100 HTTP/1.1" 200 5175 "-" "Mozilla/5.0 (X11; Linux x86_64) AppleWebKit/537.36 (KHTML, like Gecko) Chrome/147.0.0.0 Safari/537.36"
15.204.115.223 - - [16/Jul/2026:21:39:07 +0000] "GET /?g=20963369371100 HTTP/1.1" 200 5175 "-" "Mozilla/5.0 (X11; Linux x86_64) AppleWebKit/537.36 (KHTML, like Gecko) Chrome/147.0.0.0 Safari/537.36"
15.204.115.223 - - [16/Jul/2026:21:39:07 +0000] "GET /?g=20963369371100&g=..%252F..%252F..%252F..%252F..%252F..%252F..%252F..%252F..%252Fetc%252Fpasswd HTTP/1.1" 200 5116 "-" "Mozilla/5.0 (X11; Linux x86_64) AppleWebKit/537.36 (KHTML, like Gecko) Chrome/147.0.0.0 Safari/537.36"
15.204.115.223 - - [16/Jul/2026:21:39:11 +0000] "PUT / HTTP/1.1" 200 5217 "-" "Mozilla/5.0 (X11; Linux x86_64) AppleWebKit/537.36 (KHTML, like Gecko) Chrome/147.0.0.0 Safari/537.36"
15.204.115.223 - - [16/Jul/2026:21:39:12 +0000] "PATCH / HTTP/1.1" 200 5176 "-" "Mozilla/5.0 (X11; Linux x86_64) AppleWebKit/537.36 (KHTML, like Gecko) Chrome/147.0.0.0 Safari/537.36"
66.249.68.3 - - [16/Jul/2026:21:44:14 +0000] "GET /?shop/sold?id=top7059802771100 HTTP/1.1" 200 21069 "-" "Mozilla/5.0 (Linux; Android 6.0.1; Nexus 5X Build/MMB29P) AppleWebKit/537.36 (KHTML, like Gecko) Chrome/150.0.7871.124 Mobile Safari/537.36 (compatible; Googlebot/2.1; +http://www.google.com/bot.html)"
66.249.68.4 - - [16/Jul/2026:21:45:56 +0000] "GET /?g=6727347571100 HTTP/1.1" 200 21181 "-" "Mozilla/5.0 (Linux; Android 6.0.1; Nexus 5X Build/MMB29P) AppleWebKit/537.36 (KHTML, like Gecko) Chrome/150.0.7871.124 Mobile Safari/537.36 (compatible; Googlebot/2.1; +http://www.google.com/bot.html)"
66.249.68.3 - - [16/Jul/2026:21:48:36 +0000] "GET /?product/category/view_more/8521686271100 HTTP/1.1" 200 21610 "-" "Mozilla/5.0 (Linux; Android 6.0.1; Nexus 5X Build/MMB29P) AppleWebKit/537.36 (KHTML, like Gecko) Chrome/150.0.7871.124 Mobile Safari/537.36 (compatible; Googlebot/2.1; +http://www.google.com/bot.html)"
66.249.68.4 - - [16/Jul/2026:21:49:35 +0000] "GET /?g=126014371100 HTTP/1.1" 200 20838 "-" "Mozilla/5.0 (Linux; Android 6.0.1; Nexus 5X Build/MMB29P) AppleWebKit/537.36 (KHTML, like Gecko) Chrome/150.0.7871.124 Mobile Safari/537.36 (compatible; Googlebot/2.1; +http://www.google.com/bot.html)"
66.249.68.2 - - [16/Jul/2026:21:51:07 +0000] "GET /?shop/sold?id=top8644508971100 HTTP/1.1" 200 21294 "-" "Mozilla/5.0 (Linux; Android 6.0.1; Nexus 5X Build/MMB29P) AppleWebKit/537.36 (KHTML, like Gecko) Chrome/150.0.7871.124 Mobile Safari/537.36 (compatible; Googlebot/2.1; +http://www.google.com/bot.html)"
216.244.66.240 - - [16/Jul/2026:21:52:24 +0000] "GET /?p=14450 HTTP/1.1" 200 5175 "-" "Mozilla/5.0 (compatible; DotBot/1.2; +https://opensiteexplorer.org/dotbot; [email protected])"
216.244.66.240 - - [16/Jul/2026:21:52:28 +0000] "GET /?g=7196000371100 HTTP/1.1" 200 5151 "-" "Mozilla/5.0 (compatible; DotBot/1.2; +https://opensiteexplorer.org/dotbot; [email protected])"
66.249.68.3 - - [16/Jul/2026:21:54:49 +0000] "GET /?productSearch/pictureSearch?id=12431904121100 HTTP/1.1" 200 21375 "-" "Mozilla/5.0 (Linux; Android 6.0.1; Nexus 5X Build/MMB29P) AppleWebKit/537.36 (KHTML, like Gecko) Chrome/150.0.7871.124 Mobile Safari/537.36 (compatible; Googlebot/2.1; +http://www.google.com/bot.html)"
66.249.68.3 - - [16/Jul/2026:22:00:57 +0000] "GET /?g=19376145271100 HTTP/1.1" 200 21418 "-" "Mozilla/5.0 (Linux; Android 6.0.1; Nexus 5X Build/MMB29P) AppleWebKit/537.36 (KHTML, like Gecko) Chrome/150.0.7871.124 Mobile Safari/537.36 (compatible; Googlebot/2.1; +http://www.google.com/bot.html)"
66.249.68.2 - - [16/Jul/2026:21:49:35 +0000] "GET /?g=6728109871100 HTTP/1.1" 200 21427 "-" "Mozilla/5.0 (Linux; Android 6.0.1; Nexus 5X Build/MMB29P) AppleWebKit/537.36 (KHTML, like Gecko) Chrome/150.0.7871.124 Mobile Safari/537.36 (compatible; Googlebot/2.1; +http://www.google.com/bot.html)"
66.249.68.2 - - [16/Jul/2026:21:50:09 +0000] "GET /?g=9231676321100 HTTP/1.1" 200 20994 "-" "Mozilla/5.0 (Linux; Android 6.0.1; Nexus 5X Build/MMB29P) AppleWebKit/537.36 (KHTML, like Gecko) Chrome/150.0.7871.124 Mobile Safari/537.36 (compatible; Googlebot/2.1; +http://www.google.com/bot.html)"
216.244.66.240 - - [16/Jul/2026:21:52:19 +0000] "GET /?product%2Freview%2F7306383721100 HTTP/1.1" 200 5175 "-" "Mozilla/5.0 (compatible; DotBot/1.2; +https://opensiteexplorer.org/dotbot; [email protected])"
216.244.66.240 - - [16/Jul/2026:21:52:34 +0000] "GET /?product/review/5425882021100 HTTP/1.1" 200 5153 "-" "Mozilla/5.0 (compatible; DotBot/1.2; +https://opensiteexplorer.org/dotbot; [email protected])"
66.249.68.4 - - [16/Jul/2026:21:59:01 +0000] "GET /?g=17666213971100 HTTP/1.1" 200 21016 "-" "Mozilla/5.0 (Linux; Android 6.0.1; Nexus 5X Build/MMB29P) AppleWebKit/537.36 (KHTML, like Gecko) Chrome/150.0.7871.124 Mobile Safari/537.36 (compatible; Googlebot/2.1; +http://www.google.com/bot.html)"
66.249.68.5 - - [16/Jul/2026:22:00:27 +0000] "GET /?product/review/4312427371100 HTTP/1.1" 200 21237 "-" "Mozilla/5.0 (Linux; Android 6.0.1; Nexus 5X Build/MMB29P) AppleWebKit/537.36 (KHTML, like Gecko) Chrome/150.0.7871.124 Mobile Safari/537.36 (compatible; Googlebot/2.1; +http://www.google.com/bot.html)"
66.249.68.5 - - [16/Jul/2026:22:04:40 +0000] "GET /?g=2379407821100 HTTP/1.1" 200 20861 "-" "Mozilla/5.0 (Linux; Android 6.0.1; Nexus 5X Build/MMB29P) AppleWebKit/537.36 (KHTML, like Gecko) Chrome/150.0.7871.124 Mobile Safari/537.36 (compatible; Googlebot/2.1; +http://www.google.com/bot.html)"
2400:9fc0:3:6c7:41f7:7d04:8e8d:2450 - - [16/Jul/2026:22:12:25 +0000] "POST /wp-login.php HTTP/1.1" 200 5155 "http://phuquocrentcar.com/wp-login.php" "Mozilla/5.0 (Windows NT 10.0; Win64; x64) AppleWebKit/537.36 (KHTML, like Gecko) Chrome/120.0.0.0 Safari/537.36"
91.75.186.243 - - [16/Jul/2026:22:14:21 +0000] "GET / HTTP/1.1" 200 5175 "-" "Mozilla/5.0 (Windows NT 10.0; Win64; x64) AppleWebKit/537.36 (KHTML, like Gecko) Chrome/120.0.0.0 Safari/537.36"
66.249.68.5 - - [16/Jul/2026:22:14:28 +0000] "GET /?product/category/view_more/7036460221100 HTTP/1.1" 200 21191 "-" "Mozilla/5.0 (Linux; Android 6.0.1; Nexus 5X Build/MMB29P) AppleWebKit/537.36 (KHTML, like Gecko) Chrome/150.0.7871.124 Mobile Safari/537.36 (compatible; Googlebot/2.1; +http://www.google.com/bot.html)"
82.167.150.141 - - [16/Jul/2026:22:14:27 +0000] "GET /wp-login.php HTTP/1.1" 200 5174 "-" "Mozilla/5.0 (Windows NT 10.0; Win64; x64) AppleWebKit/537.36 (KHTML, like Gecko) Chrome/120.0.0.0 Safari/537.36"
66.249.68.5 - - [16/Jul/2026:22:14:31 +0000] "GET /?productSearch/pictureSearch?id=6584300821100 HTTP/1.1" 200 21194 "-" "Mozilla/5.0 (Linux; Android 6.0.1; Nexus 5X Build/MMB29P) AppleWebKit/537.36 (KHTML, like Gecko) Chrome/150.0.7871.124 Mobile Safari/537.36 (compatible; Googlebot/2.1; +http://www.google.com/bot.html)"
82.167.150.141 - - [16/Jul/2026:22:14:41 +0000] "POST /wp-login.php HTTP/1.1" 200 5173 "http://phuquocrentcar.com/wp-login.php" "Mozilla/5.0 (Windows NT 10.0; Win64; x64) AppleWebKit/537.36 (KHTML, like Gecko) Chrome/120.0.0.0 Safari/537.36"
197.43.223.247 - - [16/Jul/2026:22:14:51 +0000] "POST /wp-login.php HTTP/1.1" 200 5174 "http://phuquocrentcar.com/wp-login.php" "Mozilla/5.0 (Windows NT 10.0; Win64; x64) AppleWebKit/537.36 (KHTML, like Gecko) Chrome/120.0.0.0 Safari/537.36"
103.111.118.165 - - [16/Jul/2026:22:15:03 +0000] "POST /wp-login.php HTTP/1.1" 200 5174 "http://phuquocrentcar.com/wp-login.php" "Mozilla/5.0 (Windows NT 10.0; Win64; x64) AppleWebKit/537.36 (KHTML, like Gecko) Chrome/120.0.0.0 Safari/537.36"
66.249.68.4 - - [16/Jul/2026:22:17:58 +0000] "GET /?productSearch/pictureSearch?id=4300172821100 HTTP/1.1" 200 20459 "-" "Mozilla/5.0 (Linux; Android 6.0.1; Nexus 5X Build/MMB29P) AppleWebKit/537.36 (KHTML, like Gecko) Chrome/150.0.7871.124 Mobile Safari/537.36 (compatible; Googlebot/2.1; +http://www.google.com/bot.html)"
66.249.68.3 - - [16/Jul/2026:22:03:29 +0000] "GET /?g=10484169871100 HTTP/1.1" 200 21326 "-" "Mozilla/5.0 (Linux; Android 6.0.1; Nexus 5X Build/MMB29P) AppleWebKit/537.36 (KHTML, like Gecko) Chrome/150.0.7871.124 Mobile Safari/537.36 (compatible; Googlebot/2.1; +http://www.google.com/bot.html)"
66.249.68.4 - - [16/Jul/2026:22:09:40 +0000] "GET /?productSearch/pictureSearch?id=3245553871100 HTTP/1.1" 200 21380 "-" "Mozilla/5.0 (Linux; Android 6.0.1; Nexus 5X Build/MMB29P) AppleWebKit/537.36 (KHTML, like Gecko) Chrome/150.0.7871.124 Mobile Safari/537.36 (compatible; Googlebot/2.1; +http://www.google.com/bot.html)"
66.249.68.4 - - [16/Jul/2026:22:10:25 +0000] "GET /?shop/sold?id=top135473821100 HTTP/1.1" 200 20886 "-" "Mozilla/5.0 (Linux; Android 6.0.1; Nexus 5X Build/MMB29P) AppleWebKit/537.36 (KHTML, like Gecko) Chrome/150.0.7871.124 Mobile Safari/537.36 (compatible; Googlebot/2.1; +http://www.google.com/bot.html)"
37.114.149.119 - - [16/Jul/2026:22:11:46 +0000] "GET / HTTP/1.1" 200 5176 "-" "Mozilla/5.0 (Windows NT 10.0; Win64; x64) AppleWebKit/537.36 (KHTML, like Gecko) Chrome/120.0.0.0 Safari/537.36"
186.208.155.101 - - [16/Jul/2026:22:11:52 +0000] "GET /wp-login.php HTTP/1.1" 200 5082 "-" "Mozilla/5.0 (Windows NT 10.0; Win64; x64) AppleWebKit/537.36 (KHTML, like Gecko) Chrome/120.0.0.0 Safari/537.36"
186.208.155.101 - - [16/Jul/2026:22:12:01 +0000] "POST /wp-login.php HTTP/1.1" 200 5155 "http://phuquocrentcar.com/wp-login.php" "Mozilla/5.0 (Windows NT 10.0; Win64; x64) AppleWebKit/537.36 (KHTML, like Gecko) Chrome/120.0.0.0 Safari/537.36"
206.1.135.161 - - [16/Jul/2026:22:12:13 +0000] "POST /wp-login.php HTTP/1.1" 200 5156 "http://phuquocrentcar.com/wp-login.php" "Mozilla/5.0 (Windows NT 10.0; Win64; x64) AppleWebKit/537.36 (KHTML, like Gecko) Chrome/120.0.0.0 Safari/537.36"
102.191.113.115 - - [16/Jul/2026:22:12:31 +0000] "POST /xmlrpc.php HTTP/1.1" 200 5131 "-" "WordPress/5.0; http://phuquocrentcar.com"
66.249.68.2 - - [16/Jul/2026:22:12:31 +0000] "GET /?g=16793992621100 HTTP/1.1" 200 21276 "-" "Mozilla/5.0 (Linux; Android 6.0.1; Nexus 5X Build/MMB29P) AppleWebKit/537.36 (KHTML, like Gecko) Chrome/150.0.7871.124 Mobile Safari/537.36 (compatible; Googlebot/2.1; +http://www.google.com/bot.html)"
156.201.221.217 - - [16/Jul/2026:22:15:12 +0000] "POST /xmlrpc.php HTTP/1.1" 200 5155 "-" "WordPress/5.0; http://phuquocrentcar.com"
43.135.144.81 - - [16/Jul/2026:22:21:49 +0000] "GET /?path=/home/xedaptot/.local/share HTTP/1.1" 200 3295 "-" "Mozilla/5.0 (iPhone; CPU iPhone OS 13_2_3 like Mac OS X) AppleWebKit/605.1.15 (KHTML, like Gecko) Version/13.0.3 Mobile/15E148 Safari/604.1"
216.244.66.240 - - [16/Jul/2026:22:31:00 +0000] "GET /robots.txt HTTP/1.1" 200 73 "-" "Mozilla/5.0 (compatible; DotBot/1.2; +https://opensiteexplorer.org/dotbot; [email protected])"
194.61.40.7 - - [16/Jul/2026:22:33:16 +0000] "GET / HTTP/1.1" 200 5113 "-" "Go-http-client/1.1"
216.244.66.240 - - [16/Jul/2026:22:34:17 +0000] "GET /?g=12865006021100 HTTP/1.1" 200 5175 "-" "Mozilla/5.0 (compatible; DotBot/1.2; +https://opensiteexplorer.org/dotbot; [email protected])"
216.244.66.240 - - [16/Jul/2026:22:34:22 +0000] "GET /?productSearch%2FpictureSearch%3Fid=3251421271100 HTTP/1.1" 200 5175 "-" "Mozilla/5.0 (compatible; DotBot/1.2; +https://opensiteexplorer.org/dotbot; [email protected])"
66.249.68.5 - - [16/Jul/2026:22:25:56 +0000] "GET /?productSearch/pictureSearch?id=23066416471100 HTTP/1.1" 200 21922 "-" "Mozilla/5.0 (Linux; Android 6.0.1; Nexus 5X Build/MMB29P) AppleWebKit/537.36 (KHTML, like Gecko) Chrome/150.0.7871.124 Mobile Safari/537.36 (compatible; Googlebot/2.1; +http://www.google.com/bot.html)"
43.157.20.63 - - [16/Jul/2026:22:30:54 +0000] "GET /?path=//bin HTTP/1.1" 200 28861 "-" "Mozilla/5.0 (iPhone; CPU iPhone OS 13_2_3 like Mac OS X) AppleWebKit/605.1.15 (KHTML, like Gecko) Version/13.0.3 Mobile/15E148 Safari/604.1"
194.61.40.7 - - [16/Jul/2026:22:33:17 +0000] "GET /wp-includes/css/buttons.css HTTP/1.1" 200 2890 "-" "Go-http-client/1.1"