HEX
Server: LiteSpeed
System: Linux s1049.use1.mysecurecloudhost.com 4.18.0-477.27.2.lve.el8.x86_64 #1 SMP Wed Oct 11 12:32:56 UTC 2023 x86_64
User: xedaptot (3356)
PHP: 8.3.31
Disabled: NONE
Upload Files
File: /home/xedaptot/access-logs/phuquocrentcar.com.xedaptot.net
66.249.68.3 - - [16/Jul/2026:12:15:14 +0000] "GET /?g=20764374421100 HTTP/1.1" 200 21926 "-" "Mozilla/5.0 (Linux; Android 6.0.1; Nexus 5X Build/MMB29P) AppleWebKit/537.36 (KHTML, like Gecko) Chrome/150.0.7871.114 Mobile Safari/537.36 (compatible; Googlebot/2.1; +http://www.google.com/bot.html)"
66.249.68.4 - - [16/Jul/2026:12:16:19 +0000] "GET /?g=20828349871100 HTTP/1.1" 200 20787 "-" "Mozilla/5.0 (Linux; Android 6.0.1; Nexus 5X Build/MMB29P) AppleWebKit/537.36 (KHTML, like Gecko) Chrome/150.0.7871.114 Mobile Safari/537.36 (compatible; Googlebot/2.1; +http://www.google.com/bot.html)"
66.249.68.2 - - [16/Jul/2026:12:16:41 +0000] "GET /?productSearch/pictureSearch?id=1486973971100 HTTP/1.1" 200 21193 "-" "Mozilla/5.0 (Linux; Android 6.0.1; Nexus 5X Build/MMB29P) AppleWebKit/537.36 (KHTML, like Gecko) Chrome/150.0.7871.114 Mobile Safari/537.36 (compatible; Googlebot/2.1; +http://www.google.com/bot.html)"
66.249.68.4 - - [16/Jul/2026:12:17:23 +0000] "GET /?g=7528882921100 HTTP/1.1" 200 20973 "-" "Mozilla/5.0 (Linux; Android 6.0.1; Nexus 5X Build/MMB29P) AppleWebKit/537.36 (KHTML, like Gecko) Chrome/150.0.7871.114 Mobile Safari/537.36 (compatible; Googlebot/2.1; +http://www.google.com/bot.html)"
51.68.111.202 - - [16/Jul/2026:12:21:52 +0000] "GET /robots.txt HTTP/1.1" 200 77 "-" "Mozilla/5.0 (compatible; MJ12bot/v2.0.5; http://mj12bot.com/)"
216.244.66.240 - - [16/Jul/2026:12:29:20 +0000] "GET /robots.txt HTTP/1.1" 200 73 "-" "Mozilla/5.0 (compatible; DotBot/1.2; +https://opensiteexplorer.org/dotbot; [email protected])"
66.249.68.4 - - [16/Jul/2026:12:30:02 +0000] "GET /?shop/sold?id=top4320027271100 HTTP/1.1" 200 21888 "-" "Mozilla/5.0 (Linux; Android 6.0.1; Nexus 5X Build/MMB29P) AppleWebKit/537.36 (KHTML, like Gecko) Chrome/150.0.7871.114 Mobile Safari/537.36 (compatible; Googlebot/2.1; +http://www.google.com/bot.html)"
216.244.66.240 - - [16/Jul/2026:12:33:24 +0000] "GET /?product%2Fcategory%2Fview_more%2F3702864571100 HTTP/1.1" 301 21 "-" "Mozilla/5.0 (compatible; DotBot/1.2; +https://opensiteexplorer.org/dotbot; [email protected])"
66.249.68.3 - - [16/Jul/2026:12:35:13 +0000] "GET /?product/category/view_more/16255208221100 HTTP/1.1" 200 20614 "-" "Mozilla/5.0 (Linux; Android 6.0.1; Nexus 5X Build/MMB29P) AppleWebKit/537.36 (KHTML, like Gecko) Chrome/150.0.7871.114 Mobile Safari/537.36 (compatible; Googlebot/2.1; +http://www.google.com/bot.html)"
66.249.68.3 - - [16/Jul/2026:12:36:06 +0000] "GET /?g=16760474521100 HTTP/1.1" 200 21790 "-" "Mozilla/5.0 (Linux; Android 6.0.1; Nexus 5X Build/MMB29P) AppleWebKit/537.36 (KHTML, like Gecko) Chrome/150.0.7871.114 Mobile Safari/537.36 (compatible; Googlebot/2.1; +http://www.google.com/bot.html)"
66.249.68.4 - - [16/Jul/2026:12:04:31 +0000] "GET /?g=13272339871100 HTTP/1.1" 200 21466 "-" "Mozilla/5.0 (Linux; Android 6.0.1; Nexus 5X Build/MMB29P) AppleWebKit/537.36 (KHTML, like Gecko) Chrome/150.0.7871.124 Mobile Safari/537.36 (compatible; Googlebot/2.1; +http://www.google.com/bot.html)"
66.249.68.2 - - [16/Jul/2026:12:15:56 +0000] "GET /?product/category/view_more/9392406121100 HTTP/1.1" 200 21606 "-" "Mozilla/5.0 (Linux; Android 6.0.1; Nexus 5X Build/MMB29P) AppleWebKit/537.36 (KHTML, like Gecko) Chrome/150.0.7871.114 Mobile Safari/537.36 (compatible; Googlebot/2.1; +http://www.google.com/bot.html)"
216.244.66.240 - - [16/Jul/2026:12:33:19 +0000] "GET /?g=7275822421100 HTTP/1.1" 301 21 "-" "Mozilla/5.0 (compatible; DotBot/1.2; +https://opensiteexplorer.org/dotbot; [email protected])"
216.244.66.240 - - [16/Jul/2026:12:33:28 +0000] "GET /?product%2Fcategory%2Fview_more%2F6470660371100 HTTP/1.1" 301 21 "-" "Mozilla/5.0 (compatible; DotBot/1.2; +https://opensiteexplorer.org/dotbot; [email protected])"
216.244.66.240 - - [16/Jul/2026:12:33:32 +0000] "GET /?productSearch%2FpictureSearch%3Fid=14993948221100 HTTP/1.1" 301 21 "-" "Mozilla/5.0 (compatible; DotBot/1.2; +https://opensiteexplorer.org/dotbot; [email protected])"
216.244.66.240 - - [16/Jul/2026:12:33:35 +0000] "GET /?g=1787077621100 HTTP/1.1" 301 21 "-" "Mozilla/5.0 (compatible; DotBot/1.2; +https://opensiteexplorer.org/dotbot; [email protected])"
66.249.68.4 - - [16/Jul/2026:12:35:39 +0000] "GET /?g=2335263721100 HTTP/1.1" 200 21550 "-" "Mozilla/5.0 (Linux; Android 6.0.1; Nexus 5X Build/MMB29P) AppleWebKit/537.36 (KHTML, like Gecko) Chrome/150.0.7871.114 Mobile Safari/537.36 (compatible; Googlebot/2.1; +http://www.google.com/bot.html)"
66.249.68.5 - - [16/Jul/2026:12:37:07 +0000] "GET /?g=7466813221100 HTTP/1.1" 200 20998 "-" "Mozilla/5.0 (Linux; Android 6.0.1; Nexus 5X Build/MMB29P) AppleWebKit/537.36 (KHTML, like Gecko) Chrome/150.0.7871.114 Mobile Safari/537.36 (compatible; Googlebot/2.1; +http://www.google.com/bot.html)"
146.70.40.70 - - [16/Jul/2026:12:49:06 +0000] "GET / HTTP/1.1" 301 21 "-" "Mozilla/5.0 (Windows NT 10.0; Win64; x64) AppleWebKit/537.36 (KHTML, like Gecko) Chrome/78.0.3904.108 Safari/537.36"
66.249.68.3 - - [16/Jul/2026:12:51:34 +0000] "GET /?product/category/view_more/1157891371100 HTTP/1.1" 200 21525 "-" "Mozilla/5.0 (Linux; Android 6.0.1; Nexus 5X Build/MMB29P) AppleWebKit/537.36 (KHTML, like Gecko) Chrome/150.0.7871.114 Mobile Safari/537.36 (compatible; Googlebot/2.1; +http://www.google.com/bot.html)"
66.249.68.2 - - [16/Jul/2026:12:42:54 +0000] "GET /?shop/sold?id=top6439914271100 HTTP/1.1" 200 21226 "-" "Mozilla/5.0 (Linux; Android 6.0.1; Nexus 5X Build/MMB29P) AppleWebKit/537.36 (KHTML, like Gecko) Chrome/150.0.7871.114 Mobile Safari/537.36 (compatible; Googlebot/2.1; +http://www.google.com/bot.html)"
66.249.68.2 - - [16/Jul/2026:12:44:57 +0000] "GET /?g=15971447821100 HTTP/1.1" 200 20883 "-" "Mozilla/5.0 (Linux; Android 6.0.1; Nexus 5X Build/MMB29P) AppleWebKit/537.36 (KHTML, like Gecko) Chrome/150.0.7871.114 Mobile Safari/537.36 (compatible; Googlebot/2.1; +http://www.google.com/bot.html)"
66.249.68.3 - - [16/Jul/2026:12:58:29 +0000] "GET /?g=12168806671100 HTTP/1.1" 200 20968 "-" "Mozilla/5.0 (Linux; Android 6.0.1; Nexus 5X Build/MMB29P) AppleWebKit/537.36 (KHTML, like Gecko) Chrome/150.0.7871.114 Mobile Safari/537.36 (compatible; Googlebot/2.1; +http://www.google.com/bot.html)"
43.160.219.138 - - [16/Jul/2026:13:04:13 +0000] "GET / HTTP/1.1" 301 21 "-" "Mozilla/5.0 (iPhone; CPU iPhone OS 13_2_3 like Mac OS X) AppleWebKit/605.1.15 (KHTML, like Gecko) Version/13.0.3 Mobile/15E148 Safari/604.1"
216.244.66.240 - - [16/Jul/2026:13:16:47 +0000] "GET /?product%2Fcategory%2Fview_more%2F8228778271100 HTTP/1.1" 301 21 "-" "Mozilla/5.0 (compatible; DotBot/1.2; +https://opensiteexplorer.org/dotbot; [email protected])"
66.249.68.5 - - [16/Jul/2026:13:30:10 +0000] "GET /?g=9436642621100 HTTP/1.1" 200 21479 "-" "Mozilla/5.0 (Linux; Android 6.0.1; Nexus 5X Build/MMB29P) AppleWebKit/537.36 (KHTML, like Gecko) Chrome/150.0.7871.114 Mobile Safari/537.36 (compatible; Googlebot/2.1; +http://www.google.com/bot.html)"
66.249.68.3 - - [16/Jul/2026:13:31:33 +0000] "GET /?g=9389541721100 HTTP/1.1" 200 21359 "-" "Mozilla/5.0 (Linux; Android 6.0.1; Nexus 5X Build/MMB29P) AppleWebKit/537.36 (KHTML, like Gecko) Chrome/150.0.7871.114 Mobile Safari/537.36 (compatible; Googlebot/2.1; +http://www.google.com/bot.html)"
216.244.66.240 - - [16/Jul/2026:13:16:42 +0000] "GET /?g=8683236121100 HTTP/1.1" 301 21 "-" "Mozilla/5.0 (compatible; DotBot/1.2; +https://opensiteexplorer.org/dotbot; [email protected])"
216.244.66.240 - - [16/Jul/2026:13:16:52 +0000] "GET /?product%2Fcategory%2Fview_more%2F9312919021100 HTTP/1.1" 301 21 "-" "Mozilla/5.0 (compatible; DotBot/1.2; +https://opensiteexplorer.org/dotbot; [email protected])"
216.244.66.240 - - [16/Jul/2026:13:17:04 +0000] "GET /?product/review/15542203621100 HTTP/1.1" 301 21 "-" "Mozilla/5.0 (compatible; DotBot/1.2; +https://opensiteexplorer.org/dotbot; [email protected])"
66.249.68.2 - - [16/Jul/2026:13:20:06 +0000] "GET /?g=23133210121100 HTTP/1.1" 200 21704 "-" "Mozilla/5.0 (Linux; Android 6.0.1; Nexus 5X Build/MMB29P) AppleWebKit/537.36 (KHTML, like Gecko) Chrome/150.0.7871.114 Mobile Safari/537.36 (compatible; Googlebot/2.1; +http://www.google.com/bot.html)"
66.249.68.5 - - [16/Jul/2026:13:28:03 +0000] "GET /?g=2316391021100 HTTP/1.1" 200 22141 "-" "Mozilla/5.0 (Linux; Android 6.0.1; Nexus 5X Build/MMB29P) AppleWebKit/537.36 (KHTML, like Gecko) Chrome/150.0.7871.114 Mobile Safari/537.36 (compatible; Googlebot/2.1; +http://www.google.com/bot.html)"
66.249.68.3 - - [16/Jul/2026:13:30:41 +0000] "GET /?g=9377113921100 HTTP/1.1" 200 22141 "-" "Mozilla/5.0 (Linux; Android 6.0.1; Nexus 5X Build/MMB29P) AppleWebKit/537.36 (KHTML, like Gecko) Chrome/150.0.7871.114 Mobile Safari/537.36 (compatible; Googlebot/2.1; +http://www.google.com/bot.html)"
66.249.68.3 - - [16/Jul/2026:13:30:51 +0000] "GET /?g=2888589571100 HTTP/1.1" 200 21082 "-" "Mozilla/5.0 (Linux; Android 6.0.1; Nexus 5X Build/MMB29P) AppleWebKit/537.36 (KHTML, like Gecko) Chrome/150.0.7871.114 Mobile Safari/537.36 (compatible; Googlebot/2.1; +http://www.google.com/bot.html)"
66.249.68.4 - - [16/Jul/2026:13:38:24 +0000] "GET /?g=3037191871100 HTTP/1.1" 200 20879 "-" "Mozilla/5.0 (Linux; Android 6.0.1; Nexus 5X Build/MMB29P) AppleWebKit/537.36 (KHTML, like Gecko) Chrome/150.0.7871.114 Mobile Safari/537.36 (compatible; Googlebot/2.1; +http://www.google.com/bot.html)"
66.249.68.2 - - [16/Jul/2026:13:44:09 +0000] "GET /?product/category/view_more/21468531721100 HTTP/1.1" 200 21257 "-" "Mozilla/5.0 (Linux; Android 6.0.1; Nexus 5X Build/MMB29P) AppleWebKit/537.36 (KHTML, like Gecko) Chrome/150.0.7871.114 Mobile Safari/537.36 (compatible; Googlebot/2.1; +http://www.google.com/bot.html)"
66.249.68.2 - - [16/Jul/2026:13:44:42 +0000] "GET /?g=7585616521100 HTTP/1.1" 200 20695 "-" "Mozilla/5.0 (Linux; Android 6.0.1; Nexus 5X Build/MMB29P) AppleWebKit/537.36 (KHTML, like Gecko) Chrome/150.0.7871.114 Mobile Safari/537.36 (compatible; Googlebot/2.1; +http://www.google.com/bot.html)"
66.249.68.2 - - [16/Jul/2026:13:45:13 +0000] "GET /?product/category/view_more/16922521021100 HTTP/1.1" 200 21535 "-" "Mozilla/5.0 (Linux; Android 6.0.1; Nexus 5X Build/MMB29P) AppleWebKit/537.36 (KHTML, like Gecko) Chrome/150.0.7871.114 Mobile Safari/537.36 (compatible; Googlebot/2.1; +http://www.google.com/bot.html)"
66.249.68.2 - - [16/Jul/2026:13:45:29 +0000] "GET /?g=3026658271100 HTTP/1.1" 200 21092 "-" "Mozilla/5.0 (Linux; Android 6.0.1; Nexus 5X Build/MMB29P) AppleWebKit/537.36 (KHTML, like Gecko) Chrome/150.0.7871.114 Mobile Safari/537.36 (compatible; Googlebot/2.1; +http://www.google.com/bot.html)"
66.249.68.2 - - [16/Jul/2026:13:45:50 +0000] "GET /?g=3018977521100 HTTP/1.1" 200 20802 "-" "Mozilla/5.0 (Linux; Android 6.0.1; Nexus 5X Build/MMB29P) AppleWebKit/537.36 (KHTML, like Gecko) Chrome/150.0.7871.114 Mobile Safari/537.36 (compatible; Googlebot/2.1; +http://www.google.com/bot.html)"
66.249.68.2 - - [16/Jul/2026:13:46:49 +0000] "GET /?g=805766521100 HTTP/1.1" 200 20815 "-" "Mozilla/5.0 (Linux; Android 6.0.1; Nexus 5X Build/MMB29P) AppleWebKit/537.36 (KHTML, like Gecko) Chrome/150.0.7871.114 Mobile Safari/537.36 (compatible; Googlebot/2.1; +http://www.google.com/bot.html)"
66.249.68.3 - - [16/Jul/2026:13:47:17 +0000] "GET /?g=6737280571100 HTTP/1.1" 200 21849 "-" "Mozilla/5.0 (Linux; Android 6.0.1; Nexus 5X Build/MMB29P) AppleWebKit/537.36 (KHTML, like Gecko) Chrome/150.0.7871.114 Mobile Safari/537.36 (compatible; Googlebot/2.1; +http://www.google.com/bot.html)"
66.249.68.5 - - [16/Jul/2026:13:33:06 +0000] "GET /?product/category/view_more/20856081421100 HTTP/1.1" 200 21138 "-" "Mozilla/5.0 (Linux; Android 6.0.1; Nexus 5X Build/MMB29P) AppleWebKit/537.36 (KHTML, like Gecko) Chrome/150.0.7871.114 Mobile Safari/537.36 (compatible; Googlebot/2.1; +http://www.google.com/bot.html)"
66.249.68.2 - - [16/Jul/2026:13:38:39 +0000] "GET /?g=2902495771100 HTTP/1.1" 200 20815 "-" "Mozilla/5.0 (Linux; Android 6.0.1; Nexus 5X Build/MMB29P) AppleWebKit/537.36 (KHTML, like Gecko) Chrome/150.0.7871.114 Mobile Safari/537.36 (compatible; Googlebot/2.1; +http://www.google.com/bot.html)"
66.249.68.2 - - [16/Jul/2026:13:39:23 +0000] "GET /?g=14087700571100 HTTP/1.1" 200 21495 "-" "Mozilla/5.0 (Linux; Android 6.0.1; Nexus 5X Build/MMB29P) AppleWebKit/537.36 (KHTML, like Gecko) Chrome/150.0.7871.114 Mobile Safari/537.36 (compatible; Googlebot/2.1; +http://www.google.com/bot.html)"
66.249.68.3 - - [16/Jul/2026:13:43:22 +0000] "GET /?product/review/3644860471100 HTTP/1.1" 200 20618 "-" "Mozilla/5.0 (Linux; Android 6.0.1; Nexus 5X Build/MMB29P) AppleWebKit/537.36 (KHTML, like Gecko) Chrome/150.0.7871.114 Mobile Safari/537.36 (compatible; Googlebot/2.1; +http://www.google.com/bot.html)"
66.249.68.3 - - [16/Jul/2026:13:43:32 +0000] "GET /?g=126591871100 HTTP/1.1" 200 21493 "-" "Mozilla/5.0 (Linux; Android 6.0.1; Nexus 5X Build/MMB29P) AppleWebKit/537.36 (KHTML, like Gecko) Chrome/150.0.7871.114 Mobile Safari/537.36 (compatible; Googlebot/2.1; +http://www.google.com/bot.html)"
66.249.68.2 - - [16/Jul/2026:13:44:56 +0000] "GET /?g=2316795271100 HTTP/1.1" 200 21730 "-" "Mozilla/5.0 (Linux; Android 6.0.1; Nexus 5X Build/MMB29P) AppleWebKit/537.36 (KHTML, like Gecko) Chrome/150.0.7871.114 Mobile Safari/537.36 (compatible; Googlebot/2.1; +http://www.google.com/bot.html)"
66.249.68.2 - - [16/Jul/2026:13:46:34 +0000] "GET /?g=9416614921100 HTTP/1.1" 200 21064 "-" "Mozilla/5.0 (Linux; Android 6.0.1; Nexus 5X Build/MMB29P) AppleWebKit/537.36 (KHTML, like Gecko) Chrome/150.0.7871.114 Mobile Safari/537.36 (compatible; Googlebot/2.1; +http://www.google.com/bot.html)"
66.249.68.3 - - [16/Jul/2026:13:55:30 +0000] "GET /?product/category/view_more/11494610071100 HTTP/1.1" 200 21431 "-" "Mozilla/5.0 (Linux; Android 6.0.1; Nexus 5X Build/MMB29P) AppleWebKit/537.36 (KHTML, like Gecko) Chrome/150.0.7871.114 Mobile Safari/537.36 (compatible; Googlebot/2.1; +http://www.google.com/bot.html)"
66.249.68.4 - - [16/Jul/2026:14:00:11 +0000] "GET /?g=7536194071100 HTTP/1.1" 200 21268 "-" "Mozilla/5.0 (Linux; Android 6.0.1; Nexus 5X Build/MMB29P) AppleWebKit/537.36 (KHTML, like Gecko) Chrome/150.0.7871.114 Mobile Safari/537.36 (compatible; Googlebot/2.1; +http://www.google.com/bot.html)"
66.249.68.3 - - [16/Jul/2026:14:00:27 +0000] "GET /?g=7543216471100 HTTP/1.1" 200 20788 "-" "Mozilla/5.0 (Linux; Android 6.0.1; Nexus 5X Build/MMB29P) AppleWebKit/537.36 (KHTML, like Gecko) Chrome/150.0.7871.114 Mobile Safari/537.36 (compatible; Googlebot/2.1; +http://www.google.com/bot.html)"
66.249.68.5 - - [16/Jul/2026:14:01:11 +0000] "GET /?g=12094066621100 HTTP/1.1" 200 20841 "-" "Mozilla/5.0 (Linux; Android 6.0.1; Nexus 5X Build/MMB29P) AppleWebKit/537.36 (KHTML, like Gecko) Chrome/150.0.7871.114 Mobile Safari/537.36 (compatible; Googlebot/2.1; +http://www.google.com/bot.html)"
66.249.68.3 - - [16/Jul/2026:14:02:26 +0000] "GET /?g=9446841271100 HTTP/1.1" 200 20942 "-" "Mozilla/5.0 (Linux; Android 6.0.1; Nexus 5X Build/MMB29P) AppleWebKit/537.36 (KHTML, like Gecko) Chrome/150.0.7871.114 Mobile Safari/537.36 (compatible; Googlebot/2.1; +http://www.google.com/bot.html)"
66.249.68.3 - - [16/Jul/2026:14:04:26 +0000] "GET /?g=20824619221100 HTTP/1.1" 200 21256 "-" "Mozilla/5.0 (Linux; Android 6.0.1; Nexus 5X Build/MMB29P) AppleWebKit/537.36 (KHTML, like Gecko) Chrome/150.0.7871.114 Mobile Safari/537.36 (compatible; Googlebot/2.1; +http://www.google.com/bot.html)"
66.249.68.4 - - [16/Jul/2026:14:05:06 +0000] "GET /?g=3036510421100 HTTP/1.1" 200 21082 "-" "Mozilla/5.0 (Linux; Android 6.0.1; Nexus 5X Build/MMB29P) AppleWebKit/537.36 (KHTML, like Gecko) Chrome/150.0.7871.114 Mobile Safari/537.36 (compatible; Googlebot/2.1; +http://www.google.com/bot.html)"
66.249.68.3 - - [16/Jul/2026:14:05:22 +0000] "GET /?g=7567055671100 HTTP/1.1" 200 20554 "-" "Mozilla/5.0 (Linux; Android 6.0.1; Nexus 5X Build/MMB29P) AppleWebKit/537.36 (KHTML, like Gecko) Chrome/150.0.7871.114 Mobile Safari/537.36 (compatible; Googlebot/2.1; +http://www.google.com/bot.html)"
66.249.68.4 - - [16/Jul/2026:13:56:08 +0000] "GET /?product/category/view_more/19579459921100 HTTP/1.1" 200 20879 "-" "Mozilla/5.0 (Linux; Android 6.0.1; Nexus 5X Build/MMB29P) AppleWebKit/537.36 (KHTML, like Gecko) Chrome/150.0.7871.114 Mobile Safari/537.36 (compatible; Googlebot/2.1; +http://www.google.com/bot.html)"
66.249.68.3 - - [16/Jul/2026:14:00:56 +0000] "GET /?g=2772304171100 HTTP/1.1" 200 21290 "-" "Mozilla/5.0 (Linux; Android 6.0.1; Nexus 5X Build/MMB29P) AppleWebKit/537.36 (KHTML, like Gecko) Chrome/150.0.7871.114 Mobile Safari/537.36 (compatible; Googlebot/2.1; +http://www.google.com/bot.html)"
66.249.68.3 - - [16/Jul/2026:14:01:26 +0000] "GET /?g=159613321100 HTTP/1.1" 200 20936 "-" "Mozilla/5.0 (Linux; Android 6.0.1; Nexus 5X Build/MMB29P) AppleWebKit/537.36 (KHTML, like Gecko) Chrome/150.0.7871.114 Mobile Safari/537.36 (compatible; Googlebot/2.1; +http://www.google.com/bot.html)"
66.249.68.4 - - [16/Jul/2026:14:02:11 +0000] "GET /?g=9379412371100 HTTP/1.1" 200 21138 "-" "Mozilla/5.0 (Linux; Android 6.0.1; Nexus 5X Build/MMB29P) AppleWebKit/537.36 (KHTML, like Gecko) Chrome/150.0.7871.114 Mobile Safari/537.36 (compatible; Googlebot/2.1; +http://www.google.com/bot.html)"
66.249.68.5 - - [16/Jul/2026:14:04:27 +0000] "GET /?g=4268906971100 HTTP/1.1" 200 21144 "-" "Mozilla/5.0 (Linux; Android 6.0.1; Nexus 5X Build/MMB29P) AppleWebKit/537.36 (KHTML, like Gecko) Chrome/150.0.7871.114 Mobile Safari/537.36 (compatible; Googlebot/2.1; +http://www.google.com/bot.html)"
66.249.68.3 - - [16/Jul/2026:14:04:51 +0000] "GET /?g=4872706321100 HTTP/1.1" 200 21031 "-" "Mozilla/5.0 (Linux; Android 6.0.1; Nexus 5X Build/MMB29P) AppleWebKit/537.36 (KHTML, like Gecko) Chrome/150.0.7871.114 Mobile Safari/537.36 (compatible; Googlebot/2.1; +http://www.google.com/bot.html)"
66.249.68.3 - - [16/Jul/2026:14:05:39 +0000] "GET /?g=2951906671100 HTTP/1.1" 200 21027 "-" "Mozilla/5.0 (Linux; Android 6.0.1; Nexus 5X Build/MMB29P) AppleWebKit/537.36 (KHTML, like Gecko) Chrome/150.0.7871.114 Mobile Safari/537.36 (compatible; Googlebot/2.1; +http://www.google.com/bot.html)"
66.249.68.5 - - [16/Jul/2026:14:07:24 +0000] "GET /?g=12792841621100 HTTP/1.1" 200 20804 "-" "Mozilla/5.0 (Linux; Android 6.0.1; Nexus 5X Build/MMB29P) AppleWebKit/537.36 (KHTML, like Gecko) Chrome/150.0.7871.114 Mobile Safari/537.36 (compatible; Googlebot/2.1; +http://www.google.com/bot.html)"
66.249.68.3 - - [16/Jul/2026:14:07:42 +0000] "GET /?productSearch/pictureSearch?id=13929049771100 HTTP/1.1" 200 21222 "-" "Mozilla/5.0 (Linux; Android 6.0.1; Nexus 5X Build/MMB29P) AppleWebKit/537.36 (KHTML, like Gecko) Chrome/150.0.7871.114 Mobile Safari/537.36 (compatible; Googlebot/2.1; +http://www.google.com/bot.html)"
66.249.68.5 - - [16/Jul/2026:14:08:10 +0000] "GET /?g=2944249021100 HTTP/1.1" 200 20485 "-" "Mozilla/5.0 (Linux; Android 6.0.1; Nexus 5X Build/MMB29P) AppleWebKit/537.36 (KHTML, like Gecko) Chrome/150.0.7871.114 Mobile Safari/537.36 (compatible; Googlebot/2.1; +http://www.google.com/bot.html)"
66.249.68.4 - - [16/Jul/2026:14:08:25 +0000] "GET /?g=2312856721100 HTTP/1.1" 200 21363 "-" "Mozilla/5.0 (Linux; Android 6.0.1; Nexus 5X Build/MMB29P) AppleWebKit/537.36 (KHTML, like Gecko) Chrome/150.0.7871.114 Mobile Safari/537.36 (compatible; Googlebot/2.1; +http://www.google.com/bot.html)"
66.249.68.4 - - [16/Jul/2026:14:08:42 +0000] "GET /?g=6737326771100 HTTP/1.1" 200 21068 "-" "Mozilla/5.0 (Linux; Android 6.0.1; Nexus 5X Build/MMB29P) AppleWebKit/537.36 (KHTML, like Gecko) Chrome/150.0.7871.114 Mobile Safari/537.36 (compatible; Googlebot/2.1; +http://www.google.com/bot.html)"
66.249.68.3 - - [16/Jul/2026:14:08:57 +0000] "GET /?shop/sold?id=top8894023621100 HTTP/1.1" 200 20884 "-" "Mozilla/5.0 (Linux; Android 6.0.1; Nexus 5X Build/MMB29P) AppleWebKit/537.36 (KHTML, like Gecko) Chrome/150.0.7871.114 Mobile Safari/537.36 (compatible; Googlebot/2.1; +http://www.google.com/bot.html)"
66.249.68.2 - - [16/Jul/2026:14:14:22 +0000] "GET /?g=2709714721100 HTTP/1.1" 200 21220 "-" "Mozilla/5.0 (Linux; Android 6.0.1; Nexus 5X Build/MMB29P) AppleWebKit/537.36 (KHTML, like Gecko) Chrome/150.0.7871.114 Mobile Safari/537.36 (compatible; Googlebot/2.1; +http://www.google.com/bot.html)"
66.249.68.4 - - [16/Jul/2026:14:15:16 +0000] "GET /?g=7513417471100 HTTP/1.1" 200 20797 "-" "Mozilla/5.0 (Linux; Android 6.0.1; Nexus 5X Build/MMB29P) AppleWebKit/537.36 (KHTML, like Gecko) Chrome/150.0.7871.114 Mobile Safari/537.36 (compatible; Googlebot/2.1; +http://www.google.com/bot.html)"
66.249.68.2 - - [16/Jul/2026:14:16:11 +0000] "GET /?g=9478730821100 HTTP/1.1" 200 21459 "-" "Mozilla/5.0 (Linux; Android 6.0.1; Nexus 5X Build/MMB29P) AppleWebKit/537.36 (KHTML, like Gecko) Chrome/150.0.7871.114 Mobile Safari/537.36 (compatible; Googlebot/2.1; +http://www.google.com/bot.html)"
66.249.68.3 - - [16/Jul/2026:14:17:46 +0000] "GET /?g=15527373421100 HTTP/1.1" 200 21556 "-" "Mozilla/5.0 (Linux; Android 6.0.1; Nexus 5X Build/MMB29P) AppleWebKit/537.36 (KHTML, like Gecko) Chrome/150.0.7871.114 Mobile Safari/537.36 (compatible; Googlebot/2.1; +http://www.google.com/bot.html)"
66.249.68.5 - - [16/Jul/2026:14:18:00 +0000] "GET /?productSearch/pictureSearch?id=715353121100 HTTP/1.1" 200 21456 "-" "Mozilla/5.0 (Linux; Android 6.0.1; Nexus 5X Build/MMB29P) AppleWebKit/537.36 (KHTML, like Gecko) Chrome/150.0.7871.114 Mobile Safari/537.36 (compatible; Googlebot/2.1; +http://www.google.com/bot.html)"
66.249.68.4 - - [16/Jul/2026:14:18:18 +0000] "GET /?g=7552456471100 HTTP/1.1" 200 20929 "-" "Mozilla/5.0 (Linux; Android 6.0.1; Nexus 5X Build/MMB29P) AppleWebKit/537.36 (KHTML, like Gecko) Chrome/150.0.7871.114 Mobile Safari/537.36 (compatible; Googlebot/2.1; +http://www.google.com/bot.html)"
66.249.68.3 - - [16/Jul/2026:14:05:54 +0000] "GET /?productSearch/pictureSearch?id=756494221100 HTTP/1.1" 200 21668 "-" "Mozilla/5.0 (Linux; Android 6.0.1; Nexus 5X Build/MMB29P) AppleWebKit/537.36 (KHTML, like Gecko) Chrome/150.0.7871.114 Mobile Safari/537.36 (compatible; Googlebot/2.1; +http://www.google.com/bot.html)"
66.249.68.5 - - [16/Jul/2026:14:06:12 +0000] "GET /?g=7574540071100 HTTP/1.1" 200 20757 "-" "Mozilla/5.0 (Linux; Android 6.0.1; Nexus 5X Build/MMB29P) AppleWebKit/537.36 (KHTML, like Gecko) Chrome/150.0.7871.114 Mobile Safari/537.36 (compatible; Googlebot/2.1; +http://www.google.com/bot.html)"
66.249.68.3 - - [16/Jul/2026:14:06:41 +0000] "GET /?g=2270029321100 HTTP/1.1" 200 20815 "-" "Mozilla/5.0 (Linux; Android 6.0.1; Nexus 5X Build/MMB29P) AppleWebKit/537.36 (KHTML, like Gecko) Chrome/150.0.7871.114 Mobile Safari/537.36 (compatible; Googlebot/2.1; +http://www.google.com/bot.html)"
66.249.68.3 - - [16/Jul/2026:14:06:58 +0000] "GET /?g=22015678321100 HTTP/1.1" 200 21091 "-" "Mozilla/5.0 (Linux; Android 6.0.1; Nexus 5X Build/MMB29P) AppleWebKit/537.36 (KHTML, like Gecko) Chrome/150.0.7871.114 Mobile Safari/537.36 (compatible; Googlebot/2.1; +http://www.google.com/bot.html)"
66.249.68.4 - - [16/Jul/2026:14:09:36 +0000] "GET /?g=7553981071100 HTTP/1.1" 200 21339 "-" "Mozilla/5.0 (Linux; Android 6.0.1; Nexus 5X Build/MMB29P) AppleWebKit/537.36 (KHTML, like Gecko) Chrome/150.0.7871.114 Mobile Safari/537.36 (compatible; Googlebot/2.1; +http://www.google.com/bot.html)"
66.249.68.4 - - [16/Jul/2026:14:09:49 +0000] "GET /?g=7545780571100 HTTP/1.1" 200 20817 "-" "Mozilla/5.0 (Linux; Android 6.0.1; Nexus 5X Build/MMB29P) AppleWebKit/537.36 (KHTML, like Gecko) Chrome/150.0.7871.114 Mobile Safari/537.36 (compatible; Googlebot/2.1; +http://www.google.com/bot.html)"
66.249.68.5 - - [16/Jul/2026:14:10:07 +0000] "GET /?g=7560460621100 HTTP/1.1" 200 20921 "-" "Mozilla/5.0 (Linux; Android 6.0.1; Nexus 5X Build/MMB29P) AppleWebKit/537.36 (KHTML, like Gecko) Chrome/150.0.7871.114 Mobile Safari/537.36 (compatible; Googlebot/2.1; +http://www.google.com/bot.html)"
66.249.68.3 - - [16/Jul/2026:14:14:04 +0000] "GET /?product/category/view_more/21481479271100 HTTP/1.1" 200 21540 "-" "Mozilla/5.0 (Linux; Android 6.0.1; Nexus 5X Build/MMB29P) AppleWebKit/537.36 (KHTML, like Gecko) Chrome/150.0.7871.114 Mobile Safari/537.36 (compatible; Googlebot/2.1; +http://www.google.com/bot.html)"
66.249.68.2 - - [16/Jul/2026:14:14:58 +0000] "GET /?product/review/12097427671100 HTTP/1.1" 200 20968 "-" "Mozilla/5.0 (Linux; Android 6.0.1; Nexus 5X Build/MMB29P) AppleWebKit/537.36 (KHTML, like Gecko) Chrome/150.0.7871.114 Mobile Safari/537.36 (compatible; Googlebot/2.1; +http://www.google.com/bot.html)"
66.249.68.2 - - [16/Jul/2026:14:15:34 +0000] "GET /?product/review/2225735071100 HTTP/1.1" 200 21311 "-" "Mozilla/5.0 (Linux; Android 6.0.1; Nexus 5X Build/MMB29P) AppleWebKit/537.36 (KHTML, like Gecko) Chrome/150.0.7871.114 Mobile Safari/537.36 (compatible; Googlebot/2.1; +http://www.google.com/bot.html)"
66.249.68.2 - - [16/Jul/2026:14:15:53 +0000] "GET /?g=2911885921100 HTTP/1.1" 200 21285 "-" "Mozilla/5.0 (Linux; Android 6.0.1; Nexus 5X Build/MMB29P) AppleWebKit/537.36 (KHTML, like Gecko) Chrome/150.0.7871.114 Mobile Safari/537.36 (compatible; Googlebot/2.1; +http://www.google.com/bot.html)"
66.249.68.5 - - [16/Jul/2026:14:17:37 +0000] "GET /?productSearch/pictureSearch?id=18526284721100 HTTP/1.1" 200 20641 "-" "Mozilla/5.0 (Linux; Android 6.0.1; Nexus 5X Build/MMB29P) AppleWebKit/537.36 (KHTML, like Gecko) Chrome/150.0.7871.114 Mobile Safari/537.36 (compatible; Googlebot/2.1; +http://www.google.com/bot.html)"
2a03:2880:7ff:55:: - - [16/Jul/2026:14:22:46 +0000] "GET / HTTP/1.1" 301 21 "-" "meta-externalagent/1.1 (+https://developers.facebook.com/docs/sharing/webmasters/crawler)"
66.249.68.5 - - [16/Jul/2026:14:33:10 +0000] "GET /?g=4794917071100 HTTP/1.1" 200 20707 "-" "Mozilla/5.0 (Linux; Android 6.0.1; Nexus 5X Build/MMB29P) AppleWebKit/537.36 (KHTML, like Gecko) Chrome/150.0.7871.114 Mobile Safari/537.36 (compatible; Googlebot/2.1; +http://www.google.com/bot.html)"
216.244.66.240 - - [16/Jul/2026:14:40:00 +0000] "GET /robots.txt HTTP/1.1" 200 77 "-" "Mozilla/5.0 (compatible; DotBot/1.2; +https://opensiteexplorer.org/dotbot; [email protected])"
66.249.68.4 - - [16/Jul/2026:14:42:37 +0000] "GET /?g=20748805021100 HTTP/1.1" 200 21072 "-" "Mozilla/5.0 (Linux; Android 6.0.1; Nexus 5X Build/MMB29P) AppleWebKit/537.36 (KHTML, like Gecko) Chrome/150.0.7871.114 Mobile Safari/537.36 (compatible; Googlebot/2.1; +http://www.google.com/bot.html)"
66.249.68.5 - - [16/Jul/2026:14:54:30 +0000] "GET /?shop/sold?id=top13658156071100 HTTP/1.1" 200 21057 "-" "Mozilla/5.0 (Linux; Android 6.0.1; Nexus 5X Build/MMB29P) AppleWebKit/537.36 (KHTML, like Gecko) Chrome/150.0.7871.114 Mobile Safari/537.36 (compatible; Googlebot/2.1; +http://www.google.com/bot.html)"
216.244.66.240 - - [16/Jul/2026:14:40:00 +0000] "GET /robots.txt HTTP/1.1" 200 77 "-" "Mozilla/5.0 (compatible; DotBot/1.2; +https://opensiteexplorer.org/dotbot; [email protected])"
66.249.68.3 - - [16/Jul/2026:14:42:53 +0000] "GET /?g=804137971100 HTTP/1.1" 200 21480 "-" "Mozilla/5.0 (Linux; Android 6.0.1; Nexus 5X Build/MMB29P) AppleWebKit/537.36 (KHTML, like Gecko) Chrome/150.0.7871.114 Mobile Safari/537.36 (compatible; Googlebot/2.1; +http://www.google.com/bot.html)"
66.249.68.4 - - [16/Jul/2026:14:43:10 +0000] "GET /?g=7522565071100 HTTP/1.1" 200 20908 "-" "Mozilla/5.0 (Linux; Android 6.0.1; Nexus 5X Build/MMB29P) AppleWebKit/537.36 (KHTML, like Gecko) Chrome/150.0.7871.114 Mobile Safari/537.36 (compatible; Googlebot/2.1; +http://www.google.com/bot.html)"
216.244.66.240 - - [16/Jul/2026:14:43:54 +0000] "GET /?g=6620290621100 HTTP/1.1" 301 21 "-" "Mozilla/5.0 (compatible; DotBot/1.2; +https://opensiteexplorer.org/dotbot; [email protected])"
216.244.66.240 - - [16/Jul/2026:14:43:59 +0000] "GET /?productSearch%2FpictureSearch%3Fid=17009735071100 HTTP/1.1" 301 21 "-" "Mozilla/5.0 (compatible; DotBot/1.2; +https://opensiteexplorer.org/dotbot; [email protected])"
216.244.66.240 - - [16/Jul/2026:14:44:04 +0000] "GET /?productSearch%2FpictureSearch%3Fid=19838249221100 HTTP/1.1" 301 21 "-" "Mozilla/5.0 (compatible; DotBot/1.2; +https://opensiteexplorer.org/dotbot; [email protected])"
216.244.66.240 - - [16/Jul/2026:14:44:36 +0000] "GET /?productSearch/pictureSearch?id=4029279121100 HTTP/1.1" 301 21 "-" "Mozilla/5.0 (compatible; DotBot/1.2; +https://opensiteexplorer.org/dotbot; [email protected])"
66.249.68.4 - - [16/Jul/2026:14:57:29 +0000] "GET /?g=7511361571100 HTTP/1.1" 200 20913 "-" "Mozilla/5.0 (Linux; Android 6.0.1; Nexus 5X Build/MMB29P) AppleWebKit/537.36 (KHTML, like Gecko) Chrome/150.0.7871.114 Mobile Safari/537.36 (compatible; Googlebot/2.1; +http://www.google.com/bot.html)"
66.249.68.3 - - [16/Jul/2026:14:58:53 +0000] "GET /?g=20778661771100 HTTP/1.1" 200 21537 "-" "Mozilla/5.0 (Linux; Android 6.0.1; Nexus 5X Build/MMB29P) AppleWebKit/537.36 (KHTML, like Gecko) Chrome/150.0.7871.114 Mobile Safari/537.36 (compatible; Googlebot/2.1; +http://www.google.com/bot.html)"
66.249.68.4 - - [16/Jul/2026:14:59:27 +0000] "GET /?g=2353697521100 HTTP/1.1" 200 21970 "-" "Mozilla/5.0 (Linux; Android 6.0.1; Nexus 5X Build/MMB29P) AppleWebKit/537.36 (KHTML, like Gecko) Chrome/150.0.7871.114 Mobile Safari/537.36 (compatible; Googlebot/2.1; +http://www.google.com/bot.html)"
66.249.68.5 - - [16/Jul/2026:15:00:49 +0000] "GET /?product/category/view_more/18223224271100 HTTP/1.1" 200 20392 "-" "Mozilla/5.0 (Linux; Android 6.0.1; Nexus 5X Build/MMB29P) AppleWebKit/537.36 (KHTML, like Gecko) Chrome/150.0.7871.114 Mobile Safari/537.36 (compatible; Googlebot/2.1; +http://www.google.com/bot.html)"
66.249.68.4 - - [16/Jul/2026:15:01:07 +0000] "GET /?product/review/17820764521100 HTTP/1.1" 200 21070 "-" "Mozilla/5.0 (Linux; Android 6.0.1; Nexus 5X Build/MMB29P) AppleWebKit/537.36 (KHTML, like Gecko) Chrome/150.0.7871.114 Mobile Safari/537.36 (compatible; Googlebot/2.1; +http://www.google.com/bot.html)"
66.249.68.4 - - [16/Jul/2026:14:56:39 +0000] "GET /?g=19370913121100 HTTP/1.1" 200 21530 "-" "Mozilla/5.0 (Linux; Android 6.0.1; Nexus 5X Build/MMB29P) AppleWebKit/537.36 (KHTML, like Gecko) Chrome/150.0.7871.114 Mobile Safari/537.36 (compatible; Googlebot/2.1; +http://www.google.com/bot.html)"
66.249.68.4 - - [16/Jul/2026:14:56:57 +0000] "GET /?g=5622751771100 HTTP/1.1" 200 20674 "-" "Mozilla/5.0 (Linux; Android 6.0.1; Nexus 5X Build/MMB29P) AppleWebKit/537.36 (KHTML, like Gecko) Chrome/150.0.7871.114 Mobile Safari/537.36 (compatible; Googlebot/2.1; +http://www.google.com/bot.html)"
66.249.68.4 - - [16/Jul/2026:14:57:46 +0000] "GET /?g=2960580721100 HTTP/1.1" 200 21535 "-" "Mozilla/5.0 (Linux; Android 6.0.1; Nexus 5X Build/MMB29P) AppleWebKit/537.36 (KHTML, like Gecko) Chrome/150.0.7871.114 Mobile Safari/537.36 (compatible; Googlebot/2.1; +http://www.google.com/bot.html)"
66.249.68.5 - - [16/Jul/2026:14:58:20 +0000] "GET /?productSearch/pictureSearch?id=2818792921100 HTTP/1.1" 200 20811 "-" "Mozilla/5.0 (Linux; Android 6.0.1; Nexus 5X Build/MMB29P) AppleWebKit/537.36 (KHTML, like Gecko) Chrome/150.0.7871.114 Mobile Safari/537.36 (compatible; Googlebot/2.1; +http://www.google.com/bot.html)"
66.249.68.5 - - [16/Jul/2026:15:04:42 +0000] "GET /?g=2905879921100 HTTP/1.1" 200 21452 "-" "Mozilla/5.0 (Linux; Android 6.0.1; Nexus 5X Build/MMB29P) AppleWebKit/537.36 (KHTML, like Gecko) Chrome/150.0.7871.114 Mobile Safari/537.36 (compatible; Googlebot/2.1; +http://www.google.com/bot.html)"
66.249.68.4 - - [16/Jul/2026:15:04:46 +0000] "GET /?product/review/4993507771100 HTTP/1.1" 200 21148 "-" "Mozilla/5.0 (Linux; Android 6.0.1; Nexus 5X Build/MMB29P) AppleWebKit/537.36 (KHTML, like Gecko) Chrome/150.0.7871.114 Mobile Safari/537.36 (compatible; Googlebot/2.1; +http://www.google.com/bot.html)"
35.237.61.47 - - [16/Jul/2026:15:11:47 +0000] "GET / HTTP/1.1" 301 21 "-" "Mozilla/5.0 (compatible; CMS-Checker/1.0; +https://example.com)"
216.244.66.240 - - [16/Jul/2026:15:27:32 +0000] "GET /?product%2Fcategory%2Fview_more%2F7871941021100 HTTP/1.1" 301 21 "-" "Mozilla/5.0 (compatible; DotBot/1.2; +https://opensiteexplorer.org/dotbot; [email protected])"
216.244.66.240 - - [16/Jul/2026:15:27:37 +0000] "GET /?g=8207041171100 HTTP/1.1" 301 21 "-" "Mozilla/5.0 (compatible; DotBot/1.2; +https://opensiteexplorer.org/dotbot; [email protected])"
216.244.66.240 - - [16/Jul/2026:15:27:38 +0000] "GET /?productSearch%2FpictureSearch%3Fid=8188434121100 HTTP/1.1" 301 21 "-" "Mozilla/5.0 (compatible; DotBot/1.2; +https://opensiteexplorer.org/dotbot; [email protected])"
35.236.246.176 - - [16/Jul/2026:15:25:07 +0000] "GET / HTTP/1.1" 301 21 "-" "Mozilla/5.0 (compatible; CMS-Checker/1.0; +https://example.com)"
153.126.172.136 - - [16/Jul/2026:15:31:22 +0000] "GET /?productSearch/pictureSearch?id=11267999071100 HTTP/1.1" 301 0 "https://www.google.com/" "Mozilla/5.0 (iPhone; CPU iPhone OS 16_5 like Mac OS X) AppleWebKit/605.1.15 (KHTML, like Gecko) Version/16.5 Mobile/15E148 Safari/604.1"
87.236.176.174 - - [16/Jul/2026:15:41:30 +0000] "GET / HTTP/1.1" 301 21 "-" "Mozilla/5.0 (compatible; InternetMeasurement/1.0; +https://internet-measurement.com/)"
153.126.172.136 - - [16/Jul/2026:15:31:35 +0000] "GET /?product/category/view_more/11244021271100 HTTP/1.1" 301 0 "https://www.google.com/" "Mozilla/5.0 (iPhone; CPU iPhone OS 16_5 like Mac OS X) AppleWebKit/605.1.15 (KHTML, like Gecko) Version/16.5 Mobile/15E148 Safari/604.1"
34.76.25.183 - - [16/Jul/2026:15:43:47 +0000] "GET / HTTP/1.1" 301 21 "-" "Mozilla/5.0 (Windows NT 10.0; Win64; x64) AppleWebKit/537.36 (KHTML, like Gecko) Chrome/89.0.4389.114 Safari/537.36"
176.28.165.82 - - [16/Jul/2026:15:55:23 +0000] "HEAD / HTTP/1.1" 301 0 "https://phuquocrentcar.com/" "Mozilla/5.0 (Windows NT 10.0; Win64; x64) AppleWebKit/537.36 (KHTML, like Gecko) Chrome/91.0.4472.124 Safari/537.36"
66.249.68.5 - - [16/Jul/2026:15:56:45 +0000] "GET /?g=6042213121100 HTTP/1.1" 200 20801 "-" "Mozilla/5.0 (Linux; Android 6.0.1; Nexus 5X Build/MMB29P) AppleWebKit/537.36 (KHTML, like Gecko) Chrome/150.0.7871.124 Mobile Safari/537.36 (compatible; Googlebot/2.1; +http://www.google.com/bot.html)"
66.249.68.4 - - [16/Jul/2026:15:57:24 +0000] "GET /?g=2994318271100 HTTP/1.1" 200 22163 "-" "Mozilla/5.0 (Linux; Android 6.0.1; Nexus 5X Build/MMB29P) AppleWebKit/537.36 (KHTML, like Gecko) Chrome/150.0.7871.124 Mobile Safari/537.36 (compatible; Googlebot/2.1; +http://www.google.com/bot.html)"
66.249.68.3 - - [16/Jul/2026:15:58:56 +0000] "GET /?g=2908397821100 HTTP/1.1" 200 21335 "-" "Mozilla/5.0 (Linux; Android 6.0.1; Nexus 5X Build/MMB29P) AppleWebKit/537.36 (KHTML, like Gecko) Chrome/150.0.7871.124 Mobile Safari/537.36 (compatible; Googlebot/2.1; +http://www.google.com/bot.html)"
66.249.68.3 - - [16/Jul/2026:15:59:15 +0000] "GET /?g=20837474371100 HTTP/1.1" 200 21460 "-" "Mozilla/5.0 (Linux; Android 6.0.1; Nexus 5X Build/MMB29P) AppleWebKit/537.36 (KHTML, like Gecko) Chrome/150.0.7871.124 Mobile Safari/537.36 (compatible; Googlebot/2.1; +http://www.google.com/bot.html)"
35.237.61.47 - - [16/Jul/2026:16:06:04 +0000] "GET / HTTP/1.1" 200 5176 "-" "Mozilla/5.0 (Windows NT 10.0; Win64; x64) AppleWebKit/537.36 (KHTML, like Gecko) Chrome/78.0.3904.108 Safari/537.36"
35.237.61.47 - - [16/Jul/2026:16:06:04 +0000] "GET / HTTP/1.1" 200 5187 "-" "Mozilla/5.0 (Windows NT 10.0; Win64; x64) AppleWebKit/537.36 (KHTML, like Gecko) Chrome/78.0.3904.108 Safari/537.36"
35.237.61.47 - - [16/Jul/2026:16:06:05 +0000] "GET /wp-includes/wlwmanifest.xml HTTP/1.1" 200 5125 "-" "Mozilla/5.0 (Windows NT 10.0; Win64; x64) AppleWebKit/537.36 (KHTML, like Gecko) Chrome/78.0.3904.108 Safari/537.36"
35.237.61.47 - - [16/Jul/2026:16:06:05 +0000] "GET /xmlrpc.php?rsd HTTP/1.1" 200 5116 "-" "Mozilla/5.0 (Windows NT 10.0; Win64; x64) AppleWebKit/537.36 (KHTML, like Gecko) Chrome/78.0.3904.108 Safari/537.36"
35.237.61.47 - - [16/Jul/2026:16:06:06 +0000] "GET /blog/wp-includes/wlwmanifest.xml HTTP/1.1" 200 5176 "-" "Mozilla/5.0 (Windows NT 10.0; Win64; x64) AppleWebKit/537.36 (KHTML, like Gecko) Chrome/78.0.3904.108 Safari/537.36"
35.237.61.47 - - [16/Jul/2026:16:06:07 +0000] "GET /website/wp-includes/wlwmanifest.xml HTTP/1.1" 200 5176 "-" "Mozilla/5.0 (Windows NT 10.0; Win64; x64) AppleWebKit/537.36 (KHTML, like Gecko) Chrome/78.0.3904.108 Safari/537.36"
35.237.61.47 - - [16/Jul/2026:16:06:08 +0000] "GET /news/wp-includes/wlwmanifest.xml HTTP/1.1" 200 5176 "-" "Mozilla/5.0 (Windows NT 10.0; Win64; x64) AppleWebKit/537.36 (KHTML, like Gecko) Chrome/78.0.3904.108 Safari/537.36"
35.237.61.47 - - [16/Jul/2026:16:06:09 +0000] "GET /shop/wp-includes/wlwmanifest.xml HTTP/1.1" 200 5176 "-" "Mozilla/5.0 (Windows NT 10.0; Win64; x64) AppleWebKit/537.36 (KHTML, like Gecko) Chrome/78.0.3904.108 Safari/537.36"
35.237.61.47 - - [16/Jul/2026:16:06:10 +0000] "GET /test/wp-includes/wlwmanifest.xml HTTP/1.1" 200 5176 "-" "Mozilla/5.0 (Windows NT 10.0; Win64; x64) AppleWebKit/537.36 (KHTML, like Gecko) Chrome/78.0.3904.108 Safari/537.36"
35.237.61.47 - - [16/Jul/2026:16:06:11 +0000] "GET /site/wp-includes/wlwmanifest.xml HTTP/1.1" 200 5151 "-" "Mozilla/5.0 (Windows NT 10.0; Win64; x64) AppleWebKit/537.36 (KHTML, like Gecko) Chrome/78.0.3904.108 Safari/537.36"
35.237.61.47 - - [16/Jul/2026:16:06:12 +0000] "GET /sito/wp-includes/wlwmanifest.xml HTTP/1.1" 200 5176 "-" "Mozilla/5.0 (Windows NT 10.0; Win64; x64) AppleWebKit/537.36 (KHTML, like Gecko) Chrome/78.0.3904.108 Safari/537.36"
66.249.68.2 - - [16/Jul/2026:16:06:28 +0000] "GET /?g=2271265171100 HTTP/1.1" 200 20820 "-" "Mozilla/5.0 (Linux; Android 6.0.1; Nexus 5X Build/MMB29P) AppleWebKit/537.36 (KHTML, like Gecko) Chrome/150.0.7871.124 Mobile Safari/537.36 (compatible; Googlebot/2.1; +http://www.google.com/bot.html)"
66.249.68.2 - - [16/Jul/2026:16:12:31 +0000] "GET /?g=15578447521100 HTTP/1.1" 200 21615 "-" "Mozilla/5.0 (Linux; Android 6.0.1; Nexus 5X Build/MMB29P) AppleWebKit/537.36 (KHTML, like Gecko) Chrome/150.0.7871.124 Mobile Safari/537.36 (compatible; Googlebot/2.1; +http://www.google.com/bot.html)"
35.236.246.176 - - [16/Jul/2026:16:15:15 +0000] "GET / HTTP/1.1" 200 5151 "-" "Mozilla/5.0 (Windows NT 10.0; Win64; x64) AppleWebKit/537.36 (KHTML, like Gecko) Chrome/78.0.3904.108 Safari/537.36"
35.236.246.176 - - [16/Jul/2026:16:15:16 +0000] "GET / HTTP/1.1" 200 5176 "-" "Mozilla/5.0 (Windows NT 10.0; Win64; x64) AppleWebKit/537.36 (KHTML, like Gecko) Chrome/78.0.3904.108 Safari/537.36"
35.236.246.176 - - [16/Jul/2026:16:15:16 +0000] "GET /wp-includes/wlwmanifest.xml HTTP/1.1" 200 5136 "-" "Mozilla/5.0 (Windows NT 10.0; Win64; x64) AppleWebKit/537.36 (KHTML, like Gecko) Chrome/78.0.3904.108 Safari/537.36"
35.236.246.176 - - [16/Jul/2026:16:15:17 +0000] "GET /xmlrpc.php?rsd HTTP/1.1" 200 5149 "-" "Mozilla/5.0 (Windows NT 10.0; Win64; x64) AppleWebKit/537.36 (KHTML, like Gecko) Chrome/78.0.3904.108 Safari/537.36"
35.236.246.176 - - [16/Jul/2026:16:15:17 +0000] "GET / HTTP/1.1" 200 5218 "-" "Mozilla/5.0 (Windows NT 10.0; Win64; x64) AppleWebKit/537.36 (KHTML, like Gecko) Chrome/78.0.3904.108 Safari/537.36"
35.236.246.176 - - [16/Jul/2026:16:15:17 +0000] "GET /blog/wp-includes/wlwmanifest.xml HTTP/1.1" 200 5176 "-" "Mozilla/5.0 (Windows NT 10.0; Win64; x64) AppleWebKit/537.36 (KHTML, like Gecko) Chrome/78.0.3904.108 Safari/537.36"
35.236.246.176 - - [16/Jul/2026:16:15:17 +0000] "GET /web/wp-includes/wlwmanifest.xml HTTP/1.1" 200 5116 "-" "Mozilla/5.0 (Windows NT 10.0; Win64; x64) AppleWebKit/537.36 (KHTML, like Gecko) Chrome/78.0.3904.108 Safari/537.36"
35.236.246.176 - - [16/Jul/2026:16:15:18 +0000] "GET /wordpress/wp-includes/wlwmanifest.xml HTTP/1.1" 200 5176 "-" "Mozilla/5.0 (Windows NT 10.0; Win64; x64) AppleWebKit/537.36 (KHTML, like Gecko) Chrome/78.0.3904.108 Safari/537.36"
35.236.246.176 - - [16/Jul/2026:16:15:18 +0000] "GET /website/wp-includes/wlwmanifest.xml HTTP/1.1" 200 5101 "-" "Mozilla/5.0 (Windows NT 10.0; Win64; x64) AppleWebKit/537.36 (KHTML, like Gecko) Chrome/78.0.3904.108 Safari/537.36"
35.236.246.176 - - [16/Jul/2026:16:15:18 +0000] "GET /wp/wp-includes/wlwmanifest.xml HTTP/1.1" 200 5151 "-" "Mozilla/5.0 (Windows NT 10.0; Win64; x64) AppleWebKit/537.36 (KHTML, like Gecko) Chrome/78.0.3904.108 Safari/537.36"
35.236.246.176 - - [16/Jul/2026:16:15:19 +0000] "GET /news/wp-includes/wlwmanifest.xml HTTP/1.1" 200 5192 "-" "Mozilla/5.0 (Windows NT 10.0; Win64; x64) AppleWebKit/537.36 (KHTML, like Gecko) Chrome/78.0.3904.108 Safari/537.36"
35.236.246.176 - - [16/Jul/2026:16:15:19 +0000] "GET /2018/wp-includes/wlwmanifest.xml HTTP/1.1" 200 5218 "-" "Mozilla/5.0 (Windows NT 10.0; Win64; x64) AppleWebKit/537.36 (KHTML, like Gecko) Chrome/78.0.3904.108 Safari/537.36"
35.236.246.176 - - [16/Jul/2026:16:15:19 +0000] "GET /2019/wp-includes/wlwmanifest.xml HTTP/1.1" 200 5176 "-" "Mozilla/5.0 (Windows NT 10.0; Win64; x64) AppleWebKit/537.36 (KHTML, like Gecko) Chrome/78.0.3904.108 Safari/537.36"
35.236.246.176 - - [16/Jul/2026:16:15:20 +0000] "GET /shop/wp-includes/wlwmanifest.xml HTTP/1.1" 200 5136 "-" "Mozilla/5.0 (Windows NT 10.0; Win64; x64) AppleWebKit/537.36 (KHTML, like Gecko) Chrome/78.0.3904.108 Safari/537.36"
35.236.246.176 - - [16/Jul/2026:16:15:20 +0000] "GET /wp1/wp-includes/wlwmanifest.xml HTTP/1.1" 200 5176 "-" "Mozilla/5.0 (Windows NT 10.0; Win64; x64) AppleWebKit/537.36 (KHTML, like Gecko) Chrome/78.0.3904.108 Safari/537.36"
35.236.246.176 - - [16/Jul/2026:16:15:21 +0000] "GET /test/wp-includes/wlwmanifest.xml HTTP/1.1" 200 5119 "-" "Mozilla/5.0 (Windows NT 10.0; Win64; x64) AppleWebKit/537.36 (KHTML, like Gecko) Chrome/78.0.3904.108 Safari/537.36"
35.236.246.176 - - [16/Jul/2026:16:15:21 +0000] "GET /media/wp-includes/wlwmanifest.xml HTTP/1.1" 200 5218 "-" "Mozilla/5.0 (Windows NT 10.0; Win64; x64) AppleWebKit/537.36 (KHTML, like Gecko) Chrome/78.0.3904.108 Safari/537.36"
35.236.246.176 - - [16/Jul/2026:16:15:21 +0000] "GET /wp2/wp-includes/wlwmanifest.xml HTTP/1.1" 200 5156 "-" "Mozilla/5.0 (Windows NT 10.0; Win64; x64) AppleWebKit/537.36 (KHTML, like Gecko) Chrome/78.0.3904.108 Safari/537.36"
35.236.246.176 - - [16/Jul/2026:16:15:22 +0000] "GET /site/wp-includes/wlwmanifest.xml HTTP/1.1" 200 5218 "-" "Mozilla/5.0 (Windows NT 10.0; Win64; x64) AppleWebKit/537.36 (KHTML, like Gecko) Chrome/78.0.3904.108 Safari/537.36"
35.236.246.176 - - [16/Jul/2026:16:15:22 +0000] "GET /cms/wp-includes/wlwmanifest.xml HTTP/1.1" 200 5116 "-" "Mozilla/5.0 (Windows NT 10.0; Win64; x64) AppleWebKit/537.36 (KHTML, like Gecko) Chrome/78.0.3904.108 Safari/537.36"
35.236.246.176 - - [16/Jul/2026:16:15:22 +0000] "GET /sito/wp-includes/wlwmanifest.xml HTTP/1.1" 200 5145 "-" "Mozilla/5.0 (Windows NT 10.0; Win64; x64) AppleWebKit/537.36 (KHTML, like Gecko) Chrome/78.0.3904.108 Safari/537.36"
66.249.68.3 - - [16/Jul/2026:16:18:51 +0000] "GET /?g=3056849971100 HTTP/1.1" 200 21613 "-" "Mozilla/5.0 (Linux; Android 6.0.1; Nexus 5X Build/MMB29P) AppleWebKit/537.36 (KHTML, like Gecko) Chrome/150.0.7871.124 Mobile Safari/537.36 (compatible; Googlebot/2.1; +http://www.google.com/bot.html)"
35.237.61.47 - - [16/Jul/2026:16:06:05 +0000] "GET / HTTP/1.1" 200 5176 "-" "Mozilla/5.0 (Windows NT 10.0; Win64; x64) AppleWebKit/537.36 (KHTML, like Gecko) Chrome/78.0.3904.108 Safari/537.36"
35.237.61.47 - - [16/Jul/2026:16:06:06 +0000] "GET /web/wp-includes/wlwmanifest.xml HTTP/1.1" 200 5176 "-" "Mozilla/5.0 (Windows NT 10.0; Win64; x64) AppleWebKit/537.36 (KHTML, like Gecko) Chrome/78.0.3904.108 Safari/537.36"
35.237.61.47 - - [16/Jul/2026:16:06:07 +0000] "GET /wordpress/wp-includes/wlwmanifest.xml HTTP/1.1" 200 5176 "-" "Mozilla/5.0 (Windows NT 10.0; Win64; x64) AppleWebKit/537.36 (KHTML, like Gecko) Chrome/78.0.3904.108 Safari/537.36"
35.237.61.47 - - [16/Jul/2026:16:06:08 +0000] "GET /wp/wp-includes/wlwmanifest.xml HTTP/1.1" 200 5176 "-" "Mozilla/5.0 (Windows NT 10.0; Win64; x64) AppleWebKit/537.36 (KHTML, like Gecko) Chrome/78.0.3904.108 Safari/537.36"
35.237.61.47 - - [16/Jul/2026:16:06:08 +0000] "GET /2018/wp-includes/wlwmanifest.xml HTTP/1.1" 200 5176 "-" "Mozilla/5.0 (Windows NT 10.0; Win64; x64) AppleWebKit/537.36 (KHTML, like Gecko) Chrome/78.0.3904.108 Safari/537.36"
35.237.61.47 - - [16/Jul/2026:16:06:09 +0000] "GET /2019/wp-includes/wlwmanifest.xml HTTP/1.1" 200 5176 "-" "Mozilla/5.0 (Windows NT 10.0; Win64; x64) AppleWebKit/537.36 (KHTML, like Gecko) Chrome/78.0.3904.108 Safari/537.36"
35.237.61.47 - - [16/Jul/2026:16:06:10 +0000] "GET /wp1/wp-includes/wlwmanifest.xml HTTP/1.1" 200 5175 "-" "Mozilla/5.0 (Windows NT 10.0; Win64; x64) AppleWebKit/537.36 (KHTML, like Gecko) Chrome/78.0.3904.108 Safari/537.36"
35.237.61.47 - - [16/Jul/2026:16:06:11 +0000] "GET /media/wp-includes/wlwmanifest.xml HTTP/1.1" 200 5149 "-" "Mozilla/5.0 (Windows NT 10.0; Win64; x64) AppleWebKit/537.36 (KHTML, like Gecko) Chrome/78.0.3904.108 Safari/537.36"
35.237.61.47 - - [16/Jul/2026:16:06:11 +0000] "GET /wp2/wp-includes/wlwmanifest.xml HTTP/1.1" 200 5176 "-" "Mozilla/5.0 (Windows NT 10.0; Win64; x64) AppleWebKit/537.36 (KHTML, like Gecko) Chrome/78.0.3904.108 Safari/537.36"
35.237.61.47 - - [16/Jul/2026:16:06:12 +0000] "GET /cms/wp-includes/wlwmanifest.xml HTTP/1.1" 200 5116 "-" "Mozilla/5.0 (Windows NT 10.0; Win64; x64) AppleWebKit/537.36 (KHTML, like Gecko) Chrome/78.0.3904.108 Safari/537.36"
216.244.66.240 - - [16/Jul/2026:16:10:32 +0000] "GET /?product%2Fcategory%2Fview_more%2F6406638721100 HTTP/1.1" 200 5124 "-" "Mozilla/5.0 (compatible; DotBot/1.2; +https://opensiteexplorer.org/dotbot; [email protected])"
216.244.66.240 - - [16/Jul/2026:16:10:37 +0000] "GET /?g=7695791971100 HTTP/1.1" 200 5153 "-" "Mozilla/5.0 (compatible; DotBot/1.2; +https://opensiteexplorer.org/dotbot; [email protected])"
216.244.66.240 - - [16/Jul/2026:16:10:41 +0000] "GET /?g=846249271100 HTTP/1.1" 200 5113 "-" "Mozilla/5.0 (compatible; DotBot/1.2; +https://opensiteexplorer.org/dotbot; [email protected])"
66.249.68.3 - - [16/Jul/2026:16:12:03 +0000] "GET /?productSearch/pictureSearch?id=3626865571100 HTTP/1.1" 200 21206 "-" "Mozilla/5.0 (Linux; Android 6.0.1; Nexus 5X Build/MMB29P) AppleWebKit/537.36 (KHTML, like Gecko) Chrome/150.0.7871.124 Mobile Safari/537.36 (compatible; Googlebot/2.1; +http://www.google.com/bot.html)"
66.249.68.2 - - [16/Jul/2026:16:18:26 +0000] "GET /?g=2883830971100 HTTP/1.1" 200 20908 "-" "Mozilla/5.0 (Linux; Android 6.0.1; Nexus 5X Build/MMB29P) AppleWebKit/537.36 (KHTML, like Gecko) Chrome/150.0.7871.124 Mobile Safari/537.36 (compatible; Googlebot/2.1; +http://www.google.com/bot.html)"
66.132.172.222 - - [16/Jul/2026:16:20:14 +0000] "GET / HTTP/1.1" 200 5188 "-" "Mozilla/5.0 (compatible; CensysInspect/1.1; +https://about.censys.io/)"
2602:80d:1007::7d - - [16/Jul/2026:16:20:16 +0000] "GET /favicon.ico HTTP/1.1" 404 1251 "-" "Mozilla/5.0 (compatible; CensysInspect/1.1; +https://about.censys.io/)"
66.249.68.5 - - [16/Jul/2026:16:24:17 +0000] "GET /?productSearch/pictureSearch?id=6214562221100 HTTP/1.1" 200 21014 "-" "Mozilla/5.0 (Linux; Android 6.0.1; Nexus 5X Build/MMB29P) AppleWebKit/537.36 (KHTML, like Gecko) Chrome/150.0.7871.124 Mobile Safari/537.36 (compatible; Googlebot/2.1; +http://www.google.com/bot.html)"
66.249.68.3 - - [16/Jul/2026:16:30:19 +0000] "GET /?g=2967418321100 HTTP/1.1" 200 20802 "-" "Mozilla/5.0 (Linux; Android 6.0.1; Nexus 5X Build/MMB29P) AppleWebKit/537.36 (KHTML, like Gecko) Chrome/150.0.7871.124 Mobile Safari/537.36 (compatible; Googlebot/2.1; +http://www.google.com/bot.html)"
66.249.68.2 - - [16/Jul/2026:16:31:50 +0000] "GET /?productSearch/pictureSearch?id=11628774871100 HTTP/1.1" 200 20983 "-" "Mozilla/5.0 (Linux; Android 6.0.1; Nexus 5X Build/MMB29P) AppleWebKit/537.36 (KHTML, like Gecko) Chrome/150.0.7871.124 Mobile Safari/537.36 (compatible; Googlebot/2.1; +http://www.google.com/bot.html)"
66.249.68.3 - - [16/Jul/2026:16:48:28 +0000] "GET /?product/review/12580829821100 HTTP/1.1" 200 21265 "-" "Mozilla/5.0 (Linux; Android 6.0.1; Nexus 5X Build/MMB29P) AppleWebKit/537.36 (KHTML, like Gecko) Chrome/150.0.7871.124 Mobile Safari/537.36 (compatible; Googlebot/2.1; +http://www.google.com/bot.html)"
216.244.66.240 - - [16/Jul/2026:16:50:01 +0000] "GET /robots.txt HTTP/1.1" 200 77 "-" "Mozilla/5.0 (compatible; DotBot/1.2; +https://opensiteexplorer.org/dotbot; [email protected])"
216.244.66.240 - - [16/Jul/2026:16:54:00 +0000] "GET /?g=7684934971100 HTTP/1.1" 200 5141 "-" "Mozilla/5.0 (compatible; DotBot/1.2; +https://opensiteexplorer.org/dotbot; [email protected])"
216.244.66.240 - - [16/Jul/2026:16:54:33 +0000] "GET /?productSearch/pictureSearch?id=2568458221100 HTTP/1.1" 200 5142 "-" "Mozilla/5.0 (compatible; DotBot/1.2; +https://opensiteexplorer.org/dotbot; [email protected])"
66.249.68.4 - - [16/Jul/2026:16:39:16 +0000] "GET /?product/review/12100442221100 HTTP/1.1" 200 20993 "-" "Mozilla/5.0 (Linux; Android 6.0.1; Nexus 5X Build/MMB29P) AppleWebKit/537.36 (KHTML, like Gecko) Chrome/150.0.7871.124 Mobile Safari/537.36 (compatible; Googlebot/2.1; +http://www.google.com/bot.html)"
66.249.68.3 - - [16/Jul/2026:16:40:11 +0000] "GET /?shop/sold?id=top12631950121100 HTTP/1.1" 200 21798 "-" "Mozilla/5.0 (Linux; Android 6.0.1; Nexus 5X Build/MMB29P) AppleWebKit/537.36 (KHTML, like Gecko) Chrome/150.0.7871.124 Mobile Safari/537.36 (compatible; Googlebot/2.1; +http://www.google.com/bot.html)"
216.244.66.240 - - [16/Jul/2026:16:50:01 +0000] "GET /robots.txt HTTP/1.1" 200 77 "-" "Mozilla/5.0 (compatible; DotBot/1.2; +https://opensiteexplorer.org/dotbot; [email protected])"
216.244.66.240 - - [16/Jul/2026:16:53:44 +0000] "GET /?g=342068671100 HTTP/1.1" 200 5160 "-" "Mozilla/5.0 (compatible; DotBot/1.2; +https://opensiteexplorer.org/dotbot; [email protected])"
216.244.66.240 - - [16/Jul/2026:16:53:50 +0000] "GET /?product%2Fcategory%2Fview_more%2F6479992771100 HTTP/1.1" 200 5151 "-" "Mozilla/5.0 (compatible; DotBot/1.2; +https://opensiteexplorer.org/dotbot; [email protected])"
216.244.66.240 - - [16/Jul/2026:16:54:42 +0000] "GET /?productSearch/pictureSearch?id=12104935171100 HTTP/1.1" 200 5199 "-" "Mozilla/5.0 (compatible; DotBot/1.2; +https://opensiteexplorer.org/dotbot; [email protected])"
