74.7.243.225 - - [16/Jul/2026:21:14:07 +0000] "GET /?fileloc=/home/xedaptot/pepperspaphuquoc.com/wp-admin/site-editor.php&path=/home/xedaptot/pepperspaphuquoc.com/wp-admin HTTP/2" 200 6316 "https://pepperspaphuquoc.com/?path=/home/xedaptot/pepperspaphuquoc.com/wp-admin" "Mozilla/5.0 AppleWebKit/537.36 (KHTML, like Gecko; compatible; GPTBot/1.4; +https://openai.com/gptbot)"
74.7.243.225 - - [16/Jul/2026:21:14:09 +0000] "GET /?fileloc=/home/xedaptot/pepperspaphuquoc.com/wp-admin/images/list-2x.png&path=/home/xedaptot/pepperspaphuquoc.com/wp-admin/images HTTP/2" 200 3822 "https://pepperspaphuquoc.com/?path=/home/xedaptot/pepperspaphuquoc.com/wp-admin/images" "Mozilla/5.0 AppleWebKit/537.36 (KHTML, like Gecko; compatible; GPTBot/1.4; +https://openai.com/gptbot)"
45.3.44.48 - - [16/Jul/2026:21:14:09 +0000] "POST /xmlrpc.php HTTP/2" 200 4135 "-" "curl/7.88.1"
74.7.243.225 - - [16/Jul/2026:21:14:10 +0000] "GET /?fileloc=/home/xedaptot/pepperspaphuquoc.com/wp-admin/images/about-release-logo.svg&path=/home/xedaptot/pepperspaphuquoc.com/wp-admin/images HTTP/2" 200 4222 "https://pepperspaphuquoc.com/?path=/home/xedaptot/pepperspaphuquoc.com/wp-admin/images" "Mozilla/5.0 AppleWebKit/537.36 (KHTML, like Gecko; compatible; GPTBot/1.4; +https://openai.com/gptbot)"
74.7.243.225 - - [16/Jul/2026:21:14:11 +0000] "GET /?fileloc=/home/xedaptot/pepperspaphuquoc.com/wp-admin/images/bubble_bg-2x.gif&path=/home/xedaptot/pepperspaphuquoc.com/wp-admin/images HTTP/2" 200 3034 "https://pepperspaphuquoc.com/?path=/home/xedaptot/pepperspaphuquoc.com/wp-admin/images" "Mozilla/5.0 AppleWebKit/537.36 (KHTML, like Gecko; compatible; GPTBot/1.4; +https://openai.com/gptbot)"
209.50.168.35 - - [16/Jul/2026:21:14:11 +0000] "GET /wp-login.php HTTP/2" 200 4135 "-" "curl/7.88.1"
74.7.243.225 - - [16/Jul/2026:21:14:12 +0000] "GET /?fileloc=/home/xedaptot/pepperspaphuquoc.com/wp-admin/images/resize-rtl-2x.gif&path=/home/xedaptot/pepperspaphuquoc.com/wp-admin/images HTTP/2" 200 2736 "https://pepperspaphuquoc.com/?path=/home/xedaptot/pepperspaphuquoc.com/wp-admin/images" "Mozilla/5.0 AppleWebKit/537.36 (KHTML, like Gecko; compatible; GPTBot/1.4; +https://openai.com/gptbot)"
209.50.168.35 - - [16/Jul/2026:21:14:13 +0000] "GET /wp-admin/ HTTP/2" 200 6108 "-" "Wget/1.21.4"
74.7.243.225 - - [16/Jul/2026:21:14:13 +0000] "GET /?fileloc=/home/xedaptot/pepperspaphuquoc.com/wp-admin/images/wpspin_light-2x.gif&path=/home/xedaptot/pepperspaphuquoc.com/wp-admin/images HTTP/2" 200 10257 "https://pepperspaphuquoc.com/?path=/home/xedaptot/pepperspaphuquoc.com/wp-admin/images" "Mozilla/5.0 AppleWebKit/537.36 (KHTML, like Gecko; compatible; GPTBot/1.4; +https://openai.com/gptbot)"
74.7.243.225 - - [16/Jul/2026:21:14:15 +0000] "GET /?fileloc=/home/xedaptot/pepperspaphuquoc.com/wp-admin/images/resize-2x.gif&path=/home/xedaptot/pepperspaphuquoc.com/wp-admin/images HTTP/2" 200 2693 "https://pepperspaphuquoc.com/?path=/home/xedaptot/pepperspaphuquoc.com/wp-admin/images" "Mozilla/5.0 AppleWebKit/537.36 (KHTML, like Gecko; compatible; GPTBot/1.4; +https://openai.com/gptbot)"
130.61.136.100 - - [16/Jul/2026:21:14:02 +0000] "POST /wp-login.php HTTP/2" 200 4132 "https://pepperspaphuquoc.com/wp-login.php" "Mozilla/5.0 (Windows NT 6.1; Win64; x64; rv:91.0) Gecko/20100101 Firefox/91.0"
130.61.136.100 - - [16/Jul/2026:21:14:16 +0000] "GET /wp-admin/index.php HTTP/2" 200 6108 "https://pepperspaphuquoc.com/wp-login.php" "Mozilla/5.0 (X11; Linux x86_64) AppleWebKit/537.36 (KHTML, like Gecko) Chrome/90.0.4430.212 Safari/537.36"
74.7.243.225 - - [16/Jul/2026:21:14:16 +0000] "GET /?fileloc=/home/xedaptot/pepperspaphuquoc.com/wp-admin/images/date-button-2x.gif&path=/home/xedaptot/pepperspaphuquoc.com/wp-admin/images HTTP/2" 200 3387 "https://pepperspaphuquoc.com/?path=/home/xedaptot/pepperspaphuquoc.com/wp-admin/images" "Mozilla/5.0 AppleWebKit/537.36 (KHTML, like Gecko; compatible; GPTBot/1.4; +https://openai.com/gptbot)"
74.7.243.225 - - [16/Jul/2026:21:14:17 +0000] "GET /?fileloc=/home/xedaptot/pepperspaphuquoc.com/wp-admin/images/arrows.png&path=/home/xedaptot/pepperspaphuquoc.com/wp-admin/images HTTP/2" 200 2775 "https://pepperspaphuquoc.com/?path=/home/xedaptot/pepperspaphuquoc.com/wp-admin/images" "Mozilla/5.0 AppleWebKit/537.36 (KHTML, like Gecko; compatible; GPTBot/1.4; +https://openai.com/gptbot)"
74.7.243.225 - - [16/Jul/2026:21:14:18 +0000] "GET /?fileloc=/home/xedaptot/pepperspaphuquoc.com/wp-admin/images/marker.png&path=/home/xedaptot/pepperspaphuquoc.com/wp-admin/images HTTP/2" 200 2961 "https://pepperspaphuquoc.com/?path=/home/xedaptot/pepperspaphuquoc.com/wp-admin/images" "Mozilla/5.0 AppleWebKit/537.36 (KHTML, like Gecko; compatible; GPTBot/1.4; +https://openai.com/gptbot)"
84.37.226.20 - - [16/Jul/2026:21:14:19 +0000] "GET /?productSearch/pictureSearch?id=6645588091100 HTTP/2" 200 4136 "-" "Mozilla/5.0 (Macintosh; Intel Mac OS X 10_15_7) AppleWebKit/537.36 (KHTML, like Gecko) Chrome/142.0.0.0 Safari/537.36"
74.7.243.225 - - [16/Jul/2026:21:14:19 +0000] "GET /?fileloc=/home/xedaptot/pepperspaphuquoc.com/wp-admin/options-media.php&path=/home/xedaptot/pepperspaphuquoc.com/wp-admin HTTP/2" 200 4589 "https://pepperspaphuquoc.com/?path=/home/xedaptot/pepperspaphuquoc.com/wp-admin" "Mozilla/5.0 AppleWebKit/537.36 (KHTML, like Gecko; compatible; GPTBot/1.4; +https://openai.com/gptbot)"
74.7.243.225 - - [16/Jul/2026:21:14:20 +0000] "GET /?fileloc=/home/xedaptot/pepperspaphuquoc.com/wp-admin/options.php&path=/home/xedaptot/pepperspaphuquoc.com/wp-admin HTTP/2" 200 7404 "https://pepperspaphuquoc.com/?path=/home/xedaptot/pepperspaphuquoc.com/wp-admin" "Mozilla/5.0 AppleWebKit/537.36 (KHTML, like Gecko; compatible; GPTBot/1.4; +https://openai.com/gptbot)"
74.7.243.225 - - [16/Jul/2026:21:14:21 +0000] "GET /?fileloc=/home/xedaptot/pepperspaphuquoc.com/wp-admin/admin-header.php&path=/home/xedaptot/pepperspaphuquoc.com/wp-admin HTTP/2" 200 5652 "https://pepperspaphuquoc.com/?path=/home/xedaptot/pepperspaphuquoc.com/wp-admin" "Mozilla/5.0 AppleWebKit/537.36 (KHTML, like Gecko; compatible; GPTBot/1.4; +https://openai.com/gptbot)"
74.7.243.225 - - [16/Jul/2026:21:14:22 +0000] "GET /?fileloc=/home/xedaptot/pepperspaphuquoc.com/wp-admin/custom-header.php&path=/home/xedaptot/pepperspaphuquoc.com/wp-admin HTTP/2" 200 2784 "https://pepperspaphuquoc.com/?path=/home/xedaptot/pepperspaphuquoc.com/wp-admin" "Mozilla/5.0 AppleWebKit/537.36 (KHTML, like Gecko; compatible; GPTBot/1.4; +https://openai.com/gptbot)"
74.7.243.225 - - [16/Jul/2026:21:14:23 +0000] "GET /?fileloc=/home/xedaptot/pepperspaphuquoc.com/wp-admin/site-health.php&path=/home/xedaptot/pepperspaphuquoc.com/wp-admin HTTP/2" 200 6321 "https://pepperspaphuquoc.com/?path=/home/xedaptot/pepperspaphuquoc.com/wp-admin" "Mozilla/5.0 AppleWebKit/537.36 (KHTML, like Gecko; compatible; GPTBot/1.4; +https://openai.com/gptbot)"
74.7.243.225 - - [16/Jul/2026:21:14:24 +0000] "GET /?fileloc=/home/xedaptot/pepperspaphuquoc.com/wp-admin/import.php&path=/home/xedaptot/pepperspaphuquoc.com/wp-admin HTTP/2" 200 5374 "https://pepperspaphuquoc.com/?path=/home/xedaptot/pepperspaphuquoc.com/wp-admin" "Mozilla/5.0 AppleWebKit/537.36 (KHTML, like Gecko; compatible; GPTBot/1.4; +https://openai.com/gptbot)"
2a03:2880:f800:2b:: - - [16/Jul/2026:21:14:24 +0000] "GET /?y=1487765341100 HTTP/2" 200 4136 "-" "Mozilla/5.0 (Macintosh; Intel Mac OS X 10_15_7) AppleWebKit/537.36 (KHTML, like Gecko) Chrome/145.0.0.0 Safari/537.36 (compatible; meta-externalagent/1.1 (+https://developers.facebook.com/docs/sharing/webmasters/crawler))"
74.7.243.225 - - [16/Jul/2026:21:14:25 +0000] "GET /?fileloc=/home/xedaptot/pepperspaphuquoc.com/wp-admin/themes.php&path=/home/xedaptot/pepperspaphuquoc.com/wp-admin HTTP/2" 200 12178 "https://pepperspaphuquoc.com/?path=/home/xedaptot/pepperspaphuquoc.com/wp-admin" "Mozilla/5.0 AppleWebKit/537.36 (KHTML, like Gecko; compatible; GPTBot/1.4; +https://openai.com/gptbot)"
181.214.85.71 - - [16/Jul/2026:21:14:26 +0000] "GET /?product/category/view_more/11620417041100 HTTP/2" 200 4136 "-" "Mozilla/5.0 (Macintosh; Intel Mac OS X 10_15_7) AppleWebKit/537.36 (KHTML, like Gecko) Chrome/142.0.0.0 Safari/537.36"
74.7.243.225 - - [16/Jul/2026:21:14:26 +0000] "GET /?fileloc=/home/xedaptot/pepperspaphuquoc.com/wp-admin/erase-personal-data.php&path=/home/xedaptot/pepperspaphuquoc.com/wp-admin HTTP/2" 200 5402 "https://pepperspaphuquoc.com/?path=/home/xedaptot/pepperspaphuquoc.com/wp-admin" "Mozilla/5.0 AppleWebKit/537.36 (KHTML, like Gecko; compatible; GPTBot/1.4; +https://openai.com/gptbot)"
74.7.243.225 - - [16/Jul/2026:21:14:28 +0000] "GET /?fileloc=/home/xedaptot/pepperspaphuquoc.com/wp-admin/theme-editor.php&path=/home/xedaptot/pepperspaphuquoc.com/wp-admin HTTP/2" 200 8525 "https://pepperspaphuquoc.com/?path=/home/xedaptot/pepperspaphuquoc.com/wp-admin" "Mozilla/5.0 AppleWebKit/537.36 (KHTML, like Gecko; compatible; GPTBot/1.4; +https://openai.com/gptbot)"
45.130.67.249 - - [16/Jul/2026:21:14:29 +0000] "GET /?product/category/view_more/11620417041100 HTTP/2" 200 4136 "-" "Mozilla/5.0 (Macintosh; Intel Mac OS X 10_15_7) AppleWebKit/537.36 (KHTML, like Gecko) Chrome/142.0.0.0 Safari/537.36"
74.7.243.225 - - [16/Jul/2026:21:14:29 +0000] "GET /?fileloc=/home/xedaptot/pepperspaphuquoc.com/wp-admin/options-head.php&path=/home/xedaptot/pepperspaphuquoc.com/wp-admin HTTP/2" 200 2901 "https://pepperspaphuquoc.com/?path=/home/xedaptot/pepperspaphuquoc.com/wp-admin" "Mozilla/5.0 AppleWebKit/537.36 (KHTML, like Gecko; compatible; GPTBot/1.4; +https://openai.com/gptbot)"
130.61.136.100 - - [16/Jul/2026:21:14:17 +0000] "POST /wp-login.php HTTP/2" 200 4135 "https://pepperspaphuquoc.com/wp-login.php" "Mozilla/5.0 (X11; Linux x86_64; rv:92.0) Gecko/20100101 Firefox/92.0"
130.61.136.100 - - [16/Jul/2026:21:14:31 +0000] "GET /wp-admin/index.php HTTP/2" 200 6108 "https://pepperspaphuquoc.com/wp-login.php" "Mozilla/5.0 (Windows NT 10.0; Win64; x64; rv:90.0) Gecko/20100101 Firefox/90.0.1"
74.7.243.225 - - [16/Jul/2026:21:14:30 +0000] "GET /?fileloc=/home/xedaptot/pepperspaphuquoc.com/wp-admin/ms-themes.php&path=/home/xedaptot/pepperspaphuquoc.com/wp-admin HTTP/2" 200 2672 "https://pepperspaphuquoc.com/?path=/home/xedaptot/pepperspaphuquoc.com/wp-admin" "Mozilla/5.0 AppleWebKit/537.36 (KHTML, like Gecko; compatible; GPTBot/1.4; +https://openai.com/gptbot)"
74.7.243.225 - - [16/Jul/2026:21:14:32 +0000] "GET /?fileloc=/home/xedaptot/pepperspaphuquoc.com/wp-admin/media-upload.php&path=/home/xedaptot/pepperspaphuquoc.com/wp-admin HTTP/2" 200 3985 "https://pepperspaphuquoc.com/?path=/home/xedaptot/pepperspaphuquoc.com/wp-admin" "Mozilla/5.0 AppleWebKit/537.36 (KHTML, like Gecko; compatible; GPTBot/1.4; +https://openai.com/gptbot)"
74.7.243.225 - - [16/Jul/2026:21:14:33 +0000] "GET /?fileloc=/home/xedaptot/pepperspaphuquoc.com/wp-admin/media-new.php&path=/home/xedaptot/pepperspaphuquoc.com/wp-admin HTTP/2" 200 4044 "https://pepperspaphuquoc.com/?path=/home/xedaptot/pepperspaphuquoc.com/wp-admin" "Mozilla/5.0 AppleWebKit/537.36 (KHTML, like Gecko; compatible; GPTBot/1.4; +https://openai.com/gptbot)"
74.7.243.225 - - [16/Jul/2026:21:14:33 +0000] "GET /?fileloc=/home/xedaptot/vlxd.naniguide.com/modules_statuses.json&path=/home/xedaptot/vlxd.naniguide.com HTTP/2" 200 2666 "https://pepperspaphuquoc.com/?path=/home/xedaptot/vlxd.naniguide.com" "Mozilla/5.0 AppleWebKit/537.36 (KHTML, like Gecko; compatible; GPTBot/1.4; +https://openai.com/gptbot)"
172.84.176.102 - - [16/Jul/2026:21:14:34 +0000] "GET /?productSearch/pictureSearch?id=6645588091100 HTTP/2" 200 4136 "-" "Mozilla/5.0 (Macintosh; Intel Mac OS X 10_15_7) AppleWebKit/537.36 (KHTML, like Gecko) Chrome/142.0.0.0 Safari/537.36"
74.7.243.225 - - [16/Jul/2026:21:14:34 +0000] "GET /?fileloc=/home/xedaptot/vlxd.naniguide.com/public/.rnd&path=/home/xedaptot/vlxd.naniguide.com/public HTTP/2" 200 3622 "https://pepperspaphuquoc.com/?path=/home/xedaptot/vlxd.naniguide.com/public" "Mozilla/5.0 AppleWebKit/537.36 (KHTML, like Gecko; compatible; GPTBot/1.4; +https://openai.com/gptbot)"
2a03:2880:f800:14:: - - [16/Jul/2026:21:14:36 +0000] "GET /?y=5275576441100 HTTP/2" 200 4136 "-" "Mozilla/5.0 (Macintosh; Intel Mac OS X 10_15_7) AppleWebKit/537.36 (KHTML, like Gecko) Chrome/145.0.0.0 Safari/537.36 (compatible; meta-externalagent/1.1 (+https://developers.facebook.com/docs/sharing/webmasters/crawler))"
74.7.243.225 - - [16/Jul/2026:21:14:36 +0000] "GET /?fileloc=/home/xedaptot/pepperspaphuquoc.com/wp-admin/images/wordpress-logo.svg&path=/home/xedaptot/pepperspaphuquoc.com/wp-admin/images HTTP/2" 200 3343 "https://pepperspaphuquoc.com/?path=/home/xedaptot/pepperspaphuquoc.com/wp-admin/images" "Mozilla/5.0 AppleWebKit/537.36 (KHTML, like Gecko; compatible; GPTBot/1.4; +https://openai.com/gptbot)"
74.7.243.225 - - [16/Jul/2026:21:14:37 +0000] "GET /?fileloc=/home/xedaptot/pepperspaphuquoc.com/wp-admin/images/contribute-code.svg&path=/home/xedaptot/pepperspaphuquoc.com/wp-admin/images HTTP/2" 200 3584 "https://pepperspaphuquoc.com/?path=/home/xedaptot/pepperspaphuquoc.com/wp-admin/images" "Mozilla/5.0 AppleWebKit/537.36 (KHTML, like Gecko; compatible; GPTBot/1.4; +https://openai.com/gptbot)"
74.7.243.225 - - [16/Jul/2026:21:14:37 +0000] "GET /?fileloc=/home/xedaptot/backup.naniguide.com/wp-includes/class-wp-feed-cache-transient.php&path=/home/xedaptot/backup.naniguide.com/wp-includes HTTP/2" 200 3615 "https://pepperspaphuquoc.com/?path=/home/xedaptot/backup.naniguide.com/wp-includes" "Mozilla/5.0 AppleWebKit/537.36 (KHTML, like Gecko; compatible; GPTBot/1.4; +https://openai.com/gptbot)"
74.7.243.225 - - [16/Jul/2026:21:14:38 +0000] "GET /?fileloc=/home/xedaptot/barber.naniguide.com/wp-includes/class-wp-feed-cache-transient.php&path=/home/xedaptot/barber.naniguide.com/wp-includes HTTP/2" 200 3615 "https://pepperspaphuquoc.com/?path=/home/xedaptot/barber.naniguide.com/wp-includes" "Mozilla/5.0 AppleWebKit/537.36 (KHTML, like Gecko; compatible; GPTBot/1.4; +https://openai.com/gptbot)"
74.7.243.225 - - [16/Jul/2026:21:14:41 +0000] "GET /?fileloc=/home/xedaptot/access-logs/digitalcv.naniguide.com&path=/home/xedaptot/access-logs HTTP/2" 200 6571 "https://pepperspaphuquoc.com/?path=/home/xedaptot/access-logs" "Mozilla/5.0 AppleWebKit/537.36 (KHTML, like Gecko; compatible; GPTBot/1.4; +https://openai.com/gptbot)"
74.7.243.225 - - [16/Jul/2026:21:14:42 +0000] "GET /?path=/home/xedaptot/pepperspaphuquoc.com/wp-includes/js HTTP/2" 200 6324 "https://pepperspaphuquoc.com/?path=/home/xedaptot/pepperspaphuquoc.com/wp-includes" "Mozilla/5.0 AppleWebKit/537.36 (KHTML, like Gecko; compatible; GPTBot/1.4; +https://openai.com/gptbot)"
2a03:2880:f800:e:: - - [16/Jul/2026:21:14:42 +0000] "GET /?y=14678003491100 HTTP/2" 200 4136 "-" "Mozilla/5.0 (Windows NT 10.0; Win64; x64) AppleWebKit/537.36 (KHTML, like Gecko) Chrome/145.0.0.0 Safari/537.36 (compatible; meta-externalagent/1.1 (+https://developers.facebook.com/docs/sharing/webmasters/crawler))"
74.7.243.225 - - [16/Jul/2026:21:14:42 +0000] "GET /?path=/home/xedaptot/.softaculous HTTP/2" 200 3082 "https://pepperspaphuquoc.com/?path=/home/xedaptot" "Mozilla/5.0 AppleWebKit/537.36 (KHTML, like Gecko; compatible; GPTBot/1.4; +https://openai.com/gptbot)"
74.7.243.225 - - [16/Jul/2026:21:14:44 +0000] "GET /?path=/home/xedaptot/public_html HTTP/2" 200 3676 "https://pepperspaphuquoc.com/?path=/home/xedaptot" "Mozilla/5.0 AppleWebKit/537.36 (KHTML, like Gecko; compatible; GPTBot/1.4; +https://openai.com/gptbot)"
74.7.243.225 - - [16/Jul/2026:21:14:44 +0000] "GET /?fileloc=/home/xedaptot/pepperspaphuquoc.com/wp-admin/network/update.php&path=/home/xedaptot/pepperspaphuquoc.com/wp-admin/network HTTP/2" 200 2824 "https://pepperspaphuquoc.com/?path=/home/xedaptot/pepperspaphuquoc.com/wp-admin/network" "Mozilla/5.0 AppleWebKit/537.36 (KHTML, like Gecko; compatible; GPTBot/1.4; +https://openai.com/gptbot)"
130.61.136.100 - - [16/Jul/2026:21:14:32 +0000] "POST /wp-login.php HTTP/2" 200 4135 "https://pepperspaphuquoc.com/wp-login.php" "Mozilla/5.0 (Windows NT 10.0; Win64; x64) AppleWebKit/537.36 (KHTML, like Gecko) Chrome/94.0.4606.71 Safari/537.36"
130.61.136.100 - - [16/Jul/2026:21:14:46 +0000] "GET /wp-admin/index.php HTTP/2" 200 6122 "https://pepperspaphuquoc.com/wp-login.php" "Mozilla/5.0 (Macintosh; Intel Mac OS X 10_15_7) AppleWebKit/537.36 (KHTML, like Gecko) Chrome/92.0.4515.131 Safari/537.36"
74.7.243.225 - - [16/Jul/2026:21:14:45 +0000] "GET /?path=/home/xedaptot/backup.naniguide.com/wp-includes/customize HTTP/2" 200 4096 "https://pepperspaphuquoc.com/?path=/home/xedaptot/backup.naniguide.com/wp-includes" "Mozilla/5.0 AppleWebKit/537.36 (KHTML, like Gecko; compatible; GPTBot/1.4; +https://openai.com/gptbot)"
74.7.243.225 - - [16/Jul/2026:21:14:47 +0000] "GET /?fileloc=/home/xedaptot/pepperspaphuquoc.com/wp-admin/images/align-left.png&path=/home/xedaptot/pepperspaphuquoc.com/wp-admin/images HTTP/2" 200 3183 "https://pepperspaphuquoc.com/?path=/home/xedaptot/pepperspaphuquoc.com/wp-admin/images" "Mozilla/5.0 AppleWebKit/537.36 (KHTML, like Gecko; compatible; GPTBot/1.4; +https://openai.com/gptbot)"
74.7.243.225 - - [16/Jul/2026:21:14:48 +0000] "GET /?fileloc=/home/xedaptot/pepperspaphuquoc.com/wp-admin/images/w-logo-blue.png&path=/home/xedaptot/pepperspaphuquoc.com/wp-admin/images HTTP/2" 200 4832 "https://pepperspaphuquoc.com/?path=/home/xedaptot/pepperspaphuquoc.com/wp-admin/images" "Mozilla/5.0 AppleWebKit/537.36 (KHTML, like Gecko; compatible; GPTBot/1.4; +https://openai.com/gptbot)"
74.7.243.225 - - [16/Jul/2026:21:14:48 +0000] "GET /?fileloc=/home/xedaptot/pepperspaphuquoc.com/wp-admin/images/browser-rtl.png&path=/home/xedaptot/pepperspaphuquoc.com/wp-admin/images HTTP/2" 200 37980 "https://pepperspaphuquoc.com/?path=/home/xedaptot/pepperspaphuquoc.com/wp-admin/images" "Mozilla/5.0 AppleWebKit/537.36 (KHTML, like Gecko; compatible; GPTBot/1.4; +https://openai.com/gptbot)"
74.7.243.225 - - [16/Jul/2026:21:14:49 +0000] "GET /?fileloc=/home/xedaptot/pepperspaphuquoc.com/wp-admin/images/resize-rtl.gif&path=/home/xedaptot/pepperspaphuquoc.com/wp-admin/images HTTP/2" 200 2624 "https://pepperspaphuquoc.com/?path=/home/xedaptot/pepperspaphuquoc.com/wp-admin/images" "Mozilla/5.0 AppleWebKit/537.36 (KHTML, like Gecko; compatible; GPTBot/1.4; +https://openai.com/gptbot)"
74.7.243.225 - - [16/Jul/2026:21:14:50 +0000] "GET /?fileloc=/home/xedaptot/pepperspaphuquoc.com/wp-admin/images/date-button.gif&path=/home/xedaptot/pepperspaphuquoc.com/wp-admin/images HTTP/2" 200 2888 "https://pepperspaphuquoc.com/?path=/home/xedaptot/pepperspaphuquoc.com/wp-admin/images" "Mozilla/5.0 AppleWebKit/537.36 (KHTML, like Gecko; compatible; GPTBot/1.4; +https://openai.com/gptbot)"
74.7.243.225 - - [16/Jul/2026:21:14:51 +0000] "GET /?fileloc=/home/xedaptot/pepperspaphuquoc.com/wp-admin/images/align-right.png&path=/home/xedaptot/pepperspaphuquoc.com/wp-admin/images HTTP/2" 200 3147 "https://pepperspaphuquoc.com/?path=/home/xedaptot/pepperspaphuquoc.com/wp-admin/images" "Mozilla/5.0 AppleWebKit/537.36 (KHTML, like Gecko; compatible; GPTBot/1.4; +https://openai.com/gptbot)"
74.7.243.225 - - [16/Jul/2026:21:14:52 +0000] "GET /?fileloc=/home/xedaptot/pepperspaphuquoc.com/wp-includes/js/media-editor.min.js&path=/home/xedaptot/pepperspaphuquoc.com/wp-includes/js HTTP/2" 200 6469 "https://pepperspaphuquoc.com/?path=/home/xedaptot/pepperspaphuquoc.com/wp-includes/js" "Mozilla/5.0 AppleWebKit/537.36 (KHTML, like Gecko; compatible; GPTBot/1.4; +https://openai.com/gptbot)"
74.7.243.225 - - [16/Jul/2026:21:14:53 +0000] "GET /?fileloc=/home/xedaptot/pepperspaphuquoc.com/wp-includes/js/swfobject.min.js&path=/home/xedaptot/pepperspaphuquoc.com/wp-includes/js HTTP/2" 200 2561 "https://pepperspaphuquoc.com/?path=/home/xedaptot/pepperspaphuquoc.com/wp-includes/js" "Mozilla/5.0 AppleWebKit/537.36 (KHTML, like Gecko; compatible; GPTBot/1.4; +https://openai.com/gptbot)"
74.7.243.225 - - [16/Jul/2026:21:14:53 +0000] "GET /?fileloc=/home/xedaptot/pepperspaphuquoc.com/wp-includes/js/autosave.min.js&path=/home/xedaptot/pepperspaphuquoc.com/wp-includes/js HTTP/2" 200 4940 "https://pepperspaphuquoc.com/?path=/home/xedaptot/pepperspaphuquoc.com/wp-includes/js" "Mozilla/5.0 AppleWebKit/537.36 (KHTML, like Gecko; compatible; GPTBot/1.4; +https://openai.com/gptbot)"
74.7.243.225 - - [16/Jul/2026:21:14:54 +0000] "GET /?fileloc=/home/xedaptot/pepperspaphuquoc.com/wp-includes/js/wp-emoji-loader.js&path=/home/xedaptot/pepperspaphuquoc.com/wp-includes/js HTTP/2" 200 6415 "https://pepperspaphuquoc.com/?path=/home/xedaptot/pepperspaphuquoc.com/wp-includes/js" "Mozilla/5.0 AppleWebKit/537.36 (KHTML, like Gecko; compatible; GPTBot/1.4; +https://openai.com/gptbot)"
74.7.243.225 - - [16/Jul/2026:21:14:55 +0000] "GET /?fileloc=/home/xedaptot/pepperspaphuquoc.com/wp-includes/js/wp-auth-check.min.js&path=/home/xedaptot/pepperspaphuquoc.com/wp-includes/js HTTP/2" 200 3334 "https://pepperspaphuquoc.com/?path=/home/xedaptot/pepperspaphuquoc.com/wp-includes/js" "Mozilla/5.0 AppleWebKit/537.36 (KHTML, like Gecko; compatible; GPTBot/1.4; +https://openai.com/gptbot)"
74.7.243.225 - - [16/Jul/2026:21:14:56 +0000] "GET /?fileloc=/home/xedaptot/pepperspaphuquoc.com/wp-includes/js/clipboard.min.js&path=/home/xedaptot/pepperspaphuquoc.com/wp-includes/js HTTP/2" 200 5868 "https://pepperspaphuquoc.com/?path=/home/xedaptot/pepperspaphuquoc.com/wp-includes/js" "Mozilla/5.0 AppleWebKit/537.36 (KHTML, like Gecko; compatible; GPTBot/1.4; +https://openai.com/gptbot)"
74.7.243.225 - - [16/Jul/2026:21:14:57 +0000] "GET /?fileloc=/home/xedaptot/pepperspaphuquoc.com/wp-includes/js/media-models.min.js&path=/home/xedaptot/pepperspaphuquoc.com/wp-includes/js HTTP/2" 200 7031 "https://pepperspaphuquoc.com/?path=/home/xedaptot/pepperspaphuquoc.com/wp-includes/js" "Mozilla/5.0 AppleWebKit/537.36 (KHTML, like Gecko; compatible; GPTBot/1.4; +https://openai.com/gptbot)"
74.7.243.225 - - [16/Jul/2026:21:14:58 +0000] "GET /?fileloc=/home/xedaptot/pepperspaphuquoc.com/wp-includes/js/wpdialog.min.js&path=/home/xedaptot/pepperspaphuquoc.com/wp-includes/js HTTP/2" 200 2663 "https://pepperspaphuquoc.com/?path=/home/xedaptot/pepperspaphuquoc.com/wp-includes/js" "Mozilla/5.0 AppleWebKit/537.36 (KHTML, like Gecko; compatible; GPTBot/1.4; +https://openai.com/gptbot)"
74.7.243.225 - - [16/Jul/2026:21:14:59 +0000] "GET /?fileloc=/home/xedaptot/pepperspaphuquoc.com/wp-includes/js/wp-emoji-loader.min.js&path=/home/xedaptot/pepperspaphuquoc.com/wp-includes/js HTTP/2" 200 3763 "https://pepperspaphuquoc.com/?path=/home/xedaptot/pepperspaphuquoc.com/wp-includes/js" "Mozilla/5.0 AppleWebKit/537.36 (KHTML, like Gecko; compatible; GPTBot/1.4; +https://openai.com/gptbot)"
130.61.136.100 - - [16/Jul/2026:21:14:47 +0000] "POST /wp-login.php HTTP/2" 200 4173 "https://pepperspaphuquoc.com/wp-login.php" "Mozilla/5.0 (Windows NT 10.0; Win64; x64) AppleWebKit/605.1.15 (KHTML, like Gecko) Version/14.0.3 Safari/605.1.15"
74.7.243.225 - - [16/Jul/2026:21:15:00 +0000] "GET /?fileloc=/home/xedaptot/pepperspaphuquoc.com/wp-includes/js/heartbeat.min.js&path=/home/xedaptot/pepperspaphuquoc.com/wp-includes/js HTTP/2" 200 4723 "https://pepperspaphuquoc.com/?path=/home/xedaptot/pepperspaphuquoc.com/wp-includes/js" "Mozilla/5.0 AppleWebKit/537.36 (KHTML, like Gecko; compatible; GPTBot/1.4; +https://openai.com/gptbot)"
130.61.136.100 - - [16/Jul/2026:21:15:01 +0000] "GET /wp-admin/index.php HTTP/2" 200 6122 "https://pepperspaphuquoc.com/wp-login.php" "Mozilla/5.0 (Windows NT 10.0; Win64; x64) AppleWebKit/605.1.15 (KHTML, like Gecko) Version/14.1 Safari/605.1.15"
74.7.243.225 - - [16/Jul/2026:21:15:01 +0000] "GET /?fileloc=/home/xedaptot/pepperspaphuquoc.com/wp-includes/js/media-views.min.js&path=/home/xedaptot/pepperspaphuquoc.com/wp-includes/js HTTP/2" 200 31261 "https://pepperspaphuquoc.com/?path=/home/xedaptot/pepperspaphuquoc.com/wp-includes/js" "Mozilla/5.0 AppleWebKit/537.36 (KHTML, like Gecko; compatible; GPTBot/1.4; +https://openai.com/gptbot)"
74.7.243.225 - - [16/Jul/2026:21:15:03 +0000] "GET /?fileloc=/home/xedaptot/pepperspaphuquoc.com/wp-includes/js/customize-base.js&path=/home/xedaptot/pepperspaphuquoc.com/wp-includes/js HTTP/2" 200 10099 "https://pepperspaphuquoc.com/?path=/home/xedaptot/pepperspaphuquoc.com/wp-includes/js" "Mozilla/5.0 AppleWebKit/537.36 (KHTML, like Gecko; compatible; GPTBot/1.4; +https://openai.com/gptbot)"
74.7.243.225 - - [16/Jul/2026:21:15:04 +0000] "GET /?fileloc=/home/xedaptot/pepperspaphuquoc.com/wp-includes/js/api-request.min.js&path=/home/xedaptot/pepperspaphuquoc.com/wp-includes/js HTTP/2" 200 3094 "https://pepperspaphuquoc.com/?path=/home/xedaptot/pepperspaphuquoc.com/wp-includes/js" "Mozilla/5.0 AppleWebKit/537.36 (KHTML, like Gecko; compatible; GPTBot/1.4; +https://openai.com/gptbot)"
74.7.243.225 - - [16/Jul/2026:21:15:05 +0000] "GET /?fileloc=/home/xedaptot/pepperspaphuquoc.com/wp-includes/js/wp-pointer.min.js&path=/home/xedaptot/pepperspaphuquoc.com/wp-includes/js HTTP/2" 200 3908 "https://pepperspaphuquoc.com/?path=/home/xedaptot/pepperspaphuquoc.com/wp-includes/js" "Mozilla/5.0 AppleWebKit/537.36 (KHTML, like Gecko; compatible; GPTBot/1.4; +https://openai.com/gptbot)"
74.7.243.225 - - [16/Jul/2026:21:15:06 +0000] "GET /?fileloc=/home/xedaptot/pepperspaphuquoc.com/wp-includes/js/underscore.min.js&path=/home/xedaptot/pepperspaphuquoc.com/wp-includes/js HTTP/2" 200 10368 "https://pepperspaphuquoc.com/?path=/home/xedaptot/pepperspaphuquoc.com/wp-includes/js" "Mozilla/5.0 AppleWebKit/537.36 (KHTML, like Gecko; compatible; GPTBot/1.4; +https://openai.com/gptbot)"
74.7.243.225 - - [16/Jul/2026:21:15:07 +0000] "GET /?fileloc=/home/xedaptot/pepperspaphuquoc.com/wp-includes/js/wp-sanitize.min.js&path=/home/xedaptot/pepperspaphuquoc.com/wp-includes/js HTTP/2" 200 2716 "https://pepperspaphuquoc.com/?path=/home/xedaptot/pepperspaphuquoc.com/wp-includes/js" "Mozilla/5.0 AppleWebKit/537.36 (KHTML, like Gecko; compatible; GPTBot/1.4; +https://openai.com/gptbot)"
74.7.243.225 - - [16/Jul/2026:21:15:08 +0000] "GET /?fileloc=/home/xedaptot/pepperspaphuquoc.com/wp-includes/js/wp-auth-check.js&path=/home/xedaptot/pepperspaphuquoc.com/wp-includes/js HTTP/2" 200 4255 "https://pepperspaphuquoc.com/?path=/home/xedaptot/pepperspaphuquoc.com/wp-includes/js" "Mozilla/5.0 AppleWebKit/537.36 (KHTML, like Gecko; compatible; GPTBot/1.4; +https://openai.com/gptbot)"
74.7.243.225 - - [16/Jul/2026:21:15:09 +0000] "GET /?fileloc=/home/xedaptot/pepperspaphuquoc.com/wp-includes/js/customize-preview-nav-menus.min.js&path=/home/xedaptot/pepperspaphuquoc.com/wp-includes/js HTTP/2" 200 4334 "https://pepperspaphuquoc.com/?path=/home/xedaptot/pepperspaphuquoc.com/wp-includes/js" "Mozilla/5.0 AppleWebKit/537.36 (KHTML, like Gecko; compatible; GPTBot/1.4; +https://openai.com/gptbot)"
74.7.243.225 - - [16/Jul/2026:21:15:10 +0000] "GET /?fileloc=/home/xedaptot/pepperspaphuquoc.com/wp-includes/js/customize-selective-refresh.js&path=/home/xedaptot/pepperspaphuquoc.com/wp-includes/js HTTP/2" 200 11929 "https://pepperspaphuquoc.com/?path=/home/xedaptot/pepperspaphuquoc.com/wp-includes/js" "Mozilla/5.0 AppleWebKit/537.36 (KHTML, like Gecko; compatible; GPTBot/1.4; +https://openai.com/gptbot)"
2a03:2880:f800:2f:: - - [16/Jul/2026:21:15:09 +0000] "GET /?y=20311262241100 HTTP/2" 200 4154 "-" "Mozilla/5.0 (Macintosh; Intel Mac OS X 10_15_7) AppleWebKit/537.36 (KHTML, like Gecko) Chrome/145.0.0.0 Safari/537.36 (compatible; meta-externalagent/1.1 (+https://developers.facebook.com/docs/sharing/webmasters/crawler))"
74.7.243.225 - - [16/Jul/2026:21:15:11 +0000] "GET /?fileloc=/home/xedaptot/public_html/robots.txt&path=/home/xedaptot/public_html HTTP/2" 200 70 "https://pepperspaphuquoc.com/?path=/home/xedaptot/public_html" "Mozilla/5.0 AppleWebKit/537.36 (KHTML, like Gecko; compatible; GPTBot/1.4; +https://openai.com/gptbot)"
74.7.243.225 - - [16/Jul/2026:21:15:12 +0000] "GET /?fileloc=/home/xedaptot/pepperspaphuquoc.com/wp-includes/js/hoverIntent.min.js&path=/home/xedaptot/pepperspaphuquoc.com/wp-includes/js HTTP/2" 200 3263 "https://pepperspaphuquoc.com/?path=/home/xedaptot/pepperspaphuquoc.com/wp-includes/js" "Mozilla/5.0 AppleWebKit/537.36 (KHTML, like Gecko; compatible; GPTBot/1.4; +https://openai.com/gptbot)"
74.7.243.225 - - [16/Jul/2026:21:15:13 +0000] "GET /?fileloc=/home/xedaptot/pepperspaphuquoc.com/wp-includes/js/quicktags.min.js&path=/home/xedaptot/pepperspaphuquoc.com/wp-includes/js HTTP/2" 200 6287 "https://pepperspaphuquoc.com/?path=/home/xedaptot/pepperspaphuquoc.com/wp-includes/js" "Mozilla/5.0 AppleWebKit/537.36 (KHTML, like Gecko; compatible; GPTBot/1.4; +https://openai.com/gptbot)"
130.61.136.100 - - [16/Jul/2026:21:15:02 +0000] "POST /wp-login.php HTTP/2" 200 4144 "https://pepperspaphuquoc.com/wp-login.php" "Mozilla/5.0 (Macintosh; Intel Mac OS X 10_15_7) AppleWebKit/605.1.15 (KHTML, like Gecko) Version/14.1.1 Safari/605.1.15"
74.7.243.225 - - [16/Jul/2026:21:15:15 +0000] "GET /?fileloc=/home/xedaptot/pepperspaphuquoc.com/wp-includes/js/zxcvbn-async.min.js&path=/home/xedaptot/pepperspaphuquoc.com/wp-includes/js HTTP/2" 200 2728 "https://pepperspaphuquoc.com/?path=/home/xedaptot/pepperspaphuquoc.com/wp-includes/js" "Mozilla/5.0 AppleWebKit/537.36 (KHTML, like Gecko; compatible; GPTBot/1.4; +https://openai.com/gptbot)"
130.61.136.100 - - [16/Jul/2026:21:15:16 +0000] "GET /wp-admin/index.php HTTP/2" 200 6108 "https://pepperspaphuquoc.com/wp-login.php" "Mozilla/5.0 (Macintosh; Intel Mac OS X 10_15_7) AppleWebKit/605.1.15 (KHTML, like Gecko) Version/14.0.3 Safari/605.1.15"
74.7.243.225 - - [16/Jul/2026:21:15:16 +0000] "GET /?fileloc=/home/xedaptot/pepperspaphuquoc.com/wp-includes/js/media-grid.min.js&path=/home/xedaptot/pepperspaphuquoc.com/wp-includes/js HTTP/2" 200 6722 "https://pepperspaphuquoc.com/?path=/home/xedaptot/pepperspaphuquoc.com/wp-includes/js" "Mozilla/5.0 AppleWebKit/537.36 (KHTML, like Gecko; compatible; GPTBot/1.4; +https://openai.com/gptbot)"
74.7.243.225 - - [16/Jul/2026:21:15:17 +0000] "GET /?fileloc=/home/xedaptot/pepperspaphuquoc.com/wp-includes/js/zxcvbn-async.js&path=/home/xedaptot/pepperspaphuquoc.com/wp-includes/js HTTP/2" 200 2900 "https://pepperspaphuquoc.com/?path=/home/xedaptot/pepperspaphuquoc.com/wp-includes/js" "Mozilla/5.0 AppleWebKit/537.36 (KHTML, like Gecko; compatible; GPTBot/1.4; +https://openai.com/gptbot)"
74.7.243.225 - - [16/Jul/2026:21:15:18 +0000] "GET /?fileloc=/home/xedaptot/pepperspaphuquoc.com/wp-includes/js/customize-views.min.js&path=/home/xedaptot/pepperspaphuquoc.com/wp-includes/js HTTP/2" 200 3439 "https://pepperspaphuquoc.com/?path=/home/xedaptot/pepperspaphuquoc.com/wp-includes/js" "Mozilla/5.0 AppleWebKit/537.36 (KHTML, like Gecko; compatible; GPTBot/1.4; +https://openai.com/gptbot)"
74.7.243.225 - - [16/Jul/2026:21:15:19 +0000] "GET /?fileloc=/home/xedaptot/pepperspaphuquoc.com/wp-includes/js/wp-backbone.min.js&path=/home/xedaptot/pepperspaphuquoc.com/wp-includes/js HTTP/2" 200 3735 "https://pepperspaphuquoc.com/?path=/home/xedaptot/pepperspaphuquoc.com/wp-includes/js" "Mozilla/5.0 AppleWebKit/537.36 (KHTML, like Gecko; compatible; GPTBot/1.4; +https://openai.com/gptbot)"
74.7.243.225 - - [16/Jul/2026:21:15:20 +0000] "GET /?fileloc=/home/xedaptot/pepperspaphuquoc.com/wp-includes/js/hoverintent-js.min.js&path=/home/xedaptot/pepperspaphuquoc.com/wp-includes/js HTTP/2" 200 3215 "https://pepperspaphuquoc.com/?path=/home/xedaptot/pepperspaphuquoc.com/wp-includes/js" "Mozilla/5.0 AppleWebKit/537.36 (KHTML, like Gecko; compatible; GPTBot/1.4; +https://openai.com/gptbot)"
74.7.243.225 - - [16/Jul/2026:21:15:20 +0000] "GET /?fileloc=/home/xedaptot/pepperspaphuquoc.com/wp-includes/js/customize-base.min.js&path=/home/xedaptot/pepperspaphuquoc.com/wp-includes/js HTTP/2" 200 5136 "https://pepperspaphuquoc.com/?path=/home/xedaptot/pepperspaphuquoc.com/wp-includes/js" "Mozilla/5.0 AppleWebKit/537.36 (KHTML, like Gecko; compatible; GPTBot/1.4; +https://openai.com/gptbot)"
74.7.243.225 - - [16/Jul/2026:21:15:22 +0000] "GET /?fileloc=/home/xedaptot/pepperspaphuquoc.com/wp-includes/js/backbone.min.js&path=/home/xedaptot/pepperspaphuquoc.com/wp-includes/js HTTP/2" 200 11125 "https://pepperspaphuquoc.com/?path=/home/xedaptot/pepperspaphuquoc.com/wp-includes/js" "Mozilla/5.0 AppleWebKit/537.36 (KHTML, like Gecko; compatible; GPTBot/1.4; +https://openai.com/gptbot)"
74.7.243.225 - - [16/Jul/2026:21:15:23 +0000] "GET /?fileloc=/home/xedaptot/pepperspaphuquoc.com/wp-includes/js/comment-reply.js&path=/home/xedaptot/pepperspaphuquoc.com/wp-includes/js HTTP/2" 200 6380 "https://pepperspaphuquoc.com/?path=/home/xedaptot/pepperspaphuquoc.com/wp-includes/js" "Mozilla/5.0 AppleWebKit/537.36 (KHTML, like Gecko; compatible; GPTBot/1.4; +https://openai.com/gptbot)"
74.7.243.225 - - [16/Jul/2026:21:15:24 +0000] "GET /?fileloc=/home/xedaptot/pepperspaphuquoc.com/wp-includes/js/comment-reply.min.js&path=/home/xedaptot/pepperspaphuquoc.com/wp-includes/js HTTP/2" 200 3939 "https://pepperspaphuquoc.com/?path=/home/xedaptot/pepperspaphuquoc.com/wp-includes/js" "Mozilla/5.0 AppleWebKit/537.36 (KHTML, like Gecko; compatible; GPTBot/1.4; +https://openai.com/gptbot)"
74.7.243.225 - - [16/Jul/2026:21:15:25 +0000] "GET /?path=/home/xedaptot/.softaculous/ai HTTP/2" 200 3050 "https://pepperspaphuquoc.com/?path=/home/xedaptot/.softaculous" "Mozilla/5.0 AppleWebKit/537.36 (KHTML, like Gecko; compatible; GPTBot/1.4; +https://openai.com/gptbot)"
74.7.243.225 - - [16/Jul/2026:21:15:26 +0000] "GET /?fileloc=/home/xedaptot/backup.naniguide.com/wp-includes/customize/class-wp-customize-nav-menu-locations-control.php&path=/home/xedaptot/backup.naniguide.com/wp-includes/customize HTTP/2" 200 3680 "https://pepperspaphuquoc.com/?path=/home/xedaptot/backup.naniguide.com/wp-includes/customize" "Mozilla/5.0 AppleWebKit/537.36 (KHTML, like Gecko; compatible; GPTBot/1.4; +https://openai.com/gptbot)"
74.7.243.225 - - [16/Jul/2026:21:15:26 +0000] "GET /?fileloc=/home/xedaptot/backup.naniguide.com/wp-includes/customize/class-wp-customize-header-image-setting.php&path=/home/xedaptot/backup.naniguide.com/wp-includes/customize HTTP/2" 200 3309 "https://pepperspaphuquoc.com/?path=/home/xedaptot/backup.naniguide.com/wp-includes/customize" "Mozilla/5.0 AppleWebKit/537.36 (KHTML, like Gecko; compatible; GPTBot/1.4; +https://openai.com/gptbot)"
74.7.243.225 - - [16/Jul/2026:21:15:27 +0000] "GET /?fileloc=/home/xedaptot/backup.naniguide.com/wp-includes/customize/class-wp-customize-nav-menu-location-control.php&path=/home/xedaptot/backup.naniguide.com/wp-includes/customize HTTP/2" 200 3369 "https://pepperspaphuquoc.com/?path=/home/xedaptot/backup.naniguide.com/wp-includes/customize" "Mozilla/5.0 AppleWebKit/537.36 (KHTML, like Gecko; compatible; GPTBot/1.4; +https://openai.com/gptbot)"
92.112.92.46 - - [16/Jul/2026:21:15:28 +0000] "GET /?product/category/view_more/11620417041100 HTTP/2" 200 4136 "-" "Mozilla/5.0 (Macintosh; Intel Mac OS X 10_15_7) AppleWebKit/537.36 (KHTML, like Gecko) Chrome/142.0.0.0 Safari/537.36"
74.7.243.225 - - [16/Jul/2026:21:15:29 +0000] "GET /?fileloc=/home/xedaptot/backup.naniguide.com/wp-includes/customize/class-wp-customize-cropped-image-control.php&path=/home/xedaptot/backup.naniguide.com/wp-includes/customize HTTP/2" 200 3026 "https://pepperspaphuquoc.com/?path=/home/xedaptot/backup.naniguide.com/wp-includes/customize" "Mozilla/5.0 AppleWebKit/537.36 (KHTML, like Gecko; compatible; GPTBot/1.4; +https://openai.com/gptbot)"
130.61.136.100 - - [16/Jul/2026:21:15:17 +0000] "POST /wp-login.php HTTP/2" 200 4135 "https://pepperspaphuquoc.com/wp-login.php" "Mozilla/5.0 (X11; Linux x86_64) AppleWebKit/537.36 (KHTML, like Gecko) Chrome/94.0.4606.71 Safari/537.36"
74.7.243.225 - - [16/Jul/2026:21:15:31 +0000] "GET /?fileloc=/home/xedaptot/backup.naniguide.com/wp-includes/customize/class-wp-customize-background-image-setting.php&path=/home/xedaptot/backup.naniguide.com/wp-includes/customize HTTP/2" 200 2920 "https://pepperspaphuquoc.com/?path=/home/xedaptot/backup.naniguide.com/wp-includes/customize" "Mozilla/5.0 AppleWebKit/537.36 (KHTML, like Gecko; compatible; GPTBot/1.4; +https://openai.com/gptbot)"
130.61.136.100 - - [16/Jul/2026:21:15:31 +0000] "GET /wp-admin/index.php HTTP/2" 200 6122 "https://pepperspaphuquoc.com/wp-login.php" "Mozilla/5.0 (Macintosh; Intel Mac OS X 10_15_7) AppleWebKit/605.1.15 (KHTML, like Gecko) Version/15.0 Safari/605.1.15"
74.7.243.225 - - [16/Jul/2026:21:15:33 +0000] "GET /?fileloc=/home/xedaptot/backup.naniguide.com/wp-includes/customize/class-wp-customize-header-image-control.php&path=/home/xedaptot/backup.naniguide.com/wp-includes/customize HTTP/2" 200 4847 "https://pepperspaphuquoc.com/?path=/home/xedaptot/backup.naniguide.com/wp-includes/customize" "Mozilla/5.0 AppleWebKit/537.36 (KHTML, like Gecko; compatible; GPTBot/1.4; +https://openai.com/gptbot)"
74.7.243.225 - - [16/Jul/2026:21:15:34 +0000] "GET /?path=/home/xedaptot/public_html/wp-admin HTTP/2" 200 6013 "https://pepperspaphuquoc.com/?path=/home/xedaptot/public_html" "Mozilla/5.0 AppleWebKit/537.36 (KHTML, like Gecko; compatible; GPTBot/1.4; +https://openai.com/gptbot)"
74.7.243.225 - - [16/Jul/2026:21:15:35 +0000] "GET /?fileloc=/home/xedaptot/backup.naniguide.com/wp-includes/customize/class-wp-widget-area-customize-control.php&path=/home/xedaptot/backup.naniguide.com/wp-includes/customize HTTP/2" 200 3279 "https://pepperspaphuquoc.com/?path=/home/xedaptot/backup.naniguide.com/wp-includes/customize" "Mozilla/5.0 AppleWebKit/537.36 (KHTML, like Gecko; compatible; GPTBot/1.4; +https://openai.com/gptbot)"
74.7.243.225 - - [16/Jul/2026:21:15:36 +0000] "GET /?fileloc=/home/xedaptot/backup.naniguide.com/wp-includes/customize/class-wp-customize-sidebar-section.php&path=/home/xedaptot/backup.naniguide.com/wp-includes/customize HTTP/2" 200 2974 "https://pepperspaphuquoc.com/?path=/home/xedaptot/backup.naniguide.com/wp-includes/customize" "Mozilla/5.0 AppleWebKit/537.36 (KHTML, like Gecko; compatible; GPTBot/1.4; +https://openai.com/gptbot)"
74.7.243.225 - - [16/Jul/2026:21:15:38 +0000] "GET /?fileloc=/home/xedaptot/backup.naniguide.com/wp-includes/customize/class-wp-customize-upload-control.php&path=/home/xedaptot/backup.naniguide.com/wp-includes/customize HTTP/2" 200 3012 "https://pepperspaphuquoc.com/?path=/home/xedaptot/backup.naniguide.com/wp-includes/customize" "Mozilla/5.0 AppleWebKit/537.36 (KHTML, like Gecko; compatible; GPTBot/1.4; +https://openai.com/gptbot)"
74.7.243.225 - - [16/Jul/2026:21:15:39 +0000] "GET /?path=/home/xedaptot/.softaculous/ai/xedaptot_9a5f26acb538104c_conversations HTTP/2" 200 2950 "https://pepperspaphuquoc.com/?path=/home/xedaptot/.softaculous/ai" "Mozilla/5.0 AppleWebKit/537.36 (KHTML, like Gecko; compatible; GPTBot/1.4; +https://openai.com/gptbot)"
74.7.243.225 - - [16/Jul/2026:21:15:41 +0000] "GET /?fileloc=/home/xedaptot/backup.naniguide.com/wp-includes/customize/class-wp-customize-themes-section.php&path=/home/xedaptot/backup.naniguide.com/wp-includes/customize HTTP/2" 200 4658 "https://pepperspaphuquoc.com/?path=/home/xedaptot/backup.naniguide.com/wp-includes/customize" "Mozilla/5.0 AppleWebKit/537.36 (KHTML, like Gecko; compatible; GPTBot/1.4; +https://openai.com/gptbot)"
74.7.243.225 - - [16/Jul/2026:21:15:41 +0000] "GET /?fileloc=/home/xedaptot/backup.naniguide.com/wp-includes/customize/class-wp-customize-code-editor-control.php&path=/home/xedaptot/backup.naniguide.com/wp-includes/customize HTTP/2" 200 3423 "https://pepperspaphuquoc.com/?path=/home/xedaptot/backup.naniguide.com/wp-includes/customize" "Mozilla/5.0 AppleWebKit/537.36 (KHTML, like Gecko; compatible; GPTBot/1.4; +https://openai.com/gptbot)"
74.7.243.225 - - [16/Jul/2026:21:15:42 +0000] "GET /?fileloc=/home/xedaptot/public_html/index.php&path=/home/xedaptot/public_html HTTP/2" 200 2716 "https://pepperspaphuquoc.com/?path=/home/xedaptot/public_html" "Mozilla/5.0 AppleWebKit/537.36 (KHTML, like Gecko; compatible; GPTBot/1.4; +https://openai.com/gptbot)"
74.7.243.225 - - [16/Jul/2026:21:15:43 +0000] "GET /?fileloc=/home/xedaptot/public_html/xmlrpc.php&path=/home/xedaptot/public_html HTTP/2" 200 3946 "https://pepperspaphuquoc.com/?path=/home/xedaptot/public_html" "Mozilla/5.0 AppleWebKit/537.36 (KHTML, like Gecko; compatible; GPTBot/1.4; +https://openai.com/gptbot)"
74.7.243.225 - - [16/Jul/2026:21:15:44 +0000] "GET /?fileloc=/home/xedaptot/pepperspaphuquoc.com/wp-includes/js/imagesloaded.min.js&path=/home/xedaptot/pepperspaphuquoc.com/wp-includes/js HTTP/2" 200 4391 "https://pepperspaphuquoc.com/?path=/home/xedaptot/pepperspaphuquoc.com/wp-includes/js" "Mozilla/5.0 AppleWebKit/537.36 (KHTML, like Gecko; compatible; GPTBot/1.4; +https://openai.com/gptbot)"
130.61.136.100 - - [16/Jul/2026:21:15:34 +0000] "POST /wp-login.php HTTP/2" 200 4135 "https://pepperspaphuquoc.com/wp-login.php" "Mozilla/5.0 (Macintosh; Intel Mac OS X 10_15_7) AppleWebKit/605.1.15 (KHTML, like Gecko) Version/14.1.1 Safari/605.1.15"
74.7.243.225 - - [16/Jul/2026:21:15:45 +0000] "GET /?fileloc=/home/xedaptot/pepperspaphuquoc.com/wp-includes/js/media-audiovideo.js&path=/home/xedaptot/pepperspaphuquoc.com/wp-includes/js HTTP/2" 200 8406 "https://pepperspaphuquoc.com/?path=/home/xedaptot/pepperspaphuquoc.com/wp-includes/js" "Mozilla/5.0 AppleWebKit/537.36 (KHTML, like Gecko; compatible; GPTBot/1.4; +https://openai.com/gptbot)"
130.61.136.100 - - [16/Jul/2026:21:15:46 +0000] "GET /wp-admin/index.php HTTP/2" 200 6122 "https://pepperspaphuquoc.com/wp-login.php" "Mozilla/5.0 (Windows NT 10.0; Win64; x64) AppleWebKit/537.36 (KHTML, like Gecko) Chrome/92.0.4515.131 Safari/537.36"
74.7.243.225 - - [16/Jul/2026:21:15:46 +0000] "GET /?fileloc=/home/xedaptot/public_html/wp-admin/profile.php&path=/home/xedaptot/public_html/wp-admin HTTP/2" 200 2645 "https://pepperspaphuquoc.com/?path=/home/xedaptot/public_html/wp-admin" "Mozilla/5.0 AppleWebKit/537.36 (KHTML, like Gecko; compatible; GPTBot/1.4; +https://openai.com/gptbot)"
74.7.243.225 - - [16/Jul/2026:21:15:48 +0000] "GET /?fileloc=/home/xedaptot/public_html/wp-admin/options-head.php&path=/home/xedaptot/public_html/wp-admin HTTP/2" 200 2843 "https://pepperspaphuquoc.com/?path=/home/xedaptot/public_html/wp-admin" "Mozilla/5.0 AppleWebKit/537.36 (KHTML, like Gecko; compatible; GPTBot/1.4; +https://openai.com/gptbot)"
74.7.243.225 - - [16/Jul/2026:21:15:48 +0000] "GET /?fileloc=/home/xedaptot/public_html/wp-admin/theme-editor.php&path=/home/xedaptot/public_html/wp-admin HTTP/2" 200 8495 "https://pepperspaphuquoc.com/?path=/home/xedaptot/public_html/wp-admin" "Mozilla/5.0 AppleWebKit/537.36 (KHTML, like Gecko; compatible; GPTBot/1.4; +https://openai.com/gptbot)"
74.7.243.225 - - [16/Jul/2026:21:15:49 +0000] "GET /?fileloc=/home/xedaptot/public_html/wp-admin/options-media.php&path=/home/xedaptot/public_html/wp-admin HTTP/2" 200 4562 "https://pepperspaphuquoc.com/?path=/home/xedaptot/public_html/wp-admin" "Mozilla/5.0 AppleWebKit/537.36 (KHTML, like Gecko; compatible; GPTBot/1.4; +https://openai.com/gptbot)"
74.7.243.225 - - [16/Jul/2026:21:15:50 +0000] "GET /?fileloc=/home/xedaptot/public_html/wp-admin/admin-footer.php&path=/home/xedaptot/public_html/wp-admin HTTP/2" 200 3603 "https://pepperspaphuquoc.com/?path=/home/xedaptot/public_html/wp-admin" "Mozilla/5.0 AppleWebKit/537.36 (KHTML, like Gecko; compatible; GPTBot/1.4; +https://openai.com/gptbot)"
74.7.243.225 - - [16/Jul/2026:21:15:51 +0000] "GET /?fileloc=/home/xedaptot/public_html/wp-admin/admin-header.php&path=/home/xedaptot/public_html/wp-admin HTTP/2" 200 5646 "https://pepperspaphuquoc.com/?path=/home/xedaptot/public_html/wp-admin" "Mozilla/5.0 AppleWebKit/537.36 (KHTML, like Gecko; compatible; GPTBot/1.4; +https://openai.com/gptbot)"
74.7.243.225 - - [16/Jul/2026:21:15:52 +0000] "GET /?fileloc=/home/xedaptot/public_html/wp-admin/privacy.php&path=/home/xedaptot/public_html/wp-admin HTTP/2" 200 3642 "https://pepperspaphuquoc.com/?path=/home/xedaptot/public_html/wp-admin" "Mozilla/5.0 AppleWebKit/537.36 (KHTML, like Gecko; compatible; GPTBot/1.4; +https://openai.com/gptbot)"
74.7.243.225 - - [16/Jul/2026:21:15:54 +0000] "GET /?fileloc=/home/xedaptot/.softaculous/ai/xedaptot_9a5f26acb538104c_conversations/conv_4c77984de808.json.php&path=/home/xedaptot/.softaculous/ai/xedaptot_9a5f26acb538104c_conversations HTTP/2" 200 5877 "https://pepperspaphuquoc.com/?path=/home/xedaptot/.softaculous/ai/xedaptot_9a5f26acb538104c_conversations" "Mozilla/5.0 AppleWebKit/537.36 (KHTML, like Gecko; compatible; GPTBot/1.4; +https://openai.com/gptbot)"
66.249.66.197 - - [16/Jul/2026:21:15:54 +0000] "GET /?y=7967108391100 HTTP/2" 200 17281 "-" "Mozilla/5.0 (Linux; Android 6.0.1; Nexus 5X Build/MMB29P) AppleWebKit/537.36 (KHTML, like Gecko) Chrome/150.0.7871.124 Mobile Safari/537.36 (compatible; Googlebot/2.1; +http://www.google.com/bot.html)"
74.7.243.225 - - [16/Jul/2026:21:15:55 +0000] "GET /?fileloc=/home/xedaptot/pepperspaphuquoc.com/wp-includes/js/customize-models.js&path=/home/xedaptot/pepperspaphuquoc.com/wp-includes/js HTTP/2" 200 4528 "https://pepperspaphuquoc.com/?path=/home/xedaptot/pepperspaphuquoc.com/wp-includes/js" "Mozilla/5.0 AppleWebKit/537.36 (KHTML, like Gecko; compatible; GPTBot/1.4; +https://openai.com/gptbot)"
74.7.243.225 - - [16/Jul/2026:21:15:56 +0000] "GET /?fileloc=/home/xedaptot/pepperspaphuquoc.com/wp-includes/js/customize-loader.js&path=/home/xedaptot/pepperspaphuquoc.com/wp-includes/js HTTP/2" 200 5334 "https://pepperspaphuquoc.com/?path=/home/xedaptot/pepperspaphuquoc.com/wp-includes/js" "Mozilla/5.0 AppleWebKit/537.36 (KHTML, like Gecko; compatible; GPTBot/1.4; +https://openai.com/gptbot)"
74.7.243.225 - - [16/Jul/2026:21:15:57 +0000] "GET /?fileloc=/home/xedaptot/pepperspaphuquoc.com/wp-includes/js/customize-preview.js&path=/home/xedaptot/pepperspaphuquoc.com/wp-includes/js HTTP/2" 200 10638 "https://pepperspaphuquoc.com/?path=/home/xedaptot/pepperspaphuquoc.com/wp-includes/js" "Mozilla/5.0 AppleWebKit/537.36 (KHTML, like Gecko; compatible; GPTBot/1.4; +https://openai.com/gptbot)"
45.82.40.125 - - [16/Jul/2026:21:15:58 +0000] "GET /?productSearch/pictureSearch?id=6645588091100 HTTP/2" 200 4136 "-" "Mozilla/5.0 (Macintosh; Intel Mac OS X 10_15_7) AppleWebKit/537.36 (KHTML, like Gecko) Chrome/142.0.0.0 Safari/537.36"
130.61.136.100 - - [16/Jul/2026:21:15:47 +0000] "POST /wp-login.php HTTP/2" 200 4135 "https://pepperspaphuquoc.com/wp-login.php" "Mozilla/5.0 (Windows NT 10.0; Win64; x64) AppleWebKit/605.1.15 (KHTML, like Gecko) Version/15.0 Safari/605.1.15"
74.7.243.225 - - [16/Jul/2026:21:15:58 +0000] "GET /?fileloc=/home/xedaptot/pepperspaphuquoc.com/wp-includes/js/customize-preview-nav-menus.js&path=/home/xedaptot/pepperspaphuquoc.com/wp-includes/js HTTP/2" 200 6749 "https://pepperspaphuquoc.com/?path=/home/xedaptot/pepperspaphuquoc.com/wp-includes/js" "Mozilla/5.0 AppleWebKit/537.36 (KHTML, like Gecko; compatible; GPTBot/1.4; +https://openai.com/gptbot)"
130.61.136.100 - - [16/Jul/2026:21:16:01 +0000] "GET /wp-admin/index.php HTTP/2" 200 6068 "https://pepperspaphuquoc.com/wp-login.php" "Mozilla/5.0 (Windows NT 6.1; Win64; x64; rv:89.0) Gecko/20100101 Firefox/89.0.2"
74.7.243.225 - - [16/Jul/2026:21:16:01 +0000] "GET /?fileloc=/home/xedaptot/public_html/wp-admin/admin-post.php&path=/home/xedaptot/public_html/wp-admin HTTP/2" 200 3238 "https://pepperspaphuquoc.com/?path=/home/xedaptot/public_html/wp-admin" "Mozilla/5.0 AppleWebKit/537.36 (KHTML, like Gecko; compatible; GPTBot/1.4; +https://openai.com/gptbot)"
74.7.243.225 - - [16/Jul/2026:21:16:02 +0000] "GET /?fileloc=/home/xedaptot/public_html/wp-admin/post-new.php&path=/home/xedaptot/public_html/wp-admin HTTP/2" 200 3583 "https://pepperspaphuquoc.com/?path=/home/xedaptot/public_html/wp-admin" "Mozilla/5.0 AppleWebKit/537.36 (KHTML, like Gecko; compatible; GPTBot/1.4; +https://openai.com/gptbot)"
74.7.243.225 - - [16/Jul/2026:21:16:03 +0000] "GET /?fileloc=/home/xedaptot/pepperspaphuquoc.com/wp-includes/js/wp-list-revisions.min.js&path=/home/xedaptot/pepperspaphuquoc.com/wp-includes/js HTTP/2" 200 2851 "https://pepperspaphuquoc.com/?path=/home/xedaptot/pepperspaphuquoc.com/wp-includes/js" "Mozilla/5.0 AppleWebKit/537.36 (KHTML, like Gecko; compatible; GPTBot/1.4; +https://openai.com/gptbot)"
74.7.243.225 - - [16/Jul/2026:21:16:04 +0000] "GET /?fileloc=/home/xedaptot/pepperspaphuquoc.com/wp-includes/js/hoverIntent.js&path=/home/xedaptot/pepperspaphuquoc.com/wp-includes/js HTTP/2" 200 5031 "https://pepperspaphuquoc.com/?path=/home/xedaptot/pepperspaphuquoc.com/wp-includes/js" "Mozilla/5.0 AppleWebKit/537.36 (KHTML, like Gecko; compatible; GPTBot/1.4; +https://openai.com/gptbot)"
74.7.243.225 - - [16/Jul/2026:21:16:05 +0000] "GET /?fileloc=/home/xedaptot/public_html/wp-admin/update.php&path=/home/xedaptot/public_html/wp-admin HTTP/2" 200 5350 "https://pepperspaphuquoc.com/?path=/home/xedaptot/public_html/wp-admin" "Mozilla/5.0 AppleWebKit/537.36 (KHTML, like Gecko; compatible; GPTBot/1.4; +https://openai.com/gptbot)"
74.7.243.225 - - [16/Jul/2026:21:16:06 +0000] "GET /?path=/home/xedaptot/pepperspaphuquoc.com/wp-includes/js/jcrop HTTP/2" 200 2924 "https://pepperspaphuquoc.com/?path=/home/xedaptot/pepperspaphuquoc.com/wp-includes/js" "Mozilla/5.0 AppleWebKit/537.36 (KHTML, like Gecko; compatible; GPTBot/1.4; +https://openai.com/gptbot)"
74.7.243.225 - - [16/Jul/2026:21:16:07 +0000] "GET /?fileloc=/home/xedaptot/pepperspaphuquoc.com/wp-includes/js/media-models.js&path=/home/xedaptot/pepperspaphuquoc.com/wp-includes/js HTTP/2" 200 14002 "https://pepperspaphuquoc.com/?path=/home/xedaptot/pepperspaphuquoc.com/wp-includes/js" "Mozilla/5.0 AppleWebKit/537.36 (KHTML, like Gecko; compatible; GPTBot/1.4; +https://openai.com/gptbot)"
74.7.243.225 - - [16/Jul/2026:21:16:08 +0000] "GET /?fileloc=/home/xedaptot/pepperspaphuquoc.com/wp-includes/js/shortcode.min.js&path=/home/xedaptot/pepperspaphuquoc.com/wp-includes/js HTTP/2" 200 3750 "https://pepperspaphuquoc.com/?path=/home/xedaptot/pepperspaphuquoc.com/wp-includes/js" "Mozilla/5.0 AppleWebKit/537.36 (KHTML, like Gecko; compatible; GPTBot/1.4; +https://openai.com/gptbot)"
