2a03:2880:f800:17:: - - [16/Jul/2026:13:04:26 +0000] "GET /?y=1641713391100 HTTP/2" 200 17264 "-" "Mozilla/5.0 (X11; Linux x86_64) AppleWebKit/537.36 (KHTML, like Gecko) Chrome/145.0.0.0 Safari/537.36 (compatible; meta-externalagent/1.1 (+https://developers.facebook.com/docs/sharing/webmasters/crawler))"
146.70.232.168 - - [16/Jul/2026:13:04:27 +0000] "POST /xmlrpc.php HTTP/2" 200 4130 "-" "Mozilla/5.0 (Windows NT 10.0; Win64; x64) AppleWebKit/537.36 (KHTML, like Gecko) Chrome/114.0.0.0 Safari/537.36"
146.70.232.168 - - [16/Jul/2026:13:04:28 +0000] "GET /2026/07/15/spin-reels-claim-bonuses-online/ HTTP/2" 200 17624 "-" "Mozilla/5.0 (Windows NT 10.0; Win64; x64) AppleWebKit/537.36 (KHTML, like Gecko) Chrome/109.0.0.0 Safari/537.36"
65.181.111.155 - - [16/Jul/2026:13:04:22 +0000] "POST /wp-cron.php?doing_wp_cron=1784207062.0465500354766845703125 HTTP/2" 200 0 "-" "WordPress/7.0.1; https://pepperspaphuquoc.com"
146.70.232.168 - - [16/Jul/2026:13:04:21 +0000] "POST /xmlrpc.php HTTP/2" 200 106 "-" "Mozilla/5.0 (Windows NT 10.0; Win64; x64) AppleWebKit/537.36 (KHTML, like Gecko) Chrome/114.0.0.0 Safari/537.36"
2a03:2880:f800:42:: - - [16/Jul/2026:13:04:25 +0000] "GET /?y=9837922291100 HTTP/2" 200 17264 "-" "Mozilla/5.0 (Windows NT 10.0; Win64; x64) AppleWebKit/537.36 (KHTML, like Gecko) Chrome/145.0.0.0 Safari/537.36 (compatible; meta-externalagent/1.1 (+https://developers.facebook.com/docs/sharing/webmasters/crawler))"
2400:1f00:2:5b08:e913:77b7:3b02:5f76 - - [16/Jul/2026:13:04:29 +0000] "POST /xmlrpc.php HTTP/2" 200 218 "-" "Mozilla/5.0 (X11; Ubuntu; Linux x86_64; arm64) AppleWebKit/537.36 (KHTML, like Gecko) Chrome/113.0.0.0 Safari/537.36"
2400:1f00:2:5b08:e913:77b7:3b02:5f76 - - [16/Jul/2026:13:04:38 +0000] "POST /xmlrpc.php HTTP/2" 200 218 "-" "Mozilla/5.0 (Windows NT 10.0; x86) AppleWebKit/537.36 (KHTML, like Gecko) Firefox/73.0.0.0 Safari/537.36"
2400:1f00:2:5b08:e913:77b7:3b02:5f76 - - [16/Jul/2026:13:04:47 +0000] "POST /xmlrpc.php HTTP/2" 200 218 "-" "Mozilla/5.0 (X11; Ubuntu; Linux x86_64; x64) AppleWebKit/537.36 (KHTML, like Gecko) Firefox/85.0.0.0 Safari/537.36"
2a03:2880:f800:2b:: - - [16/Jul/2026:13:04:53 +0000] "GET /?y=19841601941100 HTTP/2" 200 17264 "-" "Mozilla/5.0 (Windows NT 10.0; Win64; x64) AppleWebKit/537.36 (KHTML, like Gecko) Chrome/145.0.0.0 Safari/537.36 (compatible; meta-externalagent/1.1 (+https://developers.facebook.com/docs/sharing/webmasters/crawler))"
146.70.232.168 - - [16/Jul/2026:13:05:04 +0000] "POST /xmlrpc.php HTTP/2" 200 106 "-" "Mozilla/5.0 (Windows NT 10.0; Win64; x64) AppleWebKit/537.36 (KHTML, like Gecko) Chrome/114.0.0.0 Safari/537.36"
146.70.232.168 - - [16/Jul/2026:13:05:11 +0000] "GET /2026/07/14/leading-social-casino-offering-complimentary-sweeps-coins/ HTTP/2" 200 17893 "-" "Mozilla/5.0 (Windows NT 10.0; Win64; x64; rv:125.0) Gecko/20100101 Firefox/125.0"
2a03:2880:f800:22:: - - [16/Jul/2026:13:05:12 +0000] "GET /?y=14559623941100 HTTP/2" 200 17264 "-" "Mozilla/5.0 (Windows NT 10.0; Win64; x64) AppleWebKit/537.36 (KHTML, like Gecko) Chrome/145.0.0.0 Safari/537.36 (compatible; meta-externalagent/1.1 (+https://developers.facebook.com/docs/sharing/webmasters/crawler))"
2a03:2880:f800:47:: - - [16/Jul/2026:13:05:23 +0000] "GET /?y=21606423941100 HTTP/2" 200 17264 "-" "Mozilla/5.0 (Windows NT 10.0; Win64; x64) AppleWebKit/537.36 (KHTML, like Gecko) Chrome/145.0.0.0 Safari/537.36 (compatible; meta-externalagent/1.1 (+https://developers.facebook.com/docs/sharing/webmasters/crawler))"
146.70.232.168 - - [16/Jul/2026:13:05:43 +0000] "POST /xmlrpc.php HTTP/2" 200 106 "-" "Mozilla/5.0 (Windows NT 10.0; Win64; x64) AppleWebKit/537.36 (KHTML, like Gecko) Chrome/114.0.0.0 Safari/537.36"
146.70.232.168 - - [16/Jul/2026:13:05:50 +0000] "GET /2026/07/15/crown-coins-casino-full-review-2026-pros-cons/ HTTP/2" 200 18278 "-" "Mozilla/5.0 (Windows NT 10.0; Win64; x64) AppleWebKit/537.36 (KHTML, like Gecko) Chrome/109.0.0.0 Safari/537.36"
146.70.232.168 - - [16/Jul/2026:13:06:32 +0000] "GET /2026/07/13/top-gambling-platforms-for-bitcoin-and-cryptocurrency-in-2026/ HTTP/2" 200 18030 "-" "Mozilla/5.0 (Windows NT 10.0; Win64; x64) AppleWebKit/537.36 (KHTML, like Gecko) Chrome/109.0.0.0 Safari/537.36"
146.70.232.168 - - [16/Jul/2026:13:07:03 +0000] "POST /xmlrpc.php HTTP/2" 200 109 "-" "Mozilla/5.0 (Windows NT 10.0; Win64; x64) AppleWebKit/537.36 (KHTML, like Gecko) Chrome/114.0.0.0 Safari/537.36"
146.70.232.168 - - [16/Jul/2026:13:07:09 +0000] "POST /xmlrpc.php HTTP/2" 200 4377 "-" "Mozilla/5.0 (Windows NT 10.0; Win64; x64) AppleWebKit/537.36 (KHTML, like Gecko) Chrome/114.0.0.0 Safari/537.36"
146.70.232.168 - - [16/Jul/2026:13:07:10 +0000] "GET /2026/07/14/best-paysafecard-casinos-2026-gambling-with-paysafecard/ HTTP/2" 200 17893 "-" "Mozilla/5.0 (Windows NT 10.0; Win64; x64) AppleWebKit/537.36 (KHTML, like Gecko) Chrome/124.0.0.0 Safari/537.36"
103.131.71.54 - - [16/Jul/2026:13:07:19 +0000] "GET / HTTP/2" 200 17264 "-" "Mozilla/5.0 (compatible; coccocbot-web/1.0; +http://help.coccoc.com/searchengine)"
2a03:2880:f800:: - - [16/Jul/2026:13:07:19 +0000] "GET /?y=6840724241100 HTTP/2" 200 17264 "-" "Mozilla/5.0 (Windows NT 10.0; Win64; x64) AppleWebKit/537.36 (KHTML, like Gecko) Chrome/145.0.0.0 Safari/537.36 (compatible; meta-externalagent/1.1 (+https://developers.facebook.com/docs/sharing/webmasters/crawler))"
2a03:2880:f800:28:: - - [16/Jul/2026:13:07:21 +0000] "GET /?y=488870291100 HTTP/2" 200 17264 "-" "Mozilla/5.0 (Windows NT 10.0; Win64; x64) AppleWebKit/537.36 (KHTML, like Gecko) Chrome/145.0.0.0 Safari/537.36 (compatible; meta-externalagent/1.1 (+https://developers.facebook.com/docs/sharing/webmasters/crawler))"
103.131.71.54 - - [16/Jul/2026:13:07:22 +0000] "GET /?product/category/view_more/3452395341100 HTTP/2" 301 5 "-" "Mozilla/5.0 (compatible; coccocbot-web/1.0; +http://help.coccoc.com/searchengine)"
2a03:2880:f800:1b:: - - [16/Jul/2026:13:07:32 +0000] "GET /?y=14457121991100 HTTP/2" 200 17263 "-" "Mozilla/5.0 (X11; Linux x86_64) AppleWebKit/537.36 (KHTML, like Gecko) Chrome/145.0.0.0 Safari/537.36 (compatible; meta-externalagent/1.1 (+https://developers.facebook.com/docs/sharing/webmasters/crawler))"
103.131.71.55 - - [16/Jul/2026:13:07:35 +0000] "GET /?product%2Fcategory%2Fview_more%2F3452395341100 HTTP/2" 200 17264 "-" "Mozilla/5.0 (compatible; coccocbot-web/1.0; +http://help.coccoc.com/searchengine)"
65.181.111.155 - - [16/Jul/2026:13:05:05 +0000] "POST /wp-cron.php?doing_wp_cron=1784207105.0877759456634521484375 HTTP/2" 200 0 "-" "WordPress/7.0.1; https://pepperspaphuquoc.com"
146.70.232.168 - - [16/Jul/2026:13:05:10 +0000] "POST /xmlrpc.php HTTP/2" 200 4396 "-" "Mozilla/5.0 (Windows NT 10.0; Win64; x64) AppleWebKit/537.36 (KHTML, like Gecko) Chrome/114.0.0.0 Safari/537.36"
2a03:2880:f800:1b:: - - [16/Jul/2026:13:05:40 +0000] "GET /?y=7776532591100 HTTP/2" 200 17264 "-" "Mozilla/5.0 (Windows NT 10.0; Win64; x64) AppleWebKit/537.36 (KHTML, like Gecko) Chrome/145.0.0.0 Safari/537.36 (compatible; meta-externalagent/1.1 (+https://developers.facebook.com/docs/sharing/webmasters/crawler))"
65.181.111.155 - - [16/Jul/2026:13:05:43 +0000] "POST /wp-cron.php?doing_wp_cron=1784207143.8396270275115966796875 HTTP/2" 200 0 "-" "WordPress/7.0.1; https://pepperspaphuquoc.com"
146.70.232.168 - - [16/Jul/2026:13:05:49 +0000] "POST /xmlrpc.php HTTP/2" 200 4787 "-" "Mozilla/5.0 (Windows NT 10.0; Win64; x64) AppleWebKit/537.36 (KHTML, like Gecko) Chrome/114.0.0.0 Safari/537.36"
2a03:2880:f800:7:: - - [16/Jul/2026:13:06:06 +0000] "GET /?y=1372675041100 HTTP/2" 200 17264 "-" "Mozilla/5.0 (Windows NT 10.0; Win64; x64) AppleWebKit/537.36 (KHTML, like Gecko) Chrome/145.0.0.0 Safari/537.36 (compatible; meta-externalagent/1.1 (+https://developers.facebook.com/docs/sharing/webmasters/crawler))"
65.181.111.155 - - [16/Jul/2026:13:06:25 +0000] "POST /wp-cron.php?doing_wp_cron=1784207185.8335471153259277343750 HTTP/2" 200 0 "-" "WordPress/7.0.1; https://pepperspaphuquoc.com"
146.70.232.168 - - [16/Jul/2026:13:06:25 +0000] "POST /xmlrpc.php HTTP/2" 200 109 "-" "Mozilla/5.0 (Windows NT 10.0; Win64; x64) AppleWebKit/537.36 (KHTML, like Gecko) Chrome/114.0.0.0 Safari/537.36"
146.70.232.168 - - [16/Jul/2026:13:06:31 +0000] "POST /xmlrpc.php HTTP/2" 200 4519 "-" "Mozilla/5.0 (Windows NT 10.0; Win64; x64) AppleWebKit/537.36 (KHTML, like Gecko) Chrome/114.0.0.0 Safari/537.36"
2a03:2880:f800:1d:: - - [16/Jul/2026:13:06:47 +0000] "GET /?y=17859566791100 HTTP/2" 200 17264 "-" "Mozilla/5.0 (Macintosh; Intel Mac OS X 10_15_7) AppleWebKit/537.36 (KHTML, like Gecko) Chrome/145.0.0.0 Safari/537.36 (compatible; meta-externalagent/1.1 (+https://developers.facebook.com/docs/sharing/webmasters/crawler))"
2a03:2880:f800:35:: - - [16/Jul/2026:13:06:56 +0000] "GET /?y=17653191441100 HTTP/2" 200 17264 "-" "Mozilla/5.0 (Macintosh; Intel Mac OS X 10_15_7) AppleWebKit/537.36 (KHTML, like Gecko) Chrome/145.0.0.0 Safari/537.36 (compatible; meta-externalagent/1.1 (+https://developers.facebook.com/docs/sharing/webmasters/crawler))"
65.181.111.155 - - [16/Jul/2026:13:07:03 +0000] "POST /wp-cron.php?doing_wp_cron=1784207223.6049399375915527343750 HTTP/2" 200 0 "-" "WordPress/7.0.1; https://pepperspaphuquoc.com"
185.47.92.225 - - [16/Jul/2026:13:07:05 +0000] "GET /?productSearch/pictureSearch?id=6645588091100 HTTP/2" 301 5 "-" "Mozilla/5.0 (Macintosh; Intel Mac OS X 10_15_7) AppleWebKit/537.36 (KHTML, like Gecko) Chrome/142.0.0.0 Safari/537.36"
65.181.111.155 - - [16/Jul/2026:13:07:44 +0000] "POST /wp-cron.php?doing_wp_cron=1784207264.7919070720672607421875 HTTP/2" 200 0 "-" "WordPress/7.0.1; https://pepperspaphuquoc.com"
2a03:2880:f800:10:: - - [16/Jul/2026:13:07:54 +0000] "GET /?y=16770345591100 HTTP/2" 200 17264 "-" "Mozilla/5.0 (Windows NT 10.0; Win64; x64) AppleWebKit/537.36 (KHTML, like Gecko) Chrome/145.0.0.0 Safari/537.36 Edg/145.0.0.0 (compatible; meta-externalagent/1.1 (+https://developers.facebook.com/docs/sharing/webmasters/crawler))"
65.181.111.155 - - [16/Jul/2026:13:08:25 +0000] "POST /wp-cron.php?doing_wp_cron=1784207305.4566159248352050781250 HTTP/2" 200 0 "-" "WordPress/7.0.1; https://pepperspaphuquoc.com"
146.70.232.168 - - [16/Jul/2026:13:08:25 +0000] "POST /xmlrpc.php HTTP/2" 200 109 "-" "Mozilla/5.0 (Windows NT 10.0; Win64; x64) AppleWebKit/537.36 (KHTML, like Gecko) Chrome/114.0.0.0 Safari/537.36"
146.70.232.168 - - [16/Jul/2026:13:07:44 +0000] "POST /xmlrpc.php HTTP/2" 200 106 "-" "Mozilla/5.0 (Windows NT 10.0; Win64; x64) AppleWebKit/537.36 (KHTML, like Gecko) Chrome/114.0.0.0 Safari/537.36"
146.70.232.168 - - [16/Jul/2026:13:07:50 +0000] "POST /xmlrpc.php HTTP/2" 200 4458 "-" "Mozilla/5.0 (Windows NT 10.0; Win64; x64) AppleWebKit/537.36 (KHTML, like Gecko) Chrome/114.0.0.0 Safari/537.36"
146.70.232.168 - - [16/Jul/2026:13:07:51 +0000] "GET /2026/07/11/apps-for-river-games-available-on-google-play/ HTTP/2" 200 17928 "-" "Mozilla/5.0 (Windows NT 10.0; Win64; x64; rv:124.0) Gecko/20100101 Firefox/124.0"
2a03:2880:f800:20:: - - [16/Jul/2026:13:08:24 +0000] "GET /?y=10158607441100 HTTP/2" 200 17264 "-" "Mozilla/5.0 (Windows NT 10.0; Win64; x64) AppleWebKit/537.36 (KHTML, like Gecko) Chrome/145.0.0.0 Safari/537.36 (compatible; meta-externalagent/1.1 (+https://developers.facebook.com/docs/sharing/webmasters/crawler))"
146.70.232.168 - - [16/Jul/2026:13:08:31 +0000] "POST /xmlrpc.php HTTP/2" 200 3236 "-" "Mozilla/5.0 (Windows NT 10.0; Win64; x64) AppleWebKit/537.36 (KHTML, like Gecko) Chrome/114.0.0.0 Safari/537.36"
104.233.38.3 - - [16/Jul/2026:13:08:50 +0000] "GET /?product/category/view_more/11620417041100 HTTP/2" 301 5 "-" "Mozilla/5.0 (Macintosh; Intel Mac OS X 10_15_7) AppleWebKit/537.36 (KHTML, like Gecko) Chrome/142.0.0.0 Safari/537.36"
2a03:2880:f800:36:: - - [16/Jul/2026:13:08:52 +0000] "GET /?y=11695456541100 HTTP/2" 200 17264 "-" "Mozilla/5.0 (Macintosh; Intel Mac OS X 10_15_7) AppleWebKit/537.36 (KHTML, like Gecko) Chrome/145.0.0.0 Safari/537.36 (compatible; meta-externalagent/1.1 (+https://developers.facebook.com/docs/sharing/webmasters/crawler))"
85.254.129.221 - - [16/Jul/2026:13:08:55 +0000] "GET /?product/category/view_more/11620417041100 HTTP/2" 301 5 "-" "Mozilla/5.0 (Macintosh; Intel Mac OS X 10_15_7) AppleWebKit/537.36 (KHTML, like Gecko) Chrome/142.0.0.0 Safari/537.36"
146.70.232.168 - - [16/Jul/2026:13:09:03 +0000] "POST /xmlrpc.php HTTP/2" 200 106 "-" "Mozilla/5.0 (Windows NT 10.0; Win64; x64) AppleWebKit/537.36 (KHTML, like Gecko) Chrome/114.0.0.0 Safari/537.36"
2a03:2880:f800:42:: - - [16/Jul/2026:13:09:06 +0000] "GET /?y=14412967991100 HTTP/2" 200 17264 "-" "Mozilla/5.0 (Windows NT 10.0; Win64; x64) AppleWebKit/537.36 (KHTML, like Gecko) Chrome/145.0.0.0 Safari/537.36 (compatible; meta-externalagent/1.1 (+https://developers.facebook.com/docs/sharing/webmasters/crawler))"
146.70.232.168 - - [16/Jul/2026:13:09:09 +0000] "POST /xmlrpc.php HTTP/2" 200 4199 "-" "Mozilla/5.0 (Windows NT 10.0; Win64; x64) AppleWebKit/537.36 (KHTML, like Gecko) Chrome/114.0.0.0 Safari/537.36"
146.70.232.168 - - [16/Jul/2026:13:09:09 +0000] "GET /2026/07/11/top-gambling-platforms-for-plinko-in-2026/ HTTP/2" 200 17694 "-" "Mozilla/5.0 (Windows NT 10.0; Win64; x64) AppleWebKit/537.36 (KHTML, like Gecko) Chrome/123.0.0.0 Safari/537.36"
85.204.251.43 - - [16/Jul/2026:13:09:20 +0000] "GET /?productSearch/pictureSearch?id=6645588091100 HTTP/2" 301 5 "-" "Mozilla/5.0 (Macintosh; Intel Mac OS X 10_15_7) AppleWebKit/537.36 (KHTML, like Gecko) Chrome/142.0.0.0 Safari/537.36"
2a03:2880:f800:2:: - - [16/Jul/2026:13:09:42 +0000] "GET /?y=294704191100 HTTP/2" 200 17264 "-" "Mozilla/5.0 (Windows NT 10.0; Win64; x64) AppleWebKit/537.36 (KHTML, like Gecko) Chrome/145.0.0.0 Safari/537.36 (compatible; meta-externalagent/1.1 (+https://developers.facebook.com/docs/sharing/webmasters/crawler))"
2a03:2880:f800:42:: - - [16/Jul/2026:13:09:56 +0000] "GET /?y=15657843191100 HTTP/2" 200 17264 "-" "Mozilla/5.0 (X11; Linux x86_64) AppleWebKit/537.36 (KHTML, like Gecko) Chrome/145.0.0.0 Safari/537.36 (compatible; meta-externalagent/1.1 (+https://developers.facebook.com/docs/sharing/webmasters/crawler))"
2a03:2880:f800:2d:: - - [16/Jul/2026:13:10:42 +0000] "GET /?y=7125974691100 HTTP/2" 200 17264 "-" "Mozilla/5.0 (Windows NT 10.0; Win64; x64) AppleWebKit/537.36 (KHTML, like Gecko) Chrome/145.0.0.0 Safari/537.36 (compatible; meta-externalagent/1.1 (+https://developers.facebook.com/docs/sharing/webmasters/crawler))"
146.70.232.168 - - [16/Jul/2026:13:08:31 +0000] "GET /2026/07/12/a-michigan-based-player-struck-a-22-million-jackpot-at-draftkings-online-casino/ HTTP/2" 200 16730 "-" "Mozilla/5.0 (Windows NT 10.0; Win64; x64) AppleWebKit/537.36 (KHTML, like Gecko) Chrome/122.0.0.0 Safari/537.36"
65.181.111.155 - - [16/Jul/2026:13:09:03 +0000] "POST /wp-cron.php?doing_wp_cron=1784207343.6260099411010742187500 HTTP/2" 200 0 "-" "WordPress/7.0.1; https://pepperspaphuquoc.com"
2a03:2880:f800:8:: - - [16/Jul/2026:13:09:04 +0000] "GET /?y=16593183241100 HTTP/2" 200 17264 "-" "Mozilla/5.0 (Windows NT 10.0; Win64; x64) AppleWebKit/537.36 (KHTML, like Gecko) Chrome/145.0.0.0 Safari/537.36 (compatible; meta-externalagent/1.1 (+https://developers.facebook.com/docs/sharing/webmasters/crawler))"
2a03:2880:f800:7:: - - [16/Jul/2026:13:09:59 +0000] "GET /?y=17566890441100 HTTP/2" 200 17264 "-" "Mozilla/5.0 (Windows NT 10.0; Win64; x64) AppleWebKit/537.36 (KHTML, like Gecko) Chrome/145.0.0.0 Safari/537.36 (compatible; meta-externalagent/1.1 (+https://developers.facebook.com/docs/sharing/webmasters/crawler))"
45.131.226.12 - - [16/Jul/2026:13:10:56 +0000] "GET /?productSearch/pictureSearch?id=6645588091100 HTTP/2" 301 5 "-" "Mozilla/5.0 (Macintosh; Intel Mac OS X 10_15_7) AppleWebKit/537.36 (KHTML, like Gecko) Chrome/142.0.0.0 Safari/537.36"
2a03:2880:f800:27:: - - [16/Jul/2026:13:11:44 +0000] "GET /?y=8290748291100 HTTP/2" 200 17264 "-" "Mozilla/5.0 (Windows NT 10.0; Win64; x64) AppleWebKit/537.36 (KHTML, like Gecko) Chrome/145.0.0.0 Safari/537.36 (compatible; meta-externalagent/1.1 (+https://developers.facebook.com/docs/sharing/webmasters/crawler))"
15.220.152.5 - - [16/Jul/2026:13:11:57 +0000] "POST /xmlrpc.php HTTP/2" 200 811 "-" "Mozilla/5.0 (Windows NT 10.0; Win64; x64) AppleWebKit/537.36 (KHTML, like Gecko) Chrome/114.0.0.0 Safari/537.36 Edg/114.0.1823.43"
15.220.152.5 - - [16/Jul/2026:13:11:59 +0000] "POST /xmlrpc.php HTTP/2" 200 211 "-" "Mozilla/5.0 (Windows NT 10.0; Win64; x64) AppleWebKit/537.36 (KHTML, like Gecko) Chrome/114.0.0.0 Safari/537.36 Edg/114.0.1823.43"
15.220.152.5 - - [16/Jul/2026:13:12:01 +0000] "POST /xmlrpc.php HTTP/2" 200 615 "-" "Mozilla/5.0 (Windows NT 10.0; Win64; x64) AppleWebKit/537.36 (KHTML, like Gecko) Chrome/114.0.0.0 Safari/537.36 Edg/114.0.1823.43"
65.181.111.155 - - [16/Jul/2026:13:12:03 +0000] "POST /wp-cron.php?doing_wp_cron=1784207523.4540429115295410156250 HTTP/2" 200 0 "-" "WordPress/7.0.1; https://pepperspaphuquoc.com"
15.220.152.5 - - [16/Jul/2026:13:12:03 +0000] "POST /xmlrpc.php HTTP/2" 200 108 "-" "Mozilla/5.0 (Windows NT 10.0; Win64; x64) AppleWebKit/537.36 (KHTML, like Gecko) Chrome/114.0.0.0 Safari/537.36 Edg/114.0.1823.43"
65.181.111.155 - - [16/Jul/2026:13:12:03 +0000] "GET /wp-content/uploads/2026/07/hrrlveff0340778305.jpg HTTP/2" 200 55910 "-" "WordPress/7.0.1; https://pepperspaphuquoc.com"
15.220.152.5 - - [16/Jul/2026:13:12:04 +0000] "POST /xmlrpc.php HTTP/2" 200 5539 "-" "Mozilla/5.0 (Windows NT 10.0; Win64; x64) AppleWebKit/537.36 (KHTML, like Gecko) Chrome/114.0.0.0 Safari/537.36 Edg/114.0.1823.43"
15.220.152.5 - - [16/Jul/2026:13:12:06 +0000] "POST /xmlrpc.php HTTP/2" 200 636 "-" "Mozilla/5.0 (Windows NT 10.0; Win64; x64) AppleWebKit/537.36 (KHTML, like Gecko) Chrome/114.0.0.0 Safari/537.36 Edg/114.0.1823.43"
65.181.111.155 - - [16/Jul/2026:13:12:10 +0000] "POST /wp-cron.php?doing_wp_cron=1784207529.9931499958038330078125 HTTP/2" 200 0 "-" "WordPress/7.0.1; https://pepperspaphuquoc.com"
15.220.152.5 - - [16/Jul/2026:13:12:08 +0000] "POST /xmlrpc.php HTTP/2" 200 106 "-" "Mozilla/5.0 (Windows NT 10.0; Win64; x64) AppleWebKit/537.36 (KHTML, like Gecko) Chrome/114.0.0.0 Safari/537.36 Edg/114.0.1823.43"
65.181.111.155 - - [16/Jul/2026:13:12:11 +0000] "GET /wp-content/uploads/2026/07/iskusstvo-vybora-kak-pravilno-vybrat-devushku-po_2.jpg HTTP/2" 200 35299 "-" "WordPress/7.0.1; https://pepperspaphuquoc.com"
2a03:2880:f800:13:: - - [16/Jul/2026:13:11:03 +0000] "GET /?y=12545677491100 HTTP/2" 200 17264 "-" "Mozilla/5.0 (X11; Linux x86_64) AppleWebKit/537.36 (KHTML, like Gecko) Chrome/145.0.0.0 Safari/537.36 (compatible; meta-externalagent/1.1 (+https://developers.facebook.com/docs/sharing/webmasters/crawler))"
43.165.7.132 - - [16/Jul/2026:13:11:20 +0000] "GET / HTTP/2" 200 17264 "http://pepperspaphuquoc.com" "Mozilla/5.0 (iPhone; CPU iPhone OS 13_2_3 like Mac OS X) AppleWebKit/605.1.15 (KHTML, like Gecko) Version/13.0.3 Mobile/15E148 Safari/604.1"
2a03:2880:f800:b:: - - [16/Jul/2026:13:11:29 +0000] "GET /?y=18500468791100 HTTP/2" 200 17264 "-" "Mozilla/5.0 (Windows NT 10.0; Win64; x64) AppleWebKit/537.36 (KHTML, like Gecko) Chrome/145.0.0.0 Safari/537.36 (compatible; meta-externalagent/1.1 (+https://developers.facebook.com/docs/sharing/webmasters/crawler))"
45.41.180.151 - - [16/Jul/2026:13:11:32 +0000] "GET /?product/category/view_more/11620417041100 HTTP/2" 301 5 "-" "Mozilla/5.0 (Macintosh; Intel Mac OS X 10_15_7) AppleWebKit/537.36 (KHTML, like Gecko) Chrome/142.0.0.0 Safari/537.36"
2a03:2880:f800:3c:: - - [16/Jul/2026:13:11:32 +0000] "GET /?y=5213928091100 HTTP/2" 200 17264 "-" "Mozilla/5.0 (Windows NT 10.0; Win64; x64) AppleWebKit/537.36 (KHTML, like Gecko) Chrome/145.0.0.0 Safari/537.36 (compatible; meta-externalagent/1.1 (+https://developers.facebook.com/docs/sharing/webmasters/crawler))"
2a03:2880:f800:2:: - - [16/Jul/2026:13:11:33 +0000] "GET /?y=15311535341100 HTTP/2" 200 17263 "-" "Mozilla/5.0 (Windows NT 10.0; Win64; x64) AppleWebKit/537.36 (KHTML, like Gecko) Chrome/145.0.0.0 Safari/537.36 (compatible; meta-externalagent/1.1 (+https://developers.facebook.com/docs/sharing/webmasters/crawler))"
136.0.50.214 - - [16/Jul/2026:13:11:47 +0000] "GET /?product/category/view_more/11620417041100 HTTP/2" 301 5 "-" "Mozilla/5.0 (Macintosh; Intel Mac OS X 10_15_7) AppleWebKit/537.36 (KHTML, like Gecko) Chrome/142.0.0.0 Safari/537.36"
2a03:2880:f800:45:: - - [16/Jul/2026:13:11:49 +0000] "GET /?y=16579669441100 HTTP/2" 200 17264 "-" "Mozilla/5.0 (Windows NT 10.0; Win64; x64) AppleWebKit/537.36 (KHTML, like Gecko) Chrome/145.0.0.0 Safari/537.36 (compatible; meta-externalagent/1.1 (+https://developers.facebook.com/docs/sharing/webmasters/crawler))"
84.37.182.133 - - [16/Jul/2026:13:11:53 +0000] "GET /?product/category/view_more/11620417041100 HTTP/2" 301 5 "-" "Mozilla/5.0 (Macintosh; Intel Mac OS X 10_15_7) AppleWebKit/537.36 (KHTML, like Gecko) Chrome/142.0.0.0 Safari/537.36"
195.40.106.16 - - [16/Jul/2026:13:11:54 +0000] "GET /?productSearch/pictureSearch?id=6645588091100 HTTP/2" 301 5 "-" "Mozilla/5.0 (Macintosh; Intel Mac OS X 10_15_7) AppleWebKit/537.36 (KHTML, like Gecko) Chrome/142.0.0.0 Safari/537.36"
2a03:2880:f800:e:: - - [16/Jul/2026:13:12:15 +0000] "GET /?y=13507353841100 HTTP/2" 200 17264 "-" "Mozilla/5.0 (Windows NT 10.0; Win64; x64) AppleWebKit/537.36 (KHTML, like Gecko) Chrome/145.0.0.0 Safari/537.36 (compatible; meta-externalagent/1.1 (+https://developers.facebook.com/docs/sharing/webmasters/crawler))"
45.61.115.197 - - [16/Jul/2026:13:12:27 +0000] "GET /?productSearch/pictureSearch?id=6645588091100 HTTP/2" 301 5 "-" "Mozilla/5.0 (Macintosh; Intel Mac OS X 10_15_7) AppleWebKit/537.36 (KHTML, like Gecko) Chrome/142.0.0.0 Safari/537.36"
104.222.169.53 - - [16/Jul/2026:13:12:30 +0000] "GET /?productSearch/pictureSearch?id=6645588091100 HTTP/2" 301 5 "-" "Mozilla/5.0 (Macintosh; Intel Mac OS X 10_15_7) AppleWebKit/537.36 (KHTML, like Gecko) Chrome/142.0.0.0 Safari/537.36"
2a03:2880:f800:: - - [16/Jul/2026:13:12:32 +0000] "GET /?y=17850992441100 HTTP/2" 200 17264 "-" "Mozilla/5.0 (Windows NT 10.0; Win64; x64) AppleWebKit/537.36 (KHTML, like Gecko) Chrome/145.0.0.0 Safari/537.36 (compatible; meta-externalagent/1.1 (+https://developers.facebook.com/docs/sharing/webmasters/crawler))"
84.37.236.7 - - [16/Jul/2026:13:12:38 +0000] "GET /?product%2Freview%2F541297591100 HTTP/2" 200 17264 "-" "Mozilla/5.0 (Macintosh; Intel Mac OS X 10_15_7) AppleWebKit/537.36 (KHTML, like Gecko) Chrome/142.0.0.0 Safari/537.36"
2a03:2880:f800:13:: - - [16/Jul/2026:13:12:12 +0000] "GET /?y=11237726741100 HTTP/2" 200 17263 "-" "Mozilla/5.0 (Windows NT 10.0; Win64; x64) AppleWebKit/537.36 (KHTML, like Gecko) Chrome/146.0.0.0 Safari/537.36 Edg/146.0.0.0 (compatible; meta-externalagent/1.1 (+https://developers.facebook.com/docs/sharing/webmasters/crawler))"
15.220.152.5 - - [16/Jul/2026:13:12:10 +0000] "POST /xmlrpc.php HTTP/2" 200 4901 "-" "Mozilla/5.0 (Windows NT 10.0; Win64; x64) AppleWebKit/537.36 (KHTML, like Gecko) Chrome/114.0.0.0 Safari/537.36 Edg/114.0.1823.43"
15.220.152.5 - - [16/Jul/2026:13:12:14 +0000] "POST /xmlrpc.php HTTP/2" 200 613 "-" "Mozilla/5.0 (Windows NT 10.0; Win64; x64) AppleWebKit/537.36 (KHTML, like Gecko) Chrome/114.0.0.0 Safari/537.36 Edg/114.0.1823.43"
15.220.152.5 - - [16/Jul/2026:13:12:17 +0000] "POST /xmlrpc.php HTTP/2" 200 643 "-" "Mozilla/5.0 (Windows NT 10.0; Win64; x64) AppleWebKit/537.36 (KHTML, like Gecko) Chrome/114.0.0.0 Safari/537.36 Edg/114.0.1823.43"
65.181.111.155 - - [16/Jul/2026:13:12:27 +0000] "POST /wp-cron.php?doing_wp_cron=1784207547.0105481147766113281250 HTTP/2" 200 0 "-" "WordPress/7.0.1; https://pepperspaphuquoc.com"
15.220.152.5 - - [16/Jul/2026:13:12:22 +0000] "POST /xmlrpc.php HTTP/2" 200 106 "-" "Mozilla/5.0 (Windows NT 10.0; Win64; x64) AppleWebKit/537.36 (KHTML, like Gecko) Chrome/114.0.0.0 Safari/537.36 Edg/114.0.1823.43"
65.181.111.155 - - [16/Jul/2026:13:12:28 +0000] "GET /wp-content/uploads/2026/07/onirqpoi1545175532.jpg HTTP/2" 200 30364 "-" "WordPress/7.0.1; https://pepperspaphuquoc.com"
65.181.111.155 - - [16/Jul/2026:13:12:28 +0000] "GET /wp-content/uploads/2026/07/kak-roditelstvo-menjaet-seksualnye-predpochtenija_1.jpg HTTP/2" 200 34701 "-" "WordPress/7.0.1; https://pepperspaphuquoc.com"
15.220.152.5 - - [16/Jul/2026:13:12:28 +0000] "POST /xmlrpc.php HTTP/2" 200 5298 "-" "Mozilla/5.0 (Windows NT 10.0; Win64; x64) AppleWebKit/537.36 (KHTML, like Gecko) Chrome/114.0.0.0 Safari/537.36 Edg/114.0.1823.43"
147.136.76.105 - - [16/Jul/2026:13:12:43 +0000] "GET /?productSearch/pictureSearch?id=6645588091100 HTTP/2" 301 5 "-" "Mozilla/5.0 (Macintosh; Intel Mac OS X 10_15_7) AppleWebKit/537.36 (KHTML, like Gecko) Chrome/142.0.0.0 Safari/537.36"
143.244.57.82 - - [16/Jul/2026:13:13:19 +0000] "GET / HTTP/2" 200 17264 "-" "Mozilla/5.0 (Windows NT 10.0; Win64; x64) AppleWebKit/537.36 (KHTML, like Gecko) Chrome/78.0.3904.108 Safari/537.36"
143.244.57.82 - - [16/Jul/2026:13:13:20 +0000] "GET //wp-includes/wlwmanifest.xml HTTP/2" 301 5 "-" "Mozilla/5.0 (Windows NT 10.0; Win64; x64) AppleWebKit/537.36 (KHTML, like Gecko) Chrome/78.0.3904.108 Safari/537.36"
143.244.57.82 - - [16/Jul/2026:13:13:20 +0000] "GET //xmlrpc.php?rsd HTTP/2" 200 299 "-" "Mozilla/5.0 (Windows NT 10.0; Win64; x64) AppleWebKit/537.36 (KHTML, like Gecko) Chrome/78.0.3904.108 Safari/537.36"
143.244.57.82 - - [16/Jul/2026:13:13:20 +0000] "GET //?author=1 HTTP/2" 301 5 "-" "Mozilla/5.0 (Windows NT 10.0; Win64; x64) AppleWebKit/537.36 (KHTML, like Gecko) Chrome/78.0.3904.108 Safari/537.36"
143.244.57.82 - - [16/Jul/2026:13:13:21 +0000] "GET //?author=2 HTTP/2" 301 5 "-" "Mozilla/5.0 (Windows NT 10.0; Win64; x64) AppleWebKit/537.36 (KHTML, like Gecko) Chrome/78.0.3904.108 Safari/537.36"
143.244.57.82 - - [16/Jul/2026:13:13:21 +0000] "GET //wp-json/wp/v2/users/ HTTP/2" 200 309 "-" "Mozilla/5.0 (Windows NT 10.0; Win64; x64) AppleWebKit/537.36 (KHTML, like Gecko) Chrome/78.0.3904.108 Safari/537.36"
143.244.57.82 - - [16/Jul/2026:13:13:21 +0000] "POST //xmlrpc.php HTTP/2" 200 237 "-" "Mozilla/5.0 (Windows NT 10.0; Win64; x64) AppleWebKit/537.36 (KHTML, like Gecko) Chrome/78.0.3904.108 Safari/537.36"
143.244.57.82 - - [16/Jul/2026:13:13:22 +0000] "POST //xmlrpc.php HTTP/2" 200 237 "-" "Mozilla/5.0 (Windows NT 10.0; Win64; x64) AppleWebKit/537.36 (KHTML, like Gecko) Chrome/78.0.3904.108 Safari/537.36"
143.244.57.82 - - [16/Jul/2026:13:13:22 +0000] "POST //xmlrpc.php HTTP/2" 200 237 "-" "Mozilla/5.0 (Windows NT 10.0; Win64; x64) AppleWebKit/537.36 (KHTML, like Gecko) Chrome/78.0.3904.108 Safari/537.36"
143.244.57.82 - - [16/Jul/2026:13:13:22 +0000] "POST //xmlrpc.php HTTP/2" 200 237 "-" "Mozilla/5.0 (Windows NT 10.0; Win64; x64) AppleWebKit/537.36 (KHTML, like Gecko) Chrome/78.0.3904.108 Safari/537.36"
143.244.57.82 - - [16/Jul/2026:13:13:23 +0000] "POST //xmlrpc.php HTTP/2" 200 237 "-" "Mozilla/5.0 (Windows NT 10.0; Win64; x64) AppleWebKit/537.36 (KHTML, like Gecko) Chrome/78.0.3904.108 Safari/537.36"
143.244.57.82 - - [16/Jul/2026:13:13:23 +0000] "POST //xmlrpc.php HTTP/2" 200 237 "-" "Mozilla/5.0 (Windows NT 10.0; Win64; x64) AppleWebKit/537.36 (KHTML, like Gecko) Chrome/78.0.3904.108 Safari/537.36"
143.244.57.82 - - [16/Jul/2026:13:13:24 +0000] "POST //xmlrpc.php HTTP/2" 200 237 "-" "Mozilla/5.0 (Windows NT 10.0; Win64; x64) AppleWebKit/537.36 (KHTML, like Gecko) Chrome/78.0.3904.108 Safari/537.36"
143.244.57.82 - - [16/Jul/2026:13:13:26 +0000] "POST //xmlrpc.php HTTP/2" 200 237 "-" "Mozilla/5.0 (Windows NT 10.0; Win64; x64) AppleWebKit/537.36 (KHTML, like Gecko) Chrome/78.0.3904.108 Safari/537.36"
143.244.57.82 - - [16/Jul/2026:13:13:29 +0000] "POST //xmlrpc.php HTTP/2" 200 237 "-" "Mozilla/5.0 (Windows NT 10.0; Win64; x64) AppleWebKit/537.36 (KHTML, like Gecko) Chrome/78.0.3904.108 Safari/537.36"
152.163.138.0 - - [16/Jul/2026:13:13:31 +0000] "GET /?product/category/view_more/11620417041100 HTTP/2" 301 5 "-" "Mozilla/5.0 (Macintosh; Intel Mac OS X 10_15_7) AppleWebKit/537.36 (KHTML, like Gecko) Chrome/142.0.0.0 Safari/537.36"
143.244.57.82 - - [16/Jul/2026:13:13:31 +0000] "POST //xmlrpc.php HTTP/2" 200 237 "-" "Mozilla/5.0 (Windows NT 10.0; Win64; x64) AppleWebKit/537.36 (KHTML, like Gecko) Chrome/78.0.3904.108 Safari/537.36"
143.244.57.82 - - [16/Jul/2026:13:13:34 +0000] "POST //xmlrpc.php HTTP/2" 200 237 "-" "Mozilla/5.0 (Windows NT 10.0; Win64; x64) AppleWebKit/537.36 (KHTML, like Gecko) Chrome/78.0.3904.108 Safari/537.36"
143.244.57.82 - - [16/Jul/2026:13:13:38 +0000] "POST //xmlrpc.php HTTP/2" 200 237 "-" "Mozilla/5.0 (Windows NT 10.0; Win64; x64) AppleWebKit/537.36 (KHTML, like Gecko) Chrome/78.0.3904.108 Safari/537.36"
143.244.57.82 - - [16/Jul/2026:13:13:45 +0000] "POST //xmlrpc.php HTTP/2" 200 237 "-" "Mozilla/5.0 (Windows NT 10.0; Win64; x64) AppleWebKit/537.36 (KHTML, like Gecko) Chrome/78.0.3904.108 Safari/537.36"
23.230.80.228 - - [16/Jul/2026:13:13:56 +0000] "GET /?product/category/view_more/11620417041100 HTTP/2" 301 5 "-" "Mozilla/5.0 (Macintosh; Intel Mac OS X 10_15_7) AppleWebKit/537.36 (KHTML, like Gecko) Chrome/142.0.0.0 Safari/537.36"
143.244.57.82 - - [16/Jul/2026:13:13:49 +0000] "POST //xmlrpc.php HTTP/2" 200 237 "-" "Mozilla/5.0 (Windows NT 10.0; Win64; x64) AppleWebKit/537.36 (KHTML, like Gecko) Chrome/78.0.3904.108 Safari/537.36"
143.244.57.82 - - [16/Jul/2026:13:14:00 +0000] "POST //xmlrpc.php HTTP/2" 200 237 "-" "Mozilla/5.0 (Windows NT 10.0; Win64; x64) AppleWebKit/537.36 (KHTML, like Gecko) Chrome/78.0.3904.108 Safari/537.36"
195.40.118.34 - - [16/Jul/2026:13:14:11 +0000] "GET /?product/category/view_more/11620417041100 HTTP/2" 301 5 "-" "Mozilla/5.0 (Macintosh; Intel Mac OS X 10_15_7) AppleWebKit/537.36 (KHTML, like Gecko) Chrome/142.0.0.0 Safari/537.36"
143.244.57.82 - - [16/Jul/2026:13:14:04 +0000] "POST //xmlrpc.php HTTP/2" 200 237 "-" "Mozilla/5.0 (Windows NT 10.0; Win64; x64) AppleWebKit/537.36 (KHTML, like Gecko) Chrome/78.0.3904.108 Safari/537.36"
143.244.57.82 - - [16/Jul/2026:13:14:15 +0000] "POST //xmlrpc.php HTTP/2" 200 237 "-" "Mozilla/5.0 (Windows NT 10.0; Win64; x64) AppleWebKit/537.36 (KHTML, like Gecko) Chrome/78.0.3904.108 Safari/537.36"
143.244.57.82 - - [16/Jul/2026:13:14:19 +0000] "POST //xmlrpc.php HTTP/2" 200 237 "-" "Mozilla/5.0 (Windows NT 10.0; Win64; x64) AppleWebKit/537.36 (KHTML, like Gecko) Chrome/78.0.3904.108 Safari/537.36"
143.244.57.82 - - [16/Jul/2026:13:14:30 +0000] "POST //xmlrpc.php HTTP/2" 200 237 "-" "Mozilla/5.0 (Windows NT 10.0; Win64; x64) AppleWebKit/537.36 (KHTML, like Gecko) Chrome/78.0.3904.108 Safari/537.36"
143.244.57.82 - - [16/Jul/2026:13:14:34 +0000] "POST //xmlrpc.php HTTP/2" 200 237 "-" "Mozilla/5.0 (Windows NT 10.0; Win64; x64) AppleWebKit/537.36 (KHTML, like Gecko) Chrome/78.0.3904.108 Safari/537.36"
143.244.57.82 - - [16/Jul/2026:13:14:45 +0000] "POST //xmlrpc.php HTTP/2" 200 237 "-" "Mozilla/5.0 (Windows NT 10.0; Win64; x64) AppleWebKit/537.36 (KHTML, like Gecko) Chrome/78.0.3904.108 Safari/537.36"
2a03:2880:f800:a:: - - [16/Jul/2026:13:13:04 +0000] "GET /?y=22240000391100 HTTP/2" 200 17264 "-" "Mozilla/5.0 (Macintosh; Intel Mac OS X 10_15_7) AppleWebKit/537.36 (KHTML, like Gecko) Chrome/145.0.0.0 Safari/537.36 (compatible; meta-externalagent/1.1 (+https://developers.facebook.com/docs/sharing/webmasters/crawler))"
104.253.165.31 - - [16/Jul/2026:13:13:42 +0000] "GET /?productSearch/pictureSearch?id=6645588091100 HTTP/2" 301 5 "-" "Mozilla/5.0 (Macintosh; Intel Mac OS X 10_15_7) AppleWebKit/537.36 (KHTML, like Gecko) Chrome/142.0.0.0 Safari/537.36"
2a03:2880:f800:8:: - - [16/Jul/2026:13:13:48 +0000] "GET /?y=6177633741100 HTTP/2" 200 17264 "-" "Mozilla/5.0 (Macintosh; Intel Mac OS X 10_15_7) AppleWebKit/537.36 (KHTML, like Gecko) Chrome/145.0.0.0 Safari/537.36 (compatible; meta-externalagent/1.1 (+https://developers.facebook.com/docs/sharing/webmasters/crawler))"
142.147.170.20 - - [16/Jul/2026:13:13:48 +0000] "GET /?y=21036714691100 HTTP/2" 200 17264 "-" "Mozilla/5.0 (Macintosh; Intel Mac OS X 10_15_7) AppleWebKit/537.36 (KHTML, like Gecko) Chrome/142.0.0.0 Safari/537.36"
2a03:2880:f800:45:: - - [16/Jul/2026:13:13:59 +0000] "GET /?y=14630928191100 HTTP/2" 200 17264 "-" "Mozilla/5.0 (Macintosh; Intel Mac OS X 10_15_7) AppleWebKit/537.36 (KHTML, like Gecko) Chrome/145.0.0.0 Safari/537.36 (compatible; meta-externalagent/1.1 (+https://developers.facebook.com/docs/sharing/webmasters/crawler))"
2a03:2880:f800:33:: - - [16/Jul/2026:13:14:28 +0000] "GET /?y=4430149991100 HTTP/2" 200 17264 "-" "Mozilla/5.0 (Windows NT 10.0; Win64; x64) AppleWebKit/537.36 (KHTML, like Gecko) Chrome/145.0.0.0 Safari/537.36 Edg/145.0.0.0 (compatible; meta-externalagent/1.1 (+https://developers.facebook.com/docs/sharing/webmasters/crawler))"
2a03:2880:f800:2c:: - - [16/Jul/2026:13:14:35 +0000] "GET /?y=14426504091100 HTTP/2" 200 17264 "-" "Mozilla/5.0 (Macintosh; Intel Mac OS X 10.15; rv:147.0) Gecko/20100101 Firefox/147.0 (compatible; meta-externalagent/1.1 (+https://developers.facebook.com/docs/sharing/webmasters/crawler))"
92.50.21.44 - - [16/Jul/2026:13:14:44 +0000] "GET /?productSearch/pictureSearch?id=6645588091100 HTTP/2" 301 5 "-" "Mozilla/5.0 (Macintosh; Intel Mac OS X 10_15_7) AppleWebKit/537.36 (KHTML, like Gecko) Chrome/142.0.0.0 Safari/537.36"
65.181.111.155 - - [16/Jul/2026:13:14:49 +0000] "POST /wp-cron.php?doing_wp_cron=1784207689.4638900756835937500000 HTTP/2" 200 0 "-" "WordPress/7.0.1; https://pepperspaphuquoc.com"
143.244.57.82 - - [16/Jul/2026:13:14:49 +0000] "POST //xmlrpc.php HTTP/2" 200 237 "-" "Mozilla/5.0 (Windows NT 10.0; Win64; x64) AppleWebKit/537.36 (KHTML, like Gecko) Chrome/78.0.3904.108 Safari/537.36"
143.244.57.82 - - [16/Jul/2026:13:15:00 +0000] "POST //xmlrpc.php HTTP/2" 200 237 "-" "Mozilla/5.0 (Windows NT 10.0; Win64; x64) AppleWebKit/537.36 (KHTML, like Gecko) Chrome/78.0.3904.108 Safari/537.36"
143.244.57.82 - - [16/Jul/2026:13:15:04 +0000] "POST //xmlrpc.php HTTP/2" 200 237 "-" "Mozilla/5.0 (Windows NT 10.0; Win64; x64) AppleWebKit/537.36 (KHTML, like Gecko) Chrome/78.0.3904.108 Safari/537.36"
143.244.57.82 - - [16/Jul/2026:13:15:15 +0000] "POST //xmlrpc.php HTTP/2" 200 237 "-" "Mozilla/5.0 (Windows NT 10.0; Win64; x64) AppleWebKit/537.36 (KHTML, like Gecko) Chrome/78.0.3904.108 Safari/537.36"
2a03:2880:f800:2e:: - - [16/Jul/2026:13:15:29 +0000] "GET /?y=4020298291100 HTTP/2" 200 17264 "-" "Mozilla/5.0 (Macintosh; Intel Mac OS X 10_15_7) AppleWebKit/537.36 (KHTML, like Gecko) Chrome/145.0.0.0 Safari/537.36 (compatible; meta-externalagent/1.1 (+https://developers.facebook.com/docs/sharing/webmasters/crawler))"
143.244.57.82 - - [16/Jul/2026:13:15:20 +0000] "POST //xmlrpc.php HTTP/2" 200 237 "-" "Mozilla/5.0 (Windows NT 10.0; Win64; x64) AppleWebKit/537.36 (KHTML, like Gecko) Chrome/78.0.3904.108 Safari/537.36"
143.244.57.82 - - [16/Jul/2026:13:15:30 +0000] "POST //xmlrpc.php HTTP/2" 200 237 "-" "Mozilla/5.0 (Windows NT 10.0; Win64; x64) AppleWebKit/537.36 (KHTML, like Gecko) Chrome/78.0.3904.108 Safari/537.36"
143.244.57.82 - - [16/Jul/2026:13:15:34 +0000] "POST //xmlrpc.php HTTP/2" 200 237 "-" "Mozilla/5.0 (Windows NT 10.0; Win64; x64) AppleWebKit/537.36 (KHTML, like Gecko) Chrome/78.0.3904.108 Safari/537.36"
143.244.57.82 - - [16/Jul/2026:13:15:45 +0000] "POST //xmlrpc.php HTTP/2" 200 237 "-" "Mozilla/5.0 (Windows NT 10.0; Win64; x64) AppleWebKit/537.36 (KHTML, like Gecko) Chrome/78.0.3904.108 Safari/537.36"
66.249.66.65 - - [16/Jul/2026:13:15:48 +0000] "GET /?y=7936557391100 HTTP/2" 200 17186 "-" "Mozilla/5.0 (Linux; Android 6.0.1; Nexus 5X Build/MMB29P) AppleWebKit/537.36 (KHTML, like Gecko) Chrome/150.0.7871.114 Mobile Safari/537.36 (compatible; Googlebot/2.1; +http://www.google.com/bot.html)"
2a03:2880:f800:19:: - - [16/Jul/2026:13:15:54 +0000] "GET /?y=5643370341100 HTTP/2" 200 17264 "-" "Mozilla/5.0 (Windows NT 10.0; Win64; x64) AppleWebKit/537.36 (KHTML, like Gecko) Chrome/145.0.0.0 Safari/537.36 (compatible; meta-externalagent/1.1 (+https://developers.facebook.com/docs/sharing/webmasters/crawler))"
143.244.57.82 - - [16/Jul/2026:13:15:49 +0000] "POST //xmlrpc.php HTTP/2" 200 237 "-" "Mozilla/5.0 (Windows NT 10.0; Win64; x64) AppleWebKit/537.36 (KHTML, like Gecko) Chrome/78.0.3904.108 Safari/537.36"
143.244.57.82 - - [16/Jul/2026:13:16:00 +0000] "POST //xmlrpc.php HTTP/2" 200 237 "-" "Mozilla/5.0 (Windows NT 10.0; Win64; x64) AppleWebKit/537.36 (KHTML, like Gecko) Chrome/78.0.3904.108 Safari/537.36"
143.244.57.82 - - [16/Jul/2026:13:16:04 +0000] "POST //xmlrpc.php HTTP/2" 200 237 "-" "Mozilla/5.0 (Windows NT 10.0; Win64; x64) AppleWebKit/537.36 (KHTML, like Gecko) Chrome/78.0.3904.108 Safari/537.36"
143.244.57.82 - - [16/Jul/2026:13:16:15 +0000] "POST //xmlrpc.php HTTP/2" 200 237 "-" "Mozilla/5.0 (Windows NT 10.0; Win64; x64) AppleWebKit/537.36 (KHTML, like Gecko) Chrome/78.0.3904.108 Safari/537.36"
2a03:2880:f800:19:: - - [16/Jul/2026:13:16:27 +0000] "GET /?y=17683352191100 HTTP/2" 200 17264 "-" "Mozilla/5.0 (Windows NT 10.0; Win64; x64) AppleWebKit/537.36 (KHTML, like Gecko) Chrome/145.0.0.0 Safari/537.36 (compatible; meta-externalagent/1.1 (+https://developers.facebook.com/docs/sharing/webmasters/crawler))"
2a03:2880:f800:e:: - - [16/Jul/2026:13:16:28 +0000] "GET /?y=15688572591100 HTTP/2" 200 17264 "-" "Mozilla/5.0 (Macintosh; Intel Mac OS X 10_15_7) AppleWebKit/537.36 (KHTML, like Gecko) Chrome/145.0.0.0 Safari/537.36 (compatible; meta-externalagent/1.1 (+https://developers.facebook.com/docs/sharing/webmasters/crawler))"
143.244.57.82 - - [16/Jul/2026:13:16:19 +0000] "POST //xmlrpc.php HTTP/2" 200 237 "-" "Mozilla/5.0 (Windows NT 10.0; Win64; x64) AppleWebKit/537.36 (KHTML, like Gecko) Chrome/78.0.3904.108 Safari/537.36"
143.244.57.82 - - [16/Jul/2026:13:16:30 +0000] "POST //xmlrpc.php HTTP/2" 200 237 "-" "Mozilla/5.0 (Windows NT 10.0; Win64; x64) AppleWebKit/537.36 (KHTML, like Gecko) Chrome/78.0.3904.108 Safari/537.36"
2a03:2880:f800:: - - [16/Jul/2026:13:16:38 +0000] "GET /?y=16538358691100 HTTP/2" 200 17264 "-" "Mozilla/5.0 (Macintosh; Intel Mac OS X 10_15_7) AppleWebKit/537.36 (KHTML, like Gecko) Chrome/145.0.0.0 Safari/537.36 (compatible; meta-externalagent/1.1 (+https://developers.facebook.com/docs/sharing/webmasters/crawler))"
143.244.57.82 - - [16/Jul/2026:13:16:34 +0000] "POST //xmlrpc.php HTTP/2" 200 237 "-" "Mozilla/5.0 (Windows NT 10.0; Win64; x64) AppleWebKit/537.36 (KHTML, like Gecko) Chrome/78.0.3904.108 Safari/537.36"
143.244.57.82 - - [16/Jul/2026:13:16:45 +0000] "POST //xmlrpc.php HTTP/2" 200 237 "-" "Mozilla/5.0 (Windows NT 10.0; Win64; x64) AppleWebKit/537.36 (KHTML, like Gecko) Chrome/78.0.3904.108 Safari/537.36"
66.249.66.65 - - [16/Jul/2026:13:16:49 +0000] "GET /?product/category/view_more/12682376491100 HTTP/2" 200 16936 "-" "Mozilla/5.0 (Linux; Android 6.0.1; Nexus 5X Build/MMB29P) AppleWebKit/537.36 (KHTML, like Gecko) Chrome/150.0.7871.114 Mobile Safari/537.36 (compatible; Googlebot/2.1; +http://www.google.com/bot.html)"
2a03:2880:f800:1d:: - - [16/Jul/2026:13:16:50 +0000] "GET /?y=3836646641100 HTTP/2" 200 17264 "-" "Mozilla/5.0 (Windows NT 10.0; Win64; x64) AppleWebKit/537.36 (KHTML, like Gecko) Chrome/145.0.0.0 Safari/537.36 (compatible; meta-externalagent/1.1 (+https://developers.facebook.com/docs/sharing/webmasters/crawler))"
45.145.215.48 - - [16/Jul/2026:13:16:50 +0000] "GET /?productSearch/pictureSearch?id=6645588091100 HTTP/2" 301 5 "-" "Mozilla/5.0 (Macintosh; Intel Mac OS X 10_15_7) AppleWebKit/537.36 (KHTML, like Gecko) Chrome/142.0.0.0 Safari/537.36"
66.249.66.65 - - [16/Jul/2026:13:16:50 +0000] "GET /?productSearch/pictureSearch?id=12977338591100 HTTP/2" 200 16868 "-" "Mozilla/5.0 (Linux; Android 6.0.1; Nexus 5X Build/MMB29P) AppleWebKit/537.36 (KHTML, like Gecko) Chrome/150.0.7871.114 Mobile Safari/537.36 (compatible; Googlebot/2.1; +http://www.google.com/bot.html)"
143.244.57.82 - - [16/Jul/2026:13:16:49 +0000] "POST //xmlrpc.php HTTP/2" 200 237 "-" "Mozilla/5.0 (Windows NT 10.0; Win64; x64) AppleWebKit/537.36 (KHTML, like Gecko) Chrome/78.0.3904.108 Safari/537.36"
143.244.57.82 - - [16/Jul/2026:13:17:00 +0000] "POST //xmlrpc.php HTTP/2" 200 237 "-" "Mozilla/5.0 (Windows NT 10.0; Win64; x64) AppleWebKit/537.36 (KHTML, like Gecko) Chrome/78.0.3904.108 Safari/537.36"
143.244.57.82 - - [16/Jul/2026:13:17:04 +0000] "POST //xmlrpc.php HTTP/2" 200 237 "-" "Mozilla/5.0 (Windows NT 10.0; Win64; x64) AppleWebKit/537.36 (KHTML, like Gecko) Chrome/78.0.3904.108 Safari/537.36"
143.244.57.82 - - [16/Jul/2026:13:17:15 +0000] "POST //xmlrpc.php HTTP/2" 200 237 "-" "Mozilla/5.0 (Windows NT 10.0; Win64; x64) AppleWebKit/537.36 (KHTML, like Gecko) Chrome/78.0.3904.108 Safari/537.36"
2a03:2880:f800:2d:: - - [16/Jul/2026:13:17:22 +0000] "GET /?y=399358091100 HTTP/2" 200 17263 "-" "Mozilla/5.0 (Macintosh; Intel Mac OS X 10_15_7) AppleWebKit/537.36 (KHTML, like Gecko) Chrome/145.0.0.0 Safari/537.36 (compatible; meta-externalagent/1.1 (+https://developers.facebook.com/docs/sharing/webmasters/crawler))"
143.244.57.82 - - [16/Jul/2026:13:17:19 +0000] "POST //xmlrpc.php HTTP/2" 200 237 "-" "Mozilla/5.0 (Windows NT 10.0; Win64; x64) AppleWebKit/537.36 (KHTML, like Gecko) Chrome/78.0.3904.108 Safari/537.36"
143.244.57.82 - - [16/Jul/2026:13:17:30 +0000] "POST //xmlrpc.php HTTP/2" 200 237 "-" "Mozilla/5.0 (Windows NT 10.0; Win64; x64) AppleWebKit/537.36 (KHTML, like Gecko) Chrome/78.0.3904.108 Safari/537.36"
2a03:2880:f800:28:: - - [16/Jul/2026:13:17:44 +0000] "GET /?y=19142441191100 HTTP/2" 200 17264 "-" "Mozilla/5.0 (Windows NT 10.0; Win64; x64) AppleWebKit/537.36 (KHTML, like Gecko) Chrome/145.0.0.0 Safari/537.36 (compatible; meta-externalagent/1.1 (+https://developers.facebook.com/docs/sharing/webmasters/crawler))"
143.244.57.82 - - [16/Jul/2026:13:17:34 +0000] "POST //xmlrpc.php HTTP/2" 200 237 "-" "Mozilla/5.0 (Windows NT 10.0; Win64; x64) AppleWebKit/537.36 (KHTML, like Gecko) Chrome/78.0.3904.108 Safari/537.36"
143.244.57.82 - - [16/Jul/2026:13:17:45 +0000] "POST //xmlrpc.php HTTP/2" 200 237 "-" "Mozilla/5.0 (Windows NT 10.0; Win64; x64) AppleWebKit/537.36 (KHTML, like Gecko) Chrome/78.0.3904.108 Safari/537.36"
143.244.57.82 - - [16/Jul/2026:13:17:49 +0000] "POST //xmlrpc.php HTTP/2" 200 237 "-" "Mozilla/5.0 (Windows NT 10.0; Win64; x64) AppleWebKit/537.36 (KHTML, like Gecko) Chrome/78.0.3904.108 Safari/537.36"
143.244.57.82 - - [16/Jul/2026:13:18:00 +0000] "POST //xmlrpc.php HTTP/2" 200 237 "-" "Mozilla/5.0 (Windows NT 10.0; Win64; x64) AppleWebKit/537.36 (KHTML, like Gecko) Chrome/78.0.3904.108 Safari/537.36"
82.152.233.138 - - [16/Jul/2026:13:18:13 +0000] "GET /wp-login.php HTTP/2" 200 2970 "-" "Mozilla/5.0 (Macintosh; Intel Mac OS X 10_15_7) AppleWebKit/537.36 (KHTML, like Gecko) Chrome/133.0.0.0 Safari/537.36"
82.152.233.138 - - [16/Jul/2026:13:18:14 +0000] "POST /wp-login.php HTTP/2" 302 0 "https://pepperspaphuquoc.com/wp-login.php" "Mozilla/5.0 (Macintosh; Intel Mac OS X 10_15_7) AppleWebKit/537.36 (KHTML, like Gecko) Chrome/133.0.0.0 Safari/537.36"
143.244.57.82 - - [16/Jul/2026:13:18:04 +0000] "POST //xmlrpc.php HTTP/2" 200 237 "-" "Mozilla/5.0 (Windows NT 10.0; Win64; x64) AppleWebKit/537.36 (KHTML, like Gecko) Chrome/78.0.3904.108 Safari/537.36"
143.244.57.82 - - [16/Jul/2026:13:18:15 +0000] "POST //xmlrpc.php HTTP/2" 200 237 "-" "Mozilla/5.0 (Windows NT 10.0; Win64; x64) AppleWebKit/537.36 (KHTML, like Gecko) Chrome/78.0.3904.108 Safari/537.36"
2a03:2880:f800:1f:: - - [16/Jul/2026:13:18:27 +0000] "GET /?y=53652341100 HTTP/2" 200 17264 "-" "Mozilla/5.0 (Macintosh; Intel Mac OS X 10_15_7) AppleWebKit/537.36 (KHTML, like Gecko) Chrome/145.0.0.0 Safari/537.36 (compatible; meta-externalagent/1.1 (+https://developers.facebook.com/docs/sharing/webmasters/crawler))"
143.244.57.82 - - [16/Jul/2026:13:18:19 +0000] "POST //xmlrpc.php HTTP/2" 200 237 "-" "Mozilla/5.0 (Windows NT 10.0; Win64; x64) AppleWebKit/537.36 (KHTML, like Gecko) Chrome/78.0.3904.108 Safari/537.36"
143.244.57.82 - - [16/Jul/2026:13:18:30 +0000] "POST //xmlrpc.php HTTP/2" 200 237 "-" "Mozilla/5.0 (Windows NT 10.0; Win64; x64) AppleWebKit/537.36 (KHTML, like Gecko) Chrome/78.0.3904.108 Safari/537.36"
2a03:2880:f800:31:: - - [16/Jul/2026:13:18:40 +0000] "GET /?y=16746451141100 HTTP/2" 200 17264 "-" "Mozilla/5.0 (Macintosh; Intel Mac OS X 10_15_7) AppleWebKit/537.36 (KHTML, like Gecko) Chrome/145.0.0.0 Safari/537.36 (compatible; meta-externalagent/1.1 (+https://developers.facebook.com/docs/sharing/webmasters/crawler))"
143.244.57.82 - - [16/Jul/2026:13:18:34 +0000] "POST //xmlrpc.php HTTP/2" 200 237 "-" "Mozilla/5.0 (Windows NT 10.0; Win64; x64) AppleWebKit/537.36 (KHTML, like Gecko) Chrome/78.0.3904.108 Safari/537.36"
143.244.57.82 - - [16/Jul/2026:13:18:45 +0000] "POST //xmlrpc.php HTTP/2" 200 237 "-" "Mozilla/5.0 (Windows NT 10.0; Win64; x64) AppleWebKit/537.36 (KHTML, like Gecko) Chrome/78.0.3904.108 Safari/537.36"
2a03:2880:f800:2e:: - - [16/Jul/2026:13:19:00 +0000] "GET /?y=7872511791100 HTTP/2" 200 17264 "-" "Mozilla/5.0 (Windows NT 10.0; Win64; x64) AppleWebKit/537.36 (KHTML, like Gecko) Chrome/145.0.0.0 Safari/537.36 (compatible; meta-externalagent/1.1 (+https://developers.facebook.com/docs/sharing/webmasters/crawler))"
143.244.57.82 - - [16/Jul/2026:13:18:49 +0000] "POST //xmlrpc.php HTTP/2" 200 237 "-" "Mozilla/5.0 (Windows NT 10.0; Win64; x64) AppleWebKit/537.36 (KHTML, like Gecko) Chrome/78.0.3904.108 Safari/537.36"
205.234.196.99 - - [16/Jul/2026:13:14:56 +0000] "GET /?product/category/view_more/11620417041100 HTTP/2" 301 5 "-" "Mozilla/5.0 (Macintosh; Intel Mac OS X 10_15_7) AppleWebKit/537.36 (KHTML, like Gecko) Chrome/142.0.0.0 Safari/537.36"
66.249.66.67 - - [16/Jul/2026:13:16:49 +0000] "GET /?y=17395581841100 HTTP/2" 200 17735 "-" "Mozilla/5.0 (Linux; Android 6.0.1; Nexus 5X Build/MMB29P) AppleWebKit/537.36 (KHTML, like Gecko) Chrome/150.0.7871.114 Mobile Safari/537.36 (compatible; Googlebot/2.1; +http://www.google.com/bot.html)"
2a03:2880:f800:47:: - - [16/Jul/2026:13:17:47 +0000] "GET /?y=14244134691100 HTTP/2" 200 17264 "-" "Mozilla/5.0 (Macintosh; Intel Mac OS X 10_15_7) AppleWebKit/537.36 (KHTML, like Gecko) Chrome/145.0.0.0 Safari/537.36 (compatible; meta-externalagent/1.1 (+https://developers.facebook.com/docs/sharing/webmasters/crawler))"
74.7.243.225 - - [16/Jul/2026:13:18:13 +0000] "GET /?sitemap.xml HTTP/2" 200 2045 "-" "Mozilla/5.0 AppleWebKit/537.36 (KHTML, like Gecko; compatible; GPTBot/1.4; +https://openai.com/gptbot)"
2a03:2880:f800:22:: - - [16/Jul/2026:13:18:15 +0000] "GET /?y=16613788441100 HTTP/2" 200 17264 "-" "Mozilla/5.0 (Windows NT 10.0; Win64; x64) AppleWebKit/537.36 (KHTML, like Gecko) Chrome/145.0.0.0 Safari/537.36 (compatible; meta-externalagent/1.1 (+https://developers.facebook.com/docs/sharing/webmasters/crawler))"
82.152.233.138 - - [16/Jul/2026:13:18:14 +0000] "GET /wp-admin/ HTTP/2" 200 53171 "https://pepperspaphuquoc.com/wp-login.php" "Mozilla/5.0 (Macintosh; Intel Mac OS X 10_15_7) AppleWebKit/537.36 (KHTML, like Gecko) Chrome/133.0.0.0 Safari/537.36"
66.249.66.195 - - [16/Jul/2026:13:19:57 +0000] "GET /?product/review/489260541100 HTTP/2" 200 17395 "-" "Mozilla/5.0 (Linux; Android 6.0.1; Nexus 5X Build/MMB29P) AppleWebKit/537.36 (KHTML, like Gecko) Chrome/150.0.7871.114 Mobile Safari/537.36 (compatible; Googlebot/2.1; +http://www.google.com/bot.html)"
2a03:2880:f800:28:: - - [16/Jul/2026:13:20:16 +0000] "GET /?y=17065307691100 HTTP/2" 200 17264 "-" "Mozilla/5.0 (Windows NT 10.0; Win64; x64) AppleWebKit/537.36 (KHTML, like Gecko) Chrome/145.0.0.0 Safari/537.36 Edg/145.0.0.0 (compatible; meta-externalagent/1.1 (+https://developers.facebook.com/docs/sharing/webmasters/crawler))"
2a03:2880:f800:26:: - - [16/Jul/2026:13:21:33 +0000] "GET /?y=8092724291100 HTTP/2" 200 17264 "-" "Mozilla/5.0 (Windows NT 10.0; Win64; x64) AppleWebKit/537.36 (KHTML, like Gecko) Chrome/145.0.0.0 Safari/537.36 (compatible; meta-externalagent/1.1 (+https://developers.facebook.com/docs/sharing/webmasters/crawler))"
2a03:2880:f800:27:: - - [16/Jul/2026:13:22:49 +0000] "GET /?y=20095387091100 HTTP/2" 200 17264 "-" "Mozilla/5.0 (Windows NT 10.0; Win64; x64) AppleWebKit/537.36 (KHTML, like Gecko) Chrome/145.0.0.0 Safari/537.36 (compatible; meta-externalagent/1.1 (+https://developers.facebook.com/docs/sharing/webmasters/crawler))"
43.133.60.94 - - [16/Jul/2026:13:22:53 +0000] "GET /wp-json/wp/v2/pages/72 HTTP/2" 200 4000 "-" "Mozilla/5.0 (iPhone; CPU iPhone OS 13_2_3 like Mac OS X) AppleWebKit/605.1.15 (KHTML, like Gecko) Version/13.0.3 Mobile/15E148 Safari/604.1"
2a03:2880:f800:b:: - - [16/Jul/2026:13:23:09 +0000] "GET /?y=10470918941100 HTTP/2" 200 17263 "-" "Mozilla/5.0 (Windows NT 10.0; Win64; x64) AppleWebKit/537.36 (KHTML, like Gecko) Chrome/145.0.0.0 Safari/537.36 (compatible; meta-externalagent/1.1 (+https://developers.facebook.com/docs/sharing/webmasters/crawler))"
2a03:2880:f800:5:: - - [16/Jul/2026:13:23:56 +0000] "GET /?y=10997366191100 HTTP/2" 200 17264 "-" "Mozilla/5.0 (Macintosh; Intel Mac OS X 10_15_7) AppleWebKit/537.36 (KHTML, like Gecko) Chrome/145.0.0.0 Safari/537.36 (compatible; meta-externalagent/1.1 (+https://developers.facebook.com/docs/sharing/webmasters/crawler))"
2a03:2880:f800:27:: - - [16/Jul/2026:13:24:12 +0000] "GET /?y=3592628891100 HTTP/2" 200 17264 "-" "Mozilla/5.0 (Windows NT 10.0; Win64; x64) AppleWebKit/537.36 (KHTML, like Gecko) Chrome/145.0.0.0 Safari/537.36 (compatible; meta-externalagent/1.1 (+https://developers.facebook.com/docs/sharing/webmasters/crawler))"
143.244.57.82 - - [16/Jul/2026:13:19:00 +0000] "POST //xmlrpc.php HTTP/2" 200 237 "-" "Mozilla/5.0 (Windows NT 10.0; Win64; x64) AppleWebKit/537.36 (KHTML, like Gecko) Chrome/78.0.3904.108 Safari/537.36"
143.244.57.82 - - [16/Jul/2026:13:19:04 +0000] "POST //xmlrpc.php HTTP/2" 200 237 "-" "Mozilla/5.0 (Windows NT 10.0; Win64; x64) AppleWebKit/537.36 (KHTML, like Gecko) Chrome/78.0.3904.108 Safari/537.36"
143.244.57.82 - - [16/Jul/2026:13:19:15 +0000] "POST //xmlrpc.php HTTP/2" 200 237 "-" "Mozilla/5.0 (Windows NT 10.0; Win64; x64) AppleWebKit/537.36 (KHTML, like Gecko) Chrome/78.0.3904.108 Safari/537.36"
