2a03:2880:f800:e:: - - [16/Jul/2026:21:13:41 +0000] "GET /?y=5220116341100 HTTP/2" 200 4136 "-" "Mozilla/5.0 (Macintosh; Intel Mac OS X 10_15_7) AppleWebKit/537.36 (KHTML, like Gecko) Chrome/145.0.0.0 Safari/537.36 (compatible; meta-externalagent/1.1 (+https://developers.facebook.com/docs/sharing/webmasters/crawler))"
216.26.254.102 - - [16/Jul/2026:21:14:05 +0000] "HEAD / HTTP/2" 200 0 "-" "curl/8.6.0"
142.252.53.112 - - [16/Jul/2026:21:14:14 +0000] "GET /?y=21036714691100 HTTP/2" 200 4127 "-" "Mozilla/5.0 (Macintosh; Intel Mac OS X 10_15_7) AppleWebKit/537.36 (KHTML, like Gecko) Chrome/142.0.0.0 Safari/537.36"
209.50.168.35 - - [16/Jul/2026:21:14:15 +0000] "GET /my-account/ HTTP/2" 200 4164 "-" "curl/8.6.0"
50.114.108.114 - - [16/Jul/2026:21:14:20 +0000] "GET /?product%2Freview%2F541297591100 HTTP/2" 200 4136 "-" "Mozilla/5.0 (Macintosh; Intel Mac OS X 10_15_7) AppleWebKit/537.36 (KHTML, like Gecko) Chrome/142.0.0.0 Safari/537.36"
159.148.54.165 - - [16/Jul/2026:21:14:31 +0000] "GET /?product%2Freview%2F541297591100 HTTP/2" 200 4136 "-" "Mozilla/5.0 (Macintosh; Intel Mac OS X 10_15_7) AppleWebKit/537.36 (KHTML, like Gecko) Chrome/142.0.0.0 Safari/537.36"
142.147.165.249 - - [16/Jul/2026:21:14:36 +0000] "GET /?productSearch/pictureSearch?id=6645588091100 HTTP/2" 200 4198 "-" "Mozilla/5.0 (Macintosh; Intel Mac OS X 10_15_7) AppleWebKit/537.36 (KHTML, like Gecko) Chrome/142.0.0.0 Safari/537.36"
2a03:2880:f800:34:: - - [16/Jul/2026:21:15:11 +0000] "GET /?y=19537586041100 HTTP/2" 200 4136 "-" "Mozilla/5.0 (Windows NT 10.0; Win64; x64) AppleWebKit/537.36 (KHTML, like Gecko) Chrome/145.0.0.0 Safari/537.36 (compatible; meta-externalagent/1.1 (+https://developers.facebook.com/docs/sharing/webmasters/crawler))"
2a03:2880:f800:36:: - - [16/Jul/2026:21:15:28 +0000] "GET /?y=1773361441100 HTTP/2" 200 4136 "-" "Mozilla/5.0 (Macintosh; Intel Mac OS X 10_15_7) AppleWebKit/537.36 (KHTML, like Gecko) Chrome/145.0.0.0 Safari/537.36 (compatible; meta-externalagent/1.1 (+https://developers.facebook.com/docs/sharing/webmasters/crawler))"
2a03:2880:f800:12:: - - [16/Jul/2026:21:15:28 +0000] "GET /?y=3457334791100 HTTP/2" 200 4136 "-" "Mozilla/5.0 (Windows NT 10.0; Win64; x64) AppleWebKit/537.36 (KHTML, like Gecko) Chrome/145.0.0.0 Safari/537.36 (compatible; meta-externalagent/1.1 (+https://developers.facebook.com/docs/sharing/webmasters/crawler))"
2a03:2880:f800:10:: - - [16/Jul/2026:21:15:34 +0000] "GET /?y=2563684591100 HTTP/2" 200 4136 "-" "Mozilla/5.0 (Macintosh; Intel Mac OS X 10_15_7) AppleWebKit/537.36 (KHTML, like Gecko) Chrome/145.0.0.0 Safari/537.36 (compatible; meta-externalagent/1.1 (+https://developers.facebook.com/docs/sharing/webmasters/crawler))"
2a03:2880:f800:14:: - - [16/Jul/2026:21:15:41 +0000] "GET /?y=19724894891100 HTTP/2" 200 4165 "-" "Mozilla/5.0 (Windows NT 10.0; Win64; x64) AppleWebKit/537.36 (KHTML, like Gecko) Chrome/145.0.0.0 Safari/537.36 (compatible; meta-externalagent/1.1 (+https://developers.facebook.com/docs/sharing/webmasters/crawler))"
66.249.66.196 - - [16/Jul/2026:21:15:53 +0000] "GET /?productSearch/pictureSearch?id=19721817491100 HTTP/2" 200 17297 "-" "Mozilla/5.0 (Linux; Android 6.0.1; Nexus 5X Build/MMB29P) AppleWebKit/537.36 (KHTML, like Gecko) Chrome/150.0.7871.124 Mobile Safari/537.36 (compatible; Googlebot/2.1; +http://www.google.com/bot.html)"
2a03:2880:f800:3c:: - - [16/Jul/2026:21:16:41 +0000] "GET /?y=8312602291100 HTTP/2" 200 4136 "-" "Mozilla/5.0 (Macintosh; Intel Mac OS X 10_15_7) AppleWebKit/537.36 (KHTML, like Gecko) Chrome/145.0.0.0 Safari/537.36 (compatible; meta-externalagent/1.1 (+https://developers.facebook.com/docs/sharing/webmasters/crawler))"
2a03:2880:f800:3:: - - [16/Jul/2026:21:17:05 +0000] "GET /?y=14042709941100 HTTP/2" 200 4136 "-" "Mozilla/5.0 (Windows NT 10.0; Win64; x64) AppleWebKit/537.36 (KHTML, like Gecko) Chrome/142.0.0.0 Safari/537.36 Edg/142.0.0.0 (compatible; meta-externalagent/1.1 (+https://developers.facebook.com/docs/sharing/webmasters/crawler))"
130.61.136.100 - - [16/Jul/2026:21:18:16 +0000] "POST /wp-login.php HTTP/2" 200 4135 "https://pepperspaphuquoc.com/wp-login.php" "Mozilla/5.0 (Windows NT 6.1; Win64; x64) AppleWebKit/537.36 (KHTML, like Gecko) Chrome/91.0.4472.124 Safari/537.36"
74.7.243.225 - - [16/Jul/2026:21:18:30 +0000] "GET /?fileloc=/home/xedaptot/barber.naniguide.com/wp-includes/js/media-views.min.js&path=/home/xedaptot/barber.naniguide.com/wp-includes/js HTTP/2" 200 31235 "https://pepperspaphuquoc.com/?path=/home/xedaptot/barber.naniguide.com/wp-includes/js" "Mozilla/5.0 AppleWebKit/537.36 (KHTML, like Gecko; compatible; GPTBot/1.4; +https://openai.com/gptbot)"
130.61.136.100 - - [16/Jul/2026:21:18:31 +0000] "GET /wp-admin/index.php HTTP/2" 200 6108 "https://pepperspaphuquoc.com/wp-login.php" "Mozilla/5.0 (X11; Linux x86_64) AppleWebKit/537.36 (KHTML, like Gecko) Chrome/92.0.4515.131 Safari/537.36"
74.7.243.225 - - [16/Jul/2026:21:18:31 +0000] "GET /?fileloc=/home/xedaptot/barber.naniguide.com/wp-includes/js/wp-auth-check.min.js&path=/home/xedaptot/barber.naniguide.com/wp-includes/js HTTP/2" 200 3293 "https://pepperspaphuquoc.com/?path=/home/xedaptot/barber.naniguide.com/wp-includes/js" "Mozilla/5.0 AppleWebKit/537.36 (KHTML, like Gecko; compatible; GPTBot/1.4; +https://openai.com/gptbot)"
74.7.243.225 - - [16/Jul/2026:21:18:32 +0000] "GET /?fileloc=/home/xedaptot/barber.naniguide.com/wp-includes/js/hoverintent-js.min.js&path=/home/xedaptot/barber.naniguide.com/wp-includes/js HTTP/2" 200 3252 "https://pepperspaphuquoc.com/?path=/home/xedaptot/barber.naniguide.com/wp-includes/js" "Mozilla/5.0 AppleWebKit/537.36 (KHTML, like Gecko; compatible; GPTBot/1.4; +https://openai.com/gptbot)"
74.7.243.225 - - [16/Jul/2026:21:18:33 +0000] "GET /?fileloc=/home/xedaptot/backup.naniguide.com/wp-includes/js/media-views.min.js&path=/home/xedaptot/backup.naniguide.com/wp-includes/js HTTP/2" 200 31182 "https://pepperspaphuquoc.com/?path=/home/xedaptot/backup.naniguide.com/wp-includes/js" "Mozilla/5.0 AppleWebKit/537.36 (KHTML, like Gecko; compatible; GPTBot/1.4; +https://openai.com/gptbot)"
74.7.243.225 - - [16/Jul/2026:21:18:33 +0000] "GET /?fileloc=/home/xedaptot/backup.naniguide.com/wp-includes/js/customize-base.min.js&path=/home/xedaptot/backup.naniguide.com/wp-includes/js HTTP/2" 200 5163 "https://pepperspaphuquoc.com/?path=/home/xedaptot/backup.naniguide.com/wp-includes/js" "Mozilla/5.0 AppleWebKit/537.36 (KHTML, like Gecko; compatible; GPTBot/1.4; +https://openai.com/gptbot)"
74.7.243.225 - - [16/Jul/2026:21:18:34 +0000] "GET /?fileloc=/home/xedaptot/backup.naniguide.com/wp-includes/js/api-request.min.js&path=/home/xedaptot/backup.naniguide.com/wp-includes/js HTTP/2" 200 3095 "https://pepperspaphuquoc.com/?path=/home/xedaptot/backup.naniguide.com/wp-includes/js" "Mozilla/5.0 AppleWebKit/537.36 (KHTML, like Gecko; compatible; GPTBot/1.4; +https://openai.com/gptbot)"
74.7.243.225 - - [16/Jul/2026:21:18:35 +0000] "GET /?fileloc=/home/xedaptot/barber.naniguide.com/wp-includes/js/customize-views.js&path=/home/xedaptot/barber.naniguide.com/wp-includes/js HTTP/2" 200 4032 "https://pepperspaphuquoc.com/?path=/home/xedaptot/barber.naniguide.com/wp-includes/js" "Mozilla/5.0 AppleWebKit/537.36 (KHTML, like Gecko; compatible; GPTBot/1.4; +https://openai.com/gptbot)"
74.7.243.225 - - [16/Jul/2026:21:18:35 +0000] "GET /?fileloc=/home/xedaptot/backup.naniguide.com/wp-includes/js/hoverintent-js.min.js&path=/home/xedaptot/backup.naniguide.com/wp-includes/js HTTP/2" 200 3252 "https://pepperspaphuquoc.com/?path=/home/xedaptot/backup.naniguide.com/wp-includes/js" "Mozilla/5.0 AppleWebKit/537.36 (KHTML, like Gecko; compatible; GPTBot/1.4; +https://openai.com/gptbot)"
74.7.243.225 - - [16/Jul/2026:21:18:36 +0000] "GET /?fileloc=/home/xedaptot/backup.naniguide.com/wp-includes/js/wp-emoji-loader.js&path=/home/xedaptot/backup.naniguide.com/wp-includes/js HTTP/2" 200 6377 "https://pepperspaphuquoc.com/?path=/home/xedaptot/backup.naniguide.com/wp-includes/js" "Mozilla/5.0 AppleWebKit/537.36 (KHTML, like Gecko; compatible; GPTBot/1.4; +https://openai.com/gptbot)"
74.7.243.225 - - [16/Jul/2026:21:18:37 +0000] "GET /?fileloc=/home/xedaptot/backup.naniguide.com/wp-includes/js/wp-backbone.min.js&path=/home/xedaptot/backup.naniguide.com/wp-includes/js HTTP/2" 200 3736 "https://pepperspaphuquoc.com/?path=/home/xedaptot/backup.naniguide.com/wp-includes/js" "Mozilla/5.0 AppleWebKit/537.36 (KHTML, like Gecko; compatible; GPTBot/1.4; +https://openai.com/gptbot)"
74.7.243.225 - - [16/Jul/2026:21:18:37 +0000] "GET /?fileloc=/home/xedaptot/barber.naniguide.com/wp-includes/js/customize-loader.js&path=/home/xedaptot/barber.naniguide.com/wp-includes/js HTTP/2" 200 5275 "https://pepperspaphuquoc.com/?path=/home/xedaptot/barber.naniguide.com/wp-includes/js" "Mozilla/5.0 AppleWebKit/537.36 (KHTML, like Gecko; compatible; GPTBot/1.4; +https://openai.com/gptbot)"
74.7.243.225 - - [16/Jul/2026:21:18:38 +0000] "GET /?fileloc=/home/xedaptot/backup.naniguide.com/wp-includes/js/colorpicker.min.js&path=/home/xedaptot/backup.naniguide.com/wp-includes/js HTTP/2" 200 7351 "https://pepperspaphuquoc.com/?path=/home/xedaptot/backup.naniguide.com/wp-includes/js" "Mozilla/5.0 AppleWebKit/537.36 (KHTML, like Gecko; compatible; GPTBot/1.4; +https://openai.com/gptbot)"
2a03:2880:f800:31:: - - [16/Jul/2026:21:18:38 +0000] "GET /?y=12871781541100 HTTP/2" 200 4136 "-" "Mozilla/5.0 (Macintosh; Intel Mac OS X 10_15_7) AppleWebKit/537.36 (KHTML, like Gecko) Chrome/145.0.0.0 Safari/537.36 (compatible; meta-externalagent/1.1 (+https://developers.facebook.com/docs/sharing/webmasters/crawler))"
74.7.243.225 - - [16/Jul/2026:21:18:38 +0000] "GET /?fileloc=/home/xedaptot/barber.naniguide.com/wp-includes/js/api-request.min.js&path=/home/xedaptot/barber.naniguide.com/wp-includes/js HTTP/2" 200 3134 "https://pepperspaphuquoc.com/?path=/home/xedaptot/barber.naniguide.com/wp-includes/js" "Mozilla/5.0 AppleWebKit/537.36 (KHTML, like Gecko; compatible; GPTBot/1.4; +https://openai.com/gptbot)"
74.7.243.225 - - [16/Jul/2026:21:18:39 +0000] "GET /?fileloc=/home/xedaptot/backup.naniguide.com/wp-includes/js/wp-sanitize.min.js&path=/home/xedaptot/backup.naniguide.com/wp-includes/js HTTP/2" 200 2767 "https://pepperspaphuquoc.com/?path=/home/xedaptot/backup.naniguide.com/wp-includes/js" "Mozilla/5.0 AppleWebKit/537.36 (KHTML, like Gecko; compatible; GPTBot/1.4; +https://openai.com/gptbot)"
74.7.243.225 - - [16/Jul/2026:21:18:40 +0000] "GET /?fileloc=/home/xedaptot/backup.naniguide.com/wp-includes/js/customize-views.min.js&path=/home/xedaptot/backup.naniguide.com/wp-includes/js HTTP/2" 200 3439 "https://pepperspaphuquoc.com/?path=/home/xedaptot/backup.naniguide.com/wp-includes/js" "Mozilla/5.0 AppleWebKit/537.36 (KHTML, like Gecko; compatible; GPTBot/1.4; +https://openai.com/gptbot)"
74.7.243.225 - - [16/Jul/2026:21:18:40 +0000] "GET /?fileloc=/home/xedaptot/barber.naniguide.com/wp-includes/js/wp-custom-header.js&path=/home/xedaptot/barber.naniguide.com/wp-includes/js HTTP/2" 200 5543 "https://pepperspaphuquoc.com/?path=/home/xedaptot/barber.naniguide.com/wp-includes/js" "Mozilla/5.0 AppleWebKit/537.36 (KHTML, like Gecko; compatible; GPTBot/1.4; +https://openai.com/gptbot)"
74.7.243.225 - - [16/Jul/2026:21:18:41 +0000] "GET /?fileloc=/home/xedaptot/backup.naniguide.com/wp-includes/js/wp-emoji-loader.min.js&path=/home/xedaptot/backup.naniguide.com/wp-includes/js HTTP/2" 200 3764 "https://pepperspaphuquoc.com/?path=/home/xedaptot/backup.naniguide.com/wp-includes/js" "Mozilla/5.0 AppleWebKit/537.36 (KHTML, like Gecko; compatible; GPTBot/1.4; +https://openai.com/gptbot)"
74.7.243.225 - - [16/Jul/2026:21:18:41 +0000] "GET /?fileloc=/home/xedaptot/backup.naniguide.com/wp-includes/js/customize-loader.js&path=/home/xedaptot/backup.naniguide.com/wp-includes/js HTTP/2" 200 5304 "https://pepperspaphuquoc.com/?path=/home/xedaptot/backup.naniguide.com/wp-includes/js" "Mozilla/5.0 AppleWebKit/537.36 (KHTML, like Gecko; compatible; GPTBot/1.4; +https://openai.com/gptbot)"
74.7.243.225 - - [16/Jul/2026:21:18:42 +0000] "GET /?fileloc=/home/xedaptot/backup.naniguide.com/wp-includes/js/customize-base.js&path=/home/xedaptot/backup.naniguide.com/wp-includes/js HTTP/2" 200 10099 "https://pepperspaphuquoc.com/?path=/home/xedaptot/backup.naniguide.com/wp-includes/js" "Mozilla/5.0 AppleWebKit/537.36 (KHTML, like Gecko; compatible; GPTBot/1.4; +https://openai.com/gptbot)"
74.7.243.225 - - [16/Jul/2026:21:18:42 +0000] "GET /?fileloc=/home/xedaptot/barber.naniguide.com/wp-includes/js/wp-ajax-response.js&path=/home/xedaptot/barber.naniguide.com/wp-includes/js HTTP/2" 200 4057 "https://pepperspaphuquoc.com/?path=/home/xedaptot/barber.naniguide.com/wp-includes/js" "Mozilla/5.0 AppleWebKit/537.36 (KHTML, like Gecko; compatible; GPTBot/1.4; +https://openai.com/gptbot)"
74.7.243.225 - - [16/Jul/2026:21:18:43 +0000] "GET /?fileloc=/home/xedaptot/backup.naniguide.com/wp-includes/js/customize-views.js&path=/home/xedaptot/backup.naniguide.com/wp-includes/js HTTP/2" 200 4031 "https://pepperspaphuquoc.com/?path=/home/xedaptot/backup.naniguide.com/wp-includes/js" "Mozilla/5.0 AppleWebKit/537.36 (KHTML, like Gecko; compatible; GPTBot/1.4; +https://openai.com/gptbot)"
74.7.243.225 - - [16/Jul/2026:21:18:44 +0000] "GET /?path=/home/xedaptot/barber.naniguide.com/wp-includes/js/dist HTTP/2" 200 7062 "https://pepperspaphuquoc.com/?path=/home/xedaptot/barber.naniguide.com/wp-includes/js" "Mozilla/5.0 AppleWebKit/537.36 (KHTML, like Gecko; compatible; GPTBot/1.4; +https://openai.com/gptbot)"
74.7.243.225 - - [16/Jul/2026:21:18:45 +0000] "GET /?path=/home/xedaptot/backup.naniguide.com/wp-includes/js/crop HTTP/2" 200 2975 "https://pepperspaphuquoc.com/?path=/home/xedaptot/backup.naniguide.com/wp-includes/js" "Mozilla/5.0 AppleWebKit/537.36 (KHTML, like Gecko; compatible; GPTBot/1.4; +https://openai.com/gptbot)"
130.61.136.100 - - [16/Jul/2026:21:18:31 +0000] "POST /wp-login.php HTTP/2" 200 4196 "https://pepperspaphuquoc.com/wp-login.php" "Mozilla/5.0 (Windows NT 10.0; Win64; x64) AppleWebKit/605.1.15 (KHTML, like Gecko) Version/14.1 Safari/605.1.15"
74.7.243.225 - - [16/Jul/2026:21:18:45 +0000] "GET /?path=/home/xedaptot/barber.naniguide.com/wp-includes/js/crop HTTP/2" 200 3011 "https://pepperspaphuquoc.com/?path=/home/xedaptot/barber.naniguide.com/wp-includes/js" "Mozilla/5.0 AppleWebKit/537.36 (KHTML, like Gecko; compatible; GPTBot/1.4; +https://openai.com/gptbot)"
130.61.136.100 - - [16/Jul/2026:21:18:46 +0000] "GET /wp-admin/index.php HTTP/2" 200 6304 "https://pepperspaphuquoc.com/wp-login.php" "Mozilla/5.0 (Macintosh; Intel Mac OS X 10_15_7) AppleWebKit/537.36 (KHTML, like Gecko) Chrome/93.0.4577.63 Safari/537.36"
74.7.243.225 - - [16/Jul/2026:21:18:46 +0000] "GET /?fileloc=/home/xedaptot/backup.naniguide.com/wp-includes/js/customize-models.min.js&path=/home/xedaptot/backup.naniguide.com/wp-includes/js HTTP/2" 200 3754 "https://pepperspaphuquoc.com/?path=/home/xedaptot/backup.naniguide.com/wp-includes/js" "Mozilla/5.0 AppleWebKit/537.36 (KHTML, like Gecko; compatible; GPTBot/1.4; +https://openai.com/gptbot)"
74.7.243.225 - - [16/Jul/2026:21:18:46 +0000] "GET /?fileloc=/home/xedaptot/backup.naniguide.com/wp-includes/js/media-audiovideo.min.js&path=/home/xedaptot/backup.naniguide.com/wp-includes/js HTTP/2" 200 6102 "https://pepperspaphuquoc.com/?path=/home/xedaptot/backup.naniguide.com/wp-includes/js" "Mozilla/5.0 AppleWebKit/537.36 (KHTML, like Gecko; compatible; GPTBot/1.4; +https://openai.com/gptbot)"
74.7.243.225 - - [16/Jul/2026:21:18:47 +0000] "GET /?fileloc=/home/xedaptot/barber.naniguide.com/wp-includes/js/media-audiovideo.min.js&path=/home/xedaptot/barber.naniguide.com/wp-includes/js HTTP/2" 200 6081 "https://pepperspaphuquoc.com/?path=/home/xedaptot/barber.naniguide.com/wp-includes/js" "Mozilla/5.0 AppleWebKit/537.36 (KHTML, like Gecko; compatible; GPTBot/1.4; +https://openai.com/gptbot)"
74.7.243.225 - - [16/Jul/2026:21:18:47 +0000] "GET /?fileloc=/home/xedaptot/pepperspaphuquoc.com/wp-includes/js/json2.min.js&path=/home/xedaptot/pepperspaphuquoc.com/wp-includes/js HTTP/2" 200 2566 "https://pepperspaphuquoc.com/?path=/home/xedaptot/pepperspaphuquoc.com/wp-includes/js" "Mozilla/5.0 AppleWebKit/537.36 (KHTML, like Gecko; compatible; GPTBot/1.4; +https://openai.com/gptbot)"
74.7.243.225 - - [16/Jul/2026:21:18:48 +0000] "GET /?fileloc=/home/xedaptot/access-logs/xedaptot.net&path=/home/xedaptot/access-logs HTTP/2" 200 2508 "https://pepperspaphuquoc.com/?path=/home/xedaptot/access-logs" "Mozilla/5.0 AppleWebKit/537.36 (KHTML, like Gecko; compatible; GPTBot/1.4; +https://openai.com/gptbot)"
74.7.243.225 - - [16/Jul/2026:21:18:49 +0000] "GET /?fileloc=/home/xedaptot/pepperspaphuquoc.com/wp-includes/class-wp-comment-query.php&path=/home/xedaptot/pepperspaphuquoc.com/wp-includes HTTP/2" 200 13857 "https://pepperspaphuquoc.com/?path=/home/xedaptot/pepperspaphuquoc.com/wp-includes" "Mozilla/5.0 AppleWebKit/537.36 (KHTML, like Gecko; compatible; GPTBot/1.4; +https://openai.com/gptbot)"
74.7.243.225 - - [16/Jul/2026:21:18:49 +0000] "GET /?fileloc=/home/xedaptot/backup.naniguide.com/wp-activate.php&path=/home/xedaptot/backup.naniguide.com HTTP/2" 200 5058 "https://pepperspaphuquoc.com/?path=/home/xedaptot/backup.naniguide.com" "Mozilla/5.0 AppleWebKit/537.36 (KHTML, like Gecko; compatible; GPTBot/1.4; +https://openai.com/gptbot)"
74.7.243.225 - - [16/Jul/2026:21:18:50 +0000] "GET /?fileloc=/home/xedaptot/barber.naniguide.com/wp-activate.php&path=/home/xedaptot/barber.naniguide.com HTTP/2" 200 5057 "https://pepperspaphuquoc.com/?path=/home/xedaptot/barber.naniguide.com" "Mozilla/5.0 AppleWebKit/537.36 (KHTML, like Gecko; compatible; GPTBot/1.4; +https://openai.com/gptbot)"
74.7.243.225 - - [16/Jul/2026:21:18:50 +0000] "GET /?fileloc=/home/xedaptot/barber.naniguide.com/wp-includes/js/dist/preferences-persistence.min.js&path=/home/xedaptot/barber.naniguide.com/wp-includes/js/dist HTTP/2" 200 4776 "https://pepperspaphuquoc.com/?path=/home/xedaptot/barber.naniguide.com/wp-includes/js/dist" "Mozilla/5.0 AppleWebKit/537.36 (KHTML, like Gecko; compatible; GPTBot/1.4; +https://openai.com/gptbot)"
74.7.243.225 - - [16/Jul/2026:21:18:51 +0000] "GET /?fileloc=/home/xedaptot/barber.naniguide.com/wp-includes/js/dist/preferences-persistence.js&path=/home/xedaptot/barber.naniguide.com/wp-includes/js/dist HTTP/2" 200 6706 "https://pepperspaphuquoc.com/?path=/home/xedaptot/barber.naniguide.com/wp-includes/js/dist" "Mozilla/5.0 AppleWebKit/537.36 (KHTML, like Gecko; compatible; GPTBot/1.4; +https://openai.com/gptbot)"
74.7.243.225 - - [16/Jul/2026:21:18:52 +0000] "GET /?fileloc=/home/xedaptot/barber.naniguide.com/wp-includes/js/dist/block-serialization-default-parser.min.js&path=/home/xedaptot/barber.naniguide.com/wp-includes/js/dist HTTP/2" 200 3725 "https://pepperspaphuquoc.com/?path=/home/xedaptot/barber.naniguide.com/wp-includes/js/dist" "Mozilla/5.0 AppleWebKit/537.36 (KHTML, like Gecko; compatible; GPTBot/1.4; +https://openai.com/gptbot)"
74.7.243.225 - - [16/Jul/2026:21:18:53 +0000] "GET /?fileloc=/home/xedaptot/barber.naniguide.com/wp-includes/js/dist/html-entities.min.js&path=/home/xedaptot/barber.naniguide.com/wp-includes/js/dist HTTP/2" 200 3028 "https://pepperspaphuquoc.com/?path=/home/xedaptot/barber.naniguide.com/wp-includes/js/dist" "Mozilla/5.0 AppleWebKit/537.36 (KHTML, like Gecko; compatible; GPTBot/1.4; +https://openai.com/gptbot)"
74.7.243.225 - - [16/Jul/2026:21:18:53 +0000] "GET /?fileloc=/home/xedaptot/barber.naniguide.com/wp-includes/js/dist/media-utils.js&path=/home/xedaptot/barber.naniguide.com/wp-includes/js/dist HTTP/2" 200 126144 "https://pepperspaphuquoc.com/?path=/home/xedaptot/barber.naniguide.com/wp-includes/js/dist" "Mozilla/5.0 AppleWebKit/537.36 (KHTML, like Gecko; compatible; GPTBot/1.4; +https://openai.com/gptbot)"
74.7.243.225 - - [16/Jul/2026:21:18:54 +0000] "GET /?fileloc=/home/xedaptot/barber.naniguide.com/wp-includes/js/dist/warning.min.js&path=/home/xedaptot/barber.naniguide.com/wp-includes/js/dist HTTP/2" 200 2999 "https://pepperspaphuquoc.com/?path=/home/xedaptot/barber.naniguide.com/wp-includes/js/dist" "Mozilla/5.0 AppleWebKit/537.36 (KHTML, like Gecko; compatible; GPTBot/1.4; +https://openai.com/gptbot)"
74.7.243.225 - - [16/Jul/2026:21:18:55 +0000] "GET /?fileloc=/home/xedaptot/barber.naniguide.com/wp-includes/js/dist/base-styles.js&path=/home/xedaptot/barber.naniguide.com/wp-includes/js/dist HTTP/2" 200 2591 "https://pepperspaphuquoc.com/?path=/home/xedaptot/barber.naniguide.com/wp-includes/js/dist" "Mozilla/5.0 AppleWebKit/537.36 (KHTML, like Gecko; compatible; GPTBot/1.4; +https://openai.com/gptbot)"
74.7.243.225 - - [16/Jul/2026:21:18:55 +0000] "GET /?fileloc=/home/xedaptot/barber.naniguide.com/wp-includes/js/dist/components.js&path=/home/xedaptot/barber.naniguide.com/wp-includes/js/dist HTTP/2" 200 589518 "https://pepperspaphuquoc.com/?path=/home/xedaptot/barber.naniguide.com/wp-includes/js/dist" "Mozilla/5.0 AppleWebKit/537.36 (KHTML, like Gecko; compatible; GPTBot/1.4; +https://openai.com/gptbot)"
74.7.243.225 - - [16/Jul/2026:21:18:56 +0000] "GET /?fileloc=/home/xedaptot/barber.naniguide.com/wp-includes/js/dist/notices.min.js&path=/home/xedaptot/barber.naniguide.com/wp-includes/js/dist HTTP/2" 200 4472 "https://pepperspaphuquoc.com/?path=/home/xedaptot/barber.naniguide.com/wp-includes/js/dist" "Mozilla/5.0 AppleWebKit/537.36 (KHTML, like Gecko; compatible; GPTBot/1.4; +https://openai.com/gptbot)"
74.7.243.225 - - [16/Jul/2026:21:18:57 +0000] "GET /?fileloc=/home/xedaptot/barber.naniguide.com/wp-includes/js/dist/preferences.js&path=/home/xedaptot/barber.naniguide.com/wp-includes/js/dist HTTP/2" 200 7651 "https://pepperspaphuquoc.com/?path=/home/xedaptot/barber.naniguide.com/wp-includes/js/dist" "Mozilla/5.0 AppleWebKit/537.36 (KHTML, like Gecko; compatible; GPTBot/1.4; +https://openai.com/gptbot)"
74.7.243.225 - - [16/Jul/2026:21:18:57 +0000] "GET /?fileloc=/home/xedaptot/barber.naniguide.com/wp-includes/js/dist/editor.min.js&path=/home/xedaptot/barber.naniguide.com/wp-includes/js/dist HTTP/2" 200 368841 "https://pepperspaphuquoc.com/?path=/home/xedaptot/barber.naniguide.com/wp-includes/js/dist" "Mozilla/5.0 AppleWebKit/537.36 (KHTML, like Gecko; compatible; GPTBot/1.4; +https://openai.com/gptbot)"
2a03:2880:f800:36:: - - [16/Jul/2026:21:18:58 +0000] "GET /?y=2889498741100 HTTP/2" 200 4136 "-" "Mozilla/5.0 (Windows NT 10.0; Win64; x64) AppleWebKit/537.36 (KHTML, like Gecko) Chrome/145.0.0.0 Safari/537.36 (compatible; meta-externalagent/1.1 (+https://developers.facebook.com/docs/sharing/webmasters/crawler))"
74.7.243.225 - - [16/Jul/2026:21:18:58 +0000] "GET /?fileloc=/home/xedaptot/barber.naniguide.com/wp-includes/js/dist/deprecated.js&path=/home/xedaptot/barber.naniguide.com/wp-includes/js/dist HTTP/2" 200 3796 "https://pepperspaphuquoc.com/?path=/home/xedaptot/barber.naniguide.com/wp-includes/js/dist" "Mozilla/5.0 AppleWebKit/537.36 (KHTML, like Gecko; compatible; GPTBot/1.4; +https://openai.com/gptbot)"
74.7.243.225 - - [16/Jul/2026:21:18:59 +0000] "GET /?fileloc=/home/xedaptot/barber.naniguide.com/wp-includes/js/dist/router.min.js&path=/home/xedaptot/barber.naniguide.com/wp-includes/js/dist HTTP/2" 200 8814 "https://pepperspaphuquoc.com/?path=/home/xedaptot/barber.naniguide.com/wp-includes/js/dist" "Mozilla/5.0 AppleWebKit/537.36 (KHTML, like Gecko; compatible; GPTBot/1.4; +https://openai.com/gptbot)"
74.7.243.225 - - [16/Jul/2026:21:18:59 +0000] "GET /?fileloc=/home/xedaptot/barber.naniguide.com/wp-includes/js/dist/plugins.min.js&path=/home/xedaptot/barber.naniguide.com/wp-includes/js/dist HTTP/2" 200 4763 "https://pepperspaphuquoc.com/?path=/home/xedaptot/barber.naniguide.com/wp-includes/js/dist" "Mozilla/5.0 AppleWebKit/537.36 (KHTML, like Gecko; compatible; GPTBot/1.4; +https://openai.com/gptbot)"
130.61.136.100 - - [16/Jul/2026:21:18:46 +0000] "POST /wp-login.php HTTP/2" 200 4135 "https://pepperspaphuquoc.com/wp-login.php" "Mozilla/5.0 (Windows NT 10.0; Win64; x64) AppleWebKit/605.1.15 (KHTML, like Gecko) Version/14.1 Safari/605.1.15"
74.7.243.225 - - [16/Jul/2026:21:19:00 +0000] "GET /?fileloc=/home/xedaptot/barber.naniguide.com/wp-includes/js/dist/compose.min.js&path=/home/xedaptot/barber.naniguide.com/wp-includes/js/dist HTTP/2" 200 14124 "https://pepperspaphuquoc.com/?path=/home/xedaptot/barber.naniguide.com/wp-includes/js/dist" "Mozilla/5.0 AppleWebKit/537.36 (KHTML, like Gecko; compatible; GPTBot/1.4; +https://openai.com/gptbot)"
130.61.136.100 - - [16/Jul/2026:21:19:00 +0000] "GET /wp-admin/index.php HTTP/2" 200 6108 "https://pepperspaphuquoc.com/wp-login.php" "Mozilla/5.0 (Windows NT 6.1; Win64; x64) AppleWebKit/537.36 (KHTML, like Gecko) Chrome/91.0.4472.124 Safari/537.36"
74.7.243.225 - - [16/Jul/2026:21:19:01 +0000] "GET /?fileloc=/home/xedaptot/barber.naniguide.com/wp-includes/js/dist/blocks.min.js&path=/home/xedaptot/barber.naniguide.com/wp-includes/js/dist HTTP/2" 200 62715 "https://pepperspaphuquoc.com/?path=/home/xedaptot/barber.naniguide.com/wp-includes/js/dist" "Mozilla/5.0 AppleWebKit/537.36 (KHTML, like Gecko; compatible; GPTBot/1.4; +https://openai.com/gptbot)"
74.7.243.225 - - [16/Jul/2026:21:19:01 +0000] "GET /?fileloc=/home/xedaptot/barber.naniguide.com/wp-includes/js/dist/widgets.min.js&path=/home/xedaptot/barber.naniguide.com/wp-includes/js/dist HTTP/2" 200 10517 "https://pepperspaphuquoc.com/?path=/home/xedaptot/barber.naniguide.com/wp-includes/js/dist" "Mozilla/5.0 AppleWebKit/537.36 (KHTML, like Gecko; compatible; GPTBot/1.4; +https://openai.com/gptbot)"
74.7.243.225 - - [16/Jul/2026:21:19:02 +0000] "GET /?fileloc=/home/xedaptot/barber.naniguide.com/wp-includes/js/dist/element.min.js&path=/home/xedaptot/barber.naniguide.com/wp-includes/js/dist HTTP/2" 200 8132 "https://pepperspaphuquoc.com/?path=/home/xedaptot/barber.naniguide.com/wp-includes/js/dist" "Mozilla/5.0 AppleWebKit/537.36 (KHTML, like Gecko; compatible; GPTBot/1.4; +https://openai.com/gptbot)"
74.7.243.225 - - [16/Jul/2026:21:19:02 +0000] "GET /?fileloc=/home/xedaptot/barber.naniguide.com/wp-includes/js/dist/primitives.js&path=/home/xedaptot/barber.naniguide.com/wp-includes/js/dist HTTP/2" 200 4439 "https://pepperspaphuquoc.com/?path=/home/xedaptot/barber.naniguide.com/wp-includes/js/dist" "Mozilla/5.0 AppleWebKit/537.36 (KHTML, like Gecko; compatible; GPTBot/1.4; +https://openai.com/gptbot)"
74.7.243.225 - - [16/Jul/2026:21:19:03 +0000] "GET /?fileloc=/home/xedaptot/barber.naniguide.com/wp-includes/js/dist/annotations.js&path=/home/xedaptot/barber.naniguide.com/wp-includes/js/dist HTTP/2" 200 6540 "https://pepperspaphuquoc.com/?path=/home/xedaptot/barber.naniguide.com/wp-includes/js/dist" "Mozilla/5.0 AppleWebKit/537.36 (KHTML, like Gecko; compatible; GPTBot/1.4; +https://openai.com/gptbot)"
74.7.243.225 - - [16/Jul/2026:21:19:03 +0000] "GET /?fileloc=/home/xedaptot/hotel.naniguide.com/wp-trackback.php&path=/home/xedaptot/hotel.naniguide.com HTTP/2" 200 4504 "https://pepperspaphuquoc.com/?path=/home/xedaptot/hotel.naniguide.com" "Mozilla/5.0 AppleWebKit/537.36 (KHTML, like Gecko; compatible; GPTBot/1.4; +https://openai.com/gptbot)"
74.7.243.225 - - [16/Jul/2026:21:19:04 +0000] "GET /?fileloc=/home/xedaptot/pepperspaphuquoc.com/wp-admin/images/icons32-vs.png&path=/home/xedaptot/pepperspaphuquoc.com/wp-admin/images HTTP/2" 200 9562 "https://pepperspaphuquoc.com/?path=/home/xedaptot/pepperspaphuquoc.com/wp-admin/images" "Mozilla/5.0 AppleWebKit/537.36 (KHTML, like Gecko; compatible; GPTBot/1.4; +https://openai.com/gptbot)"
74.7.243.225 - - [16/Jul/2026:21:19:05 +0000] "GET /?fileloc=/home/xedaptot/.softaculous/sitepad.php&path=/home/xedaptot/.softaculous HTTP/2" 200 2627 "https://pepperspaphuquoc.com/?path=/home/xedaptot/.softaculous" "Mozilla/5.0 AppleWebKit/537.36 (KHTML, like Gecko; compatible; GPTBot/1.4; +https://openai.com/gptbot)"
74.7.243.225 - - [16/Jul/2026:21:19:05 +0000] "GET /?fileloc=/home/xedaptot/vlxd.naniguide.com/tests/CreatesApplication.php&path=/home/xedaptot/vlxd.naniguide.com/tests HTTP/2" 200 2680 "https://pepperspaphuquoc.com/?path=/home/xedaptot/vlxd.naniguide.com/tests" "Mozilla/5.0 AppleWebKit/537.36 (KHTML, like Gecko; compatible; GPTBot/1.4; +https://openai.com/gptbot)"
74.7.243.225 - - [16/Jul/2026:21:19:06 +0000] "GET /?path=/home/xedaptot/360.naniguide.com/tools/panorama_tmp HTTP/2" 200 2583 "https://pepperspaphuquoc.com/?path=/home/xedaptot/360.naniguide.com/tools" "Mozilla/5.0 AppleWebKit/537.36 (KHTML, like Gecko; compatible; GPTBot/1.4; +https://openai.com/gptbot)"
74.7.243.225 - - [16/Jul/2026:21:19:06 +0000] "GET /?path=/home/xedaptot/coconutspaphuquoc.com/wp-content HTTP/2" 200 3190 "https://pepperspaphuquoc.com/?path=/home/xedaptot/coconutspaphuquoc.com" "Mozilla/5.0 AppleWebKit/537.36 (KHTML, like Gecko; compatible; GPTBot/1.4; +https://openai.com/gptbot)"
74.7.243.225 - - [16/Jul/2026:21:19:07 +0000] "GET /?fileloc=/home/xedaptot/pepperspaphuquoc.com/wp-admin/images/comment-grey-bubble-2x.png&path=/home/xedaptot/pepperspaphuquoc.com/wp-admin/images HTTP/2" 200 2815 "https://pepperspaphuquoc.com/?path=/home/xedaptot/pepperspaphuquoc.com/wp-admin/images" "Mozilla/5.0 AppleWebKit/537.36 (KHTML, like Gecko; compatible; GPTBot/1.4; +https://openai.com/gptbot)"
74.7.243.225 - - [16/Jul/2026:21:19:07 +0000] "GET /?fileloc=/home/xedaptot/pepperspaphuquoc.com/wp-admin/custom-background.php&path=/home/xedaptot/pepperspaphuquoc.com/wp-admin HTTP/2" 200 2718 "https://pepperspaphuquoc.com/?path=/home/xedaptot/pepperspaphuquoc.com/wp-admin" "Mozilla/5.0 AppleWebKit/537.36 (KHTML, like Gecko; compatible; GPTBot/1.4; +https://openai.com/gptbot)"
2a03:2880:f800:1b:: - - [16/Jul/2026:21:19:07 +0000] "GET /?y=13201832691100 HTTP/2" 200 4136 "-" "Mozilla/5.0 (Windows NT 10.0; Win64; x64) AppleWebKit/537.36 (KHTML, like Gecko) Chrome/145.0.0.0 Safari/537.36 (compatible; meta-externalagent/1.1 (+https://developers.facebook.com/docs/sharing/webmasters/crawler))"
74.7.243.225 - - [16/Jul/2026:21:19:08 +0000] "GET /?fileloc=/home/xedaptot/public_html/wp-blog-header.php&path=/home/xedaptot/public_html HTTP/2" 200 2703 "https://pepperspaphuquoc.com/?path=/home/xedaptot/public_html" "Mozilla/5.0 AppleWebKit/537.36 (KHTML, like Gecko; compatible; GPTBot/1.4; +https://openai.com/gptbot)"
74.7.243.225 - - [16/Jul/2026:21:19:08 +0000] "GET /?fileloc=/home/xedaptot/public_html/wp-admin/edit-comments.php&path=/home/xedaptot/public_html/wp-admin HTTP/2" 200 6830 "https://pepperspaphuquoc.com/?path=/home/xedaptot/public_html/wp-admin" "Mozilla/5.0 AppleWebKit/537.36 (KHTML, like Gecko; compatible; GPTBot/1.4; +https://openai.com/gptbot)"
74.7.243.225 - - [16/Jul/2026:21:19:09 +0000] "GET /?fileloc=/home/xedaptot/digitalcv.naniguide.com/wp-blog-header.php&path=/home/xedaptot/digitalcv.naniguide.com HTTP/2" 200 2710 "https://pepperspaphuquoc.com/?path=/home/xedaptot/digitalcv.naniguide.com" "Mozilla/5.0 AppleWebKit/537.36 (KHTML, like Gecko; compatible; GPTBot/1.4; +https://openai.com/gptbot)"
74.7.243.225 - - [16/Jul/2026:21:19:10 +0000] "GET /?fileloc=/home/xedaptot/pepperspaphuquoc.com/wp-includes/js/jcrop/jquery.Jcrop.min.js&path=/home/xedaptot/pepperspaphuquoc.com/wp-includes/js/jcrop HTTP/2" 200 10057 "https://pepperspaphuquoc.com/?path=/home/xedaptot/pepperspaphuquoc.com/wp-includes/js/jcrop" "Mozilla/5.0 AppleWebKit/537.36 (KHTML, like Gecko; compatible; GPTBot/1.4; +https://openai.com/gptbot)"
74.7.243.225 - - [16/Jul/2026:21:19:10 +0000] "GET /?path=/home/xedaptot/vlxd.naniguide.com/public/docs HTTP/2" 200 2839 "https://pepperspaphuquoc.com/?path=/home/xedaptot/vlxd.naniguide.com/public" "Mozilla/5.0 AppleWebKit/537.36 (KHTML, like Gecko; compatible; GPTBot/1.4; +https://openai.com/gptbot)"
74.7.243.225 - - [16/Jul/2026:21:19:11 +0000] "GET /?fileloc=/home/xedaptot/pepperspaphuquoc.com/wp-includes/feed-rss.php&path=/home/xedaptot/pepperspaphuquoc.com/wp-includes HTTP/2" 200 3122 "https://pepperspaphuquoc.com/?path=/home/xedaptot/pepperspaphuquoc.com/wp-includes" "Mozilla/5.0 AppleWebKit/537.36 (KHTML, like Gecko; compatible; GPTBot/1.4; +https://openai.com/gptbot)"
74.7.243.225 - - [16/Jul/2026:21:19:11 +0000] "GET /?fileloc=/home/xedaptot/pepperspaphuquoc.com/wp-admin/edit-tags.php&path=/home/xedaptot/pepperspaphuquoc.com/wp-admin HTTP/2" 200 8939 "https://pepperspaphuquoc.com/?path=/home/xedaptot/pepperspaphuquoc.com/wp-admin" "Mozilla/5.0 AppleWebKit/537.36 (KHTML, like Gecko; compatible; GPTBot/1.4; +https://openai.com/gptbot)"
74.7.243.225 - - [16/Jul/2026:21:19:12 +0000] "GET /?fileloc=/home/xedaptot/hotel.naniguide.com/wp-cron.php&path=/home/xedaptot/hotel.naniguide.com HTTP/2" 200 4655 "https://pepperspaphuquoc.com/?path=/home/xedaptot/hotel.naniguide.com" "Mozilla/5.0 AppleWebKit/537.36 (KHTML, like Gecko; compatible; GPTBot/1.4; +https://openai.com/gptbot)"
2a03:2880:f800:2e:: - - [16/Jul/2026:21:19:13 +0000] "GET /?y=10521450741100 HTTP/2" 200 4136 "-" "Mozilla/5.0 (Windows NT 10.0; Win64; x64) AppleWebKit/537.36 (KHTML, like Gecko) Chrome/145.0.0.0 Safari/537.36 (compatible; meta-externalagent/1.1 (+https://developers.facebook.com/docs/sharing/webmasters/crawler))"
74.7.243.225 - - [16/Jul/2026:21:19:13 +0000] "GET /?fileloc=/home/xedaptot/pepperspaphuquoc.com/wp-admin/user/index.php&path=/home/xedaptot/pepperspaphuquoc.com/wp-admin/user HTTP/2" 200 2679 "https://pepperspaphuquoc.com/?path=/home/xedaptot/pepperspaphuquoc.com/wp-admin/user" "Mozilla/5.0 AppleWebKit/537.36 (KHTML, like Gecko; compatible; GPTBot/1.4; +https://openai.com/gptbot)"
74.7.243.225 - - [16/Jul/2026:21:19:14 +0000] "GET /?fileloc=/home/xedaptot/barber.naniguide.com/wp-includes/js/admin-bar.js&path=/home/xedaptot/barber.naniguide.com/wp-includes/js HTTP/2" 200 5359 "https://pepperspaphuquoc.com/?path=/home/xedaptot/barber.naniguide.com/wp-includes/js" "Mozilla/5.0 AppleWebKit/537.36 (KHTML, like Gecko; compatible; GPTBot/1.4; +https://openai.com/gptbot)"
130.61.136.100 - - [16/Jul/2026:21:19:01 +0000] "POST /wp-login.php HTTP/2" 200 4135 "https://pepperspaphuquoc.com/wp-login.php" "Mozilla/5.0 (Windows NT 6.1; Win64; x64) AppleWebKit/537.36 (KHTML, like Gecko) Chrome/93.0.4577.63 Safari/537.36"
74.7.243.225 - - [16/Jul/2026:21:19:15 +0000] "GET /?fileloc=/home/xedaptot/backup.naniguide.com/wp-includes/speculative-loading.php&path=/home/xedaptot/backup.naniguide.com/wp-includes HTTP/2" 200 5364 "https://pepperspaphuquoc.com/?path=/home/xedaptot/backup.naniguide.com/wp-includes" "Mozilla/5.0 AppleWebKit/537.36 (KHTML, like Gecko; compatible; GPTBot/1.4; +https://openai.com/gptbot)"
74.7.243.225 - - [16/Jul/2026:21:19:16 +0000] "GET /?fileloc=/home/xedaptot/backup.naniguide.com/wp-includes/class-wp-script-modules.php&path=/home/xedaptot/backup.naniguide.com/wp-includes HTTP/2" 200 12534 "https://pepperspaphuquoc.com/?path=/home/xedaptot/backup.naniguide.com/wp-includes" "Mozilla/5.0 AppleWebKit/537.36 (KHTML, like Gecko; compatible; GPTBot/1.4; +https://openai.com/gptbot)"
130.61.136.100 - - [16/Jul/2026:21:19:16 +0000] "GET /wp-admin/index.php HTTP/2" 200 6108 "https://pepperspaphuquoc.com/wp-login.php" "Mozilla/5.0 (Macintosh; Intel Mac OS X 10_15_7) AppleWebKit/605.1.15 (KHTML, like Gecko) Version/15.0 Safari/605.1.15"
74.7.243.225 - - [16/Jul/2026:21:19:18 +0000] "GET /?fileloc=/home/xedaptot/backup.naniguide.com/wp-includes/class-wp-http-encoding.php&path=/home/xedaptot/backup.naniguide.com/wp-includes HTTP/2" 200 4667 "https://pepperspaphuquoc.com/?path=/home/xedaptot/backup.naniguide.com/wp-includes" "Mozilla/5.0 AppleWebKit/537.36 (KHTML, like Gecko; compatible; GPTBot/1.4; +https://openai.com/gptbot)"
74.7.243.225 - - [16/Jul/2026:21:19:18 +0000] "GET /?fileloc=/home/xedaptot/barber.naniguide.com/wp-includes/functions.wp-scripts.php&path=/home/xedaptot/barber.naniguide.com/wp-includes HTTP/2" 200 7891 "https://pepperspaphuquoc.com/?path=/home/xedaptot/barber.naniguide.com/wp-includes" "Mozilla/5.0 AppleWebKit/537.36 (KHTML, like Gecko; compatible; GPTBot/1.4; +https://openai.com/gptbot)"
74.7.243.225 - - [16/Jul/2026:21:19:19 +0000] "GET /?path=/home/xedaptot/vlxd.naniguide.com/public/docs/images HTTP/2" 200 2868 "https://pepperspaphuquoc.com/?path=/home/xedaptot/vlxd.naniguide.com/public/docs" "Mozilla/5.0 AppleWebKit/537.36 (KHTML, like Gecko; compatible; GPTBot/1.4; +https://openai.com/gptbot)"
74.7.243.225 - - [16/Jul/2026:21:19:19 +0000] "GET /?fileloc=/home/xedaptot/barber.naniguide.com/wp-includes/class-wp-simplepie-file.php&path=/home/xedaptot/barber.naniguide.com/wp-includes HTTP/2" 200 3924 "https://pepperspaphuquoc.com/?path=/home/xedaptot/barber.naniguide.com/wp-includes" "Mozilla/5.0 AppleWebKit/537.36 (KHTML, like Gecko; compatible; GPTBot/1.4; +https://openai.com/gptbot)"
74.7.243.225 - - [16/Jul/2026:21:19:20 +0000] "GET /?fileloc=/home/xedaptot/backup.naniguide.com/wp-includes/class.wp-dependencies.php&path=/home/xedaptot/backup.naniguide.com/wp-includes HTTP/2" 200 2709 "https://pepperspaphuquoc.com/?path=/home/xedaptot/backup.naniguide.com/wp-includes" "Mozilla/5.0 AppleWebKit/537.36 (KHTML, like Gecko; compatible; GPTBot/1.4; +https://openai.com/gptbot)"
74.7.243.225 - - [16/Jul/2026:21:19:20 +0000] "GET /?fileloc=/home/xedaptot/backup.naniguide.com/wp-includes/class-wp-dependency.php&path=/home/xedaptot/backup.naniguide.com/wp-includes HTTP/2" 200 3393 "https://pepperspaphuquoc.com/?path=/home/xedaptot/backup.naniguide.com/wp-includes" "Mozilla/5.0 AppleWebKit/537.36 (KHTML, like Gecko; compatible; GPTBot/1.4; +https://openai.com/gptbot)"
74.7.243.225 - - [16/Jul/2026:21:19:21 +0000] "GET /?fileloc=/home/xedaptot/barber.naniguide.com/wp-includes/class-wp-session-tokens.php&path=/home/xedaptot/barber.naniguide.com/wp-includes HTTP/2" 200 4479 "https://pepperspaphuquoc.com/?path=/home/xedaptot/barber.naniguide.com/wp-includes" "Mozilla/5.0 AppleWebKit/537.36 (KHTML, like Gecko; compatible; GPTBot/1.4; +https://openai.com/gptbot)"
74.7.243.225 - - [16/Jul/2026:21:19:22 +0000] "GET /?fileloc=/home/xedaptot/barber.naniguide.com/wp-includes/class-wp-phpmailer.php&path=/home/xedaptot/barber.naniguide.com/wp-includes HTTP/2" 200 3863 "https://pepperspaphuquoc.com/?path=/home/xedaptot/barber.naniguide.com/wp-includes" "Mozilla/5.0 AppleWebKit/537.36 (KHTML, like Gecko; compatible; GPTBot/1.4; +https://openai.com/gptbot)"
74.7.243.225 - - [16/Jul/2026:21:19:22 +0000] "GET /?fileloc=/home/xedaptot/backup.naniguide.com/wp-includes/class-wp-exception.php&path=/home/xedaptot/backup.naniguide.com/wp-includes HTTP/2" 200 2593 "https://pepperspaphuquoc.com/?path=/home/xedaptot/backup.naniguide.com/wp-includes" "Mozilla/5.0 AppleWebKit/537.36 (KHTML, like Gecko; compatible; GPTBot/1.4; +https://openai.com/gptbot)"
74.7.243.225 - - [16/Jul/2026:21:19:23 +0000] "GET /?fileloc=/home/xedaptot/barber.naniguide.com/wp-includes/class-wp-script-modules.php&path=/home/xedaptot/barber.naniguide.com/wp-includes HTTP/2" 200 12502 "https://pepperspaphuquoc.com/?path=/home/xedaptot/barber.naniguide.com/wp-includes" "Mozilla/5.0 AppleWebKit/537.36 (KHTML, like Gecko; compatible; GPTBot/1.4; +https://openai.com/gptbot)"
74.7.243.225 - - [16/Jul/2026:21:19:23 +0000] "GET /?fileloc=/home/xedaptot/backup.naniguide.com/wp-includes/class-wp-block-template.php&path=/home/xedaptot/backup.naniguide.com/wp-includes HTTP/2" 200 3044 "https://pepperspaphuquoc.com/?path=/home/xedaptot/backup.naniguide.com/wp-includes" "Mozilla/5.0 AppleWebKit/537.36 (KHTML, like Gecko; compatible; GPTBot/1.4; +https://openai.com/gptbot)"
74.7.243.225 - - [16/Jul/2026:21:19:24 +0000] "GET /?fileloc=/home/xedaptot/barber.naniguide.com/wp-includes/bookmark-template.php&path=/home/xedaptot/barber.naniguide.com/wp-includes HTTP/2" 200 5990 "https://pepperspaphuquoc.com/?path=/home/xedaptot/barber.naniguide.com/wp-includes" "Mozilla/5.0 AppleWebKit/537.36 (KHTML, like Gecko; compatible; GPTBot/1.4; +https://openai.com/gptbot)"
2a03:2880:f800:19:: - - [16/Jul/2026:21:19:25 +0000] "GET /?y=2792560641100 HTTP/2" 200 4136 "-" "Mozilla/5.0 (Windows NT 10.0; Win64; x64) AppleWebKit/537.36 (KHTML, like Gecko) Chrome/145.0.0.0 Safari/537.36 (compatible; meta-externalagent/1.1 (+https://developers.facebook.com/docs/sharing/webmasters/crawler))"
74.7.243.225 - - [16/Jul/2026:21:19:25 +0000] "GET /?fileloc=/home/xedaptot/barber.naniguide.com/wp-includes/class-wp-http-response.php&path=/home/xedaptot/barber.naniguide.com/wp-includes HTTP/2" 200 3454 "https://pepperspaphuquoc.com/?path=/home/xedaptot/barber.naniguide.com/wp-includes" "Mozilla/5.0 AppleWebKit/537.36 (KHTML, like Gecko; compatible; GPTBot/1.4; +https://openai.com/gptbot)"
74.7.243.225 - - [16/Jul/2026:21:19:26 +0000] "GET /?fileloc=/home/xedaptot/vlxd.naniguide.com/public/docs/images/navbar.png&path=/home/xedaptot/vlxd.naniguide.com/public/docs/images HTTP/2" 200 2636 "https://pepperspaphuquoc.com/?path=/home/xedaptot/vlxd.naniguide.com/public/docs/images" "Mozilla/5.0 AppleWebKit/537.36 (KHTML, like Gecko; compatible; GPTBot/1.4; +https://openai.com/gptbot)"
74.7.243.225 - - [16/Jul/2026:21:19:26 +0000] "GET /?fileloc=/home/xedaptot/barber.naniguide.com/wp-includes/class-wp-exception.php&path=/home/xedaptot/barber.naniguide.com/wp-includes HTTP/2" 200 2593 "https://pepperspaphuquoc.com/?path=/home/xedaptot/barber.naniguide.com/wp-includes" "Mozilla/5.0 AppleWebKit/537.36 (KHTML, like Gecko; compatible; GPTBot/1.4; +https://openai.com/gptbot)"
74.7.243.225 - - [16/Jul/2026:21:19:27 +0000] "GET /?fileloc=/home/xedaptot/barber.naniguide.com/wp-includes/class-wp-block-template.php&path=/home/xedaptot/barber.naniguide.com/wp-includes HTTP/2" 200 3086 "https://pepperspaphuquoc.com/?path=/home/xedaptot/barber.naniguide.com/wp-includes" "Mozilla/5.0 AppleWebKit/537.36 (KHTML, like Gecko; compatible; GPTBot/1.4; +https://openai.com/gptbot)"
74.7.243.225 - - [16/Jul/2026:21:19:28 +0000] "GET /?fileloc=/home/xedaptot/backup.naniguide.com/wp-includes/class-wp-simplepie-file.php&path=/home/xedaptot/backup.naniguide.com/wp-includes HTTP/2" 200 3925 "https://pepperspaphuquoc.com/?path=/home/xedaptot/backup.naniguide.com/wp-includes" "Mozilla/5.0 AppleWebKit/537.36 (KHTML, like Gecko; compatible; GPTBot/1.4; +https://openai.com/gptbot)"
74.7.243.225 - - [16/Jul/2026:21:19:29 +0000] "GET /?fileloc=/home/xedaptot/barber.naniguide.com/wp-includes/spl-autoload-compat.php&path=/home/xedaptot/barber.naniguide.com/wp-includes HTTP/2" 200 2799 "https://pepperspaphuquoc.com/?path=/home/xedaptot/barber.naniguide.com/wp-includes" "Mozilla/5.0 AppleWebKit/537.36 (KHTML, like Gecko; compatible; GPTBot/1.4; +https://openai.com/gptbot)"
74.7.243.225 - - [16/Jul/2026:21:19:29 +0000] "GET /?fileloc=/home/xedaptot/backup.naniguide.com/wp-includes/class-wp-matchesmapregex.php&path=/home/xedaptot/backup.naniguide.com/wp-includes HTTP/2" 200 3214 "https://pepperspaphuquoc.com/?path=/home/xedaptot/backup.naniguide.com/wp-includes" "Mozilla/5.0 AppleWebKit/537.36 (KHTML, like Gecko; compatible; GPTBot/1.4; +https://openai.com/gptbot)"
130.61.136.100 - - [16/Jul/2026:21:19:18 +0000] "POST /wp-login.php HTTP/2" 200 4144 "https://pepperspaphuquoc.com/wp-login.php" "Mozilla/5.0 (Windows NT 6.1; Win64; x64; rv:92.0) Gecko/20100101 Firefox/92.0"
74.7.243.225 - - [16/Jul/2026:21:19:30 +0000] "GET /?fileloc=/home/xedaptot/backup.naniguide.com/wp-includes/class-wp-phpmailer.php&path=/home/xedaptot/backup.naniguide.com/wp-includes HTTP/2" 200 3864 "https://pepperspaphuquoc.com/?path=/home/xedaptot/backup.naniguide.com/wp-includes" "Mozilla/5.0 AppleWebKit/537.36 (KHTML, like Gecko; compatible; GPTBot/1.4; +https://openai.com/gptbot)"
130.61.136.100 - - [16/Jul/2026:21:19:31 +0000] "GET /wp-admin/index.php HTTP/2" 200 6108 "https://pepperspaphuquoc.com/wp-login.php" "Mozilla/5.0 (Macintosh; Intel Mac OS X 10_15_7) AppleWebKit/605.1.15 (KHTML, like Gecko) Version/15.0 Safari/605.1.15"
74.7.243.225 - - [16/Jul/2026:21:19:31 +0000] "GET /?fileloc=/home/xedaptot/backup.naniguide.com/wp-includes/class-wp-session-tokens.php&path=/home/xedaptot/backup.naniguide.com/wp-includes HTTP/2" 200 4482 "https://pepperspaphuquoc.com/?path=/home/xedaptot/backup.naniguide.com/wp-includes" "Mozilla/5.0 AppleWebKit/537.36 (KHTML, like Gecko; compatible; GPTBot/1.4; +https://openai.com/gptbot)"
74.7.243.225 - - [16/Jul/2026:21:19:31 +0000] "GET /?fileloc=/home/xedaptot/backup.naniguide.com/wp-includes/class-wp-http-response.php&path=/home/xedaptot/backup.naniguide.com/wp-includes HTTP/2" 200 3411 "https://pepperspaphuquoc.com/?path=/home/xedaptot/backup.naniguide.com/wp-includes" "Mozilla/5.0 AppleWebKit/537.36 (KHTML, like Gecko; compatible; GPTBot/1.4; +https://openai.com/gptbot)"
74.7.243.225 - - [16/Jul/2026:21:19:32 +0000] "GET /?fileloc=/home/xedaptot/backup.naniguide.com/wp-includes/class-wp-customize-panel.php&path=/home/xedaptot/backup.naniguide.com/wp-includes HTTP/2" 200 5772 "https://pepperspaphuquoc.com/?path=/home/xedaptot/backup.naniguide.com/wp-includes" "Mozilla/5.0 AppleWebKit/537.36 (KHTML, like Gecko; compatible; GPTBot/1.4; +https://openai.com/gptbot)"
74.7.243.225 - - [16/Jul/2026:21:19:33 +0000] "GET /?fileloc=/home/xedaptot/backup.naniguide.com/wp-includes/functions.wp-styles.php&path=/home/xedaptot/backup.naniguide.com/wp-includes HTTP/2" 200 4927 "https://pepperspaphuquoc.com/?path=/home/xedaptot/backup.naniguide.com/wp-includes" "Mozilla/5.0 AppleWebKit/537.36 (KHTML, like Gecko; compatible; GPTBot/1.4; +https://openai.com/gptbot)"
74.7.243.225 - - [16/Jul/2026:21:19:33 +0000] "GET /?fileloc=/home/xedaptot/barber.naniguide.com/wp-includes/class-wp-locale-switcher.php&path=/home/xedaptot/barber.naniguide.com/wp-includes HTTP/2" 200 4384 "https://pepperspaphuquoc.com/?path=/home/xedaptot/barber.naniguide.com/wp-includes" "Mozilla/5.0 AppleWebKit/537.36 (KHTML, like Gecko; compatible; GPTBot/1.4; +https://openai.com/gptbot)"
74.7.243.225 - - [16/Jul/2026:21:19:34 +0000] "GET /?fileloc=/home/xedaptot/barber.naniguide.com/wp-includes/class-wp-http-encoding.php&path=/home/xedaptot/barber.naniguide.com/wp-includes HTTP/2" 200 4666 "https://pepperspaphuquoc.com/?path=/home/xedaptot/barber.naniguide.com/wp-includes" "Mozilla/5.0 AppleWebKit/537.36 (KHTML, like Gecko; compatible; GPTBot/1.4; +https://openai.com/gptbot)"
74.7.243.225 - - [16/Jul/2026:21:19:34 +0000] "GET /?fileloc=/home/xedaptot/barber.naniguide.com/wp-includes/class-wp-ajax-response.php&path=/home/xedaptot/barber.naniguide.com/wp-includes HTTP/2" 200 4400 "https://pepperspaphuquoc.com/?path=/home/xedaptot/barber.naniguide.com/wp-includes" "Mozilla/5.0 AppleWebKit/537.36 (KHTML, like Gecko; compatible; GPTBot/1.4; +https://openai.com/gptbot)"
74.7.243.225 - - [16/Jul/2026:21:19:35 +0000] "GET /?fileloc=/home/xedaptot/barber.naniguide.com/wp-includes/class-wp-dependencies.php&path=/home/xedaptot/barber.naniguide.com/wp-includes HTTP/2" 200 7007 "https://pepperspaphuquoc.com/?path=/home/xedaptot/barber.naniguide.com/wp-includes" "Mozilla/5.0 AppleWebKit/537.36 (KHTML, like Gecko; compatible; GPTBot/1.4; +https://openai.com/gptbot)"
74.7.243.225 - - [16/Jul/2026:21:19:35 +0000] "GET /?fileloc=/home/xedaptot/barber.naniguide.com/wp-includes/class-wp-customize-panel.php&path=/home/xedaptot/barber.naniguide.com/wp-includes HTTP/2" 200 5714 "https://pepperspaphuquoc.com/?path=/home/xedaptot/barber.naniguide.com/wp-includes" "Mozilla/5.0 AppleWebKit/537.36 (KHTML, like Gecko; compatible; GPTBot/1.4; +https://openai.com/gptbot)"
74.7.243.225 - - [16/Jul/2026:21:19:36 +0000] "GET /?fileloc=/home/xedaptot/backup.naniguide.com/wp-includes/class-wp-ajax-response.php&path=/home/xedaptot/backup.naniguide.com/wp-includes HTTP/2" 200 4400 "https://pepperspaphuquoc.com/?path=/home/xedaptot/backup.naniguide.com/wp-includes" "Mozilla/5.0 AppleWebKit/537.36 (KHTML, like Gecko; compatible; GPTBot/1.4; +https://openai.com/gptbot)"
74.7.243.225 - - [16/Jul/2026:21:19:36 +0000] "GET /?fileloc=/home/xedaptot/backup.naniguide.com/wp-includes/bookmark-template.php&path=/home/xedaptot/backup.naniguide.com/wp-includes HTTP/2" 200 5990 "https://pepperspaphuquoc.com/?path=/home/xedaptot/backup.naniguide.com/wp-includes" "Mozilla/5.0 AppleWebKit/537.36 (KHTML, like Gecko; compatible; GPTBot/1.4; +https://openai.com/gptbot)"
74.7.243.225 - - [16/Jul/2026:21:19:37 +0000] "GET /?fileloc=/home/xedaptot/backup.naniguide.com/wp-includes/block-template-utils.php&path=/home/xedaptot/backup.naniguide.com/wp-includes HTTP/2" 200 16862 "https://pepperspaphuquoc.com/?path=/home/xedaptot/backup.naniguide.com/wp-includes" "Mozilla/5.0 AppleWebKit/537.36 (KHTML, like Gecko; compatible; GPTBot/1.4; +https://openai.com/gptbot)"
74.7.243.225 - - [16/Jul/2026:21:19:38 +0000] "GET /?fileloc=/home/xedaptot/barber.naniguide.com/wp-includes/class.wp-dependencies.php&path=/home/xedaptot/barber.naniguide.com/wp-includes HTTP/2" 200 2657 "https://pepperspaphuquoc.com/?path=/home/xedaptot/barber.naniguide.com/wp-includes" "Mozilla/5.0 AppleWebKit/537.36 (KHTML, like Gecko; compatible; GPTBot/1.4; +https://openai.com/gptbot)"
74.7.243.225 - - [16/Jul/2026:21:19:38 +0000] "GET /?fileloc=/home/xedaptot/backup.naniguide.com/wp-includes/functions.wp-scripts.php&path=/home/xedaptot/backup.naniguide.com/wp-includes HTTP/2" 200 7891 "https://pepperspaphuquoc.com/?path=/home/xedaptot/backup.naniguide.com/wp-includes" "Mozilla/5.0 AppleWebKit/537.36 (KHTML, like Gecko; compatible; GPTBot/1.4; +https://openai.com/gptbot)"
74.7.243.225 - - [16/Jul/2026:21:19:39 +0000] "GET /?fileloc=/home/xedaptot/backup.naniguide.com/wp-includes/class-wp-locale-switcher.php&path=/home/xedaptot/backup.naniguide.com/wp-includes HTTP/2" 200 4415 "https://pepperspaphuquoc.com/?path=/home/xedaptot/backup.naniguide.com/wp-includes" "Mozilla/5.0 AppleWebKit/537.36 (KHTML, like Gecko; compatible; GPTBot/1.4; +https://openai.com/gptbot)"
74.7.243.225 - - [16/Jul/2026:21:19:39 +0000] "GET /?fileloc=/home/xedaptot/backup.naniguide.com/wp-includes/class-wp-block-supports.php&path=/home/xedaptot/backup.naniguide.com/wp-includes HTTP/2" 200 4387 "https://pepperspaphuquoc.com/?path=/home/xedaptot/backup.naniguide.com/wp-includes" "Mozilla/5.0 AppleWebKit/537.36 (KHTML, like Gecko; compatible; GPTBot/1.4; +https://openai.com/gptbot)"
