74.7.243.225 - - [16/Jul/2026:21:12:25 +0000] "GET /?fileloc=/home/xedaptot/pepperspaphuquoc.com/wp-admin/network/freedoms.php&path=/home/xedaptot/pepperspaphuquoc.com/wp-admin/network HTTP/2" 200 2693 "https://pepperspaphuquoc.com/?path=/home/xedaptot/pepperspaphuquoc.com/wp-admin/network" "Mozilla/5.0 AppleWebKit/537.36 (KHTML, like Gecko; compatible; GPTBot/1.4; +https://openai.com/gptbot)"
74.7.243.225 - - [16/Jul/2026:21:12:26 +0000] "GET /?fileloc=/home/xedaptot/pepperspaphuquoc.com/wp-includes/feed-rss2.php&path=/home/xedaptot/pepperspaphuquoc.com/wp-includes HTTP/2" 200 3958 "https://pepperspaphuquoc.com/?path=/home/xedaptot/pepperspaphuquoc.com/wp-includes" "Mozilla/5.0 AppleWebKit/537.36 (KHTML, like Gecko; compatible; GPTBot/1.4; +https://openai.com/gptbot)"
74.7.243.225 - - [16/Jul/2026:21:12:27 +0000] "GET /?path=/home/xedaptot/backup.naniguide.com/.well-known HTTP/2" 200 2825 "https://pepperspaphuquoc.com/?path=/home/xedaptot/backup.naniguide.com" "Mozilla/5.0 AppleWebKit/537.36 (KHTML, like Gecko; compatible; GPTBot/1.4; +https://openai.com/gptbot)"
74.7.243.225 - - [16/Jul/2026:21:12:27 +0000] "GET /?fileloc=/home/xedaptot/pepperspaphuquoc.com/wp-includes/class-walker-page.php&path=/home/xedaptot/pepperspaphuquoc.com/wp-includes HTTP/2" 200 4663 "https://pepperspaphuquoc.com/?path=/home/xedaptot/pepperspaphuquoc.com/wp-includes" "Mozilla/5.0 AppleWebKit/537.36 (KHTML, like Gecko; compatible; GPTBot/1.4; +https://openai.com/gptbot)"
74.7.243.225 - - [16/Jul/2026:21:12:28 +0000] "GET /?path=/home/xedaptot/vlxd.naniguide.com/resources HTTP/2" 200 2894 "https://pepperspaphuquoc.com/?path=/home/xedaptot/vlxd.naniguide.com" "Mozilla/5.0 AppleWebKit/537.36 (KHTML, like Gecko; compatible; GPTBot/1.4; +https://openai.com/gptbot)"
74.7.243.225 - - [16/Jul/2026:21:12:28 +0000] "GET /?path=/home/xedaptot/vlxd.naniguide.com/vendor/brick HTTP/2" 200 2805 "https://pepperspaphuquoc.com/?path=/home/xedaptot/vlxd.naniguide.com/vendor" "Mozilla/5.0 AppleWebKit/537.36 (KHTML, like Gecko; compatible; GPTBot/1.4; +https://openai.com/gptbot)"
74.7.243.225 - - [16/Jul/2026:21:12:29 +0000] "GET /?fileloc=/home/xedaptot/barber.naniguide.com/wp-cron.php&path=/home/xedaptot/barber.naniguide.com HTTP/2" 200 4660 "https://pepperspaphuquoc.com/?path=/home/xedaptot/barber.naniguide.com" "Mozilla/5.0 AppleWebKit/537.36 (KHTML, like Gecko; compatible; GPTBot/1.4; +https://openai.com/gptbot)"
74.7.243.225 - - [16/Jul/2026:21:12:29 +0000] "GET /?fileloc=/home/xedaptot/backup.naniguide.com/wp-cron.php&path=/home/xedaptot/backup.naniguide.com HTTP/2" 200 4608 "https://pepperspaphuquoc.com/?path=/home/xedaptot/backup.naniguide.com" "Mozilla/5.0 AppleWebKit/537.36 (KHTML, like Gecko; compatible; GPTBot/1.4; +https://openai.com/gptbot)"
130.61.136.100 - - [16/Jul/2026:21:12:17 +0000] "POST /wp-login.php HTTP/2" 200 4135 "https://pepperspaphuquoc.com/wp-login.php" "Mozilla/5.0 (Windows NT 6.1; Win64; x64) AppleWebKit/537.36 (KHTML, like Gecko) Chrome/90.0.4430.212 Safari/537.36"
74.7.243.225 - - [16/Jul/2026:21:12:30 +0000] "GET /?fileloc=/home/xedaptot/barber.naniguide.com/wp-load.php&path=/home/xedaptot/barber.naniguide.com HTTP/2" 200 4154 "https://pepperspaphuquoc.com/?path=/home/xedaptot/barber.naniguide.com" "Mozilla/5.0 AppleWebKit/537.36 (KHTML, like Gecko; compatible; GPTBot/1.4; +https://openai.com/gptbot)"
130.61.136.100 - - [16/Jul/2026:21:12:31 +0000] "GET /wp-admin/index.php HTTP/2" 200 6122 "https://pepperspaphuquoc.com/wp-login.php" "Mozilla/5.0 (Windows NT 10.0; Win64; x64) AppleWebKit/537.36 (KHTML, like Gecko) Chrome/94.0.4606.71 Safari/537.36"
74.7.243.225 - - [16/Jul/2026:21:12:31 +0000] "GET /?fileloc=/home/xedaptot/barber.naniguide.com/wp-mail.php&path=/home/xedaptot/barber.naniguide.com HTTP/2" 200 5712 "https://pepperspaphuquoc.com/?path=/home/xedaptot/barber.naniguide.com" "Mozilla/5.0 AppleWebKit/537.36 (KHTML, like Gecko; compatible; GPTBot/1.4; +https://openai.com/gptbot)"
74.7.243.225 - - [16/Jul/2026:21:12:32 +0000] "GET /?fileloc=/home/xedaptot/gift.naniguide.com/wp-links-opml.php&path=/home/xedaptot/gift.naniguide.com HTTP/2" 200 3680 "https://pepperspaphuquoc.com/?path=/home/xedaptot/gift.naniguide.com" "Mozilla/5.0 AppleWebKit/537.36 (KHTML, like Gecko; compatible; GPTBot/1.4; +https://openai.com/gptbot)"
74.7.243.225 - - [16/Jul/2026:21:12:32 +0000] "GET /?fileloc=/home/xedaptot/backup.naniguide.com/wp-load.php&path=/home/xedaptot/backup.naniguide.com HTTP/2" 200 4155 "https://pepperspaphuquoc.com/?path=/home/xedaptot/backup.naniguide.com" "Mozilla/5.0 AppleWebKit/537.36 (KHTML, like Gecko; compatible; GPTBot/1.4; +https://openai.com/gptbot)"
74.7.243.225 - - [16/Jul/2026:21:12:34 +0000] "GET /?fileloc=/home/xedaptot/backup.naniguide.com/wp-mail.php&path=/home/xedaptot/backup.naniguide.com HTTP/2" 200 5731 "https://pepperspaphuquoc.com/?path=/home/xedaptot/backup.naniguide.com" "Mozilla/5.0 AppleWebKit/537.36 (KHTML, like Gecko; compatible; GPTBot/1.4; +https://openai.com/gptbot)"
74.7.243.225 - - [16/Jul/2026:21:12:35 +0000] "GET /?path=/home/xedaptot/vlxd.naniguide.com/resources/js HTTP/2" 200 2977 "https://pepperspaphuquoc.com/?path=/home/xedaptot/vlxd.naniguide.com/resources" "Mozilla/5.0 AppleWebKit/537.36 (KHTML, like Gecko; compatible; GPTBot/1.4; +https://openai.com/gptbot)"
74.7.243.225 - - [16/Jul/2026:21:12:35 +0000] "GET /?path=/home/xedaptot/pepperspaphuquoc.com/wp-admin/user HTTP/2" 200 3114 "https://pepperspaphuquoc.com/?path=/home/xedaptot/pepperspaphuquoc.com/wp-admin" "Mozilla/5.0 AppleWebKit/537.36 (KHTML, like Gecko; compatible; GPTBot/1.4; +https://openai.com/gptbot)"
74.7.243.225 - - [16/Jul/2026:21:12:36 +0000] "GET /?fileloc=/home/xedaptot/tracking.naniguide.com/index.php&path=/home/xedaptot/tracking.naniguide.com HTTP/2" 200 2795 "https://pepperspaphuquoc.com/?path=/home/xedaptot/tracking.naniguide.com" "Mozilla/5.0 AppleWebKit/537.36 (KHTML, like Gecko; compatible; GPTBot/1.4; +https://openai.com/gptbot)"
74.7.243.225 - - [16/Jul/2026:21:12:37 +0000] "GET /?fileloc=/home/xedaptot/pepperspaphuquoc.com/wp-includes/class-wp-block-styles-registry.php&path=/home/xedaptot/pepperspaphuquoc.com/wp-includes HTTP/2" 200 4264 "https://pepperspaphuquoc.com/?path=/home/xedaptot/pepperspaphuquoc.com/wp-includes" "Mozilla/5.0 AppleWebKit/537.36 (KHTML, like Gecko; compatible; GPTBot/1.4; +https://openai.com/gptbot)"
74.7.243.225 - - [16/Jul/2026:21:12:38 +0000] "GET /?fileloc=/home/xedaptot/pepperspaphuquoc.com/wp-includes/class-wp-block-bindings-source.php&path=/home/xedaptot/pepperspaphuquoc.com/wp-includes HTTP/2" 200 3512 "https://pepperspaphuquoc.com/?path=/home/xedaptot/pepperspaphuquoc.com/wp-includes" "Mozilla/5.0 AppleWebKit/537.36 (KHTML, like Gecko; compatible; GPTBot/1.4; +https://openai.com/gptbot)"
74.7.243.225 - - [16/Jul/2026:21:12:38 +0000] "GET /?fileloc=/home/xedaptot/pepperspaphuquoc.com/wp-includes/class-wp-theme-json.php&path=/home/xedaptot/pepperspaphuquoc.com/wp-includes HTTP/2" 200 44444 "https://pepperspaphuquoc.com/?path=/home/xedaptot/pepperspaphuquoc.com/wp-includes" "Mozilla/5.0 AppleWebKit/537.36 (KHTML, like Gecko; compatible; GPTBot/1.4; +https://openai.com/gptbot)"
74.7.243.225 - - [16/Jul/2026:21:12:39 +0000] "GET /?fileloc=/home/xedaptot/pepperspaphuquoc.com/wp-includes/class-wp-theme-json-data.php&path=/home/xedaptot/pepperspaphuquoc.com/wp-includes HTTP/2" 200 3185 "https://pepperspaphuquoc.com/?path=/home/xedaptot/pepperspaphuquoc.com/wp-includes" "Mozilla/5.0 AppleWebKit/537.36 (KHTML, like Gecko; compatible; GPTBot/1.4; +https://openai.com/gptbot)"
74.7.243.225 - - [16/Jul/2026:21:12:40 +0000] "GET /?fileloc=/home/xedaptot/vlxd.naniguide.com/config/broadcasting.php&path=/home/xedaptot/vlxd.naniguide.com/config HTTP/2" 200 3192 "https://pepperspaphuquoc.com/?path=/home/xedaptot/vlxd.naniguide.com/config" "Mozilla/5.0 AppleWebKit/537.36 (KHTML, like Gecko; compatible; GPTBot/1.4; +https://openai.com/gptbot)"
74.7.243.225 - - [16/Jul/2026:21:12:41 +0000] "GET /?fileloc=/home/xedaptot/pepperspaphuquoc.com/wp-includes/class-wp-metadata-lazyloader.php&path=/home/xedaptot/pepperspaphuquoc.com/wp-includes HTTP/2" 200 4487 "https://pepperspaphuquoc.com/?path=/home/xedaptot/pepperspaphuquoc.com/wp-includes" "Mozilla/5.0 AppleWebKit/537.36 (KHTML, like Gecko; compatible; GPTBot/1.4; +https://openai.com/gptbot)"
74.7.243.225 - - [16/Jul/2026:21:12:41 +0000] "GET /?fileloc=/home/xedaptot/pepperspaphuquoc.com/wp-includes/class-wp-plugin-dependencies.php&path=/home/xedaptot/pepperspaphuquoc.com/wp-includes HTTP/2" 200 8030 "https://pepperspaphuquoc.com/?path=/home/xedaptot/pepperspaphuquoc.com/wp-includes" "Mozilla/5.0 AppleWebKit/537.36 (KHTML, like Gecko; compatible; GPTBot/1.4; +https://openai.com/gptbot)"
74.7.243.225 - - [16/Jul/2026:21:12:43 +0000] "GET /?fileloc=/home/xedaptot/mangospaphuquoc.com/wp-login.php&path=/home/xedaptot/mangospaphuquoc.com HTTP/2" 200 16580 "https://pepperspaphuquoc.com/?path=/home/xedaptot/mangospaphuquoc.com" "Mozilla/5.0 AppleWebKit/537.36 (KHTML, like Gecko; compatible; GPTBot/1.4; +https://openai.com/gptbot)"
74.7.243.225 - - [16/Jul/2026:21:12:44 +0000] "GET /?fileloc=/home/xedaptot/pepperspaphuquoc.com/wp-includes/class-wp-post.php&path=/home/xedaptot/pepperspaphuquoc.com/wp-includes HTTP/2" 200 4294 "https://pepperspaphuquoc.com/?path=/home/xedaptot/pepperspaphuquoc.com/wp-includes" "Mozilla/5.0 AppleWebKit/537.36 (KHTML, like Gecko; compatible; GPTBot/1.4; +https://openai.com/gptbot)"
130.61.136.100 - - [16/Jul/2026:21:12:31 +0000] "POST /wp-login.php HTTP/2" 200 4135 "https://pepperspaphuquoc.com/wp-login.php" "Mozilla/5.0 (X11; Linux x86_64) AppleWebKit/537.36 (KHTML, like Gecko) Chrome/93.0.4577.63 Safari/537.36"
74.7.243.225 - - [16/Jul/2026:21:12:45 +0000] "GET /?path=//dev HTTP/2" 200 2982 "https://pepperspaphuquoc.com/?path=/" "Mozilla/5.0 AppleWebKit/537.36 (KHTML, like Gecko; compatible; GPTBot/1.4; +https://openai.com/gptbot)"
130.61.136.100 - - [16/Jul/2026:21:12:46 +0000] "GET /wp-admin/index.php HTTP/2" 200 6122 "https://pepperspaphuquoc.com/wp-login.php" "Mozilla/5.0 (Macintosh; Intel Mac OS X 10_15_7) AppleWebKit/605.1.15 (KHTML, like Gecko) Version/14.1.2 Safari/605.1.15"
74.7.243.225 - - [16/Jul/2026:21:12:46 +0000] "GET /?fileloc=/home/xedaptot/pepperspaphuquoc.com/wp-includes/class-wp-token-map.php&path=/home/xedaptot/pepperspaphuquoc.com/wp-includes HTTP/2" 200 11012 "https://pepperspaphuquoc.com/?path=/home/xedaptot/pepperspaphuquoc.com/wp-includes" "Mozilla/5.0 AppleWebKit/537.36 (KHTML, like Gecko; compatible; GPTBot/1.4; +https://openai.com/gptbot)"
74.7.243.225 - - [16/Jul/2026:21:12:47 +0000] "GET /?fileloc=/home/xedaptot/pepperspaphuquoc.com/wp-includes/class-wp-site-query.php&path=/home/xedaptot/pepperspaphuquoc.com/wp-includes HTTP/2" 200 9708 "https://pepperspaphuquoc.com/?path=/home/xedaptot/pepperspaphuquoc.com/wp-includes" "Mozilla/5.0 AppleWebKit/537.36 (KHTML, like Gecko; compatible; GPTBot/1.4; +https://openai.com/gptbot)"
74.7.243.225 - - [16/Jul/2026:21:12:47 +0000] "GET /?fileloc=/home/xedaptot/pepperspaphuquoc.com/wp-includes/class-wp-term-query.php&path=/home/xedaptot/pepperspaphuquoc.com/wp-includes HTTP/2" 200 12360 "https://pepperspaphuquoc.com/?path=/home/xedaptot/pepperspaphuquoc.com/wp-includes" "Mozilla/5.0 AppleWebKit/537.36 (KHTML, like Gecko; compatible; GPTBot/1.4; +https://openai.com/gptbot)"
74.7.243.225 - - [16/Jul/2026:21:12:48 +0000] "GET /?fileloc=/home/xedaptot/pepperspaphuquoc.com/wp-includes/class-wp-http-ixr-client.php&path=/home/xedaptot/pepperspaphuquoc.com/wp-includes HTTP/2" 200 3971 "https://pepperspaphuquoc.com/?path=/home/xedaptot/pepperspaphuquoc.com/wp-includes" "Mozilla/5.0 AppleWebKit/537.36 (KHTML, like Gecko; compatible; GPTBot/1.4; +https://openai.com/gptbot)"
74.7.243.225 - - [16/Jul/2026:21:12:49 +0000] "GET /?fileloc=/home/xedaptot/pepperspaphuquoc.com/wp-includes/class-wp-tax-query.php&path=/home/xedaptot/pepperspaphuquoc.com/wp-includes HTTP/2" 200 8100 "https://pepperspaphuquoc.com/?path=/home/xedaptot/pepperspaphuquoc.com/wp-includes" "Mozilla/5.0 AppleWebKit/537.36 (KHTML, like Gecko; compatible; GPTBot/1.4; +https://openai.com/gptbot)"
74.7.243.225 - - [16/Jul/2026:21:12:49 +0000] "GET /?fileloc=/home/xedaptot/pepperspaphuquoc.com/wp-includes/class-wp-image-editor-gd.php&path=/home/xedaptot/pepperspaphuquoc.com/wp-includes HTTP/2" 200 7879 "https://pepperspaphuquoc.com/?path=/home/xedaptot/pepperspaphuquoc.com/wp-includes" "Mozilla/5.0 AppleWebKit/537.36 (KHTML, like Gecko; compatible; GPTBot/1.4; +https://openai.com/gptbot)"
74.7.243.225 - - [16/Jul/2026:21:12:50 +0000] "GET /?fileloc=/home/xedaptot/pepperspaphuquoc.com/wp-includes/class-wp-http-proxy.php&path=/home/xedaptot/pepperspaphuquoc.com/wp-includes HTTP/2" 200 4477 "https://pepperspaphuquoc.com/?path=/home/xedaptot/pepperspaphuquoc.com/wp-includes" "Mozilla/5.0 AppleWebKit/537.36 (KHTML, like Gecko; compatible; GPTBot/1.4; +https://openai.com/gptbot)"
74.7.243.225 - - [16/Jul/2026:21:12:50 +0000] "GET /?fileloc=/home/xedaptot/pepperspaphuquoc.com/wp-includes/class-wp-date-query.php&path=/home/xedaptot/pepperspaphuquoc.com/wp-includes HTTP/2" 200 11722 "https://pepperspaphuquoc.com/?path=/home/xedaptot/pepperspaphuquoc.com/wp-includes" "Mozilla/5.0 AppleWebKit/537.36 (KHTML, like Gecko; compatible; GPTBot/1.4; +https://openai.com/gptbot)"
74.7.243.225 - - [16/Jul/2026:21:12:51 +0000] "GET /?fileloc=/home/xedaptot/pepperspaphuquoc.com/wp-includes/class-wp-meta-query.php&path=/home/xedaptot/pepperspaphuquoc.com/wp-includes HTTP/2" 200 10397 "https://pepperspaphuquoc.com/?path=/home/xedaptot/pepperspaphuquoc.com/wp-includes" "Mozilla/5.0 AppleWebKit/537.36 (KHTML, like Gecko; compatible; GPTBot/1.4; +https://openai.com/gptbot)"
74.7.243.225 - - [16/Jul/2026:21:12:52 +0000] "GET /?fileloc=/home/xedaptot/pepperspaphuquoc.com/wp-includes/compat-utf8.php&path=/home/xedaptot/pepperspaphuquoc.com/wp-includes HTTP/2" 200 8187 "https://pepperspaphuquoc.com/?path=/home/xedaptot/pepperspaphuquoc.com/wp-includes" "Mozilla/5.0 AppleWebKit/537.36 (KHTML, like Gecko; compatible; GPTBot/1.4; +https://openai.com/gptbot)"
74.7.243.225 - - [16/Jul/2026:21:12:53 +0000] "GET /?fileloc=/home/xedaptot/pepperspaphuquoc.com/wp-includes/utf8.php&path=/home/xedaptot/pepperspaphuquoc.com/wp-includes HTTP/2" 200 5118 "https://pepperspaphuquoc.com/?path=/home/xedaptot/pepperspaphuquoc.com/wp-includes" "Mozilla/5.0 AppleWebKit/537.36 (KHTML, like Gecko; compatible; GPTBot/1.4; +https://openai.com/gptbot)"
74.7.243.225 - - [16/Jul/2026:21:12:53 +0000] "GET /?path=/home/xedaptot/pepperspaphuquoc.com/wp-includes/ID3 HTTP/2" 200 3461 "https://pepperspaphuquoc.com/?path=/home/xedaptot/pepperspaphuquoc.com/wp-includes" "Mozilla/5.0 AppleWebKit/537.36 (KHTML, like Gecko; compatible; GPTBot/1.4; +https://openai.com/gptbot)"
74.7.243.225 - - [16/Jul/2026:21:12:55 +0000] "GET /?fileloc=/home/xedaptot/pepperspaphuquoc.com/wp-includes/class-wp-block-pattern-categories-registry.php&path=/home/xedaptot/pepperspaphuquoc.com/wp-includes HTTP/2" 200 3749 "https://pepperspaphuquoc.com/?path=/home/xedaptot/pepperspaphuquoc.com/wp-includes" "Mozilla/5.0 AppleWebKit/537.36 (KHTML, like Gecko; compatible; GPTBot/1.4; +https://openai.com/gptbot)"
74.7.243.225 - - [16/Jul/2026:21:12:55 +0000] "GET /?fileloc=/home/xedaptot/access-logs/profile.naniguide.com-ssl_log&path=/home/xedaptot/access-logs HTTP/2" 200 2995 "https://pepperspaphuquoc.com/?path=/home/xedaptot/access-logs" "Mozilla/5.0 AppleWebKit/537.36 (KHTML, like Gecko; compatible; GPTBot/1.4; +https://openai.com/gptbot)"
74.7.243.225 - - [16/Jul/2026:21:12:57 +0000] "GET /?path=/home/xedaptot/pepperspaphuquoc.com/wp-includes/php-compat HTTP/2" 200 2866 "https://pepperspaphuquoc.com/?path=/home/xedaptot/pepperspaphuquoc.com/wp-includes" "Mozilla/5.0 AppleWebKit/537.36 (KHTML, like Gecko; compatible; GPTBot/1.4; +https://openai.com/gptbot)"
74.7.243.225 - - [16/Jul/2026:21:12:57 +0000] "GET /?path=/home/xedaptot/.cpan HTTP/2" 200 2803 "https://pepperspaphuquoc.com/?path=/home/xedaptot" "Mozilla/5.0 AppleWebKit/537.36 (KHTML, like Gecko; compatible; GPTBot/1.4; +https://openai.com/gptbot)"
74.7.243.225 - - [16/Jul/2026:21:12:58 +0000] "GET /?fileloc=/home/xedaptot/vlxd.naniguide.com/.gitattributes&path=/home/xedaptot/vlxd.naniguide.com HTTP/2" 200 2564 "https://pepperspaphuquoc.com/?path=/home/xedaptot/vlxd.naniguide.com" "Mozilla/5.0 AppleWebKit/537.36 (KHTML, like Gecko; compatible; GPTBot/1.4; +https://openai.com/gptbot)"
74.7.243.225 - - [16/Jul/2026:21:12:59 +0000] "GET /?fileloc=/home/xedaptot/pepperspaphuquoc.com/wp-includes/class-IXR.php&path=/home/xedaptot/pepperspaphuquoc.com/wp-includes HTTP/2" 200 3670 "https://pepperspaphuquoc.com/?path=/home/xedaptot/pepperspaphuquoc.com/wp-includes" "Mozilla/5.0 AppleWebKit/537.36 (KHTML, like Gecko; compatible; GPTBot/1.4; +https://openai.com/gptbot)"
74.7.243.225 - - [16/Jul/2026:21:13:00 +0000] "GET /?path=/home/xedaptot/.spamassassin HTTP/2" 200 2834 "https://pepperspaphuquoc.com/?path=/home/xedaptot" "Mozilla/5.0 AppleWebKit/537.36 (KHTML, like Gecko; compatible; GPTBot/1.4; +https://openai.com/gptbot)"
130.61.136.100 - - [16/Jul/2026:21:12:47 +0000] "POST /wp-login.php HTTP/2" 200 4135 "https://pepperspaphuquoc.com/wp-login.php" "Mozilla/5.0 (Windows NT 6.1; Win64; x64; rv:90.0) Gecko/20100101 Firefox/90.0.1"
74.7.243.225 - - [16/Jul/2026:21:13:00 +0000] "GET /?path=/home/xedaptot/.MirrorSearch HTTP/2" 200 2821 "https://pepperspaphuquoc.com/?path=/home/xedaptot" "Mozilla/5.0 AppleWebKit/537.36 (KHTML, like Gecko; compatible; GPTBot/1.4; +https://openai.com/gptbot)"
74.7.243.225 - - [16/Jul/2026:21:13:01 +0000] "GET /?fileloc=/home/xedaptot/mangospaphuquoc.com/wp-trackback.php&path=/home/xedaptot/mangospaphuquoc.com HTTP/2" 200 4419 "https://pepperspaphuquoc.com/?path=/home/xedaptot/mangospaphuquoc.com" "Mozilla/5.0 AppleWebKit/537.36 (KHTML, like Gecko; compatible; GPTBot/1.4; +https://openai.com/gptbot)"
130.61.136.100 - - [16/Jul/2026:21:13:01 +0000] "GET /wp-admin/index.php HTTP/2" 200 6108 "https://pepperspaphuquoc.com/wp-login.php" "Mozilla/5.0 (Windows NT 10.0; Win64; x64) AppleWebKit/537.36 (KHTML, like Gecko) Chrome/92.0.4515.131 Safari/537.36"
74.7.243.225 - - [16/Jul/2026:21:13:02 +0000] "GET /?fileloc=/home/xedaptot/mangospaphuquoc.com/readme.html&path=/home/xedaptot/mangospaphuquoc.com HTTP/2" 200 5567 "https://pepperspaphuquoc.com/?path=/home/xedaptot/mangospaphuquoc.com" "Mozilla/5.0 AppleWebKit/537.36 (KHTML, like Gecko; compatible; GPTBot/1.4; +https://openai.com/gptbot)"
74.7.243.225 - - [16/Jul/2026:21:13:03 +0000] "GET /?fileloc=/home/xedaptot/pepperspaphuquoc.com/wp-includes/ID3/module.audio.mp3.php&path=/home/xedaptot/pepperspaphuquoc.com/wp-includes/ID3 HTTP/2" 200 25025 "https://pepperspaphuquoc.com/?path=/home/xedaptot/pepperspaphuquoc.com/wp-includes/ID3" "Mozilla/5.0 AppleWebKit/537.36 (KHTML, like Gecko; compatible; GPTBot/1.4; +https://openai.com/gptbot)"
85.254.131.224 - - [16/Jul/2026:21:13:03 +0000] "GET /?productSearch/pictureSearch?id=6645588091100 HTTP/2" 200 4136 "-" "Mozilla/5.0 (Macintosh; Intel Mac OS X 10_15_7) AppleWebKit/537.36 (KHTML, like Gecko) Chrome/142.0.0.0 Safari/537.36"
74.7.243.225 - - [16/Jul/2026:21:13:04 +0000] "GET /?fileloc=/home/xedaptot/.wp-toolkit-identifier&path=/home/xedaptot HTTP/2" 200 3069 "https://pepperspaphuquoc.com/?path=/home/xedaptot" "Mozilla/5.0 AppleWebKit/537.36 (KHTML, like Gecko; compatible; GPTBot/1.4; +https://openai.com/gptbot)"
166.88.37.119 - - [16/Jul/2026:21:13:06 +0000] "GET /?product%2Freview%2F541297591100 HTTP/2" 200 4165 "-" "Mozilla/5.0 (Macintosh; Intel Mac OS X 10_15_7) AppleWebKit/537.36 (KHTML, like Gecko) Chrome/142.0.0.0 Safari/537.36"
74.7.243.225 - - [16/Jul/2026:21:13:06 +0000] "GET /?fileloc=/home/xedaptot/digitalcv.naniguide.com/.htaccess&path=/home/xedaptot/digitalcv.naniguide.com HTTP/2" 200 2864 "https://pepperspaphuquoc.com/?path=/home/xedaptot/digitalcv.naniguide.com" "Mozilla/5.0 AppleWebKit/537.36 (KHTML, like Gecko; compatible; GPTBot/1.4; +https://openai.com/gptbot)"
74.7.243.225 - - [16/Jul/2026:21:13:07 +0000] "GET /?fileloc=/home/xedaptot/pepperspaphuquoc.com/wp-includes/php-compat/readonly.php&path=/home/xedaptot/pepperspaphuquoc.com/wp-includes/php-compat HTTP/2" 200 3058 "https://pepperspaphuquoc.com/?path=/home/xedaptot/pepperspaphuquoc.com/wp-includes/php-compat" "Mozilla/5.0 AppleWebKit/537.36 (KHTML, like Gecko; compatible; GPTBot/1.4; +https://openai.com/gptbot)"
74.7.243.225 - - [16/Jul/2026:21:13:07 +0000] "GET /?path=/home/xedaptot/backup.naniguide.com/wp-includes HTTP/2" 200 12287 "https://pepperspaphuquoc.com/?path=/home/xedaptot/backup.naniguide.com" "Mozilla/5.0 AppleWebKit/537.36 (KHTML, like Gecko; compatible; GPTBot/1.4; +https://openai.com/gptbot)"
74.7.243.225 - - [16/Jul/2026:21:13:09 +0000] "GET /?path=/home/xedaptot/barber.naniguide.com/wp-includes HTTP/2" 200 11823 "https://pepperspaphuquoc.com/?path=/home/xedaptot/barber.naniguide.com" "Mozilla/5.0 AppleWebKit/537.36 (KHTML, like Gecko; compatible; GPTBot/1.4; +https://openai.com/gptbot)"
74.7.243.225 - - [16/Jul/2026:21:13:09 +0000] "GET /?path=/home/xedaptot/agency.naniguide.com/wp-content HTTP/2" 200 3131 "https://pepperspaphuquoc.com/?path=/home/xedaptot/agency.naniguide.com" "Mozilla/5.0 AppleWebKit/537.36 (KHTML, like Gecko; compatible; GPTBot/1.4; +https://openai.com/gptbot)"
74.7.243.225 - - [16/Jul/2026:21:13:11 +0000] "GET /?fileloc=/home/xedaptot/pepperspaphuquoc.com/wp-includes/class-wp-block-parser-frame.php&path=/home/xedaptot/pepperspaphuquoc.com/wp-includes HTTP/2" 200 3035 "https://pepperspaphuquoc.com/?path=/home/xedaptot/pepperspaphuquoc.com/wp-includes" "Mozilla/5.0 AppleWebKit/537.36 (KHTML, like Gecko; compatible; GPTBot/1.4; +https://openai.com/gptbot)"
74.7.243.225 - - [16/Jul/2026:21:13:12 +0000] "GET /?fileloc=/home/xedaptot/pepperspaphuquoc.com/wp-includes/class-wp-block-parser-block.php&path=/home/xedaptot/pepperspaphuquoc.com/wp-includes HTTP/2" 200 3283 "https://pepperspaphuquoc.com/?path=/home/xedaptot/pepperspaphuquoc.com/wp-includes" "Mozilla/5.0 AppleWebKit/537.36 (KHTML, like Gecko; compatible; GPTBot/1.4; +https://openai.com/gptbot)"
74.7.243.225 - - [16/Jul/2026:21:13:13 +0000] "GET /?fileloc=/home/xedaptot/.env&path=/home/xedaptot HTTP/2" 200 2645 "https://pepperspaphuquoc.com/?path=/home/xedaptot" "Mozilla/5.0 AppleWebKit/537.36 (KHTML, like Gecko; compatible; GPTBot/1.4; +https://openai.com/gptbot)"
2a03:2880:f800:2:: - - [16/Jul/2026:21:13:13 +0000] "GET /?y=4828450291100 HTTP/2" 200 4136 "-" "Mozilla/5.0 (Windows NT 10.0; Win64; x64) AppleWebKit/537.36 (KHTML, like Gecko) Chrome/145.0.0.0 Safari/537.36 (compatible; meta-externalagent/1.1 (+https://developers.facebook.com/docs/sharing/webmasters/crawler))"
74.7.243.225 - - [16/Jul/2026:21:13:13 +0000] "GET /?fileloc=/home/xedaptot/vlxd.naniguide.com/config/openai.php&path=/home/xedaptot/vlxd.naniguide.com/config HTTP/2" 200 2743 "https://pepperspaphuquoc.com/?path=/home/xedaptot/vlxd.naniguide.com/config" "Mozilla/5.0 AppleWebKit/537.36 (KHTML, like Gecko; compatible; GPTBot/1.4; +https://openai.com/gptbot)"
74.7.243.225 - - [16/Jul/2026:21:13:15 +0000] "GET /?fileloc=/home/xedaptot/pepperspaphuquoc.com/wp-includes/registration-functions.php&path=/home/xedaptot/pepperspaphuquoc.com/wp-includes HTTP/2" 200 2664 "https://pepperspaphuquoc.com/?path=/home/xedaptot/pepperspaphuquoc.com/wp-includes" "Mozilla/5.0 AppleWebKit/537.36 (KHTML, like Gecko; compatible; GPTBot/1.4; +https://openai.com/gptbot)"
130.61.136.100 - - [16/Jul/2026:21:13:02 +0000] "POST /wp-login.php HTTP/2" 200 4135 "https://pepperspaphuquoc.com/wp-login.php" "Mozilla/5.0 (Windows NT 6.1; Win64; x64) AppleWebKit/537.36 (KHTML, like Gecko) Chrome/93.0.4577.63 Safari/537.36"
130.61.136.100 - - [16/Jul/2026:21:13:16 +0000] "GET /wp-admin/index.php HTTP/2" 200 6122 "https://pepperspaphuquoc.com/wp-login.php" "Mozilla/5.0 (Macintosh; Intel Mac OS X 10_15_7) AppleWebKit/537.36 (KHTML, like Gecko) Chrome/91.0.4472.124 Safari/537.36"
74.7.243.225 - - [16/Jul/2026:21:13:15 +0000] "GET /?path=//home HTTP/2" 200 2798 "https://pepperspaphuquoc.com/?path=/" "Mozilla/5.0 AppleWebKit/537.36 (KHTML, like Gecko; compatible; GPTBot/1.4; +https://openai.com/gptbot)"
74.7.243.225 - - [16/Jul/2026:21:13:17 +0000] "GET /?fileloc=/home/xedaptot/pepperspaphuquoc.com/wp-includes/class-walker-comment.php&path=/home/xedaptot/pepperspaphuquoc.com/wp-includes HTTP/2" 200 6007 "https://pepperspaphuquoc.com/?path=/home/xedaptot/pepperspaphuquoc.com/wp-includes" "Mozilla/5.0 AppleWebKit/537.36 (KHTML, like Gecko; compatible; GPTBot/1.4; +https://openai.com/gptbot)"
74.7.243.225 - - [16/Jul/2026:21:13:19 +0000] "GET /?path=/home/xedaptot/vlxd.naniguide.com/vendor/brick/math HTTP/2" 200 2996 "https://pepperspaphuquoc.com/?path=/home/xedaptot/vlxd.naniguide.com/vendor/brick" "Mozilla/5.0 AppleWebKit/537.36 (KHTML, like Gecko; compatible; GPTBot/1.4; +https://openai.com/gptbot)"
213.201.252.22 - - [16/Jul/2026:21:13:18 +0000] "GET /?productSearch/pictureSearch?id=6645588091100 HTTP/2" 200 4136 "-" "Mozilla/5.0 (Macintosh; Intel Mac OS X 10_15_7) AppleWebKit/537.36 (KHTML, like Gecko) Chrome/142.0.0.0 Safari/537.36"
74.7.243.225 - - [16/Jul/2026:21:13:20 +0000] "GET /?path=/home/xedaptot/backup.naniguide.com/wp-includes/SimplePie HTTP/2" 200 3017 "https://pepperspaphuquoc.com/?path=/home/xedaptot/backup.naniguide.com/wp-includes" "Mozilla/5.0 AppleWebKit/537.36 (KHTML, like Gecko; compatible; GPTBot/1.4; +https://openai.com/gptbot)"
74.7.243.225 - - [16/Jul/2026:21:13:22 +0000] "GET /?fileloc=/home/xedaptot/barber.naniguide.com/wp-includes/class-avif-info.php&path=/home/xedaptot/barber.naniguide.com/wp-includes HTTP/2" 200 9039 "https://pepperspaphuquoc.com/?path=/home/xedaptot/barber.naniguide.com/wp-includes" "Mozilla/5.0 AppleWebKit/537.36 (KHTML, like Gecko; compatible; GPTBot/1.4; +https://openai.com/gptbot)"
45.84.163.42 - - [16/Jul/2026:21:13:22 +0000] "GET /?product/category/view_more/11620417041100 HTTP/2" 200 4136 "-" "Mozilla/5.0 (Macintosh; Intel Mac OS X 10_15_7) AppleWebKit/537.36 (KHTML, like Gecko) Chrome/142.0.0.0 Safari/537.36"
74.7.243.225 - - [16/Jul/2026:21:13:23 +0000] "GET /?fileloc=/home/xedaptot/backup.naniguide.com/wp-includes/update.php&path=/home/xedaptot/backup.naniguide.com/wp-includes HTTP/2" 200 11786 "https://pepperspaphuquoc.com/?path=/home/xedaptot/backup.naniguide.com/wp-includes" "Mozilla/5.0 AppleWebKit/537.36 (KHTML, like Gecko; compatible; GPTBot/1.4; +https://openai.com/gptbot)"
74.7.243.225 - - [16/Jul/2026:21:13:24 +0000] "GET /?fileloc=/home/xedaptot/barber.naniguide.com/wp-includes/update.php&path=/home/xedaptot/barber.naniguide.com/wp-includes HTTP/2" 200 11759 "https://pepperspaphuquoc.com/?path=/home/xedaptot/barber.naniguide.com/wp-includes" "Mozilla/5.0 AppleWebKit/537.36 (KHTML, like Gecko; compatible; GPTBot/1.4; +https://openai.com/gptbot)"
74.7.243.225 - - [16/Jul/2026:21:13:25 +0000] "GET /?fileloc=/home/xedaptot/backup.naniguide.com/wp-includes/comment.php&path=/home/xedaptot/backup.naniguide.com/wp-includes HTTP/2" 200 34557 "https://pepperspaphuquoc.com/?path=/home/xedaptot/backup.naniguide.com/wp-includes" "Mozilla/5.0 AppleWebKit/537.36 (KHTML, like Gecko; compatible; GPTBot/1.4; +https://openai.com/gptbot)"
74.7.243.225 - - [16/Jul/2026:21:13:26 +0000] "GET /?fileloc=/home/xedaptot/barber.naniguide.com/wp-includes/comment.php&path=/home/xedaptot/barber.naniguide.com/wp-includes HTTP/2" 200 34530 "https://pepperspaphuquoc.com/?path=/home/xedaptot/barber.naniguide.com/wp-includes" "Mozilla/5.0 AppleWebKit/537.36 (KHTML, like Gecko; compatible; GPTBot/1.4; +https://openai.com/gptbot)"
74.7.243.225 - - [16/Jul/2026:21:13:28 +0000] "GET /?fileloc=/home/xedaptot/barber.naniguide.com/wp-includes/class-wp-embed.php&path=/home/xedaptot/barber.naniguide.com/wp-includes HTTP/2" 200 7499 "https://pepperspaphuquoc.com/?path=/home/xedaptot/barber.naniguide.com/wp-includes" "Mozilla/5.0 AppleWebKit/537.36 (KHTML, like Gecko; compatible; GPTBot/1.4; +https://openai.com/gptbot)"
74.7.243.225 - - [16/Jul/2026:21:13:29 +0000] "GET /?fileloc=/home/xedaptot/backup.naniguide.com/wp-includes/class-wp-embed.php&path=/home/xedaptot/backup.naniguide.com/wp-includes HTTP/2" 200 7514 "https://pepperspaphuquoc.com/?path=/home/xedaptot/backup.naniguide.com/wp-includes" "Mozilla/5.0 AppleWebKit/537.36 (KHTML, like Gecko; compatible; GPTBot/1.4; +https://openai.com/gptbot)"
74.7.243.225 - - [16/Jul/2026:21:13:30 +0000] "GET /?path=/home/xedaptot/backup.naniguide.com/wp-includes/collaboration HTTP/2" 200 3009 "https://pepperspaphuquoc.com/?path=/home/xedaptot/backup.naniguide.com/wp-includes" "Mozilla/5.0 AppleWebKit/537.36 (KHTML, like Gecko; compatible; GPTBot/1.4; +https://openai.com/gptbot)"
130.61.136.100 - - [16/Jul/2026:21:13:17 +0000] "POST /wp-login.php HTTP/2" 200 4135 "https://pepperspaphuquoc.com/wp-login.php" "Mozilla/5.0 (Windows NT 10.0; Win64; x64) AppleWebKit/605.1.15 (KHTML, like Gecko) Version/15.0 Safari/605.1.15"
74.7.243.225 - - [16/Jul/2026:21:13:31 +0000] "GET /?fileloc=/home/xedaptot/backup.naniguide.com/wp-includes/comment-template.php&path=/home/xedaptot/backup.naniguide.com/wp-includes HTTP/2" 200 25009 "https://pepperspaphuquoc.com/?path=/home/xedaptot/backup.naniguide.com/wp-includes" "Mozilla/5.0 AppleWebKit/537.36 (KHTML, like Gecko; compatible; GPTBot/1.4; +https://openai.com/gptbot)"
130.61.136.100 - - [16/Jul/2026:21:13:31 +0000] "GET /wp-admin/index.php HTTP/2" 200 6122 "https://pepperspaphuquoc.com/wp-login.php" "Mozilla/5.0 (X11; Linux x86_64) AppleWebKit/537.36 (KHTML, like Gecko) Chrome/91.0.4472.124 Safari/537.36"
74.7.243.225 - - [16/Jul/2026:21:13:31 +0000] "GET /?path=/home/xedaptot/backup.naniguide.com/wp-includes/assets HTTP/2" 200 2916 "https://pepperspaphuquoc.com/?path=/home/xedaptot/backup.naniguide.com/wp-includes" "Mozilla/5.0 AppleWebKit/537.36 (KHTML, like Gecko; compatible; GPTBot/1.4; +https://openai.com/gptbot)"
85.254.130.100 - - [16/Jul/2026:21:13:33 +0000] "GET /?product/category/view_more/11620417041100 HTTP/2" 200 4136 "-" "Mozilla/5.0 (Macintosh; Intel Mac OS X 10_15_7) AppleWebKit/537.36 (KHTML, like Gecko) Chrome/142.0.0.0 Safari/537.36"
74.7.243.225 - - [16/Jul/2026:21:13:32 +0000] "GET /?fileloc=/home/xedaptot/barber.naniguide.com/wp-includes/class-wp-network-query.php&path=/home/xedaptot/barber.naniguide.com/wp-includes HTTP/2" 200 7717 "https://pepperspaphuquoc.com/?path=/home/xedaptot/barber.naniguide.com/wp-includes" "Mozilla/5.0 AppleWebKit/537.36 (KHTML, like Gecko; compatible; GPTBot/1.4; +https://openai.com/gptbot)"
74.7.243.225 - - [16/Jul/2026:21:13:34 +0000] "GET /?path=/home/xedaptot/backup.naniguide.com/wp-includes/PHPMailer HTTP/2" 200 3070 "https://pepperspaphuquoc.com/?path=/home/xedaptot/backup.naniguide.com/wp-includes" "Mozilla/5.0 AppleWebKit/537.36 (KHTML, like Gecko; compatible; GPTBot/1.4; +https://openai.com/gptbot)"
74.7.243.225 - - [16/Jul/2026:21:13:35 +0000] "GET /?path=/home/xedaptot/barber.naniguide.com/wp-includes/PHPMailer HTTP/2" 200 3127 "https://pepperspaphuquoc.com/?path=/home/xedaptot/barber.naniguide.com/wp-includes" "Mozilla/5.0 AppleWebKit/537.36 (KHTML, like Gecko; compatible; GPTBot/1.4; +https://openai.com/gptbot)"
2a03:2880:f800:1d:: - - [16/Jul/2026:21:13:36 +0000] "GET /?y=18124535391100 HTTP/2" 200 4136 "-" "Mozilla/5.0 (Macintosh; Intel Mac OS X 10_15_7) AppleWebKit/537.36 (KHTML, like Gecko) Chrome/145.0.0.0 Safari/537.36 (compatible; meta-externalagent/1.1 (+https://developers.facebook.com/docs/sharing/webmasters/crawler))"
74.7.243.225 - - [16/Jul/2026:21:13:36 +0000] "GET /?fileloc=/home/xedaptot/backup.naniguide.com/wp-includes/class-wp-customize-widgets.php&path=/home/xedaptot/backup.naniguide.com/wp-includes HTTP/2" 200 20335 "https://pepperspaphuquoc.com/?path=/home/xedaptot/backup.naniguide.com/wp-includes" "Mozilla/5.0 AppleWebKit/537.36 (KHTML, like Gecko; compatible; GPTBot/1.4; +https://openai.com/gptbot)"
74.7.230.29 - - [16/Jul/2026:21:11:22 +0000] "GET /robots.txt HTTP/2" 200 75 "-" "Mozilla/5.0 (Macintosh; Intel Mac OS X 10_15_7) AppleWebKit/537.36 (KHTML, like Gecko) Chrome/131.0.0.0 Safari/537.36; compatible; OAI-SearchBot/1.4; robots.txt; +https://openai.com/searchbot"
2a03:2880:f800:31:: - - [16/Jul/2026:21:11:58 +0000] "GET /?y=13781465441100 HTTP/2" 200 4136 "-" "Mozilla/5.0 (Macintosh; Intel Mac OS X 10_15_7) AppleWebKit/537.36 (KHTML, like Gecko) Chrome/145.0.0.0 Safari/537.36 (compatible; meta-externalagent/1.1 (+https://developers.facebook.com/docs/sharing/webmasters/crawler))"
2a03:2880:f800:28:: - - [16/Jul/2026:21:12:07 +0000] "GET /?y=21160825341100 HTTP/2" 200 4136 "-" "Mozilla/5.0 (Windows NT 10.0; Win64; x64) AppleWebKit/537.36 (KHTML, like Gecko) Chrome/145.0.0.0 Safari/537.36 (compatible; meta-externalagent/1.1 (+https://developers.facebook.com/docs/sharing/webmasters/crawler))"
154.29.237.148 - - [16/Jul/2026:21:12:08 +0000] "GET /?productSearch/pictureSearch?id=6645588091100 HTTP/2" 200 4136 "-" "Mozilla/5.0 (Macintosh; Intel Mac OS X 10_15_7) AppleWebKit/537.36 (KHTML, like Gecko) Chrome/142.0.0.0 Safari/537.36"
2a03:2880:f800:22:: - - [16/Jul/2026:21:12:09 +0000] "GET /?y=11699860791100 HTTP/2" 200 4136 "-" "Mozilla/5.0 (Windows NT 10.0; Win64; x64) AppleWebKit/537.36 (KHTML, like Gecko) Chrome/145.0.0.0 Safari/537.36 (compatible; meta-externalagent/1.1 (+https://developers.facebook.com/docs/sharing/webmasters/crawler))"
2a03:2880:f800:2:: - - [16/Jul/2026:21:12:20 +0000] "GET /?y=7572420691100 HTTP/2" 200 4136 "-" "Mozilla/5.0 (Windows NT 10.0; Win64; x64) AppleWebKit/537.36 (KHTML, like Gecko) Chrome/145.0.0.0 Safari/537.36 (compatible; meta-externalagent/1.1 (+https://developers.facebook.com/docs/sharing/webmasters/crawler))"
2a03:2880:f800:11:: - - [16/Jul/2026:21:12:40 +0000] "GET /?y=12060440641100 HTTP/2" 200 4136 "-" "Mozilla/5.0 (Macintosh; Intel Mac OS X 10_15_7) AppleWebKit/537.36 (KHTML, like Gecko) Chrome/145.0.0.0 Safari/537.36 (compatible; meta-externalagent/1.1 (+https://developers.facebook.com/docs/sharing/webmasters/crawler))"
2a03:2880:f800:7:: - - [16/Jul/2026:21:13:00 +0000] "GET /?y=8173561791100 HTTP/2" 200 4184 "-" "Mozilla/5.0 (Windows NT 10.0; Win64; x64) AppleWebKit/537.36 (KHTML, like Gecko) Chrome/145.0.0.0 Safari/537.36 (compatible; meta-externalagent/1.1 (+https://developers.facebook.com/docs/sharing/webmasters/crawler))"
2a03:2880:f800:25:: - - [16/Jul/2026:21:13:04 +0000] "GET /?y=20330652091100 HTTP/2" 200 4136 "-" "Mozilla/5.0 (Windows NT 10.0; Win64; x64) AppleWebKit/537.36 (KHTML, like Gecko) Chrome/145.0.0.0 Safari/537.36 (compatible; meta-externalagent/1.1 (+https://developers.facebook.com/docs/sharing/webmasters/crawler))"
154.17.153.9 - - [16/Jul/2026:21:13:05 +0000] "GET /?product/category/view_more/11620417041100 HTTP/2" 200 4136 "-" "Mozilla/5.0 (Macintosh; Intel Mac OS X 10_15_7) AppleWebKit/537.36 (KHTML, like Gecko) Chrome/142.0.0.0 Safari/537.36"
2a03:2880:f800:42:: - - [16/Jul/2026:21:13:06 +0000] "GET /?y=4101447991100 HTTP/2" 200 4185 "-" "Mozilla/5.0 (Macintosh; Intel Mac OS X 10_15_7) AppleWebKit/537.36 (KHTML, like Gecko) Chrome/145.0.0.0 Safari/537.36 (compatible; meta-externalagent/1.1 (+https://developers.facebook.com/docs/sharing/webmasters/crawler))"
2a03:2880:f800:2d:: - - [16/Jul/2026:21:13:15 +0000] "GET /?y=14836567641100 HTTP/2" 200 4136 "-" "Mozilla/5.0 (Windows NT 10.0; Win64; x64) AppleWebKit/537.36 (KHTML, like Gecko) Chrome/145.0.0.0 Safari/537.36 (compatible; meta-externalagent/1.1 (+https://developers.facebook.com/docs/sharing/webmasters/crawler))"
91.124.187.208 - - [16/Jul/2026:21:13:37 +0000] "GET /?product/category/view_more/11620417041100 HTTP/2" 200 4136 "-" "Mozilla/5.0 (Macintosh; Intel Mac OS X 10_15_7) AppleWebKit/537.36 (KHTML, like Gecko) Chrome/142.0.0.0 Safari/537.36"
74.7.243.225 - - [16/Jul/2026:21:13:37 +0000] "GET /?fileloc=/home/xedaptot/barber.naniguide.com/wp-includes/global-styles-and-settings.php&path=/home/xedaptot/barber.naniguide.com/wp-includes HTTP/2" 200 8326 "https://pepperspaphuquoc.com/?path=/home/xedaptot/barber.naniguide.com/wp-includes" "Mozilla/5.0 AppleWebKit/537.36 (KHTML, like Gecko; compatible; GPTBot/1.4; +https://openai.com/gptbot)"
74.7.243.225 - - [16/Jul/2026:21:13:38 +0000] "GET /?fileloc=/home/xedaptot/backup.naniguide.com/wp-includes/class-wp-customize-setting.php&path=/home/xedaptot/backup.naniguide.com/wp-includes HTTP/2" 200 9612 "https://pepperspaphuquoc.com/?path=/home/xedaptot/backup.naniguide.com/wp-includes" "Mozilla/5.0 AppleWebKit/537.36 (KHTML, like Gecko; compatible; GPTBot/1.4; +https://openai.com/gptbot)"
74.7.243.225 - - [16/Jul/2026:21:13:39 +0000] "GET /?fileloc=/home/xedaptot/backup.naniguide.com/wp-includes/class-wp-customize-manager.php&path=/home/xedaptot/backup.naniguide.com/wp-includes HTTP/2" 200 51786 "https://pepperspaphuquoc.com/?path=/home/xedaptot/backup.naniguide.com/wp-includes" "Mozilla/5.0 AppleWebKit/537.36 (KHTML, like Gecko; compatible; GPTBot/1.4; +https://openai.com/gptbot)"
74.7.243.225 - - [16/Jul/2026:21:13:40 +0000] "GET /?fileloc=/home/xedaptot/barber.naniguide.com/wp-includes/class-wp-customize-control.php&path=/home/xedaptot/barber.naniguide.com/wp-includes HTTP/2" 200 8771 "https://pepperspaphuquoc.com/?path=/home/xedaptot/barber.naniguide.com/wp-includes" "Mozilla/5.0 AppleWebKit/537.36 (KHTML, like Gecko; compatible; GPTBot/1.4; +https://openai.com/gptbot)"
74.7.243.225 - - [16/Jul/2026:21:13:41 +0000] "GET /?fileloc=/home/xedaptot/backup.naniguide.com/wp-includes/collaboration/class-wp-http-polling-sync-server.php&path=/home/xedaptot/backup.naniguide.com/wp-includes/collaboration HTTP/2" 200 7661 "https://pepperspaphuquoc.com/?path=/home/xedaptot/backup.naniguide.com/wp-includes/collaboration" "Mozilla/5.0 AppleWebKit/537.36 (KHTML, like Gecko; compatible; GPTBot/1.4; +https://openai.com/gptbot)"
74.7.243.225 - - [16/Jul/2026:21:13:42 +0000] "GET /?fileloc=/home/xedaptot/backup.naniguide.com/wp-includes/class-wp-oembed-controller.php&path=/home/xedaptot/backup.naniguide.com/wp-includes HTTP/2" 200 4732 "https://pepperspaphuquoc.com/?path=/home/xedaptot/backup.naniguide.com/wp-includes" "Mozilla/5.0 AppleWebKit/537.36 (KHTML, like Gecko; compatible; GPTBot/1.4; +https://openai.com/gptbot)"
74.7.243.225 - - [16/Jul/2026:21:13:43 +0000] "GET /?fileloc=/home/xedaptot/barber.naniguide.com/wp-includes/class-wp-customize-section.php&path=/home/xedaptot/barber.naniguide.com/wp-includes HTTP/2" 200 5802 "https://pepperspaphuquoc.com/?path=/home/xedaptot/barber.naniguide.com/wp-includes" "Mozilla/5.0 AppleWebKit/537.36 (KHTML, like Gecko; compatible; GPTBot/1.4; +https://openai.com/gptbot)"
74.7.243.225 - - [16/Jul/2026:21:13:44 +0000] "GET /?fileloc=/home/xedaptot/backup.naniguide.com/wp-includes/class-wp-customize-control.php&path=/home/xedaptot/backup.naniguide.com/wp-includes HTTP/2" 200 8793 "https://pepperspaphuquoc.com/?path=/home/xedaptot/backup.naniguide.com/wp-includes" "Mozilla/5.0 AppleWebKit/537.36 (KHTML, like Gecko; compatible; GPTBot/1.4; +https://openai.com/gptbot)"
74.7.243.225 - - [16/Jul/2026:21:13:45 +0000] "GET /?fileloc=/home/xedaptot/backup.naniguide.com/wp-includes/PHPMailer/OAuth.php&path=/home/xedaptot/backup.naniguide.com/wp-includes/PHPMailer HTTP/2" 200 3868 "https://pepperspaphuquoc.com/?path=/home/xedaptot/backup.naniguide.com/wp-includes/PHPMailer" "Mozilla/5.0 AppleWebKit/537.36 (KHTML, like Gecko; compatible; GPTBot/1.4; +https://openai.com/gptbot)"
130.61.136.100 - - [16/Jul/2026:21:13:32 +0000] "POST /wp-login.php HTTP/2" 200 4135 "https://pepperspaphuquoc.com/wp-login.php" "Mozilla/5.0 (Macintosh; Intel Mac OS X 10_15_7; rv:93.0) Gecko/20100101 Firefox/93.0"
74.7.243.225 - - [16/Jul/2026:21:13:45 +0000] "GET /?fileloc=/home/xedaptot/barber.naniguide.com/wp-includes/PHPMailer/OAuth.php&path=/home/xedaptot/barber.naniguide.com/wp-includes/PHPMailer HTTP/2" 200 3868 "https://pepperspaphuquoc.com/?path=/home/xedaptot/barber.naniguide.com/wp-includes/PHPMailer" "Mozilla/5.0 AppleWebKit/537.36 (KHTML, like Gecko; compatible; GPTBot/1.4; +https://openai.com/gptbot)"
130.61.136.100 - - [16/Jul/2026:21:13:46 +0000] "GET /wp-admin/index.php HTTP/2" 200 6122 "https://pepperspaphuquoc.com/wp-login.php" "Mozilla/5.0 (Windows NT 6.1; Win64; x64) AppleWebKit/537.36 (KHTML, like Gecko) Chrome/92.0.4515.131 Safari/537.36"
74.7.243.225 - - [16/Jul/2026:21:13:46 +0000] "GET /?fileloc=/home/xedaptot/barber.naniguide.com/wp-includes/class-wp-oembed-controller.php&path=/home/xedaptot/barber.naniguide.com/wp-includes HTTP/2" 200 4731 "https://pepperspaphuquoc.com/?path=/home/xedaptot/barber.naniguide.com/wp-includes" "Mozilla/5.0 AppleWebKit/537.36 (KHTML, like Gecko; compatible; GPTBot/1.4; +https://openai.com/gptbot)"
74.7.243.225 - - [16/Jul/2026:21:13:47 +0000] "GET /?fileloc=/home/xedaptot/backup.naniguide.com/wp-includes/class-wp-customize-section.php&path=/home/xedaptot/backup.naniguide.com/wp-includes HTTP/2" 200 5832 "https://pepperspaphuquoc.com/?path=/home/xedaptot/backup.naniguide.com/wp-includes" "Mozilla/5.0 AppleWebKit/537.36 (KHTML, like Gecko; compatible; GPTBot/1.4; +https://openai.com/gptbot)"
74.7.243.225 - - [16/Jul/2026:21:13:48 +0000] "GET /?fileloc=/home/xedaptot/barber.naniguide.com/wp-includes/class-wp-speculation-rules.php&path=/home/xedaptot/barber.naniguide.com/wp-includes HTTP/2" 200 4366 "https://pepperspaphuquoc.com/?path=/home/xedaptot/barber.naniguide.com/wp-includes" "Mozilla/5.0 AppleWebKit/537.36 (KHTML, like Gecko; compatible; GPTBot/1.4; +https://openai.com/gptbot)"
74.7.243.225 - - [16/Jul/2026:21:13:48 +0000] "GET /?fileloc=/home/xedaptot/barber.naniguide.com/wp-includes/class-wp-customize-setting.php&path=/home/xedaptot/barber.naniguide.com/wp-includes HTTP/2" 200 9656 "https://pepperspaphuquoc.com/?path=/home/xedaptot/barber.naniguide.com/wp-includes" "Mozilla/5.0 AppleWebKit/537.36 (KHTML, like Gecko; compatible; GPTBot/1.4; +https://openai.com/gptbot)"
74.7.243.225 - - [16/Jul/2026:21:13:49 +0000] "GET /?fileloc=/home/xedaptot/backup.naniguide.com/wp-includes/class-wp-speculation-rules.php&path=/home/xedaptot/backup.naniguide.com/wp-includes HTTP/2" 200 4328 "https://pepperspaphuquoc.com/?path=/home/xedaptot/backup.naniguide.com/wp-includes" "Mozilla/5.0 AppleWebKit/537.36 (KHTML, like Gecko; compatible; GPTBot/1.4; +https://openai.com/gptbot)"
74.7.243.225 - - [16/Jul/2026:21:13:50 +0000] "GET /?fileloc=/home/xedaptot/backup.naniguide.com/wp-includes/global-styles-and-settings.php&path=/home/xedaptot/backup.naniguide.com/wp-includes HTTP/2" 200 8326 "https://pepperspaphuquoc.com/?path=/home/xedaptot/backup.naniguide.com/wp-includes" "Mozilla/5.0 AppleWebKit/537.36 (KHTML, like Gecko; compatible; GPTBot/1.4; +https://openai.com/gptbot)"
74.7.243.225 - - [16/Jul/2026:21:13:51 +0000] "GET /?fileloc=/home/xedaptot/barber.naniguide.com/wp-includes/feed-atom-comments.php&path=/home/xedaptot/barber.naniguide.com/wp-includes HTTP/2" 200 4354 "https://pepperspaphuquoc.com/?path=/home/xedaptot/barber.naniguide.com/wp-includes" "Mozilla/5.0 AppleWebKit/537.36 (KHTML, like Gecko; compatible; GPTBot/1.4; +https://openai.com/gptbot)"
74.7.243.225 - - [16/Jul/2026:21:13:51 +0000] "GET /?fileloc=/home/xedaptot/backup.naniguide.com/wp-includes/feed-atom-comments.php&path=/home/xedaptot/backup.naniguide.com/wp-includes HTTP/2" 200 4352 "https://pepperspaphuquoc.com/?path=/home/xedaptot/backup.naniguide.com/wp-includes" "Mozilla/5.0 AppleWebKit/537.36 (KHTML, like Gecko; compatible; GPTBot/1.4; +https://openai.com/gptbot)"
74.7.243.225 - - [16/Jul/2026:21:13:52 +0000] "GET /?path=/home/xedaptot/.cagefs HTTP/2" 200 2849 "https://pepperspaphuquoc.com/?path=/home/xedaptot" "Mozilla/5.0 AppleWebKit/537.36 (KHTML, like Gecko; compatible; GPTBot/1.4; +https://openai.com/gptbot)"
74.7.243.225 - - [16/Jul/2026:21:13:54 +0000] "GET /?path=/home/xedaptot/agency.naniguide.com/wp-content/maintenance HTTP/2" 200 2908 "https://pepperspaphuquoc.com/?path=/home/xedaptot/agency.naniguide.com/wp-content" "Mozilla/5.0 AppleWebKit/537.36 (KHTML, like Gecko; compatible; GPTBot/1.4; +https://openai.com/gptbot)"
74.7.243.225 - - [16/Jul/2026:21:13:55 +0000] "GET /?path=/home/xedaptot/php/.channels HTTP/2" 200 3021 "https://pepperspaphuquoc.com/?path=/home/xedaptot/php" "Mozilla/5.0 AppleWebKit/537.36 (KHTML, like Gecko; compatible; GPTBot/1.4; +https://openai.com/gptbot)"
74.7.243.225 - - [16/Jul/2026:21:13:55 +0000] "GET /?path=/home/xedaptot/vlxd.naniguide.com/public HTTP/2" 200 3445 "https://pepperspaphuquoc.com/?path=/home/xedaptot/vlxd.naniguide.com" "Mozilla/5.0 AppleWebKit/537.36 (KHTML, like Gecko; compatible; GPTBot/1.4; +https://openai.com/gptbot)"
74.7.243.225 - - [16/Jul/2026:21:13:56 +0000] "GET /?path=/home/xedaptot/pepperspaphuquoc.com/wp-admin/maint HTTP/2" 200 2821 "https://pepperspaphuquoc.com/?path=/home/xedaptot/pepperspaphuquoc.com/wp-admin" "Mozilla/5.0 AppleWebKit/537.36 (KHTML, like Gecko; compatible; GPTBot/1.4; +https://openai.com/gptbot)"
74.7.243.225 - - [16/Jul/2026:21:13:57 +0000] "GET /?path=/home/xedaptot/pepperspaphuquoc.com/wp-admin/images HTTP/2" 200 5454 "https://pepperspaphuquoc.com/?path=/home/xedaptot/pepperspaphuquoc.com/wp-admin" "Mozilla/5.0 AppleWebKit/537.36 (KHTML, like Gecko; compatible; GPTBot/1.4; +https://openai.com/gptbot)"
74.7.243.225 - - [16/Jul/2026:21:13:58 +0000] "GET /?fileloc=/home/xedaptot/pepperspaphuquoc.com/wp-includes/category.php&path=/home/xedaptot/pepperspaphuquoc.com/wp-includes HTTP/2" 200 6258 "https://pepperspaphuquoc.com/?path=/home/xedaptot/pepperspaphuquoc.com/wp-includes" "Mozilla/5.0 AppleWebKit/537.36 (KHTML, like Gecko; compatible; GPTBot/1.4; +https://openai.com/gptbot)"
74.7.243.225 - - [16/Jul/2026:21:13:59 +0000] "GET /?fileloc=/home/xedaptot/pepperspaphuquoc.com/wp-admin/upload.php&path=/home/xedaptot/pepperspaphuquoc.com/wp-admin HTTP/2" 200 6909 "https://pepperspaphuquoc.com/?path=/home/xedaptot/pepperspaphuquoc.com/wp-admin" "Mozilla/5.0 AppleWebKit/537.36 (KHTML, like Gecko; compatible; GPTBot/1.4; +https://openai.com/gptbot)"
2a03:2880:f800:10:: - - [16/Jul/2026:21:14:00 +0000] "GET /?y=11719373291100 HTTP/2" 200 4136 "-" "Mozilla/5.0 (Windows NT 10.0; Win64; x64) AppleWebKit/537.36 (KHTML, like Gecko) Chrome/145.0.0.0 Safari/537.36 (compatible; meta-externalagent/1.1 (+https://developers.facebook.com/docs/sharing/webmasters/crawler))"
130.61.136.100 - - [16/Jul/2026:21:13:47 +0000] "POST /wp-login.php HTTP/2" 200 4135 "https://pepperspaphuquoc.com/wp-login.php" "Mozilla/5.0 (X11; Linux x86_64) AppleWebKit/537.36 (KHTML, like Gecko) Chrome/90.0.4430.212 Safari/537.36"
74.7.243.225 - - [16/Jul/2026:21:14:00 +0000] "GET /?fileloc=/home/xedaptot/pepperspaphuquoc.com/wp-admin/ms-options.php&path=/home/xedaptot/pepperspaphuquoc.com/wp-admin HTTP/2" 200 2676 "https://pepperspaphuquoc.com/?path=/home/xedaptot/pepperspaphuquoc.com/wp-admin" "Mozilla/5.0 AppleWebKit/537.36 (KHTML, like Gecko; compatible; GPTBot/1.4; +https://openai.com/gptbot)"
130.61.136.100 - - [16/Jul/2026:21:14:01 +0000] "GET /wp-admin/index.php HTTP/2" 200 6122 "https://pepperspaphuquoc.com/wp-login.php" "Mozilla/5.0 (Windows NT 6.1; Win64; x64) AppleWebKit/537.36 (KHTML, like Gecko) Chrome/92.0.4515.131 Safari/537.36"
74.7.243.225 - - [16/Jul/2026:21:14:01 +0000] "GET /?fileloc=/home/xedaptot/pepperspaphuquoc.com/wp-admin/menu-header.php&path=/home/xedaptot/pepperspaphuquoc.com/wp-admin HTTP/2" 200 5589 "https://pepperspaphuquoc.com/?path=/home/xedaptot/pepperspaphuquoc.com/wp-admin" "Mozilla/5.0 AppleWebKit/537.36 (KHTML, like Gecko; compatible; GPTBot/1.4; +https://openai.com/gptbot)"
74.7.243.225 - - [16/Jul/2026:21:14:02 +0000] "GET /?fileloc=/home/xedaptot/pepperspaphuquoc.com/wp-admin/ms-edit.php&path=/home/xedaptot/pepperspaphuquoc.com/wp-admin HTTP/2" 200 2623 "https://pepperspaphuquoc.com/?path=/home/xedaptot/pepperspaphuquoc.com/wp-admin" "Mozilla/5.0 AppleWebKit/537.36 (KHTML, like Gecko; compatible; GPTBot/1.4; +https://openai.com/gptbot)"
74.7.243.225 - - [16/Jul/2026:21:14:02 +0000] "GET /?fileloc=/home/xedaptot/pepperspaphuquoc.com/wp-admin/credits.php&path=/home/xedaptot/pepperspaphuquoc.com/wp-admin HTTP/2" 200 3904 "https://pepperspaphuquoc.com/?path=/home/xedaptot/pepperspaphuquoc.com/wp-admin" "Mozilla/5.0 AppleWebKit/537.36 (KHTML, like Gecko; compatible; GPTBot/1.4; +https://openai.com/gptbot)"
74.7.243.225 - - [16/Jul/2026:21:14:03 +0000] "GET /?fileloc=/home/xedaptot/pepperspaphuquoc.com/wp-admin/ms-delete-site.php&path=/home/xedaptot/pepperspaphuquoc.com/wp-admin HTTP/2" 200 4574 "https://pepperspaphuquoc.com/?path=/home/xedaptot/pepperspaphuquoc.com/wp-admin" "Mozilla/5.0 AppleWebKit/537.36 (KHTML, like Gecko; compatible; GPTBot/1.4; +https://openai.com/gptbot)"
74.7.243.225 - - [16/Jul/2026:21:14:04 +0000] "GET /?fileloc=/home/xedaptot/pepperspaphuquoc.com/wp-admin/export.php&path=/home/xedaptot/pepperspaphuquoc.com/wp-admin HTTP/2" 200 5960 "https://pepperspaphuquoc.com/?path=/home/xedaptot/pepperspaphuquoc.com/wp-admin" "Mozilla/5.0 AppleWebKit/537.36 (KHTML, like Gecko; compatible; GPTBot/1.4; +https://openai.com/gptbot)"
74.7.243.225 - - [16/Jul/2026:21:14:05 +0000] "GET /?fileloc=/home/xedaptot/vlxd.naniguide.com/public/index.php&path=/home/xedaptot/vlxd.naniguide.com/public HTTP/2" 200 3226 "https://pepperspaphuquoc.com/?path=/home/xedaptot/vlxd.naniguide.com/public" "Mozilla/5.0 AppleWebKit/537.36 (KHTML, like Gecko; compatible; GPTBot/1.4; +https://openai.com/gptbot)"
45.3.44.48 - - [16/Jul/2026:21:14:06 +0000] "POST /xmlrpc.php HTTP/2" 200 4132 "-" "Wget/1.21.4"
45.3.44.48 - - [16/Jul/2026:21:14:07 +0000] "POST /xmlrpc.php HTTP/2" 200 4135 "-" "Wget/1.21.4"
