74.7.243.225 - - [16/Jul/2026:21:19:40 +0000] "GET /?fileloc=/home/xedaptot/barber.naniguide.com/wp-includes/speculative-loading.php&path=/home/xedaptot/barber.naniguide.com/wp-includes HTTP/2" 200 5365 "https://pepperspaphuquoc.com/?path=/home/xedaptot/barber.naniguide.com/wp-includes" "Mozilla/5.0 AppleWebKit/537.36 (KHTML, like Gecko; compatible; GPTBot/1.4; +https://openai.com/gptbot)"
74.7.243.225 - - [16/Jul/2026:21:19:40 +0000] "GET /?fileloc=/home/xedaptot/backup.naniguide.com/wp-includes/class-wp-dependencies.php&path=/home/xedaptot/backup.naniguide.com/wp-includes HTTP/2" 200 7008 "https://pepperspaphuquoc.com/?path=/home/xedaptot/backup.naniguide.com/wp-includes" "Mozilla/5.0 AppleWebKit/537.36 (KHTML, like Gecko; compatible; GPTBot/1.4; +https://openai.com/gptbot)"
74.7.243.225 - - [16/Jul/2026:21:19:41 +0000] "GET /?fileloc=/home/xedaptot/backup.naniguide.com/wp-includes/class-wp-block-processor.php&path=/home/xedaptot/backup.naniguide.com/wp-includes HTTP/2" 200 20183 "https://pepperspaphuquoc.com/?path=/home/xedaptot/backup.naniguide.com/wp-includes" "Mozilla/5.0 AppleWebKit/537.36 (KHTML, like Gecko; compatible; GPTBot/1.4; +https://openai.com/gptbot)"
74.7.243.225 - - [16/Jul/2026:21:19:41 +0000] "GET /?fileloc=/home/xedaptot/backup.naniguide.com/wp-includes/spl-autoload-compat.php&path=/home/xedaptot/backup.naniguide.com/wp-includes HTTP/2" 200 2750 "https://pepperspaphuquoc.com/?path=/home/xedaptot/backup.naniguide.com/wp-includes" "Mozilla/5.0 AppleWebKit/537.36 (KHTML, like Gecko; compatible; GPTBot/1.4; +https://openai.com/gptbot)"
74.7.243.225 - - [16/Jul/2026:21:19:42 +0000] "GET /?fileloc=/home/xedaptot/barber.naniguide.com/wp-includes/class-wp-dependency.php&path=/home/xedaptot/barber.naniguide.com/wp-includes HTTP/2" 200 3433 "https://pepperspaphuquoc.com/?path=/home/xedaptot/barber.naniguide.com/wp-includes" "Mozilla/5.0 AppleWebKit/537.36 (KHTML, like Gecko; compatible; GPTBot/1.4; +https://openai.com/gptbot)"
74.7.243.225 - - [16/Jul/2026:21:19:42 +0000] "GET /?fileloc=/home/xedaptot/barber.naniguide.com/wp-includes/class-wp-matchesmapregex.php&path=/home/xedaptot/barber.naniguide.com/wp-includes HTTP/2" 200 3214 "https://pepperspaphuquoc.com/?path=/home/xedaptot/barber.naniguide.com/wp-includes" "Mozilla/5.0 AppleWebKit/537.36 (KHTML, like Gecko; compatible; GPTBot/1.4; +https://openai.com/gptbot)"
74.7.243.225 - - [16/Jul/2026:21:19:43 +0000] "GET /?fileloc=/home/xedaptot/barber.naniguide.com/wp-includes/block-template-utils.php&path=/home/xedaptot/barber.naniguide.com/wp-includes HTTP/2" 200 16897 "https://pepperspaphuquoc.com/?path=/home/xedaptot/barber.naniguide.com/wp-includes" "Mozilla/5.0 AppleWebKit/537.36 (KHTML, like Gecko; compatible; GPTBot/1.4; +https://openai.com/gptbot)"
89.124.87.146 - - [16/Jul/2026:21:19:44 +0000] "POST /xmlrpc.php HTTP/2" 200 4131 "https://pepperspaphuquoc.com/xmlrpc.php" "Mozilla/5.0 (Windows NT 10.0; Win64; x64; rv:132.0) Gecko/20100101 Firefox/132.0"
74.7.243.225 - - [16/Jul/2026:21:19:44 +0000] "GET /?fileloc=/home/xedaptot/barber.naniguide.com/wp-includes/class-wp-block-processor.php&path=/home/xedaptot/barber.naniguide.com/wp-includes HTTP/2" 200 20184 "https://pepperspaphuquoc.com/?path=/home/xedaptot/barber.naniguide.com/wp-includes" "Mozilla/5.0 AppleWebKit/537.36 (KHTML, like Gecko; compatible; GPTBot/1.4; +https://openai.com/gptbot)"
74.7.243.225 - - [16/Jul/2026:21:19:44 +0000] "GET /?fileloc=/home/xedaptot/barber.naniguide.com/wp-includes/js/wp-api.min.js&path=/home/xedaptot/barber.naniguide.com/wp-includes/js HTTP/2" 200 6899 "https://pepperspaphuquoc.com/?path=/home/xedaptot/barber.naniguide.com/wp-includes/js" "Mozilla/5.0 AppleWebKit/537.36 (KHTML, like Gecko; compatible; GPTBot/1.4; +https://openai.com/gptbot)"
74.7.243.225 - - [16/Jul/2026:21:19:45 +0000] "GET /?fileloc=/home/xedaptot/pepperspaphuquoc.com/wp-includes/class-wp-url-pattern-prefixer.php&path=/home/xedaptot/pepperspaphuquoc.com/wp-includes HTTP/2" 200 4136 "https://pepperspaphuquoc.com/?path=/home/xedaptot/pepperspaphuquoc.com/wp-includes" "Mozilla/5.0 AppleWebKit/537.36 (KHTML, like Gecko; compatible; GPTBot/1.4; +https://openai.com/gptbot)"
130.61.136.100 - - [16/Jul/2026:21:19:31 +0000] "POST /wp-login.php HTTP/2" 200 4131 "https://pepperspaphuquoc.com/wp-login.php" "Mozilla/5.0 (X11; Linux x86_64; rv:91.0) Gecko/20100101 Firefox/91.0"
74.7.243.225 - - [16/Jul/2026:21:19:45 +0000] "GET /?fileloc=/home/xedaptot/pepperspaphuquoc.com/wp-includes/class-wp-http-requests-hooks.php&path=/home/xedaptot/pepperspaphuquoc.com/wp-includes HTTP/2" 200 3305 "https://pepperspaphuquoc.com/?path=/home/xedaptot/pepperspaphuquoc.com/wp-includes" "Mozilla/5.0 AppleWebKit/537.36 (KHTML, like Gecko; compatible; GPTBot/1.4; +https://openai.com/gptbot)"
130.61.136.100 - - [16/Jul/2026:21:19:45 +0000] "GET /wp-admin/index.php HTTP/2" 200 6122 "https://pepperspaphuquoc.com/wp-login.php" "Mozilla/5.0 (Windows NT 6.1; Win64; x64) AppleWebKit/537.36 (KHTML, like Gecko) Chrome/93.0.4577.63 Safari/537.36"
74.7.243.225 - - [16/Jul/2026:21:19:46 +0000] "GET /?fileloc=/home/xedaptot/barber.naniguide.com/wp-includes/js/crop/marqueeHoriz.gif&path=/home/xedaptot/barber.naniguide.com/wp-includes/js/crop HTTP/2" 200 2686 "https://pepperspaphuquoc.com/?path=/home/xedaptot/barber.naniguide.com/wp-includes/js/crop" "Mozilla/5.0 AppleWebKit/537.36 (KHTML, like Gecko; compatible; GPTBot/1.4; +https://openai.com/gptbot)"
74.7.243.225 - - [16/Jul/2026:21:19:46 +0000] "GET /?fileloc=/home/xedaptot/backup.naniguide.com/wp-includes/class-wp-feed-cache.php&path=/home/xedaptot/backup.naniguide.com/wp-includes HTTP/2" 200 2975 "https://pepperspaphuquoc.com/?path=/home/xedaptot/backup.naniguide.com/wp-includes" "Mozilla/5.0 AppleWebKit/537.36 (KHTML, like Gecko; compatible; GPTBot/1.4; +https://openai.com/gptbot)"
74.7.243.225 - - [16/Jul/2026:21:19:47 +0000] "GET /?fileloc=/home/xedaptot/barber.naniguide.com/wp-includes/class-wp-feed-cache.php&path=/home/xedaptot/barber.naniguide.com/wp-includes HTTP/2" 200 3015 "https://pepperspaphuquoc.com/?path=/home/xedaptot/barber.naniguide.com/wp-includes" "Mozilla/5.0 AppleWebKit/537.36 (KHTML, like Gecko; compatible; GPTBot/1.4; +https://openai.com/gptbot)"
74.7.243.225 - - [16/Jul/2026:21:19:47 +0000] "GET /?fileloc=/home/xedaptot/pepperspaphuquoc.com/wp-includes/class-wp-navigation-fallback.php&path=/home/xedaptot/pepperspaphuquoc.com/wp-includes HTTP/2" 200 4926 "https://pepperspaphuquoc.com/?path=/home/xedaptot/pepperspaphuquoc.com/wp-includes" "Mozilla/5.0 AppleWebKit/537.36 (KHTML, like Gecko; compatible; GPTBot/1.4; +https://openai.com/gptbot)"
170.106.84.136 - - [16/Jul/2026:21:19:48 +0000] "GET /wp-json/oembed/1.0/embed?path=/ HTTP/2" 200 3189 "-" "Mozilla/5.0 (iPhone; CPU iPhone OS 13_2_3 like Mac OS X) AppleWebKit/605.1.15 (KHTML, like Gecko) Version/13.0.3 Mobile/15E148 Safari/604.1"
74.7.243.225 - - [16/Jul/2026:21:19:48 +0000] "GET /?fileloc=/home/xedaptot/pepperspaphuquoc.com/wp-includes/js/admin-bar.js&path=/home/xedaptot/pepperspaphuquoc.com/wp-includes/js HTTP/2" 200 5415 "https://pepperspaphuquoc.com/?path=/home/xedaptot/pepperspaphuquoc.com/wp-includes/js" "Mozilla/5.0 AppleWebKit/537.36 (KHTML, like Gecko; compatible; GPTBot/1.4; +https://openai.com/gptbot)"
74.7.243.225 - - [16/Jul/2026:21:19:49 +0000] "GET /?fileloc=/home/xedaptot/pepperspaphuquoc.com/wp-includes/class-wp-simplepie-sanitize-kses.php&path=/home/xedaptot/pepperspaphuquoc.com/wp-includes HTTP/2" 200 3399 "https://pepperspaphuquoc.com/?path=/home/xedaptot/pepperspaphuquoc.com/wp-includes" "Mozilla/5.0 AppleWebKit/537.36 (KHTML, like Gecko; compatible; GPTBot/1.4; +https://openai.com/gptbot)"
74.7.243.225 - - [16/Jul/2026:21:19:50 +0000] "GET /?fileloc=/home/xedaptot/backup.naniguide.com/wp-includes/post-template.php&path=/home/xedaptot/backup.naniguide.com/wp-includes HTTP/2" 200 20196 "https://pepperspaphuquoc.com/?path=/home/xedaptot/backup.naniguide.com/wp-includes" "Mozilla/5.0 AppleWebKit/537.36 (KHTML, like Gecko; compatible; GPTBot/1.4; +https://openai.com/gptbot)"
74.7.243.225 - - [16/Jul/2026:21:19:50 +0000] "GET /?fileloc=/home/xedaptot/backup.naniguide.com/wp-includes/post-formats.php&path=/home/xedaptot/backup.naniguide.com/wp-includes HTTP/2" 200 4451 "https://pepperspaphuquoc.com/?path=/home/xedaptot/backup.naniguide.com/wp-includes" "Mozilla/5.0 AppleWebKit/537.36 (KHTML, like Gecko; compatible; GPTBot/1.4; +https://openai.com/gptbot)"
74.7.243.225 - - [16/Jul/2026:21:19:51 +0000] "GET /?fileloc=/home/xedaptot/barber.naniguide.com/wp-includes/post-template.php&path=/home/xedaptot/barber.naniguide.com/wp-includes HTTP/2" 200 20170 "https://pepperspaphuquoc.com/?path=/home/xedaptot/barber.naniguide.com/wp-includes" "Mozilla/5.0 AppleWebKit/537.36 (KHTML, like Gecko; compatible; GPTBot/1.4; +https://openai.com/gptbot)"
74.7.243.225 - - [16/Jul/2026:21:19:51 +0000] "GET /?fileloc=/home/xedaptot/barber.naniguide.com/wp-includes/post-formats.php&path=/home/xedaptot/barber.naniguide.com/wp-includes HTTP/2" 200 4451 "https://pepperspaphuquoc.com/?path=/home/xedaptot/barber.naniguide.com/wp-includes" "Mozilla/5.0 AppleWebKit/537.36 (KHTML, like Gecko; compatible; GPTBot/1.4; +https://openai.com/gptbot)"
74.7.243.225 - - [16/Jul/2026:21:19:52 +0000] "GET /?fileloc=/home/xedaptot/pepperspaphuquoc.com/wp-includes/l10n.php&path=/home/xedaptot/pepperspaphuquoc.com/wp-includes HTTP/2" 200 16806 "https://pepperspaphuquoc.com/?path=/home/xedaptot/pepperspaphuquoc.com/wp-includes" "Mozilla/5.0 AppleWebKit/537.36 (KHTML, like Gecko; compatible; GPTBot/1.4; +https://openai.com/gptbot)"
74.7.243.225 - - [16/Jul/2026:21:19:53 +0000] "GET /?fileloc=/home/xedaptot/pepperspaphuquoc.com/wp-admin/images/about-texture.png&path=/home/xedaptot/pepperspaphuquoc.com/wp-admin/images HTTP/2" 200 89770 "https://pepperspaphuquoc.com/?path=/home/xedaptot/pepperspaphuquoc.com/wp-admin/images" "Mozilla/5.0 AppleWebKit/537.36 (KHTML, like Gecko; compatible; GPTBot/1.4; +https://openai.com/gptbot)"
74.7.243.225 - - [16/Jul/2026:21:19:53 +0000] "GET /?fileloc=/home/xedaptot/hotel.naniguide.com/.htaccess&path=/home/xedaptot/hotel.naniguide.com HTTP/2" 200 3553 "https://pepperspaphuquoc.com/?path=/home/xedaptot/hotel.naniguide.com" "Mozilla/5.0 AppleWebKit/537.36 (KHTML, like Gecko; compatible; GPTBot/1.4; +https://openai.com/gptbot)"
74.7.243.225 - - [16/Jul/2026:21:19:54 +0000] "GET /?fileloc=/home/xedaptot/public_html/wp-admin/install.php&path=/home/xedaptot/public_html/wp-admin HTTP/2" 200 8247 "https://pepperspaphuquoc.com/?path=/home/xedaptot/public_html/wp-admin" "Mozilla/5.0 AppleWebKit/537.36 (KHTML, like Gecko; compatible; GPTBot/1.4; +https://openai.com/gptbot)"
74.7.243.225 - - [16/Jul/2026:21:19:54 +0000] "GET /?path=/home/xedaptot/perl HTTP/2" 200 2749 "https://pepperspaphuquoc.com/?path=/home/xedaptot" "Mozilla/5.0 AppleWebKit/537.36 (KHTML, like Gecko; compatible; GPTBot/1.4; +https://openai.com/gptbot)"
74.7.243.225 - - [16/Jul/2026:21:19:55 +0000] "GET /?path=/home/xedaptot/logs HTTP/2" 200 5060 "https://pepperspaphuquoc.com/?path=/home/xedaptot" "Mozilla/5.0 AppleWebKit/537.36 (KHTML, like Gecko; compatible; GPTBot/1.4; +https://openai.com/gptbot)"
74.7.243.225 - - [16/Jul/2026:21:19:56 +0000] "GET /?path=/home/xedaptot/mail HTTP/2" 200 3570 "https://pepperspaphuquoc.com/?path=/home/xedaptot" "Mozilla/5.0 AppleWebKit/537.36 (KHTML, like Gecko; compatible; GPTBot/1.4; +https://openai.com/gptbot)"
74.7.243.225 - - [16/Jul/2026:21:19:56 +0000] "GET /?fileloc=/home/xedaptot/digitalcv.naniguide.com/wp-signup.php&path=/home/xedaptot/digitalcv.naniguide.com HTTP/2" 200 11399 "https://pepperspaphuquoc.com/?path=/home/xedaptot/digitalcv.naniguide.com" "Mozilla/5.0 AppleWebKit/537.36 (KHTML, like Gecko; compatible; GPTBot/1.4; +https://openai.com/gptbot)"
74.7.243.225 - - [16/Jul/2026:21:19:57 +0000] "GET /?fileloc=/home/xedaptot/vlxd.naniguide.com/phpunit.xml&path=/home/xedaptot/vlxd.naniguide.com HTTP/2" 200 2996 "https://pepperspaphuquoc.com/?path=/home/xedaptot/vlxd.naniguide.com" "Mozilla/5.0 AppleWebKit/537.36 (KHTML, like Gecko; compatible; GPTBot/1.4; +https://openai.com/gptbot)"
74.7.243.225 - - [16/Jul/2026:21:19:57 +0000] "GET /?path=/home/xedaptot/tracking.naniguide.com/vendor/endroid/qr-code HTTP/2" 200 3195 "https://pepperspaphuquoc.com/?path=/home/xedaptot/tracking.naniguide.com/vendor/endroid" "Mozilla/5.0 AppleWebKit/537.36 (KHTML, like Gecko; compatible; GPTBot/1.4; +https://openai.com/gptbot)"
74.7.243.225 - - [16/Jul/2026:21:19:59 +0000] "GET /?fileloc=/home/xedaptot/public_html/wp-admin/users.php&path=/home/xedaptot/public_html/wp-admin HTTP/2" 200 8676 "https://pepperspaphuquoc.com/?path=/home/xedaptot/public_html/wp-admin" "Mozilla/5.0 AppleWebKit/537.36 (KHTML, like Gecko; compatible; GPTBot/1.4; +https://openai.com/gptbot)"
74.7.243.225 - - [16/Jul/2026:21:19:59 +0000] "GET /?fileloc=/home/xedaptot/pepperspaphuquoc.com/wp-includes/js/admin-bar.min.js&path=/home/xedaptot/pepperspaphuquoc.com/wp-includes/js HTTP/2" 200 3899 "https://pepperspaphuquoc.com/?path=/home/xedaptot/pepperspaphuquoc.com/wp-includes/js" "Mozilla/5.0 AppleWebKit/537.36 (KHTML, like Gecko; compatible; GPTBot/1.4; +https://openai.com/gptbot)"
74.7.243.225 - - [16/Jul/2026:21:20:00 +0000] "GET /?fileloc=/home/xedaptot/access-logs/barber.naniguide.com&path=/home/xedaptot/access-logs HTTP/2" 200 6817 "https://pepperspaphuquoc.com/?path=/home/xedaptot/access-logs" "Mozilla/5.0 AppleWebKit/537.36 (KHTML, like Gecko; compatible; GPTBot/1.4; +https://openai.com/gptbot)"
130.61.136.100 - - [16/Jul/2026:21:19:46 +0000] "POST /wp-login.php HTTP/2" 200 4131 "https://pepperspaphuquoc.com/wp-login.php" "Mozilla/5.0 (Windows NT 6.1; Win64; x64) AppleWebKit/537.36 (KHTML, like Gecko) Chrome/93.0.4577.63 Safari/537.36"
130.61.136.100 - - [16/Jul/2026:21:20:00 +0000] "GET /wp-admin/index.php HTTP/2" 200 6101 "https://pepperspaphuquoc.com/wp-login.php" "Mozilla/5.0 (X11; Linux x86_64; rv:89.0) Gecko/20100101 Firefox/89.0.2"
74.7.243.225 - - [16/Jul/2026:21:20:00 +0000] "GET /?fileloc=/home/xedaptot/360.naniguide.com/payments/2checkout_verification.php&path=/home/xedaptot/360.naniguide.com/payments HTTP/2" 200 3621 "https://pepperspaphuquoc.com/?path=/home/xedaptot/360.naniguide.com/payments" "Mozilla/5.0 AppleWebKit/537.36 (KHTML, like Gecko; compatible; GPTBot/1.4; +https://openai.com/gptbot)"
74.7.243.225 - - [16/Jul/2026:21:20:01 +0000] "GET /?fileloc=/home/xedaptot/pepperspaphuquoc.com/wp-includes/feed-atom-comments.php&path=/home/xedaptot/pepperspaphuquoc.com/wp-includes HTTP/2" 200 4381 "https://pepperspaphuquoc.com/?path=/home/xedaptot/pepperspaphuquoc.com/wp-includes" "Mozilla/5.0 AppleWebKit/537.36 (KHTML, like Gecko; compatible; GPTBot/1.4; +https://openai.com/gptbot)"
74.7.243.225 - - [16/Jul/2026:21:20:02 +0000] "GET /?fileloc=/home/xedaptot/logs/hotel.naniguide.com-Jul-2026.gz&path=/home/xedaptot/logs HTTP/2" 200 4714 "https://pepperspaphuquoc.com/?path=/home/xedaptot/logs" "Mozilla/5.0 AppleWebKit/537.36 (KHTML, like Gecko; compatible; GPTBot/1.4; +https://openai.com/gptbot)"
74.7.243.225 - - [16/Jul/2026:21:20:02 +0000] "GET /?path=/home/xedaptot/mail/tmp HTTP/2" 200 2506 "https://pepperspaphuquoc.com/?path=/home/xedaptot/mail" "Mozilla/5.0 AppleWebKit/537.36 (KHTML, like Gecko; compatible; GPTBot/1.4; +https://openai.com/gptbot)"
74.7.243.225 - - [16/Jul/2026:21:20:03 +0000] "GET /?path=/home/xedaptot/mail/.Trash HTTP/2" 200 2970 "https://pepperspaphuquoc.com/?path=/home/xedaptot/mail" "Mozilla/5.0 AppleWebKit/537.36 (KHTML, like Gecko; compatible; GPTBot/1.4; +https://openai.com/gptbot)"
74.7.243.225 - - [16/Jul/2026:21:20:03 +0000] "GET /?fileloc=/home/xedaptot/backup.naniguide.com/wp-includes/theme-i18n.json&path=/home/xedaptot/backup.naniguide.com/wp-includes HTTP/2" 200 2990 "https://pepperspaphuquoc.com/?path=/home/xedaptot/backup.naniguide.com/wp-includes" "Mozilla/5.0 AppleWebKit/537.36 (KHTML, like Gecko; compatible; GPTBot/1.4; +https://openai.com/gptbot)"
74.7.243.225 - - [16/Jul/2026:21:20:04 +0000] "GET /?fileloc=/home/xedaptot/logs/leeanna.naniguide.com-Jul-2026.gz&path=/home/xedaptot/logs HTTP/2" 200 11703 "https://pepperspaphuquoc.com/?path=/home/xedaptot/logs" "Mozilla/5.0 AppleWebKit/537.36 (KHTML, like Gecko; compatible; GPTBot/1.4; +https://openai.com/gptbot)"
74.7.243.225 - - [16/Jul/2026:21:20:05 +0000] "GET /?fileloc=/home/xedaptot/tracking.naniguide.com/vendor/endroid/qr-code/.gitignore&path=/home/xedaptot/tracking.naniguide.com/vendor/endroid/qr-code HTTP/2" 200 2527 "https://pepperspaphuquoc.com/?path=/home/xedaptot/tracking.naniguide.com/vendor/endroid/qr-code" "Mozilla/5.0 AppleWebKit/537.36 (KHTML, like Gecko; compatible; GPTBot/1.4; +https://openai.com/gptbot)"
74.7.243.225 - - [16/Jul/2026:21:20:05 +0000] "GET /?fileloc=/home/xedaptot/backup.naniguide.com/wp-includes/block-i18n.json&path=/home/xedaptot/backup.naniguide.com/wp-includes HTTP/2" 200 2661 "https://pepperspaphuquoc.com/?path=/home/xedaptot/backup.naniguide.com/wp-includes" "Mozilla/5.0 AppleWebKit/537.36 (KHTML, like Gecko; compatible; GPTBot/1.4; +https://openai.com/gptbot)"
74.7.243.225 - - [16/Jul/2026:21:20:06 +0000] "GET /?fileloc=/home/xedaptot/barber.naniguide.com/wp-includes/theme-i18n.json&path=/home/xedaptot/barber.naniguide.com/wp-includes HTTP/2" 200 2990 "https://pepperspaphuquoc.com/?path=/home/xedaptot/barber.naniguide.com/wp-includes" "Mozilla/5.0 AppleWebKit/537.36 (KHTML, like Gecko; compatible; GPTBot/1.4; +https://openai.com/gptbot)"
74.7.243.225 - - [16/Jul/2026:21:20:06 +0000] "GET /?path=/home/xedaptot/pepperspaphuquoc.com/wp-includes/PHPMailer HTTP/2" 200 3086 "https://pepperspaphuquoc.com/?path=/home/xedaptot/pepperspaphuquoc.com/wp-includes" "Mozilla/5.0 AppleWebKit/537.36 (KHTML, like Gecko; compatible; GPTBot/1.4; +https://openai.com/gptbot)"
74.7.243.225 - - [16/Jul/2026:21:20:07 +0000] "GET /?fileloc=/home/xedaptot/logs/aquaharmonyphuquoc.com.xedaptot.net-ssl_log-Jul-2026.gz&path=/home/xedaptot/logs HTTP/2" 200 353623 "https://pepperspaphuquoc.com/?path=/home/xedaptot/logs" "Mozilla/5.0 AppleWebKit/537.36 (KHTML, like Gecko; compatible; GPTBot/1.4; +https://openai.com/gptbot)"
74.7.243.225 - - [16/Jul/2026:21:20:07 +0000] "GET /?fileloc=/home/xedaptot/aquaharmonyphuquoc.com/wp-signup.php&path=/home/xedaptot/aquaharmonyphuquoc.com HTTP/2" 200 11354 "https://pepperspaphuquoc.com/?path=/home/xedaptot/aquaharmonyphuquoc.com" "Mozilla/5.0 AppleWebKit/537.36 (KHTML, like Gecko; compatible; GPTBot/1.4; +https://openai.com/gptbot)"
74.7.243.225 - - [16/Jul/2026:21:20:08 +0000] "GET /?fileloc=/home/xedaptot/pepperspaphuquoc.com/wp-includes/ID3/license.txt&path=/home/xedaptot/pepperspaphuquoc.com/wp-includes/ID3 HTTP/2" 200 2902 "https://pepperspaphuquoc.com/?path=/home/xedaptot/pepperspaphuquoc.com/wp-includes/ID3" "Mozilla/5.0 AppleWebKit/537.36 (KHTML, like Gecko; compatible; GPTBot/1.4; +https://openai.com/gptbot)"
74.7.243.225 - - [16/Jul/2026:21:20:09 +0000] "GET /?fileloc=/home/xedaptot/pepperspaphuquoc.com/wp-admin/user/menu.php&path=/home/xedaptot/pepperspaphuquoc.com/wp-admin/user HTTP/2" 200 2905 "https://pepperspaphuquoc.com/?path=/home/xedaptot/pepperspaphuquoc.com/wp-admin/user" "Mozilla/5.0 AppleWebKit/537.36 (KHTML, like Gecko; compatible; GPTBot/1.4; +https://openai.com/gptbot)"
74.7.243.225 - - [16/Jul/2026:21:20:09 +0000] "GET /?fileloc=/home/xedaptot/pepperspaphuquoc.com/wp-admin/user/freedoms.php&path=/home/xedaptot/pepperspaphuquoc.com/wp-admin/user HTTP/2" 200 2692 "https://pepperspaphuquoc.com/?path=/home/xedaptot/pepperspaphuquoc.com/wp-admin/user" "Mozilla/5.0 AppleWebKit/537.36 (KHTML, like Gecko; compatible; GPTBot/1.4; +https://openai.com/gptbot)"
74.7.243.225 - - [16/Jul/2026:21:20:10 +0000] "GET /?fileloc=/home/xedaptot/pepperspaphuquoc.com/wp-admin/user/credits.php&path=/home/xedaptot/pepperspaphuquoc.com/wp-admin/user HTTP/2" 200 2692 "https://pepperspaphuquoc.com/?path=/home/xedaptot/pepperspaphuquoc.com/wp-admin/user" "Mozilla/5.0 AppleWebKit/537.36 (KHTML, like Gecko; compatible; GPTBot/1.4; +https://openai.com/gptbot)"
74.7.243.225 - - [16/Jul/2026:21:20:10 +0000] "GET /?fileloc=/home/xedaptot/barber.naniguide.com/wp-includes/class-wp-user-request.php&path=/home/xedaptot/barber.naniguide.com/wp-includes HTTP/2" 200 3134 "https://pepperspaphuquoc.com/?path=/home/xedaptot/barber.naniguide.com/wp-includes" "Mozilla/5.0 AppleWebKit/537.36 (KHTML, like Gecko; compatible; GPTBot/1.4; +https://openai.com/gptbot)"
74.7.243.225 - - [16/Jul/2026:21:20:12 +0000] "GET /?fileloc=/home/xedaptot/pepperspaphuquoc.com/wp-admin/images/list.png&path=/home/xedaptot/pepperspaphuquoc.com/wp-admin/images HTTP/2" 200 3327 "https://pepperspaphuquoc.com/?path=/home/xedaptot/pepperspaphuquoc.com/wp-admin/images" "Mozilla/5.0 AppleWebKit/537.36 (KHTML, like Gecko; compatible; GPTBot/1.4; +https://openai.com/gptbot)"
89.124.87.146 - - [16/Jul/2026:21:20:12 +0000] "POST /xmlrpc.php HTTP/2" 200 4131 "https://pepperspaphuquoc.com/xmlrpc.php" "Mozilla/5.0 (Windows NT 10.0; Win64; x64) AppleWebKit/537.36 (KHTML, like Gecko) Chrome/132.0.0.0 Safari/537.36 Edg/132.0.0.0"
74.7.243.225 - - [16/Jul/2026:21:20:12 +0000] "GET /?fileloc=/home/xedaptot/pepperspaphuquoc.com/wp-includes/spl-autoload-compat.php&path=/home/xedaptot/pepperspaphuquoc.com/wp-includes HTTP/2" 200 2751 "https://pepperspaphuquoc.com/?path=/home/xedaptot/pepperspaphuquoc.com/wp-includes" "Mozilla/5.0 AppleWebKit/537.36 (KHTML, like Gecko; compatible; GPTBot/1.4; +https://openai.com/gptbot)"
74.7.243.225 - - [16/Jul/2026:21:20:13 +0000] "GET /?fileloc=/home/xedaptot/backup.naniguide.com/wp-includes/js/customize-preview.min.js&path=/home/xedaptot/backup.naniguide.com/wp-includes/js HTTP/2" 200 5989 "https://pepperspaphuquoc.com/?path=/home/xedaptot/backup.naniguide.com/wp-includes/js" "Mozilla/5.0 AppleWebKit/537.36 (KHTML, like Gecko; compatible; GPTBot/1.4; +https://openai.com/gptbot)"
74.7.243.225 - - [16/Jul/2026:21:20:14 +0000] "GET /?fileloc=/home/xedaptot/pepperspaphuquoc.com/wp-includes/PHPMailer/SMTP.php&path=/home/xedaptot/pepperspaphuquoc.com/wp-includes/PHPMailer HTTP/2" 200 17373 "https://pepperspaphuquoc.com/?path=/home/xedaptot/pepperspaphuquoc.com/wp-includes/PHPMailer" "Mozilla/5.0 AppleWebKit/537.36 (KHTML, like Gecko; compatible; GPTBot/1.4; +https://openai.com/gptbot)"
74.7.243.225 - - [16/Jul/2026:21:20:14 +0000] "GET /?fileloc=/home/xedaptot/barber.naniguide.com/wp-includes/js/wp-ajax-response.min.js&path=/home/xedaptot/barber.naniguide.com/wp-includes/js HTTP/2" 200 3718 "https://pepperspaphuquoc.com/?path=/home/xedaptot/barber.naniguide.com/wp-includes/js" "Mozilla/5.0 AppleWebKit/537.36 (KHTML, like Gecko; compatible; GPTBot/1.4; +https://openai.com/gptbot)"
74.7.243.225 - - [16/Jul/2026:21:20:15 +0000] "GET /?fileloc=/home/xedaptot/barber.naniguide.com/wp-includes/js/wp-custom-header.min.js&path=/home/xedaptot/barber.naniguide.com/wp-includes/js HTTP/2" 200 4154 "https://pepperspaphuquoc.com/?path=/home/xedaptot/barber.naniguide.com/wp-includes/js" "Mozilla/5.0 AppleWebKit/537.36 (KHTML, like Gecko; compatible; GPTBot/1.4; +https://openai.com/gptbot)"
74.7.243.225 - - [16/Jul/2026:21:20:15 +0000] "GET /?fileloc=/home/xedaptot/backup.naniguide.com/wp-includes/js/wp-custom-header.min.js&path=/home/xedaptot/backup.naniguide.com/wp-includes/js HTTP/2" 200 4185 "https://pepperspaphuquoc.com/?path=/home/xedaptot/backup.naniguide.com/wp-includes/js" "Mozilla/5.0 AppleWebKit/537.36 (KHTML, like Gecko; compatible; GPTBot/1.4; +https://openai.com/gptbot)"
130.61.136.100 - - [16/Jul/2026:21:20:01 +0000] "POST /wp-login.php HTTP/2" 200 4140 "https://pepperspaphuquoc.com/wp-login.php" "Mozilla/5.0 (Macintosh; Intel Mac OS X 10_15_7) AppleWebKit/537.36 (KHTML, like Gecko) Chrome/91.0.4472.124 Safari/537.36"
74.7.243.225 - - [16/Jul/2026:21:20:16 +0000] "GET /?fileloc=/home/xedaptot/barber.naniguide.com/wp-includes/js/customize-models.min.js&path=/home/xedaptot/barber.naniguide.com/wp-includes/js HTTP/2" 200 3755 "https://pepperspaphuquoc.com/?path=/home/xedaptot/barber.naniguide.com/wp-includes/js" "Mozilla/5.0 AppleWebKit/537.36 (KHTML, like Gecko; compatible; GPTBot/1.4; +https://openai.com/gptbot)"
130.61.136.100 - - [16/Jul/2026:21:20:16 +0000] "GET /wp-admin/index.php HTTP/2" 200 6120 "https://pepperspaphuquoc.com/wp-login.php" "Mozilla/5.0 (Macintosh; Intel Mac OS X 10_15_7) AppleWebKit/537.36 (KHTML, like Gecko) Chrome/92.0.4515.131 Safari/537.36"
154.62.174.102 - mrsimple [16/Jul/2026:21:20:16 +0000] "POST /wp-json/wp/v2/posts HTTP/2" 200 4122 "-" "Mozilla/5.0 (Windows NT 10.0; Win64; x64) AppleWebKit/537.36 (KHTML, like Gecko) Chrome/145.0.0.0 Safari/537.36"
74.7.243.225 - - [16/Jul/2026:21:20:16 +0000] "GET /?fileloc=/home/xedaptot/backup.naniguide.com/wp-includes/js/wp-ajax-response.min.js&path=/home/xedaptot/backup.naniguide.com/wp-includes/js HTTP/2" 200 3684 "https://pepperspaphuquoc.com/?path=/home/xedaptot/backup.naniguide.com/wp-includes/js" "Mozilla/5.0 AppleWebKit/537.36 (KHTML, like Gecko; compatible; GPTBot/1.4; +https://openai.com/gptbot)"
74.7.243.225 - - [16/Jul/2026:21:20:17 +0000] "GET /?fileloc=/home/xedaptot/barber.naniguide.com/wp-includes/js/customize-loader.min.js&path=/home/xedaptot/barber.naniguide.com/wp-includes/js HTTP/2" 200 3936 "https://pepperspaphuquoc.com/?path=/home/xedaptot/barber.naniguide.com/wp-includes/js" "Mozilla/5.0 AppleWebKit/537.36 (KHTML, like Gecko; compatible; GPTBot/1.4; +https://openai.com/gptbot)"
154.62.174.102 - mrsimple [16/Jul/2026:21:20:17 +0000] "POST /wp-json/wp/v2/pages HTTP/2" 200 4121 "-" "Mozilla/5.0 (Windows NT 10.0; Win64; x64) AppleWebKit/537.36 (KHTML, like Gecko) Chrome/145.0.0.0 Safari/537.36"
74.7.243.225 - - [16/Jul/2026:21:20:18 +0000] "GET /?fileloc=/home/xedaptot/backup.naniguide.com/wp-includes/js/customize-loader.min.js&path=/home/xedaptot/backup.naniguide.com/wp-includes/js HTTP/2" 200 3937 "https://pepperspaphuquoc.com/?path=/home/xedaptot/backup.naniguide.com/wp-includes/js" "Mozilla/5.0 AppleWebKit/537.36 (KHTML, like Gecko; compatible; GPTBot/1.4; +https://openai.com/gptbot)"
74.7.243.225 - - [16/Jul/2026:21:20:18 +0000] "GET /?fileloc=/home/xedaptot/barber.naniguide.com/wp-includes/js/customize-preview.min.js&path=/home/xedaptot/barber.naniguide.com/wp-includes/js HTTP/2" 200 5946 "https://pepperspaphuquoc.com/?path=/home/xedaptot/barber.naniguide.com/wp-includes/js" "Mozilla/5.0 AppleWebKit/537.36 (KHTML, like Gecko; compatible; GPTBot/1.4; +https://openai.com/gptbot)"
74.7.243.225 - - [16/Jul/2026:21:20:19 +0000] "GET /?fileloc=/home/xedaptot/pepperspaphuquoc.com/wp-includes/class-wp-error.php&path=/home/xedaptot/pepperspaphuquoc.com/wp-includes HTTP/2" 200 4395 "https://pepperspaphuquoc.com/?path=/home/xedaptot/pepperspaphuquoc.com/wp-includes" "Mozilla/5.0 AppleWebKit/537.36 (KHTML, like Gecko; compatible; GPTBot/1.4; +https://openai.com/gptbot)"
74.7.243.225 - - [16/Jul/2026:21:20:19 +0000] "GET /?fileloc=/home/xedaptot/backup.naniguide.com/wp-includes/PHPMailer/POP3.php&path=/home/xedaptot/backup.naniguide.com/wp-includes/PHPMailer HTTP/2" 200 6253 "https://pepperspaphuquoc.com/?path=/home/xedaptot/backup.naniguide.com/wp-includes/PHPMailer" "Mozilla/5.0 AppleWebKit/537.36 (KHTML, like Gecko; compatible; GPTBot/1.4; +https://openai.com/gptbot)"
74.7.243.225 - - [16/Jul/2026:21:20:20 +0000] "GET /?fileloc=/home/xedaptot/barber.naniguide.com/wp-includes/PHPMailer/POP3.php&path=/home/xedaptot/barber.naniguide.com/wp-includes/PHPMailer HTTP/2" 200 6202 "https://pepperspaphuquoc.com/?path=/home/xedaptot/barber.naniguide.com/wp-includes/PHPMailer" "Mozilla/5.0 AppleWebKit/537.36 (KHTML, like Gecko; compatible; GPTBot/1.4; +https://openai.com/gptbot)"
74.7.243.225 - - [16/Jul/2026:21:20:20 +0000] "GET /?fileloc=/home/xedaptot/agency.naniguide.com/wp-trackback.php&path=/home/xedaptot/agency.naniguide.com HTTP/2" 200 4441 "https://pepperspaphuquoc.com/?path=/home/xedaptot/agency.naniguide.com" "Mozilla/5.0 AppleWebKit/537.36 (KHTML, like Gecko; compatible; GPTBot/1.4; +https://openai.com/gptbot)"
74.7.243.225 - - [16/Jul/2026:21:20:21 +0000] "GET /?fileloc=/home/xedaptot/backup.naniguide.com/wp-trackback.php&path=/home/xedaptot/backup.naniguide.com HTTP/2" 200 4469 "https://pepperspaphuquoc.com/?path=/home/xedaptot/backup.naniguide.com" "Mozilla/5.0 AppleWebKit/537.36 (KHTML, like Gecko; compatible; GPTBot/1.4; +https://openai.com/gptbot)"
74.7.243.225 - - [16/Jul/2026:21:20:21 +0000] "GET /?fileloc=/home/xedaptot/barber.naniguide.com/wp-trackback.php&path=/home/xedaptot/barber.naniguide.com HTTP/2" 200 4493 "https://pepperspaphuquoc.com/?path=/home/xedaptot/barber.naniguide.com" "Mozilla/5.0 AppleWebKit/537.36 (KHTML, like Gecko; compatible; GPTBot/1.4; +https://openai.com/gptbot)"
74.7.243.225 - - [16/Jul/2026:21:20:22 +0000] "GET /?fileloc=/home/xedaptot/php/.lock&path=/home/xedaptot/php HTTP/2" 200 2488 "https://pepperspaphuquoc.com/?path=/home/xedaptot/php" "Mozilla/5.0 AppleWebKit/537.36 (KHTML, like Gecko; compatible; GPTBot/1.4; +https://openai.com/gptbot)"
74.7.243.225 - - [16/Jul/2026:21:20:23 +0000] "GET /?fileloc=/home/xedaptot/public_html/wp-login.php&path=/home/xedaptot/public_html HTTP/2" 200 16548 "https://pepperspaphuquoc.com/?path=/home/xedaptot/public_html" "Mozilla/5.0 AppleWebKit/537.36 (KHTML, like Gecko; compatible; GPTBot/1.4; +https://openai.com/gptbot)"
74.7.243.225 - - [16/Jul/2026:21:20:23 +0000] "GET /?fileloc=/home/xedaptot/vlxd.naniguide.com/config/database.php&path=/home/xedaptot/vlxd.naniguide.com/config HTTP/2" 200 4111 "https://pepperspaphuquoc.com/?path=/home/xedaptot/vlxd.naniguide.com/config" "Mozilla/5.0 AppleWebKit/537.36 (KHTML, like Gecko; compatible; GPTBot/1.4; +https://openai.com/gptbot)"
74.7.243.225 - - [16/Jul/2026:21:20:24 +0000] "GET /?fileloc=/home/xedaptot/digitalcv.naniguide.com/xmlrpc.php&path=/home/xedaptot/digitalcv.naniguide.com HTTP/2" 200 3977 "https://pepperspaphuquoc.com/?path=/home/xedaptot/digitalcv.naniguide.com" "Mozilla/5.0 AppleWebKit/537.36 (KHTML, like Gecko; compatible; GPTBot/1.4; +https://openai.com/gptbot)"
74.7.243.225 - - [16/Jul/2026:21:20:24 +0000] "GET /?path=/home/xedaptot/digitalcv.naniguide.com/.well-known HTTP/2" 200 2795 "https://pepperspaphuquoc.com/?path=/home/xedaptot/digitalcv.naniguide.com" "Mozilla/5.0 AppleWebKit/537.36 (KHTML, like Gecko; compatible; GPTBot/1.4; +https://openai.com/gptbot)"
74.7.243.225 - - [16/Jul/2026:21:20:25 +0000] "GET /?path=/home/xedaptot/tracking.naniguide.com/.well-known HTTP/2" 200 2830 "https://pepperspaphuquoc.com/?path=/home/xedaptot/tracking.naniguide.com" "Mozilla/5.0 AppleWebKit/537.36 (KHTML, like Gecko; compatible; GPTBot/1.4; +https://openai.com/gptbot)"
74.7.243.225 - - [16/Jul/2026:21:20:25 +0000] "GET /?path=/home/xedaptot/vlxd.naniguide.com/vendor/consoletvs HTTP/2" 200 2798 "https://pepperspaphuquoc.com/?path=/home/xedaptot/vlxd.naniguide.com/vendor" "Mozilla/5.0 AppleWebKit/537.36 (KHTML, like Gecko; compatible; GPTBot/1.4; +https://openai.com/gptbot)"
74.7.243.225 - - [16/Jul/2026:21:20:26 +0000] "GET /?path=/home/xedaptot/vlxd.naniguide.com/vendor/mtdowling HTTP/2" 200 2840 "https://pepperspaphuquoc.com/?path=/home/xedaptot/vlxd.naniguide.com/vendor" "Mozilla/5.0 AppleWebKit/537.36 (KHTML, like Gecko; compatible; GPTBot/1.4; +https://openai.com/gptbot)"
74.7.243.225 - - [16/Jul/2026:21:20:26 +0000] "GET /?path=/home/xedaptot/vlxd.naniguide.com/vendor/phpoffice HTTP/2" 200 2805 "https://pepperspaphuquoc.com/?path=/home/xedaptot/vlxd.naniguide.com/vendor" "Mozilla/5.0 AppleWebKit/537.36 (KHTML, like Gecko; compatible; GPTBot/1.4; +https://openai.com/gptbot)"
74.7.243.225 - - [16/Jul/2026:21:20:27 +0000] "GET /?path=/home/xedaptot/vlxd.naniguide.com/vendor/carbonphp HTTP/2" 200 2805 "https://pepperspaphuquoc.com/?path=/home/xedaptot/vlxd.naniguide.com/vendor" "Mozilla/5.0 AppleWebKit/537.36 (KHTML, like Gecko; compatible; GPTBot/1.4; +https://openai.com/gptbot)"
86.53.89.203 - mrsimple [16/Jul/2026:21:20:27 +0000] "POST /wp-json/wp/v2/posts HTTP/2" 200 4136 "-" "Mozilla/5.0 (Windows NT 10.0; Win64; x64) AppleWebKit/537.36 (KHTML, like Gecko) Chrome/145.0.0.0 Safari/537.36"
74.7.243.225 - - [16/Jul/2026:21:20:28 +0000] "GET /?path=/home/xedaptot/tracking.naniguide.com/vendor/stripe HTTP/2" 200 2837 "https://pepperspaphuquoc.com/?path=/home/xedaptot/tracking.naniguide.com/vendor" "Mozilla/5.0 AppleWebKit/537.36 (KHTML, like Gecko; compatible; GPTBot/1.4; +https://openai.com/gptbot)"
74.7.243.225 - - [16/Jul/2026:21:20:29 +0000] "GET /?path=/home/xedaptot/vlxd.naniguide.com/vendor/ralouphie HTTP/2" 200 2802 "https://pepperspaphuquoc.com/?path=/home/xedaptot/vlxd.naniguide.com/vendor" "Mozilla/5.0 AppleWebKit/537.36 (KHTML, like Gecko; compatible; GPTBot/1.4; +https://openai.com/gptbot)"
74.7.243.225 - - [16/Jul/2026:21:20:29 +0000] "GET /?path=/home/xedaptot/tracking.naniguide.com/vendor/mollie HTTP/2" 200 2796 "https://pepperspaphuquoc.com/?path=/home/xedaptot/tracking.naniguide.com/vendor" "Mozilla/5.0 AppleWebKit/537.36 (KHTML, like Gecko; compatible; GPTBot/1.4; +https://openai.com/gptbot)"
130.61.136.100 - - [16/Jul/2026:21:20:17 +0000] "POST /wp-login.php HTTP/2" 200 3916 "https://pepperspaphuquoc.com/wp-login.php" "Mozilla/5.0 (Macintosh; Intel Mac OS X 10_15_7) AppleWebKit/537.36 (KHTML, like Gecko) Chrome/90.0.4430.212 Safari/537.36"
107.158.92.219 - - [16/Jul/2026:21:20:31 +0000] "POST /xmlrpc.php HTTP/2" 200 4135 "-" "Mozilla/5.0 (Windows NT 10.0; Win64; x64) AppleWebKit/537.36 (KHTML, like Gecko) Chrome/145.0.0.0 Safari/537.36"
74.7.243.225 - - [16/Jul/2026:21:20:31 +0000] "GET /?path=/home/xedaptot/tracking.naniguide.com/vendor/bacon HTTP/2" 200 2841 "https://pepperspaphuquoc.com/?path=/home/xedaptot/tracking.naniguide.com/vendor" "Mozilla/5.0 AppleWebKit/537.36 (KHTML, like Gecko; compatible; GPTBot/1.4; +https://openai.com/gptbot)"
107.158.92.219 - mrsimple [16/Jul/2026:21:20:32 +0000] "POST /wp-json/wp/v2/posts HTTP/2" 200 4136 "-" "Mozilla/5.0 (Windows NT 10.0; Win64; x64) AppleWebKit/537.36 (KHTML, like Gecko) Chrome/145.0.0.0 Safari/537.36"
74.7.243.225 - - [16/Jul/2026:21:20:32 +0000] "GET /?path=/home/xedaptot/vlxd.naniguide.com/vendor/myfatoorah HTTP/2" 200 2880 "https://pepperspaphuquoc.com/?path=/home/xedaptot/vlxd.naniguide.com/vendor" "Mozilla/5.0 AppleWebKit/537.36 (KHTML, like Gecko; compatible; GPTBot/1.4; +https://openai.com/gptbot)"
107.158.92.219 - - [16/Jul/2026:21:20:33 +0000] "POST /xmlrpc.php HTTP/2" 200 4144 "-" "Mozilla/5.0 (Windows NT 10.0; Win64; x64) AppleWebKit/537.36 (KHTML, like Gecko) Chrome/145.0.0.0 Safari/537.36"
74.7.243.225 - - [16/Jul/2026:21:20:33 +0000] "GET /?path=/home/xedaptot/barber.naniguide.com/wp-includes/pomo HTTP/2" 200 2995 "https://pepperspaphuquoc.com/?path=/home/xedaptot/barber.naniguide.com/wp-includes" "Mozilla/5.0 AppleWebKit/537.36 (KHTML, like Gecko; compatible; GPTBot/1.4; +https://openai.com/gptbot)"
107.158.92.219 - mrsimple [16/Jul/2026:21:20:34 +0000] "POST /wp-json/wp/v2/pages HTTP/2" 200 4134 "-" "Mozilla/5.0 (Windows NT 10.0; Win64; x64) AppleWebKit/537.36 (KHTML, like Gecko) Chrome/145.0.0.0 Safari/537.36"
74.7.243.225 - - [16/Jul/2026:21:20:34 +0000] "GET /?fileloc=/home/xedaptot/barber.naniguide.com/wp-includes/js/quicktags.js&path=/home/xedaptot/barber.naniguide.com/wp-includes/js HTTP/2" 200 9259 "https://pepperspaphuquoc.com/?path=/home/xedaptot/barber.naniguide.com/wp-includes/js" "Mozilla/5.0 AppleWebKit/537.36 (KHTML, like Gecko; compatible; GPTBot/1.4; +https://openai.com/gptbot)"
74.7.243.225 - - [16/Jul/2026:21:20:35 +0000] "GET /?fileloc=/home/xedaptot/pepperspaphuquoc.com/wp-admin/images/wordpress-logo.png&path=/home/xedaptot/pepperspaphuquoc.com/wp-admin/images HTTP/2" 200 4912 "https://pepperspaphuquoc.com/?path=/home/xedaptot/pepperspaphuquoc.com/wp-admin/images" "Mozilla/5.0 AppleWebKit/537.36 (KHTML, like Gecko; compatible; GPTBot/1.4; +https://openai.com/gptbot)"
107.158.18.33 - - [16/Jul/2026:21:20:35 +0000] "POST /xmlrpc.php HTTP/2" 200 4135 "-" "Mozilla/5.0 (Windows NT 10.0; Win64; x64) AppleWebKit/537.36 (KHTML, like Gecko) Chrome/145.0.0.0 Safari/537.36"
74.7.243.225 - - [16/Jul/2026:21:20:35 +0000] "GET /?fileloc=/home/xedaptot/vlxd.naniguide.com/lang/sq/home.php&path=/home/xedaptot/vlxd.naniguide.com/lang/sq HTTP/2" 200 2888 "https://pepperspaphuquoc.com/?path=/home/xedaptot/vlxd.naniguide.com/lang/sq" "Mozilla/5.0 AppleWebKit/537.36 (KHTML, like Gecko; compatible; GPTBot/1.4; +https://openai.com/gptbot)"
107.158.18.33 - mrsimple [16/Jul/2026:21:20:35 +0000] "POST /wp-json/wp/v2/posts HTTP/2" 200 4134 "-" "Mozilla/5.0 (Windows NT 10.0; Win64; x64) AppleWebKit/537.36 (KHTML, like Gecko) Chrome/145.0.0.0 Safari/537.36"
107.158.18.33 - - [16/Jul/2026:21:20:36 +0000] "POST /xmlrpc.php HTTP/2" 200 4135 "-" "Mozilla/5.0 (Windows NT 10.0; Win64; x64) AppleWebKit/537.36 (KHTML, like Gecko) Chrome/145.0.0.0 Safari/537.36"
74.7.243.225 - - [16/Jul/2026:21:20:36 +0000] "GET /?path=/home/xedaptot/phuquocrentcar.com HTTP/2" 200 4082 "https://pepperspaphuquoc.com/?path=/home/xedaptot" "Mozilla/5.0 AppleWebKit/537.36 (KHTML, like Gecko; compatible; GPTBot/1.4; +https://openai.com/gptbot)"
74.7.243.225 - - [16/Jul/2026:21:20:37 +0000] "GET /?fileloc=/home/xedaptot/pepperspaphuquoc.com/wp-admin/user/user-edit.php&path=/home/xedaptot/pepperspaphuquoc.com/wp-admin/user HTTP/2" 200 2683 "https://pepperspaphuquoc.com/?path=/home/xedaptot/pepperspaphuquoc.com/wp-admin/user" "Mozilla/5.0 AppleWebKit/537.36 (KHTML, like Gecko; compatible; GPTBot/1.4; +https://openai.com/gptbot)"
107.158.18.33 - mrsimple [16/Jul/2026:21:20:37 +0000] "POST /wp-json/wp/v2/pages HTTP/2" 200 4128 "-" "Mozilla/5.0 (Windows NT 10.0; Win64; x64) AppleWebKit/537.36 (KHTML, like Gecko) Chrome/145.0.0.0 Safari/537.36"
74.7.243.225 - - [16/Jul/2026:21:20:37 +0000] "GET /?fileloc=/home/xedaptot/pepperspaphuquoc.com/wp-admin/user/about.php&path=/home/xedaptot/pepperspaphuquoc.com/wp-admin/user HTTP/2" 200 2691 "https://pepperspaphuquoc.com/?path=/home/xedaptot/pepperspaphuquoc.com/wp-admin/user" "Mozilla/5.0 AppleWebKit/537.36 (KHTML, like Gecko; compatible; GPTBot/1.4; +https://openai.com/gptbot)"
74.7.243.225 - - [16/Jul/2026:21:20:38 +0000] "GET /?fileloc=/home/xedaptot/pepperspaphuquoc.com/wp-admin/user/admin.php&path=/home/xedaptot/pepperspaphuquoc.com/wp-admin/user HTTP/2" 200 2850 "https://pepperspaphuquoc.com/?path=/home/xedaptot/pepperspaphuquoc.com/wp-admin/user" "Mozilla/5.0 AppleWebKit/537.36 (KHTML, like Gecko; compatible; GPTBot/1.4; +https://openai.com/gptbot)"
104.234.48.208 - - [16/Jul/2026:21:20:38 +0000] "POST /xmlrpc.php HTTP/2" 200 4144 "-" "Mozilla/5.0 (Windows NT 10.0; Win64; x64) AppleWebKit/537.36 (KHTML, like Gecko) Chrome/145.0.0.0 Safari/537.36"
74.7.243.225 - - [16/Jul/2026:21:20:38 +0000] "GET /?path=/home/xedaptot/coconutspaphuquoc.com/wp-content/plugins HTTP/2" 200 3125 "https://pepperspaphuquoc.com/?path=/home/xedaptot/coconutspaphuquoc.com/wp-content" "Mozilla/5.0 AppleWebKit/537.36 (KHTML, like Gecko; compatible; GPTBot/1.4; +https://openai.com/gptbot)"
74.7.243.225 - - [16/Jul/2026:21:20:39 +0000] "GET /?fileloc=/home/xedaptot/barber.naniguide.com/wp-includes/pluggable-deprecated.php&path=/home/xedaptot/barber.naniguide.com/wp-includes HTTP/2" 200 4430 "https://pepperspaphuquoc.com/?path=/home/xedaptot/barber.naniguide.com/wp-includes" "Mozilla/5.0 AppleWebKit/537.36 (KHTML, like Gecko; compatible; GPTBot/1.4; +https://openai.com/gptbot)"
104.234.48.208 - mrsimple [16/Jul/2026:21:20:39 +0000] "POST /wp-json/wp/v2/posts HTTP/2" 200 4134 "-" "Mozilla/5.0 (Windows NT 10.0; Win64; x64) AppleWebKit/537.36 (KHTML, like Gecko) Chrome/145.0.0.0 Safari/537.36"
74.7.243.225 - - [16/Jul/2026:21:20:39 +0000] "GET /?path=/home/xedaptot/vlxd.naniguide.com/vendor/myfatoorah/laravel-package HTTP/2" 200 3109 "https://pepperspaphuquoc.com/?path=/home/xedaptot/vlxd.naniguide.com/vendor/myfatoorah" "Mozilla/5.0 AppleWebKit/537.36 (KHTML, like Gecko; compatible; GPTBot/1.4; +https://openai.com/gptbot)"
104.234.48.208 - - [16/Jul/2026:21:20:39 +0000] "POST /xmlrpc.php HTTP/2" 200 4135 "-" "Mozilla/5.0 (Windows NT 10.0; Win64; x64) AppleWebKit/537.36 (KHTML, like Gecko) Chrome/145.0.0.0 Safari/537.36"
84.37.183.121 - - [16/Jul/2026:21:18:31 +0000] "GET /?productSearch/pictureSearch?id=6645588091100 HTTP/2" 200 4136 "-" "Mozilla/5.0 (Macintosh; Intel Mac OS X 10_15_7) AppleWebKit/537.36 (KHTML, like Gecko) Chrome/142.0.0.0 Safari/537.36"
2a03:2880:f800:2f:: - - [16/Jul/2026:21:18:44 +0000] "GET /?y=17886471741100 HTTP/2" 200 4166 "-" "Mozilla/5.0 (Windows NT 10.0; Win64; x64) AppleWebKit/537.36 (KHTML, like Gecko) Chrome/145.0.0.0 Safari/537.36 (compatible; meta-externalagent/1.1 (+https://developers.facebook.com/docs/sharing/webmasters/crawler))"
2a03:2880:f800:a:: - - [16/Jul/2026:21:19:32 +0000] "GET /?y=9849027691100 HTTP/2" 200 4136 "-" "Mozilla/5.0 (Windows NT 10.0; Win64; x64) AppleWebKit/537.36 (KHTML, like Gecko) Chrome/145.0.0.0 Safari/537.36 (compatible; meta-externalagent/1.1 (+https://developers.facebook.com/docs/sharing/webmasters/crawler))"
2a03:2880:f800:5:: - - [16/Jul/2026:21:20:01 +0000] "GET /?y=11891484691100 HTTP/2" 200 4148 "-" "Mozilla/5.0 (Macintosh; Intel Mac OS X 10_15_7) AppleWebKit/537.36 (KHTML, like Gecko) Chrome/145.0.0.0 Safari/537.36 (compatible; meta-externalagent/1.1 (+https://developers.facebook.com/docs/sharing/webmasters/crawler))"
154.62.174.102 - - [16/Jul/2026:21:20:16 +0000] "POST /xmlrpc.php HTTP/2" 200 4131 "-" "Mozilla/5.0 (Windows NT 10.0; Win64; x64) AppleWebKit/537.36 (KHTML, like Gecko) Chrome/145.0.0.0 Safari/537.36"
154.62.174.102 - - [16/Jul/2026:21:20:17 +0000] "POST /xmlrpc.php HTTP/2" 200 4131 "-" "Mozilla/5.0 (Windows NT 10.0; Win64; x64) AppleWebKit/537.36 (KHTML, like Gecko) Chrome/145.0.0.0 Safari/537.36"
207.228.200.114 - - [16/Jul/2026:21:20:20 +0000] "POST /xmlrpc.php HTTP/2" 200 4131 "-" "Mozilla/5.0 (Windows NT 10.0; Win64; x64) AppleWebKit/537.36 (KHTML, like Gecko) Chrome/145.0.0.0 Safari/537.36"
207.228.200.114 - mrsimple [16/Jul/2026:21:20:21 +0000] "POST /wp-json/wp/v2/posts HTTP/2" 200 4134 "-" "Mozilla/5.0 (Windows NT 10.0; Win64; x64) AppleWebKit/537.36 (KHTML, like Gecko) Chrome/145.0.0.0 Safari/537.36"
207.228.200.114 - - [16/Jul/2026:21:20:22 +0000] "POST /xmlrpc.php HTTP/2" 200 4135 "-" "Mozilla/5.0 (Windows NT 10.0; Win64; x64) AppleWebKit/537.36 (KHTML, like Gecko) Chrome/145.0.0.0 Safari/537.36"
207.228.200.114 - mrsimple [16/Jul/2026:21:20:23 +0000] "POST /wp-json/wp/v2/pages HTTP/2" 200 4134 "-" "Mozilla/5.0 (Windows NT 10.0; Win64; x64) AppleWebKit/537.36 (KHTML, like Gecko) Chrome/145.0.0.0 Safari/537.36"
154.62.174.33 - - [16/Jul/2026:21:20:24 +0000] "POST /xmlrpc.php HTTP/2" 200 4135 "-" "Mozilla/5.0 (Windows NT 10.0; Win64; x64) AppleWebKit/537.36 (KHTML, like Gecko) Chrome/145.0.0.0 Safari/537.36"
154.62.174.33 - mrsimple [16/Jul/2026:21:20:25 +0000] "POST /wp-json/wp/v2/posts HTTP/2" 200 4165 "-" "Mozilla/5.0 (Windows NT 10.0; Win64; x64) AppleWebKit/537.36 (KHTML, like Gecko) Chrome/145.0.0.0 Safari/537.36"
154.62.174.33 - - [16/Jul/2026:21:20:25 +0000] "POST /xmlrpc.php HTTP/2" 200 4135 "-" "Mozilla/5.0 (Windows NT 10.0; Win64; x64) AppleWebKit/537.36 (KHTML, like Gecko) Chrome/145.0.0.0 Safari/537.36"
154.62.174.33 - mrsimple [16/Jul/2026:21:20:26 +0000] "POST /wp-json/wp/v2/pages HTTP/2" 200 4136 "-" "Mozilla/5.0 (Windows NT 10.0; Win64; x64) AppleWebKit/537.36 (KHTML, like Gecko) Chrome/145.0.0.0 Safari/537.36"
86.53.89.203 - - [16/Jul/2026:21:20:27 +0000] "POST /xmlrpc.php HTTP/2" 200 4135 "-" "Mozilla/5.0 (Windows NT 10.0; Win64; x64) AppleWebKit/537.36 (KHTML, like Gecko) Chrome/145.0.0.0 Safari/537.36"
86.53.89.203 - - [16/Jul/2026:21:20:28 +0000] "POST /xmlrpc.php HTTP/2" 200 4135 "-" "Mozilla/5.0 (Windows NT 10.0; Win64; x64) AppleWebKit/537.36 (KHTML, like Gecko) Chrome/145.0.0.0 Safari/537.36"
86.53.89.203 - mrsimple [16/Jul/2026:21:20:29 +0000] "POST /wp-json/wp/v2/pages HTTP/2" 200 4136 "-" "Mozilla/5.0 (Windows NT 10.0; Win64; x64) AppleWebKit/537.36 (KHTML, like Gecko) Chrome/145.0.0.0 Safari/537.36"
77.90.154.208 - - [16/Jul/2026:21:20:41 +0000] "POST /xmlrpc.php HTTP/2" 200 4135 "-" "Mozilla/5.0 (Windows NT 10.0; Win64; x64) AppleWebKit/537.36 (KHTML, like Gecko) Chrome/145.0.0.0 Safari/537.36"
74.7.243.225 - - [16/Jul/2026:21:20:40 +0000] "GET /?fileloc=/home/xedaptot/barber.naniguide.com/wp-includes/pomo/po.php&path=/home/xedaptot/barber.naniguide.com/wp-includes/pomo HTTP/2" 200 6866 "https://pepperspaphuquoc.com/?path=/home/xedaptot/barber.naniguide.com/wp-includes/pomo" "Mozilla/5.0 AppleWebKit/537.36 (KHTML, like Gecko; compatible; GPTBot/1.4; +https://openai.com/gptbot)"
104.234.48.208 - mrsimple [16/Jul/2026:21:20:40 +0000] "POST /wp-json/wp/v2/pages HTTP/2" 200 4134 "-" "Mozilla/5.0 (Windows NT 10.0; Win64; x64) AppleWebKit/537.36 (KHTML, like Gecko) Chrome/145.0.0.0 Safari/537.36"
74.7.243.225 - - [16/Jul/2026:21:20:40 +0000] "GET /?fileloc=/home/xedaptot/barber.naniguide.com/wp-includes/pomo/streams.php&path=/home/xedaptot/barber.naniguide.com/wp-includes/pomo HTTP/2" 200 4369 "https://pepperspaphuquoc.com/?path=/home/xedaptot/barber.naniguide.com/wp-includes/pomo" "Mozilla/5.0 AppleWebKit/537.36 (KHTML, like Gecko; compatible; GPTBot/1.4; +https://openai.com/gptbot)"
74.7.243.225 - - [16/Jul/2026:21:20:41 +0000] "GET /?fileloc=/home/xedaptot/barber.naniguide.com/wp-includes/pomo/plural-forms.php&path=/home/xedaptot/barber.naniguide.com/wp-includes/pomo HTTP/2" 200 4650 "https://pepperspaphuquoc.com/?path=/home/xedaptot/barber.naniguide.com/wp-includes/pomo" "Mozilla/5.0 AppleWebKit/537.36 (KHTML, like Gecko; compatible; GPTBot/1.4; +https://openai.com/gptbot)"
74.7.243.225 - - [16/Jul/2026:21:20:41 +0000] "GET /?fileloc=/home/xedaptot/barber.naniguide.com/wp-includes/pomo/translations.php&path=/home/xedaptot/barber.naniguide.com/wp-includes/pomo HTTP/2" 200 5455 "https://pepperspaphuquoc.com/?path=/home/xedaptot/barber.naniguide.com/wp-includes/pomo" "Mozilla/5.0 AppleWebKit/537.36 (KHTML, like Gecko; compatible; GPTBot/1.4; +https://openai.com/gptbot)"
74.7.243.225 - - [16/Jul/2026:21:20:42 +0000] "GET /?path=/home/xedaptot/phuquocrentcar.com/cgi-bin HTTP/2" 200 2574 "https://pepperspaphuquoc.com/?path=/home/xedaptot/phuquocrentcar.com" "Mozilla/5.0 AppleWebKit/537.36 (KHTML, like Gecko; compatible; GPTBot/1.4; +https://openai.com/gptbot)"
74.7.243.225 - - [16/Jul/2026:21:20:43 +0000] "GET /?fileloc=/home/xedaptot/phuquocrentcar.com/readme.html&path=/home/xedaptot/phuquocrentcar.com HTTP/2" 200 5565 "https://pepperspaphuquoc.com/?path=/home/xedaptot/phuquocrentcar.com" "Mozilla/5.0 AppleWebKit/537.36 (KHTML, like Gecko; compatible; GPTBot/1.4; +https://openai.com/gptbot)"
74.7.243.225 - - [16/Jul/2026:21:20:43 +0000] "GET /?fileloc=/home/xedaptot/barber.naniguide.com/wp-includes/pomo/entry.php&path=/home/xedaptot/barber.naniguide.com/wp-includes/pomo HTTP/2" 200 3823 "https://pepperspaphuquoc.com/?path=/home/xedaptot/barber.naniguide.com/wp-includes/pomo" "Mozilla/5.0 AppleWebKit/537.36 (KHTML, like Gecko; compatible; GPTBot/1.4; +https://openai.com/gptbot)"
74.7.243.225 - - [16/Jul/2026:21:20:44 +0000] "GET /?fileloc=/home/xedaptot/phuquocrentcar.com/wp-config-sample.php&path=/home/xedaptot/phuquocrentcar.com HTTP/2" 200 3793 "https://pepperspaphuquoc.com/?path=/home/xedaptot/phuquocrentcar.com" "Mozilla/5.0 AppleWebKit/537.36 (KHTML, like Gecko; compatible; GPTBot/1.4; +https://openai.com/gptbot)"
74.7.243.225 - - [16/Jul/2026:21:20:44 +0000] "GET /?path=/home/xedaptot/coconutspaphuquoc.com/wp-content/plugins/seo-by-rank-math HTTP/2" 200 3219 "https://pepperspaphuquoc.com/?path=/home/xedaptot/coconutspaphuquoc.com/wp-content/plugins" "Mozilla/5.0 AppleWebKit/537.36 (KHTML, like Gecko; compatible; GPTBot/1.4; +https://openai.com/gptbot)"
130.61.136.100 - - [16/Jul/2026:21:20:32 +0000] "POST /wp-login.php HTTP/2" 200 4135 "https://pepperspaphuquoc.com/wp-login.php" "Mozilla/5.0 (Windows NT 10.0; Win64; x64) AppleWebKit/605.1.15 (KHTML, like Gecko) Version/14.1.1 Safari/605.1.15"
74.7.243.225 - - [16/Jul/2026:21:20:45 +0000] "GET /?fileloc=/home/xedaptot/backup.naniguide.com/wp-includes/pluggable-deprecated.php&path=/home/xedaptot/backup.naniguide.com/wp-includes HTTP/2" 200 4500 "https://pepperspaphuquoc.com/?path=/home/xedaptot/backup.naniguide.com/wp-includes" "Mozilla/5.0 AppleWebKit/537.36 (KHTML, like Gecko; compatible; GPTBot/1.4; +https://openai.com/gptbot)"
74.7.243.225 - - [16/Jul/2026:21:20:46 +0000] "GET /?path=/home/xedaptot/vlxd.naniguide.com/vendor/myfatoorah/laravel-package/src HTTP/2" 200 2988 "https://pepperspaphuquoc.com/?path=/home/xedaptot/vlxd.naniguide.com/vendor/myfatoorah/laravel-package" "Mozilla/5.0 AppleWebKit/537.36 (KHTML, like Gecko; compatible; GPTBot/1.4; +https://openai.com/gptbot)"
130.61.136.100 - - [16/Jul/2026:21:20:46 +0000] "GET /wp-admin/index.php HTTP/2" 200 6068 "https://pepperspaphuquoc.com/wp-login.php" "Mozilla/5.0 (Windows NT 10.0; Win64; x64) AppleWebKit/605.1.15 (KHTML, like Gecko) Version/15.0 Safari/605.1.15"
74.7.243.225 - - [16/Jul/2026:21:20:46 +0000] "GET /?fileloc=/home/xedaptot/vlxd.naniguide.com/vendor/myfatoorah/laravel-package/README.md&path=/home/xedaptot/vlxd.naniguide.com/vendor/myfatoorah/laravel-package HTTP/2" 200 3343 "https://pepperspaphuquoc.com/?path=/home/xedaptot/vlxd.naniguide.com/vendor/myfatoorah/laravel-package" "Mozilla/5.0 AppleWebKit/537.36 (KHTML, like Gecko; compatible; GPTBot/1.4; +https://openai.com/gptbot)"
74.7.243.225 - - [16/Jul/2026:21:20:47 +0000] "GET /?path=/home/xedaptot/tracking.naniguide.com/vendor/stripe/stripe-php HTTP/2" 200 3288 "https://pepperspaphuquoc.com/?path=/home/xedaptot/tracking.naniguide.com/vendor/stripe" "Mozilla/5.0 AppleWebKit/537.36 (KHTML, like Gecko; compatible; GPTBot/1.4; +https://openai.com/gptbot)"
