2a03:2880:f800:31:: - - [16/Jul/2026:20:35:24 +0000] "GET /?y=2457993741100 HTTP/2" 200 4136 "-" "Mozilla/5.0 (Windows NT 10.0; Win64; x64) AppleWebKit/537.36 (KHTML, like Gecko) Chrome/145.0.0.0 Safari/537.36 (compatible; meta-externalagent/1.1 (+https://developers.facebook.com/docs/sharing/webmasters/crawler))"
2a03:2880:f800:18:: - - [16/Jul/2026:20:35:31 +0000] "GET /?y=2435805241100 HTTP/2" 200 4136 "-" "Mozilla/5.0 (Windows NT 10.0; Win64; x64) AppleWebKit/537.36 (KHTML, like Gecko) Chrome/145.0.0.0 Safari/537.36 (compatible; meta-externalagent/1.1 (+https://developers.facebook.com/docs/sharing/webmasters/crawler))"
2a03:2880:f800:7:: - - [16/Jul/2026:20:34:23 +0000] "GET /?y=4260837241100 HTTP/2" 200 4136 "-" "Mozilla/5.0 (Windows NT 10.0; Win64; x64) AppleWebKit/537.36 (KHTML, like Gecko) Chrome/145.0.0.0 Safari/537.36 (compatible; meta-externalagent/1.1 (+https://developers.facebook.com/docs/sharing/webmasters/crawler))"
172.120.26.34 - - [16/Jul/2026:20:34:28 +0000] "GET /?product/category/view_more/11620417041100 HTTP/2" 200 4136 "-" "Mozilla/5.0 (Macintosh; Intel Mac OS X 10_15_7) AppleWebKit/537.36 (KHTML, like Gecko) Chrome/142.0.0.0 Safari/537.36"
2a03:2880:f800:13:: - - [16/Jul/2026:20:34:34 +0000] "GET /?y=1669800241100 HTTP/2" 200 4136 "-" "Mozilla/5.0 (Windows NT 10.0; Win64; x64) AppleWebKit/537.36 (KHTML, like Gecko) Chrome/145.0.0.0 Safari/537.36 (compatible; meta-externalagent/1.1 (+https://developers.facebook.com/docs/sharing/webmasters/crawler))"
167.160.57.222 - - [16/Jul/2026:20:34:49 +0000] "GET /?productSearch/pictureSearch?id=6645588091100 HTTP/2" 200 4136 "-" "Mozilla/5.0 (Macintosh; Intel Mac OS X 10_15_7) AppleWebKit/537.36 (KHTML, like Gecko) Chrome/142.0.0.0 Safari/537.36"
2a03:2880:f800:35:: - - [16/Jul/2026:20:35:48 +0000] "GET /?y=22241884741100 HTTP/2" 200 4136 "-" "Mozilla/5.0 (Macintosh; Intel Mac OS X 10_15_7) AppleWebKit/537.36 (KHTML, like Gecko) Chrome/145.0.0.0 Safari/537.36 (compatible; meta-externalagent/1.1 (+https://developers.facebook.com/docs/sharing/webmasters/crawler))"
2a03:2880:f800:44:: - - [16/Jul/2026:20:36:13 +0000] "GET /?y=1233478441100 HTTP/2" 200 4136 "-" "Mozilla/5.0 (Macintosh; Intel Mac OS X 10_15_7) AppleWebKit/537.36 (KHTML, like Gecko) Chrome/145.0.0.0 Safari/537.36 (compatible; meta-externalagent/1.1 (+https://developers.facebook.com/docs/sharing/webmasters/crawler))"
43.159.152.187 - - [16/Jul/2026:20:36:21 +0000] "GET /wp-json/wp/v2/posts/2930?path=/home/xedaptot/aquaharmonyphuquoc.com/wp-content HTTP/2" 200 3268 "-" "Mozilla/5.0 (iPhone; CPU iPhone OS 13_2_3 like Mac OS X) AppleWebKit/605.1.15 (KHTML, like Gecko) Version/13.0.3 Mobile/15E148 Safari/604.1"
168.93.222.71 - - [16/Jul/2026:20:36:27 +0000] "GET /?productSearch/pictureSearch?id=6645588091100 HTTP/2" 200 4136 "-" "Mozilla/5.0 (Macintosh; Intel Mac OS X 10_15_7) AppleWebKit/537.36 (KHTML, like Gecko) Chrome/142.0.0.0 Safari/537.36"
216.227.219.70 - - [16/Jul/2026:20:36:29 +0000] "GET /?product/category/view_more/11620417041100 HTTP/2" 200 4132 "-" "Mozilla/5.0 (Macintosh; Intel Mac OS X 10_15_7) AppleWebKit/537.36 (KHTML, like Gecko) Chrome/142.0.0.0 Safari/537.36"
23.26.236.27 - - [16/Jul/2026:20:36:36 +0000] "GET /?productSearch/pictureSearch?id=6645588091100 HTTP/2" 200 4136 "-" "Mozilla/5.0 (Macintosh; Intel Mac OS X 10_15_7) AppleWebKit/537.36 (KHTML, like Gecko) Chrome/142.0.0.0 Safari/537.36"
104.232.192.50 - - [16/Jul/2026:20:36:39 +0000] "GET /?product/category/view_more/11620417041100 HTTP/2" 200 4136 "-" "Mozilla/5.0 (Macintosh; Intel Mac OS X 10_15_7) AppleWebKit/537.36 (KHTML, like Gecko) Chrome/142.0.0.0 Safari/537.36"
2a03:2880:f800:14:: - - [16/Jul/2026:20:36:40 +0000] "GET /?y=8499821941100 HTTP/2" 200 4136 "-" "Mozilla/5.0 (Windows NT 10.0; Win64; x64) AppleWebKit/537.36 (KHTML, like Gecko) Chrome/145.0.0.0 Safari/537.36 (compatible; meta-externalagent/1.1 (+https://developers.facebook.com/docs/sharing/webmasters/crawler))"
154.29.225.130 - - [16/Jul/2026:20:37:07 +0000] "GET /?product%2Freview%2F541297591100 HTTP/2" 200 4136 "-" "Mozilla/5.0 (Macintosh; Intel Mac OS X 10_15_7) AppleWebKit/537.36 (KHTML, like Gecko) Chrome/142.0.0.0 Safari/537.36"
2a03:2880:f800:6:: - - [16/Jul/2026:20:37:37 +0000] "GET /?y=8368775991100 HTTP/2" 200 4136 "-" "Mozilla/5.0 (Windows NT 10.0; Win64; x64) AppleWebKit/537.36 (KHTML, like Gecko) Chrome/145.0.0.0 Safari/537.36 (compatible; meta-externalagent/1.1 (+https://developers.facebook.com/docs/sharing/webmasters/crawler))"
2a03:2880:f800:30:: - - [16/Jul/2026:20:37:45 +0000] "GET /?y=2548832791100 HTTP/2" 200 4136 "-" "Mozilla/5.0 (Windows NT 10.0; Win64; x64) AppleWebKit/537.36 (KHTML, like Gecko) Chrome/145.0.0.0 Safari/537.36 (compatible; meta-externalagent/1.1 (+https://developers.facebook.com/docs/sharing/webmasters/crawler))"
2a03:2880:f800:27:: - - [16/Jul/2026:20:39:09 +0000] "GET /?y=21635726141100 HTTP/2" 200 4136 "-" "Mozilla/5.0 (Macintosh; Intel Mac OS X 10_15_7) AppleWebKit/537.36 (KHTML, like Gecko) Chrome/145.0.0.0 Safari/537.36 (compatible; meta-externalagent/1.1 (+https://developers.facebook.com/docs/sharing/webmasters/crawler))"
2a03:2880:f800:27:: - - [16/Jul/2026:20:39:23 +0000] "GET /?y=12099655191100 HTTP/2" 200 4136 "-" "Mozilla/5.0 (Windows NT 10.0; Win64; x64) AppleWebKit/537.36 (KHTML, like Gecko) Chrome/145.0.0.0 Safari/537.36 (compatible; meta-externalagent/1.1 (+https://developers.facebook.com/docs/sharing/webmasters/crawler))"
2a03:2880:f800:44:: - - [16/Jul/2026:20:39:33 +0000] "GET /?y=13014523841100 HTTP/2" 200 4136 "-" "Mozilla/5.0 (Windows NT 10.0; Win64; x64) AppleWebKit/537.36 (KHTML, like Gecko) Chrome/145.0.0.0 Safari/537.36 (compatible; meta-externalagent/1.1 (+https://developers.facebook.com/docs/sharing/webmasters/crawler))"
2a03:2880:f800:c:: - - [16/Jul/2026:20:39:41 +0000] "GET /?y=11798527141100 HTTP/2" 200 4136 "-" "Mozilla/5.0 (Macintosh; Intel Mac OS X 10_15_7) AppleWebKit/537.36 (KHTML, like Gecko) Chrome/145.0.0.0 Safari/537.36 (compatible; meta-externalagent/1.1 (+https://developers.facebook.com/docs/sharing/webmasters/crawler))"
66.249.66.69 - - [16/Jul/2026:20:36:00 +0000] "GET /?product/review/8025355991100 HTTP/2" 200 17100 "-" "Mozilla/5.0 (Linux; Android 6.0.1; Nexus 5X Build/MMB29P) AppleWebKit/537.36 (KHTML, like Gecko) Chrome/150.0.7871.124 Mobile Safari/537.36 (compatible; Googlebot/2.1; +http://www.google.com/bot.html)"
2a03:2880:f800:10:: - - [16/Jul/2026:20:36:15 +0000] "GET /?y=11165385541100 HTTP/2" 200 4136 "-" "Mozilla/5.0 (Macintosh; Intel Mac OS X 10_15_7) AppleWebKit/537.36 (KHTML, like Gecko) Chrome/145.0.0.0 Safari/537.36 (compatible; meta-externalagent/1.1 (+https://developers.facebook.com/docs/sharing/webmasters/crawler))"
2.56.75.235 - - [16/Jul/2026:20:36:22 +0000] "GET /?productSearch/pictureSearch?id=6645588091100 HTTP/2" 200 4165 "-" "Mozilla/5.0 (Macintosh; Intel Mac OS X 10_15_7) AppleWebKit/537.36 (KHTML, like Gecko) Chrome/142.0.0.0 Safari/537.36"
159.148.204.43 - - [16/Jul/2026:20:36:32 +0000] "GET /?productSearch/pictureSearch?id=6645588091100 HTTP/2" 200 4136 "-" "Mozilla/5.0 (Macintosh; Intel Mac OS X 10_15_7) AppleWebKit/537.36 (KHTML, like Gecko) Chrome/142.0.0.0 Safari/537.36"
2a03:2880:f800:42:: - - [16/Jul/2026:20:36:58 +0000] "GET /?y=8862977441100 HTTP/2" 200 4136 "-" "Mozilla/5.0 (Windows NT 10.0; Win64; x64) AppleWebKit/537.36 (KHTML, like Gecko) Chrome/145.0.0.0 Safari/537.36 (compatible; meta-externalagent/1.1 (+https://developers.facebook.com/docs/sharing/webmasters/crawler))"
2a03:2880:f800:6:: - - [16/Jul/2026:20:37:12 +0000] "GET /?y=3529609091100 HTTP/2" 200 4165 "-" "Mozilla/5.0 (Windows NT 10.0; Win64; x64) AppleWebKit/537.36 (KHTML, like Gecko) Chrome/145.0.0.0 Safari/537.36 (compatible; meta-externalagent/1.1 (+https://developers.facebook.com/docs/sharing/webmasters/crawler))"
2a03:2880:f800:1d:: - - [16/Jul/2026:20:37:24 +0000] "GET /?y=11486405191100 HTTP/2" 200 4136 "-" "Mozilla/5.0 (Macintosh; Intel Mac OS X 10_15_7) AppleWebKit/537.36 (KHTML, like Gecko) Chrome/145.0.0.0 Safari/537.36 (compatible; meta-externalagent/1.1 (+https://developers.facebook.com/docs/sharing/webmasters/crawler))"
2a03:2880:f800:2f:: - - [16/Jul/2026:20:37:41 +0000] "GET /?y=9019501141100 HTTP/2" 200 4165 "-" "Mozilla/5.0 (Windows NT 10.0; Win64; x64) AppleWebKit/537.36 (KHTML, like Gecko) Chrome/145.0.0.0 Safari/537.36 (compatible; meta-externalagent/1.1 (+https://developers.facebook.com/docs/sharing/webmasters/crawler))"
2a03:2880:f800:2c:: - - [16/Jul/2026:20:38:54 +0000] "GET /?y=2751562091100 HTTP/2" 200 4136 "-" "Mozilla/5.0 (Windows NT 10.0; Win64; x64) AppleWebKit/537.36 (KHTML, like Gecko) Chrome/145.0.0.0 Safari/537.36 (compatible; meta-externalagent/1.1 (+https://developers.facebook.com/docs/sharing/webmasters/crawler))"
130.61.136.100 - - [16/Jul/2026:20:39:42 +0000] "GET /wp-login.php HTTP/2" 200 4135 "-" "Mozilla/5.0 (Windows NT 10.0; Win64; x64) AppleWebKit/537.36 (KHTML, like Gecko) Chrome/94.0.4606.71 Safari/537.36"
130.61.136.100 - - [16/Jul/2026:20:39:43 +0000] "GET /wp-admin/ HTTP/2" 200 6101 "-" "Mozilla/5.0 (Windows NT 10.0; Win64; x64) AppleWebKit/537.36 (KHTML, like Gecko) Chrome/91.0.4472.124 Safari/537.36"
2a03:2880:f800:22:: - - [16/Jul/2026:20:39:48 +0000] "GET /?y=3996459591100 HTTP/2" 200 4136 "-" "Mozilla/5.0 (Macintosh; Intel Mac OS X 10_15_7) AppleWebKit/537.36 (KHTML, like Gecko) Chrome/145.0.0.0 Safari/537.36 (compatible; meta-externalagent/1.1 (+https://developers.facebook.com/docs/sharing/webmasters/crawler))"
130.61.136.100 - - [16/Jul/2026:20:39:49 +0000] "GET /wp-admin/index.php HTTP/2" 200 6122 "https://pepperspaphuquoc.com/wp-login.php" "Mozilla/5.0 (Macintosh; Intel Mac OS X 10_15_7) AppleWebKit/605.1.15 (KHTML, like Gecko) Version/15.0 Safari/605.1.15"
130.61.136.100 - - [16/Jul/2026:20:40:00 +0000] "GET /wp-admin/index.php HTTP/2" 200 6122 "https://pepperspaphuquoc.com/wp-login.php" "Mozilla/5.0 (X11; Linux x86_64) AppleWebKit/537.36 (KHTML, like Gecko) Chrome/93.0.4577.63 Safari/537.36"
2a03:2880:f800:44:: - - [16/Jul/2026:20:40:04 +0000] "GET /?y=17863703441100 HTTP/2" 200 4136 "-" "Mozilla/5.0 (Windows NT 10.0; Win64; x64) AppleWebKit/537.36 (KHTML, like Gecko) Chrome/145.0.0.0 Safari/537.36 (compatible; meta-externalagent/1.1 (+https://developers.facebook.com/docs/sharing/webmasters/crawler))"
130.61.136.100 - - [16/Jul/2026:20:40:01 +0000] "POST /wp-login.php HTTP/2" 200 4135 "https://pepperspaphuquoc.com/wp-login.php" "Mozilla/5.0 (X11; Linux x86_64) AppleWebKit/537.36 (KHTML, like Gecko) Chrome/93.0.4577.63 Safari/537.36"
130.61.136.100 - - [16/Jul/2026:20:40:15 +0000] "GET /wp-admin/index.php HTTP/2" 200 6122 "https://pepperspaphuquoc.com/wp-login.php" "Mozilla/5.0 (X11; Linux x86_64; rv:90.0) Gecko/20100101 Firefox/90.0.1"
130.61.136.100 - - [16/Jul/2026:20:40:16 +0000] "POST /wp-login.php HTTP/2" 200 4131 "https://pepperspaphuquoc.com/wp-login.php" "Mozilla/5.0 (Macintosh; Intel Mac OS X 10_15_7) AppleWebKit/605.1.15 (KHTML, like Gecko) Version/14.1.2 Safari/605.1.15"
130.61.136.100 - - [16/Jul/2026:20:40:31 +0000] "GET /wp-admin/index.php HTTP/2" 200 6122 "https://pepperspaphuquoc.com/wp-login.php" "Mozilla/5.0 (Windows NT 10.0; Win64; x64) AppleWebKit/537.36 (KHTML, like Gecko) Chrome/92.0.4515.131 Safari/537.36"
130.61.136.100 - - [16/Jul/2026:20:40:31 +0000] "POST /wp-login.php HTTP/2" 200 4118 "https://pepperspaphuquoc.com/wp-login.php" "Mozilla/5.0 (Windows NT 10.0; Win64; x64) AppleWebKit/605.1.15 (KHTML, like Gecko) Version/14.0.3 Safari/605.1.15"
130.61.136.100 - - [16/Jul/2026:20:40:46 +0000] "GET /wp-admin/index.php HTTP/2" 200 6122 "https://pepperspaphuquoc.com/wp-login.php" "Mozilla/5.0 (X11; Linux x86_64) AppleWebKit/537.36 (KHTML, like Gecko) Chrome/94.0.4606.71 Safari/537.36"
130.61.136.100 - - [16/Jul/2026:20:40:46 +0000] "POST /wp-login.php HTTP/2" 200 4135 "https://pepperspaphuquoc.com/wp-login.php" "Mozilla/5.0 (Macintosh; Intel Mac OS X 10_15_7) AppleWebKit/537.36 (KHTML, like Gecko) Chrome/94.0.4606.71 Safari/537.36"
130.61.136.100 - - [16/Jul/2026:20:41:00 +0000] "GET /wp-admin/index.php HTTP/2" 200 6108 "https://pepperspaphuquoc.com/wp-login.php" "Mozilla/5.0 (Macintosh; Intel Mac OS X 10_15_7) AppleWebKit/537.36 (KHTML, like Gecko) Chrome/93.0.4577.63 Safari/537.36"
130.61.136.100 - - [16/Jul/2026:20:41:01 +0000] "POST /wp-login.php HTTP/2" 200 4135 "https://pepperspaphuquoc.com/wp-login.php" "Mozilla/5.0 (Macintosh; Intel Mac OS X 10_15_7) AppleWebKit/605.1.15 (KHTML, like Gecko) Version/14.0.3 Safari/605.1.15"
130.61.136.100 - - [16/Jul/2026:20:41:16 +0000] "GET /wp-admin/index.php HTTP/2" 200 6122 "https://pepperspaphuquoc.com/wp-login.php" "Mozilla/5.0 (Windows NT 10.0; Win64; x64) AppleWebKit/605.1.15 (KHTML, like Gecko) Version/14.1.2 Safari/605.1.15"
2a03:2880:f800:8:: - - [16/Jul/2026:20:41:22 +0000] "GET /?y=9467039841100 HTTP/2" 200 4136 "-" "Mozilla/5.0 (Windows NT 10.0; Win64; x64) AppleWebKit/537.36 (KHTML, like Gecko) Chrome/145.0.0.0 Safari/537.36 (compatible; meta-externalagent/1.1 (+https://developers.facebook.com/docs/sharing/webmasters/crawler))"
130.61.136.100 - - [16/Jul/2026:20:41:16 +0000] "POST /wp-login.php HTTP/2" 200 4135 "https://pepperspaphuquoc.com/wp-login.php" "Mozilla/5.0 (Macintosh; Intel Mac OS X 10_15_7) AppleWebKit/537.36 (KHTML, like Gecko) Chrome/93.0.4577.63 Safari/537.36"
130.61.136.100 - - [16/Jul/2026:20:41:30 +0000] "GET /wp-admin/index.php HTTP/2" 200 6108 "https://pepperspaphuquoc.com/wp-login.php" "Mozilla/5.0 (Windows NT 10.0; Win64; x64) AppleWebKit/537.36 (KHTML, like Gecko) Chrome/92.0.4515.131 Safari/537.36"
193.31.99.42 - - [16/Jul/2026:20:41:45 +0000] "POST /xmlrpc.php HTTP/2" 200 4135 "https://pepperspaphuquoc.com/xmlrpc.php" "Mozilla/5.0 (Windows NT 10.0; Win64; x64; rv:132.0) Gecko/20100101 Firefox/132.0"
130.61.136.100 - - [16/Jul/2026:20:41:31 +0000] "POST /wp-login.php HTTP/2" 200 4135 "https://pepperspaphuquoc.com/wp-login.php" "Mozilla/5.0 (X11; Linux x86_64) AppleWebKit/537.36 (KHTML, like Gecko) Chrome/92.0.4515.131 Safari/537.36"
130.61.136.100 - - [16/Jul/2026:20:41:46 +0000] "GET /wp-admin/index.php HTTP/2" 200 6122 "https://pepperspaphuquoc.com/wp-login.php" "Mozilla/5.0 (Windows NT 10.0; Win64; x64) AppleWebKit/605.1.15 (KHTML, like Gecko) Version/14.0.3 Safari/605.1.15"
86.168.182.134 - - [16/Jul/2026:20:41:52 +0000] "POST /xmlrpc.php HTTP/2" 200 4135 "https://pepperspaphuquoc.com/xmlrpc.php" "Mozilla/5.0 (Windows NT 10.0; Win64; x64; rv:132.0) Gecko/20100101 Firefox/132.0"
2a03:2880:f800:c:: - - [16/Jul/2026:20:41:54 +0000] "GET /?y=2147276691100 HTTP/2" 200 4136 "-" "Mozilla/5.0 (Windows NT 10.0; Win64; x64) AppleWebKit/537.36 (KHTML, like Gecko) Chrome/145.0.0.0 Safari/537.36 (compatible; meta-externalagent/1.1 (+https://developers.facebook.com/docs/sharing/webmasters/crawler))"
89.124.87.146 - - [16/Jul/2026:20:41:58 +0000] "POST /xmlrpc.php HTTP/2" 200 4135 "https://pepperspaphuquoc.com/xmlrpc.php" "Mozilla/5.0 (Windows NT 10.0; Win64; x64; rv:132.0) Gecko/20100101 Firefox/132.0"
130.61.136.100 - - [16/Jul/2026:20:41:46 +0000] "POST /wp-login.php HTTP/2" 200 4135 "https://pepperspaphuquoc.com/wp-login.php" "Mozilla/5.0 (Windows NT 10.0; Win64; x64; rv:90.0) Gecko/20100101 Firefox/90.0.1"
130.61.136.100 - - [16/Jul/2026:20:42:00 +0000] "GET /wp-admin/index.php HTTP/2" 200 6108 "https://pepperspaphuquoc.com/wp-login.php" "Mozilla/5.0 (X11; Linux x86_64) AppleWebKit/537.36 (KHTML, like Gecko) Chrome/94.0.4606.71 Safari/537.36"
66.249.66.65 - - [16/Jul/2026:20:42:10 +0000] "GET /2026/07/15/freispiele-maklercourtage-bis-5-555-je-altes-testament-gamer/ HTTP/2" 200 4134 "-" "Mozilla/5.0 (Linux; Android 6.0.1; Nexus 5X Build/MMB29P) AppleWebKit/537.36 (KHTML, like Gecko) Chrome/150.0.7871.124 Mobile Safari/537.36 (compatible; GoogleOther)"
130.61.136.100 - - [16/Jul/2026:20:42:01 +0000] "POST /wp-login.php HTTP/2" 200 4132 "https://pepperspaphuquoc.com/wp-login.php" "Mozilla/5.0 (Macintosh; Intel Mac OS X 10_15_7) AppleWebKit/605.1.15 (KHTML, like Gecko) Version/14.1 Safari/605.1.15"
130.61.136.100 - - [16/Jul/2026:20:42:16 +0000] "GET /wp-admin/index.php HTTP/2" 200 6108 "https://pepperspaphuquoc.com/wp-login.php" "Mozilla/5.0 (Windows NT 10.0; Win64; x64; rv:93.0) Gecko/20100101 Firefox/93.0"
2a03:2880:f800:: - - [16/Jul/2026:20:42:24 +0000] "GET /?y=19763061341100 HTTP/2" 200 4136 "-" "Mozilla/5.0 (Macintosh; Intel Mac OS X 10_15_7) AppleWebKit/537.36 (KHTML, like Gecko) Chrome/145.0.0.0 Safari/537.36 (compatible; meta-externalagent/1.1 (+https://developers.facebook.com/docs/sharing/webmasters/crawler))"
2a03:2880:f800:45:: - - [16/Jul/2026:20:42:26 +0000] "GET /?y=10466525841100 HTTP/2" 200 4136 "-" "Mozilla/5.0 (Windows NT 10.0; Win64; x64) AppleWebKit/537.36 (KHTML, like Gecko) Chrome/145.0.0.0 Safari/537.36 (compatible; meta-externalagent/1.1 (+https://developers.facebook.com/docs/sharing/webmasters/crawler))"
130.61.136.100 - - [16/Jul/2026:20:42:16 +0000] "POST /wp-login.php HTTP/2" 200 4135 "https://pepperspaphuquoc.com/wp-login.php" "Mozilla/5.0 (X11; Linux x86_64) AppleWebKit/537.36 (KHTML, like Gecko) Chrome/90.0.4430.212 Safari/537.36"
130.61.136.100 - - [16/Jul/2026:20:42:31 +0000] "GET /wp-admin/index.php HTTP/2" 200 6122 "https://pepperspaphuquoc.com/wp-login.php" "Mozilla/5.0 (Macintosh; Intel Mac OS X 10_15_7) AppleWebKit/537.36 (KHTML, like Gecko) Chrome/94.0.4606.71 Safari/537.36"
130.61.136.100 - - [16/Jul/2026:20:42:32 +0000] "POST /wp-login.php HTTP/2" 200 4135 "https://pepperspaphuquoc.com/wp-login.php" "Mozilla/5.0 (Macintosh; Intel Mac OS X 10_15_7) AppleWebKit/605.1.15 (KHTML, like Gecko) Version/14.0.3 Safari/605.1.15"
2a03:2880:f800:47:: - - [16/Jul/2026:20:42:45 +0000] "GET /?y=20973115091100 HTTP/2" 200 4136 "-" "Mozilla/5.0 (Macintosh; Intel Mac OS X 10_15_7) AppleWebKit/537.36 (KHTML, like Gecko) Chrome/145.0.0.0 Safari/537.36 (compatible; meta-externalagent/1.1 (+https://developers.facebook.com/docs/sharing/webmasters/crawler))"
130.61.136.100 - - [16/Jul/2026:20:39:44 +0000] "POST /wp-login.php HTTP/2" 200 4135 "https://pepperspaphuquoc.com/wp-login.php" "Mozilla/5.0 (Macintosh; Intel Mac OS X 10_15_7; rv:92.0) Gecko/20100101 Firefox/92.0"
2a03:2880:f800:: - - [16/Jul/2026:20:39:48 +0000] "GET /?y=2132179591100 HTTP/2" 200 4136 "-" "Mozilla/5.0 (X11; Linux x86_64) AppleWebKit/537.36 (KHTML, like Gecko) Chrome/145.0.0.0 Safari/537.36 (compatible; meta-externalagent/1.1 (+https://developers.facebook.com/docs/sharing/webmasters/crawler))"
130.61.136.100 - - [16/Jul/2026:20:39:49 +0000] "POST /wp-login.php HTTP/2" 200 4135 "https://pepperspaphuquoc.com/wp-login.php" "Mozilla/5.0 (X11; Linux x86_64; rv:89.0) Gecko/20100101 Firefox/89.0.2"
2a03:2880:f800:2e:: - - [16/Jul/2026:20:40:03 +0000] "GET /?y=19013000841100 HTTP/2" 200 4136 "-" "Mozilla/5.0 (Macintosh; Intel Mac OS X 10_15_7) AppleWebKit/537.36 (KHTML, like Gecko) Chrome/145.0.0.0 Safari/537.36 (compatible; meta-externalagent/1.1 (+https://developers.facebook.com/docs/sharing/webmasters/crawler))"
2a03:2880:f800:3d:: - - [16/Jul/2026:20:40:54 +0000] "GET /?y=16315581691100 HTTP/2" 200 4136 "-" "Mozilla/5.0 (Macintosh; Intel Mac OS X 10_15_7) AppleWebKit/537.36 (KHTML, like Gecko) Chrome/145.0.0.0 Safari/537.36 (compatible; meta-externalagent/1.1 (+https://developers.facebook.com/docs/sharing/webmasters/crawler))"
82.37.131.24 - - [16/Jul/2026:20:41:38 +0000] "POST /xmlrpc.php HTTP/2" 200 4135 "https://pepperspaphuquoc.com/xmlrpc.php" "Mozilla/5.0 (Windows NT 10.0; Win64; x64; rv:132.0) Gecko/20100101 Firefox/132.0"
89.124.87.146 - - [16/Jul/2026:20:42:27 +0000] "POST /xmlrpc.php HTTP/2" 200 4135 "https://pepperspaphuquoc.com/xmlrpc.php" "Mozilla/5.0 (Windows NT 10.0; Win64; x64) AppleWebKit/537.36 (KHTML, like Gecko) Chrome/131.0.0.0 Safari/537.36 Edg/131.0.0.0"
66.249.66.65 - - [16/Jul/2026:20:42:44 +0000] "GET /?productSearch/pictureSearch?id=13235594891100 HTTP/2" 200 17289 "-" "Mozilla/5.0 (Linux; Android 6.0.1; Nexus 5X Build/MMB29P) AppleWebKit/537.36 (KHTML, like Gecko) Chrome/150.0.7871.124 Mobile Safari/537.36 (compatible; Googlebot/2.1; +http://www.google.com/bot.html)"
2a03:2880:f800:31:: - - [16/Jul/2026:20:42:59 +0000] "GET /?y=18039327091100 HTTP/2" 200 4136 "-" "Mozilla/5.0 (Macintosh; Intel Mac OS X 10_15_7) AppleWebKit/537.36 (KHTML, like Gecko) Chrome/145.0.0.0 Safari/537.36 (compatible; meta-externalagent/1.1 (+https://developers.facebook.com/docs/sharing/webmasters/crawler))"
2a03:2880:f800:f:: - - [16/Jul/2026:20:43:09 +0000] "GET /?y=16621058241100 HTTP/2" 200 4136 "-" "Mozilla/5.0 (Windows NT 10.0; Win64; x64) AppleWebKit/537.36 (KHTML, like Gecko) Chrome/145.0.0.0 Safari/537.36 (compatible; meta-externalagent/1.1 (+https://developers.facebook.com/docs/sharing/webmasters/crawler))"
2a03:2880:f800:19:: - - [16/Jul/2026:20:43:10 +0000] "GET /?y=14579738541100 HTTP/2" 200 4136 "-" "Mozilla/5.0 (Windows NT 10.0; Win64; x64) AppleWebKit/537.36 (KHTML, like Gecko) Chrome/145.0.0.0 Safari/537.36 (compatible; meta-externalagent/1.1 (+https://developers.facebook.com/docs/sharing/webmasters/crawler))"
2a03:2880:f800:25:: - - [16/Jul/2026:20:43:12 +0000] "GET /?y=13918164441100 HTTP/2" 200 4136 "-" "Mozilla/5.0 (Windows NT 10.0; Win64; x64) AppleWebKit/537.36 (KHTML, like Gecko) Chrome/145.0.0.0 Safari/537.36 (compatible; meta-externalagent/1.1 (+https://developers.facebook.com/docs/sharing/webmasters/crawler))"
2a03:2880:f800:20:: - - [16/Jul/2026:20:43:40 +0000] "GET /?y=20794046091100 HTTP/2" 200 4136 "-" "Mozilla/5.0 (Windows NT 10.0; Win64; x64) AppleWebKit/537.36 (KHTML, like Gecko) Chrome/145.0.0.0 Safari/537.36 (compatible; meta-externalagent/1.1 (+https://developers.facebook.com/docs/sharing/webmasters/crawler))"
66.249.66.67 - - [16/Jul/2026:20:43:51 +0000] "GET /?shop/sold?id=top11143631891100 HTTP/2" 200 17159 "-" "Mozilla/5.0 (Linux; Android 6.0.1; Nexus 5X Build/MMB29P) AppleWebKit/537.36 (KHTML, like Gecko) Chrome/150.0.7871.124 Mobile Safari/537.36 (compatible; Googlebot/2.1; +http://www.google.com/bot.html)"
130.61.136.100 - - [16/Jul/2026:20:42:46 +0000] "GET /wp-admin/index.php HTTP/2" 200 6108 "https://pepperspaphuquoc.com/wp-login.php" "Mozilla/5.0 (Windows NT 6.1; Win64; x64) AppleWebKit/537.36 (KHTML, like Gecko) Chrome/90.0.4430.212 Safari/537.36"
66.249.66.66 - - [16/Jul/2026:20:42:45 +0000] "GET /?y=14323400041100 HTTP/2" 200 17057 "-" "Mozilla/5.0 (Linux; Android 6.0.1; Nexus 5X Build/MMB29P) AppleWebKit/537.36 (KHTML, like Gecko) Chrome/150.0.7871.124 Mobile Safari/537.36 (compatible; Googlebot/2.1; +http://www.google.com/bot.html)"
130.61.136.100 - - [16/Jul/2026:20:42:46 +0000] "POST /wp-login.php HTTP/2" 200 4135 "https://pepperspaphuquoc.com/wp-login.php" "Mozilla/5.0 (Macintosh; Intel Mac OS X 10_15_7) AppleWebKit/537.36 (KHTML, like Gecko) Chrome/94.0.4606.71 Safari/537.36"
130.61.136.100 - - [16/Jul/2026:20:43:01 +0000] "GET /wp-admin/index.php HTTP/2" 200 6108 "https://pepperspaphuquoc.com/wp-login.php" "Mozilla/5.0 (Macintosh; Intel Mac OS X 10_15_7; rv:90.0) Gecko/20100101 Firefox/90.0.1"
2a03:2880:f800:30:: - - [16/Jul/2026:20:43:11 +0000] "GET /?y=21093925341100 HTTP/2" 200 4136 "-" "Mozilla/5.0 (Windows NT 10.0; Win64; x64) AppleWebKit/537.36 (KHTML, like Gecko) Chrome/145.0.0.0 Safari/537.36 (compatible; meta-externalagent/1.1 (+https://developers.facebook.com/docs/sharing/webmasters/crawler))"
130.61.136.100 - - [16/Jul/2026:20:43:01 +0000] "POST /wp-login.php HTTP/2" 200 4254 "https://pepperspaphuquoc.com/wp-login.php" "Mozilla/5.0 (X11; Linux x86_64) AppleWebKit/537.36 (KHTML, like Gecko) Chrome/91.0.4472.124 Safari/537.36"
130.61.136.100 - - [16/Jul/2026:20:43:16 +0000] "GET /wp-admin/index.php HTTP/2" 200 6108 "https://pepperspaphuquoc.com/wp-login.php" "Mozilla/5.0 (Macintosh; Intel Mac OS X 10_15_7) AppleWebKit/537.36 (KHTML, like Gecko) Chrome/94.0.4606.71 Safari/537.36"
130.61.136.100 - - [16/Jul/2026:20:43:16 +0000] "POST /wp-login.php HTTP/2" 200 4135 "https://pepperspaphuquoc.com/wp-login.php" "Mozilla/5.0 (Macintosh; Intel Mac OS X 10_15_7; rv:90.0) Gecko/20100101 Firefox/90.0.1"
130.61.136.100 - - [16/Jul/2026:20:43:31 +0000] "GET /wp-admin/index.php HTTP/2" 200 6122 "https://pepperspaphuquoc.com/wp-login.php" "Mozilla/5.0 (Macintosh; Intel Mac OS X 10_15_7) AppleWebKit/605.1.15 (KHTML, like Gecko) Version/14.0.3 Safari/605.1.15"
130.61.136.100 - - [16/Jul/2026:20:43:32 +0000] "POST /wp-login.php HTTP/2" 200 4135 "https://pepperspaphuquoc.com/wp-login.php" "Mozilla/5.0 (Windows NT 10.0; Win64; x64; rv:92.0) Gecko/20100101 Firefox/92.0"
130.61.136.100 - - [16/Jul/2026:20:43:45 +0000] "GET /wp-admin/index.php HTTP/2" 200 6137 "https://pepperspaphuquoc.com/wp-login.php" "Mozilla/5.0 (Macintosh; Intel Mac OS X 10_15_7) AppleWebKit/605.1.15 (KHTML, like Gecko) Version/15.0 Safari/605.1.15"
130.61.136.100 - - [16/Jul/2026:20:43:46 +0000] "POST /wp-login.php HTTP/2" 200 4135 "https://pepperspaphuquoc.com/wp-login.php" "Mozilla/5.0 (Windows NT 10.0; Win64; x64) AppleWebKit/605.1.15 (KHTML, like Gecko) Version/15.0 Safari/605.1.15"
130.61.136.100 - - [16/Jul/2026:20:44:00 +0000] "GET /wp-admin/index.php HTTP/2" 200 6122 "https://pepperspaphuquoc.com/wp-login.php" "Mozilla/5.0 (Windows NT 6.1; Win64; x64) AppleWebKit/537.36 (KHTML, like Gecko) Chrome/94.0.4606.71 Safari/537.36"
18.97.9.97 - - [16/Jul/2026:20:44:02 +0000] "GET /?y=15757959041100 HTTP/2" 200 4130 "-" "Mozilla/5.0 AppleWebKit/537.36 (KHTML, like Gecko; compatible; PerplexityBot/1.0; +https://perplexity.ai/perplexitybot)"
130.61.136.100 - - [16/Jul/2026:20:44:01 +0000] "POST /wp-login.php HTTP/2" 200 4135 "https://pepperspaphuquoc.com/wp-login.php" "Mozilla/5.0 (Windows NT 10.0; Win64; x64) AppleWebKit/605.1.15 (KHTML, like Gecko) Version/14.1.2 Safari/605.1.15"
130.61.136.100 - - [16/Jul/2026:20:44:15 +0000] "GET /wp-admin/index.php HTTP/2" 200 6122 "https://pepperspaphuquoc.com/wp-login.php" "Mozilla/5.0 (X11; Linux x86_64; rv:90.0) Gecko/20100101 Firefox/90.0.1"
66.249.66.67 - - [16/Jul/2026:20:43:51 +0000] "GET /?productSearch/pictureSearch?id=16370606941100 HTTP/2" 200 17331 "-" "Mozilla/5.0 (Linux; Android 6.0.1; Nexus 5X Build/MMB29P) AppleWebKit/537.36 (KHTML, like Gecko) Chrome/150.0.7871.124 Mobile Safari/537.36 (compatible; Googlebot/2.1; +http://www.google.com/bot.html)"
18.97.9.99 - - [16/Jul/2026:20:44:19 +0000] "GET /?path=/home/xedaptot/pepperspaphuquoc.com/.tmb HTTP/2" 200 2572 "-" "Mozilla/5.0 AppleWebKit/537.36 (KHTML, like Gecko; compatible; PerplexityBot/1.0; +https://perplexity.ai/perplexitybot)"
18.97.9.97 - - [16/Jul/2026:20:44:19 +0000] "GET /?path=/home/xedaptot/pepperspaphuquoc.com/cgi-bin HTTP/2" 200 2574 "-" "Mozilla/5.0 AppleWebKit/537.36 (KHTML, like Gecko; compatible; PerplexityBot/1.0; +https://perplexity.ai/perplexitybot)"
18.97.9.100 - - [16/Jul/2026:20:44:21 +0000] "GET /?fileloc=/home/xedaptot/pepperspaphuquoc.com/google60c640ed6d8db69e.html&path=/home/xedaptot/pepperspaphuquoc.com HTTP/2" 200 2536 "-" "Mozilla/5.0 AppleWebKit/537.36 (KHTML, like Gecko; compatible; PerplexityBot/1.0; +https://perplexity.ai/perplexitybot)"
18.97.9.96 - - [16/Jul/2026:20:44:21 +0000] "GET /?fileloc=/home/xedaptot/pepperspaphuquoc.com/.htaccess&path=/home/xedaptot/pepperspaphuquoc.com HTTP/2" 200 3603 "-" "Mozilla/5.0 AppleWebKit/537.36 (KHTML, like Gecko; compatible; PerplexityBot/1.0; +https://perplexity.ai/perplexitybot)"
18.97.9.101 - - [16/Jul/2026:20:44:22 +0000] "GET /?fileloc=/home/xedaptot/pepperspaphuquoc.com/hnyqj.php&path=/home/xedaptot/pepperspaphuquoc.com HTTP/2" 200 6104 "-" "Mozilla/5.0 AppleWebKit/537.36 (KHTML, like Gecko; compatible; PerplexityBot/1.0; +https://perplexity.ai/perplexitybot)"
18.97.9.102 - - [16/Jul/2026:20:44:22 +0000] "GET /?path=/ HTTP/2" 200 3163 "-" "Mozilla/5.0 AppleWebKit/537.36 (KHTML, like Gecko; compatible; PerplexityBot/1.0; +https://perplexity.ai/perplexitybot)"
18.97.9.99 - - [16/Jul/2026:20:44:22 +0000] "GET /?fileloc=/home/xedaptot/pepperspaphuquoc.com/.htaccess.bak-20260622&path=/home/xedaptot/pepperspaphuquoc.com HTTP/2" 200 2861 "-" "Mozilla/5.0 AppleWebKit/537.36 (KHTML, like Gecko; compatible; PerplexityBot/1.0; +https://perplexity.ai/perplexitybot)"
18.97.9.103 - - [16/Jul/2026:20:44:23 +0000] "GET /?fileloc=/home/xedaptot/pepperspaphuquoc.com/google630c83be31958470.html&path=/home/xedaptot/pepperspaphuquoc.com HTTP/2" 200 2479 "-" "Mozilla/5.0 AppleWebKit/537.36 (KHTML, like Gecko; compatible; PerplexityBot/1.0; +https://perplexity.ai/perplexitybot)"
18.97.9.101 - - [16/Jul/2026:20:44:23 +0000] "GET /?fileloc=/home/xedaptot/pepperspaphuquoc.com/robots.txt&path=/home/xedaptot/pepperspaphuquoc.com HTTP/2" 200 70 "-" "Mozilla/5.0 AppleWebKit/537.36 (KHTML, like Gecko; compatible; PerplexityBot/1.0; +https://perplexity.ai/perplexitybot)"
18.97.9.96 - - [16/Jul/2026:20:44:23 +0000] "GET /?fileloc=/home/xedaptot/pepperspaphuquoc.com/wp-mail.php&path=/home/xedaptot/pepperspaphuquoc.com HTTP/2" 200 5732 "-" "Mozilla/5.0 AppleWebKit/537.36 (KHTML, like Gecko; compatible; PerplexityBot/1.0; +https://perplexity.ai/perplexitybot)"
18.97.9.101 - - [16/Jul/2026:20:44:24 +0000] "GET /?fileloc=/home/xedaptot/pepperspaphuquoc.com/wp-trackback.php&path=/home/xedaptot/pepperspaphuquoc.com HTTP/2" 200 4472 "-" "Mozilla/5.0 AppleWebKit/537.36 (KHTML, like Gecko; compatible; PerplexityBot/1.0; +https://perplexity.ai/perplexitybot)"
18.97.9.101 - - [16/Jul/2026:20:44:24 +0000] "GET /?path=/home/xedaptot/pepperspaphuquoc.com/wp-admin HTTP/2" 200 6121 "-" "Mozilla/5.0 AppleWebKit/537.36 (KHTML, like Gecko; compatible; PerplexityBot/1.0; +https://perplexity.ai/perplexitybot)"
2a03:2880:f800:32:: - - [16/Jul/2026:20:44:24 +0000] "GET /?y=19000289841100 HTTP/2" 200 4136 "-" "Mozilla/5.0 (Windows NT 10.0; Win64; x64) AppleWebKit/537.36 (KHTML, like Gecko) Chrome/145.0.0.0 Safari/537.36 (compatible; meta-externalagent/1.1 (+https://developers.facebook.com/docs/sharing/webmasters/crawler))"
18.97.9.103 - - [16/Jul/2026:20:44:25 +0000] "GET /?path=/home/xedaptot/pepperspaphuquoc.com/wp-includes HTTP/2" 200 11880 "-" "Mozilla/5.0 AppleWebKit/537.36 (KHTML, like Gecko; compatible; PerplexityBot/1.0; +https://perplexity.ai/perplexitybot)"
18.97.9.96 - - [16/Jul/2026:20:44:19 +0000] "GET /?path=/home/xedaptot/pepperspaphuquoc.com/.well-known HTTP/2" 200 2932 "-" "Mozilla/5.0 AppleWebKit/537.36 (KHTML, like Gecko; compatible; PerplexityBot/1.0; +https://perplexity.ai/perplexitybot)"
18.97.9.99 - - [16/Jul/2026:20:44:20 +0000] "GET /?fileloc=/home/xedaptot/pepperspaphuquoc.com/wp-blog-header.php&path=/home/xedaptot/pepperspaphuquoc.com HTTP/2" 200 2703 "-" "Mozilla/5.0 AppleWebKit/537.36 (KHTML, like Gecko; compatible; PerplexityBot/1.0; +https://perplexity.ai/perplexitybot)"
18.97.9.100 - - [16/Jul/2026:20:44:19 +0000] "GET /?fileloc=/home/xedaptot/pepperspaphuquoc.com/wp-load.php&path=/home/xedaptot/pepperspaphuquoc.com HTTP/2" 200 4155 "-" "Mozilla/5.0 AppleWebKit/537.36 (KHTML, like Gecko; compatible; PerplexityBot/1.0; +https://perplexity.ai/perplexitybot)"
18.97.9.101 - - [16/Jul/2026:20:44:20 +0000] "GET /?path=/home/xedaptot/pepperspaphuquoc.com HTTP/2" 200 4136 "-" "Mozilla/5.0 AppleWebKit/537.36 (KHTML, like Gecko; compatible; PerplexityBot/1.0; +https://perplexity.ai/perplexitybot)"
18.97.9.96 - - [16/Jul/2026:20:44:20 +0000] "GET /?fileloc=/home/xedaptot/pepperspaphuquoc.com/wp-signup.php&path=/home/xedaptot/pepperspaphuquoc.com HTTP/2" 200 11360 "-" "Mozilla/5.0 AppleWebKit/537.36 (KHTML, like Gecko; compatible; PerplexityBot/1.0; +https://perplexity.ai/perplexitybot)"
18.97.9.100 - - [16/Jul/2026:20:44:21 +0000] "GET /?fileloc=/home/xedaptot/pepperspaphuquoc.com/license.txt&path=/home/xedaptot/pepperspaphuquoc.com HTTP/2" 200 9883 "-" "Mozilla/5.0 AppleWebKit/537.36 (KHTML, like Gecko; compatible; PerplexityBot/1.0; +https://perplexity.ai/perplexitybot)"
18.97.9.100 - - [16/Jul/2026:20:44:24 +0000] "GET /?fileloc=/home/xedaptot/pepperspaphuquoc.com/wp-login.php&path=/home/xedaptot/pepperspaphuquoc.com HTTP/2" 200 16648 "-" "Mozilla/5.0 AppleWebKit/537.36 (KHTML, like Gecko; compatible; PerplexityBot/1.0; +https://perplexity.ai/perplexitybot)"
18.97.9.97 - - [16/Jul/2026:20:44:25 +0000] "GET /?path=/home/xedaptot HTTP/2" 200 5821 "-" "Mozilla/5.0 AppleWebKit/537.36 (KHTML, like Gecko; compatible; PerplexityBot/1.0; +https://perplexity.ai/perplexitybot)"
18.97.9.97 - - [16/Jul/2026:20:44:25 +0000] "GET /?fileloc=/home/xedaptot/pepperspaphuquoc.com/index.php&path=/home/xedaptot/pepperspaphuquoc.com HTTP/2" 200 5823 "-" "Mozilla/5.0 AppleWebKit/537.36 (KHTML, like Gecko; compatible; PerplexityBot/1.0; +https://perplexity.ai/perplexitybot)"
18.97.9.100 - - [16/Jul/2026:20:44:26 +0000] "GET /?path=/home HTTP/2" 200 2798 "-" "Mozilla/5.0 AppleWebKit/537.36 (KHTML, like Gecko; compatible; PerplexityBot/1.0; +https://perplexity.ai/perplexitybot)"
18.97.9.101 - - [16/Jul/2026:20:44:27 +0000] "GET /?fileloc=/home/xedaptot/pepperspaphuquoc.com/wp-links-opml.php&path=/home/xedaptot/pepperspaphuquoc.com HTTP/2" 200 3639 "-" "Mozilla/5.0 AppleWebKit/537.36 (KHTML, like Gecko; compatible; PerplexityBot/1.0; +https://perplexity.ai/perplexitybot)"
18.97.9.101 - - [16/Jul/2026:20:44:28 +0000] "GET /?path=/home/xedaptot/pepperspaphuquoc.com/.well-known/acme-challenge HTTP/2" 200 2842 "-" "Mozilla/5.0 AppleWebKit/537.36 (KHTML, like Gecko; compatible; PerplexityBot/1.0; +https://perplexity.ai/perplexitybot)"
18.97.9.97 - - [16/Jul/2026:20:44:28 +0000] "GET /?fileloc=/home/xedaptot/pepperspaphuquoc.com/readme.html&path=/home/xedaptot/pepperspaphuquoc.com HTTP/2" 200 5552 "-" "Mozilla/5.0 AppleWebKit/537.36 (KHTML, like Gecko; compatible; PerplexityBot/1.0; +https://perplexity.ai/perplexitybot)"
2a03:2880:f800:26:: - - [16/Jul/2026:20:44:28 +0000] "GET /?y=2103446041100 HTTP/2" 200 4136 "-" "Mozilla/5.0 (Macintosh; Intel Mac OS X 10_15_7) AppleWebKit/537.36 (KHTML, like Gecko) Chrome/145.0.0.0 Safari/537.36 (compatible; meta-externalagent/1.1 (+https://developers.facebook.com/docs/sharing/webmasters/crawler))"
18.97.9.101 - - [16/Jul/2026:20:44:26 +0000] "GET /?fileloc=/home/xedaptot/pepperspaphuquoc.com/googleeb908857382576c3.html&path=/home/xedaptot/pepperspaphuquoc.com HTTP/2" 200 2534 "-" "Mozilla/5.0 AppleWebKit/537.36 (KHTML, like Gecko; compatible; PerplexityBot/1.0; +https://perplexity.ai/perplexitybot)"
18.97.9.99 - - [16/Jul/2026:20:44:26 +0000] "GET /?fileloc=/home/xedaptot/pepperspaphuquoc.com/xmlrpc.php&path=/home/xedaptot/pepperspaphuquoc.com HTTP/2" 200 3947 "-" "Mozilla/5.0 AppleWebKit/537.36 (KHTML, like Gecko; compatible; PerplexityBot/1.0; +https://perplexity.ai/perplexitybot)"
18.97.9.102 - - [16/Jul/2026:20:44:27 +0000] "GET /?path=/home/xedaptot/pepperspaphuquoc.com/wp-content HTTP/2" 200 3284 "-" "Mozilla/5.0 AppleWebKit/537.36 (KHTML, like Gecko; compatible; PerplexityBot/1.0; +https://perplexity.ai/perplexitybot)"
18.97.9.103 - - [16/Jul/2026:20:44:28 +0000] "GET /?fileloc=/home/xedaptot/pepperspaphuquoc.com/google4b3110f70c45e523.html&path=/home/xedaptot/pepperspaphuquoc.com HTTP/2" 200 2534 "-" "Mozilla/5.0 AppleWebKit/537.36 (KHTML, like Gecko; compatible; PerplexityBot/1.0; +https://perplexity.ai/perplexitybot)"
18.97.9.101 - - [16/Jul/2026:20:44:30 +0000] "GET /?fileloc=/home/xedaptot/pepperspaphuquoc.com/wp-activate.php&path=/home/xedaptot/pepperspaphuquoc.com HTTP/2" 200 5125 "-" "Mozilla/5.0 AppleWebKit/537.36 (KHTML, like Gecko; compatible; PerplexityBot/1.0; +https://perplexity.ai/perplexitybot)"
130.61.136.100 - - [16/Jul/2026:20:44:16 +0000] "POST /wp-login.php HTTP/2" 200 4135 "https://pepperspaphuquoc.com/wp-login.php" "Mozilla/5.0 (Windows NT 6.1; Win64; x64) AppleWebKit/537.36 (KHTML, like Gecko) Chrome/90.0.4430.212 Safari/537.36"
130.61.136.100 - - [16/Jul/2026:20:44:30 +0000] "GET /wp-admin/index.php HTTP/2" 200 6122 "https://pepperspaphuquoc.com/wp-login.php" "Mozilla/5.0 (Windows NT 6.1; Win64; x64) AppleWebKit/537.36 (KHTML, like Gecko) Chrome/90.0.4430.212 Safari/537.36"
18.97.9.97 - - [16/Jul/2026:20:44:31 +0000] "GET /?fileloc=/home/xedaptot/pepperspaphuquoc.com/wp-settings.php&path=/home/xedaptot/pepperspaphuquoc.com HTTP/2" 200 9192 "-" "Mozilla/5.0 AppleWebKit/537.36 (KHTML, like Gecko; compatible; PerplexityBot/1.0; +https://perplexity.ai/perplexitybot)"
18.97.9.97 - - [16/Jul/2026:20:44:31 +0000] "GET /?fileloc=/home/xedaptot/pepperspaphuquoc.com/wp-config-sample.php&path=/home/xedaptot/pepperspaphuquoc.com HTTP/2" 200 3791 "-" "Mozilla/5.0 AppleWebKit/537.36 (KHTML, like Gecko; compatible; PerplexityBot/1.0; +https://perplexity.ai/perplexitybot)"
18.97.9.99 - - [16/Jul/2026:20:44:32 +0000] "GET /?fileloc=/home/xedaptot/pepperspaphuquoc.com/goods.php&path=/home/xedaptot/pepperspaphuquoc.com HTTP/2" 200 2939 "-" "Mozilla/5.0 AppleWebKit/537.36 (KHTML, like Gecko; compatible; PerplexityBot/1.0; +https://perplexity.ai/perplexitybot)"
18.97.9.100 - - [16/Jul/2026:20:44:32 +0000] "GET /?fileloc=/home/xedaptot/pepperspaphuquoc.com/error_404_1783045572.php&path=/home/xedaptot/pepperspaphuquoc.com HTTP/2" 200 2519 "-" "Mozilla/5.0 AppleWebKit/537.36 (KHTML, like Gecko; compatible; PerplexityBot/1.0; +https://perplexity.ai/perplexitybot)"
18.97.9.99 - - [16/Jul/2026:20:44:32 +0000] "GET /?fileloc=/home/xedaptot/pepperspaphuquoc.com/error_log&path=/home/xedaptot/pepperspaphuquoc.com HTTP/2" 200 156263 "-" "Mozilla/5.0 AppleWebKit/537.36 (KHTML, like Gecko; compatible; PerplexityBot/1.0; +https://perplexity.ai/perplexitybot)"
18.97.9.101 - - [16/Jul/2026:20:44:33 +0000] "GET /?fileloc=/home/xedaptot/pepperspaphuquoc.com/.well-known/archives-1783045569.php&path=/home/xedaptot/pepperspaphuquoc.com/.well-known HTTP/2" 200 2481 "-" "Mozilla/5.0 AppleWebKit/537.36 (KHTML, like Gecko; compatible; PerplexityBot/1.0; +https://perplexity.ai/perplexitybot)"
18.97.9.99 - - [16/Jul/2026:20:44:35 +0000] "GET /?path=/home/xedaptot/pepperspaphuquoc.com/wp-admin/maint HTTP/2" 200 2861 "-" "Mozilla/5.0 AppleWebKit/537.36 (KHTML, like Gecko; compatible; PerplexityBot/1.0; +https://perplexity.ai/perplexitybot)"
18.97.9.100 - - [16/Jul/2026:20:44:29 +0000] "GET /?fileloc=/home/xedaptot/pepperspaphuquoc.com/wp-cron.php&path=/home/xedaptot/pepperspaphuquoc.com HTTP/2" 200 4636 "-" "Mozilla/5.0 AppleWebKit/537.36 (KHTML, like Gecko; compatible; PerplexityBot/1.0; +https://perplexity.ai/perplexitybot)"
18.97.9.99 - - [16/Jul/2026:20:44:29 +0000] "GET /?fileloc=/home/xedaptot/pepperspaphuquoc.com/wp-comments-post.php&path=/home/xedaptot/pepperspaphuquoc.com HTTP/2" 200 3605 "-" "Mozilla/5.0 AppleWebKit/537.36 (KHTML, like Gecko; compatible; PerplexityBot/1.0; +https://perplexity.ai/perplexitybot)"
18.97.9.101 - - [16/Jul/2026:20:44:29 +0000] "GET /?fileloc=/home/xedaptot/pepperspaphuquoc.com/.well-known/post-1783045567.php&path=/home/xedaptot/pepperspaphuquoc.com/.well-known HTTP/2" 200 2532 "-" "Mozilla/5.0 AppleWebKit/537.36 (KHTML, like Gecko; compatible; PerplexityBot/1.0; +https://perplexity.ai/perplexitybot)"
18.97.9.101 - - [16/Jul/2026:20:44:30 +0000] "GET /?fileloc=/home/xedaptot/pepperspaphuquoc.com/shop.php&path=/home/xedaptot/pepperspaphuquoc.com HTTP/2" 200 2627 "-" "Mozilla/5.0 AppleWebKit/537.36 (KHTML, like Gecko; compatible; PerplexityBot/1.0; +https://perplexity.ai/perplexitybot)"
18.97.9.100 - - [16/Jul/2026:20:44:30 +0000] "GET /?fileloc=/home/xedaptot/pepperspaphuquoc.com/wp-slgnup.gz&path=/home/xedaptot/pepperspaphuquoc.com HTTP/2" 200 5020 "-" "Mozilla/5.0 AppleWebKit/537.36 (KHTML, like Gecko; compatible; PerplexityBot/1.0; +https://perplexity.ai/perplexitybot)"
18.97.9.97 - - [16/Jul/2026:20:44:31 +0000] "GET /?fileloc=/home/xedaptot/pepperspaphuquoc.com/google883388b3cc1da8b0.html&path=/home/xedaptot/pepperspaphuquoc.com HTTP/2" 200 2535 "-" "Mozilla/5.0 AppleWebKit/537.36 (KHTML, like Gecko; compatible; PerplexityBot/1.0; +https://perplexity.ai/perplexitybot)"
18.97.9.101 - - [16/Jul/2026:20:44:35 +0000] "GET /?fileloc=/home/xedaptot/pepperspaphuquoc.com/wp-admin/index.php&path=/home/xedaptot/pepperspaphuquoc.com/wp-admin HTTP/2" 200 5641 "-" "Mozilla/5.0 AppleWebKit/537.36 (KHTML, like Gecko; compatible; PerplexityBot/1.0; +https://perplexity.ai/perplexitybot)"
18.97.9.99 - - [16/Jul/2026:20:44:36 +0000] "GET /?fileloc=/home/xedaptot/pepperspaphuquoc.com/wp-admin/export-personal-data.php&path=/home/xedaptot/pepperspaphuquoc.com/wp-admin HTTP/2" 200 5542 "-" "Mozilla/5.0 AppleWebKit/537.36 (KHTML, like Gecko; compatible; PerplexityBot/1.0; +https://perplexity.ai/perplexitybot)"
18.97.9.96 - - [16/Jul/2026:20:44:36 +0000] "GET /?fileloc=/home/xedaptot/pepperspaphuquoc.com/wp-admin/theme-install.php&path=/home/xedaptot/pepperspaphuquoc.com/wp-admin HTTP/2" 200 8900 "-" "Mozilla/5.0 AppleWebKit/537.36 (KHTML, like Gecko; compatible; PerplexityBot/1.0; +https://perplexity.ai/perplexitybot)"
18.97.9.100 - - [16/Jul/2026:20:44:37 +0000] "GET /?fileloc=/home/xedaptot/pepperspaphuquoc.com/wp-admin/options-media.php&path=/home/xedaptot/pepperspaphuquoc.com/wp-admin HTTP/2" 200 4560 "-" "Mozilla/5.0 AppleWebKit/537.36 (KHTML, like Gecko; compatible; PerplexityBot/1.0; +https://perplexity.ai/perplexitybot)"
18.97.9.101 - - [16/Jul/2026:20:44:37 +0000] "GET /?fileloc=/home/xedaptot/pepperspaphuquoc.com/wp-admin/error_log&path=/home/xedaptot/pepperspaphuquoc.com/wp-admin HTTP/2" 200 4158 "-" "Mozilla/5.0 AppleWebKit/537.36 (KHTML, like Gecko; compatible; PerplexityBot/1.0; +https://perplexity.ai/perplexitybot)"
18.97.9.100 - - [16/Jul/2026:20:44:38 +0000] "GET /?path=/home/xedaptot/pepperspaphuquoc.com/wp-admin/css HTTP/2" 200 5650 "-" "Mozilla/5.0 AppleWebKit/537.36 (KHTML, like Gecko; compatible; PerplexityBot/1.0; +https://perplexity.ai/perplexitybot)"
18.97.9.99 - - [16/Jul/2026:20:44:39 +0000] "GET /?fileloc=/home/xedaptot/pepperspaphuquoc.com/wp-admin/media.php&path=/home/xedaptot/pepperspaphuquoc.com/wp-admin HTTP/2" 200 2923 "-" "Mozilla/5.0 AppleWebKit/537.36 (KHTML, like Gecko; compatible; PerplexityBot/1.0; +https://perplexity.ai/perplexitybot)"
18.97.9.102 - - [16/Jul/2026:20:44:35 +0000] "GET /?fileloc=/home/xedaptot/pepperspaphuquoc.com/wp-admin/upgrade.php&path=/home/xedaptot/pepperspaphuquoc.com/wp-admin HTTP/2" 200 4670 "-" "Mozilla/5.0 AppleWebKit/537.36 (KHTML, like Gecko; compatible; PerplexityBot/1.0; +https://perplexity.ai/perplexitybot)"
18.97.9.100 - - [16/Jul/2026:20:44:35 +0000] "GET /?fileloc=/home/xedaptot/pepperspaphuquoc.com/wp-admin/site-health-info.php&path=/home/xedaptot/pepperspaphuquoc.com/wp-admin HTTP/2" 200 4184 "-" "Mozilla/5.0 AppleWebKit/537.36 (KHTML, like Gecko; compatible; PerplexityBot/1.0; +https://perplexity.ai/perplexitybot)"
18.97.9.99 - - [16/Jul/2026:20:44:35 +0000] "GET /?path=/home/xedaptot/pepperspaphuquoc.com/wp-admin/network HTTP/2" 200 3724 "-" "Mozilla/5.0 AppleWebKit/537.36 (KHTML, like Gecko; compatible; PerplexityBot/1.0; +https://perplexity.ai/perplexitybot)"
18.97.9.99 - - [16/Jul/2026:20:44:35 +0000] "GET /?fileloc=/home/xedaptot/pepperspaphuquoc.com/wp-admin/ms-users.php&path=/home/xedaptot/pepperspaphuquoc.com/wp-admin HTTP/2" 200 2670 "-" "Mozilla/5.0 AppleWebKit/537.36 (KHTML, like Gecko; compatible; PerplexityBot/1.0; +https://perplexity.ai/perplexitybot)"
18.97.9.101 - - [16/Jul/2026:20:44:35 +0000] "GET /?path=/home/xedaptot/pepperspaphuquoc.com/wp-admin/js HTTP/2" 200 5880 "-" "Mozilla/5.0 AppleWebKit/537.36 (KHTML, like Gecko; compatible; PerplexityBot/1.0; +https://perplexity.ai/perplexitybot)"
18.97.9.100 - - [16/Jul/2026:20:44:35 +0000] "GET /?fileloc=/home/xedaptot/pepperspaphuquoc.com/wp-admin/link-manager.php&path=/home/xedaptot/pepperspaphuquoc.com/wp-admin HTTP/2" 200 4418 "-" "Mozilla/5.0 AppleWebKit/537.36 (KHTML, like Gecko; compatible; PerplexityBot/1.0; +https://perplexity.ai/perplexitybot)"
18.97.9.103 - - [16/Jul/2026:20:44:36 +0000] "GET /?fileloc=/home/xedaptot/pepperspaphuquoc.com/wp-admin/link-parse-opml.php&path=/home/xedaptot/pepperspaphuquoc.com/wp-admin HTTP/2" 200 3589 "-" "Mozilla/5.0 AppleWebKit/537.36 (KHTML, like Gecko; compatible; PerplexityBot/1.0; +https://perplexity.ai/perplexitybot)"
18.97.9.101 - - [16/Jul/2026:20:44:37 +0000] "GET /?path=/home/xedaptot/pepperspaphuquoc.com/wp-admin/includes HTTP/2" 200 6388 "-" "Mozilla/5.0 AppleWebKit/537.36 (KHTML, like Gecko; compatible; PerplexityBot/1.0; +https://perplexity.ai/perplexitybot)"
18.97.9.103 - - [16/Jul/2026:20:44:38 +0000] "GET /?fileloc=/home/xedaptot/pepperspaphuquoc.com/wp-admin/edit-link-form.php&path=/home/xedaptot/pepperspaphuquoc.com/wp-admin HTTP/2" 200 4845 "-" "Mozilla/5.0 AppleWebKit/537.36 (KHTML, like Gecko; compatible; PerplexityBot/1.0; +https://perplexity.ai/perplexitybot)"
18.97.9.101 - - [16/Jul/2026:20:44:38 +0000] "GET /?fileloc=/home/xedaptot/pepperspaphuquoc.com/wp-admin/post-new.php&path=/home/xedaptot/pepperspaphuquoc.com/wp-admin HTTP/2" 200 3599 "-" "Mozilla/5.0 AppleWebKit/537.36 (KHTML, like Gecko; compatible; PerplexityBot/1.0; +https://perplexity.ai/perplexitybot)"
18.97.9.103 - - [16/Jul/2026:20:44:39 +0000] "GET /?fileloc=/home/xedaptot/pepperspaphuquoc.com/wp-admin/link.php&path=/home/xedaptot/pepperspaphuquoc.com/wp-admin HTTP/2" 200 3623 "-" "Mozilla/5.0 AppleWebKit/537.36 (KHTML, like Gecko; compatible; PerplexityBot/1.0; +https://perplexity.ai/perplexitybot)"
18.97.9.101 - - [16/Jul/2026:20:44:39 +0000] "GET /?fileloc=/home/xedaptot/pepperspaphuquoc.com/wp-admin/plugin-install.php&path=/home/xedaptot/pepperspaphuquoc.com/wp-admin HTTP/2" 200 5227 "-" "Mozilla/5.0 AppleWebKit/537.36 (KHTML, like Gecko; compatible; PerplexityBot/1.0; +https://perplexity.ai/perplexitybot)"
18.97.9.103 - - [16/Jul/2026:20:44:40 +0000] "GET /?fileloc=/home/xedaptot/pepperspaphuquoc.com/wp-admin/async-upload.php&path=/home/xedaptot/pepperspaphuquoc.com/wp-admin HTTP/2" 200 4908 "-" "Mozilla/5.0 AppleWebKit/537.36 (KHTML, like Gecko; compatible; PerplexityBot/1.0; +https://perplexity.ai/perplexitybot)"
18.97.9.100 - - [16/Jul/2026:20:44:40 +0000] "GET /?fileloc=/home/xedaptot/pepperspaphuquoc.com/wp-admin/link-add.php&path=/home/xedaptot/pepperspaphuquoc.com/wp-admin HTTP/2" 200 2956 "-" "Mozilla/5.0 AppleWebKit/537.36 (KHTML, like Gecko; compatible; PerplexityBot/1.0; +https://perplexity.ai/perplexitybot)"
2a03:2880:f800:10:: - - [16/Jul/2026:20:44:41 +0000] "GET /?y=17176941491100 HTTP/2" 200 4136 "-" "Mozilla/5.0 (Macintosh; Intel Mac OS X 10_15_7) AppleWebKit/537.36 (KHTML, like Gecko) Chrome/145.0.0.0 Safari/537.36 (compatible; meta-externalagent/1.1 (+https://developers.facebook.com/docs/sharing/webmasters/crawler))"
18.97.9.99 - - [16/Jul/2026:20:44:42 +0000] "GET /?fileloc=/home/xedaptot/pepperspaphuquoc.com/wp-admin/custom-background.php&path=/home/xedaptot/pepperspaphuquoc.com/wp-admin HTTP/2" 200 2772 "-" "Mozilla/5.0 AppleWebKit/537.36 (KHTML, like Gecko; compatible; PerplexityBot/1.0; +https://perplexity.ai/perplexitybot)"
18.97.9.97 - - [16/Jul/2026:20:44:41 +0000] "GET /?path=/home/xedaptot/pepperspaphuquoc.com/wp-admin/images HTTP/2" 200 5454 "-" "Mozilla/5.0 AppleWebKit/537.36 (KHTML, like Gecko; compatible; PerplexityBot/1.0; +https://perplexity.ai/perplexitybot)"
18.97.9.103 - - [16/Jul/2026:20:44:41 +0000] "GET /?fileloc=/home/xedaptot/pepperspaphuquoc.com/wp-admin/edit.php&path=/home/xedaptot/pepperspaphuquoc.com/wp-admin HTTP/2" 200 8496 "-" "Mozilla/5.0 AppleWebKit/537.36 (KHTML, like Gecko; compatible; PerplexityBot/1.0; +https://perplexity.ai/perplexitybot)"
18.97.9.103 - - [16/Jul/2026:20:44:42 +0000] "GET /?fileloc=/home/xedaptot/pepperspaphuquoc.com/wp-admin/moderation.php&path=/home/xedaptot/pepperspaphuquoc.com/wp-admin HTTP/2" 200 2695 "-" "Mozilla/5.0 AppleWebKit/537.36 (KHTML, like Gecko; compatible; PerplexityBot/1.0; +https://perplexity.ai/perplexitybot)"
18.97.9.103 - - [16/Jul/2026:20:44:42 +0000] "GET /?fileloc=/home/xedaptot/pepperspaphuquoc.com/wp-admin/edit-comments.php&path=/home/xedaptot/pepperspaphuquoc.com/wp-admin HTTP/2" 200 6826 "-" "Mozilla/5.0 AppleWebKit/537.36 (KHTML, like Gecko; compatible; PerplexityBot/1.0; +https://perplexity.ai/perplexitybot)"
18.97.9.99 - - [16/Jul/2026:20:44:43 +0000] "GET /?fileloc=/home/xedaptot/pepperspaphuquoc.com/wp-admin/post.php&path=/home/xedaptot/pepperspaphuquoc.com/wp-admin HTTP/2" 200 5767 "-" "Mozilla/5.0 AppleWebKit/537.36 (KHTML, like Gecko; compatible; PerplexityBot/1.0; +https://perplexity.ai/perplexitybot)"
18.97.9.100 - - [16/Jul/2026:20:44:43 +0000] "GET /?path=/home/xedaptot/pepperspaphuquoc.com/wp-admin/user HTTP/2" 200 3114 "-" "Mozilla/5.0 AppleWebKit/537.36 (KHTML, like Gecko; compatible; PerplexityBot/1.0; +https://perplexity.ai/perplexitybot)"
18.97.9.96 - - [16/Jul/2026:20:44:43 +0000] "GET /?fileloc=/home/xedaptot/pepperspaphuquoc.com/wp-admin/themes.php&path=/home/xedaptot/pepperspaphuquoc.com/wp-admin HTTP/2" 200 12191 "-" "Mozilla/5.0 AppleWebKit/537.36 (KHTML, like Gecko; compatible; PerplexityBot/1.0; +https://perplexity.ai/perplexitybot)"
18.97.9.99 - - [16/Jul/2026:20:44:44 +0000] "GET /?fileloc=/home/xedaptot/pepperspaphuquoc.com/wp-admin/js/link.js&path=/home/xedaptot/pepperspaphuquoc.com/wp-admin/js HTTP/2" 200 4366 "-" "Mozilla/5.0 AppleWebKit/537.36 (KHTML, like Gecko; compatible; PerplexityBot/1.0; +https://perplexity.ai/perplexitybot)"
18.97.9.100 - - [16/Jul/2026:20:44:45 +0000] "GET /?path=/home/xedaptot/pepperspaphuquoc.com/wp-admin/js/widgets HTTP/2" 200 3293 "-" "Mozilla/5.0 AppleWebKit/537.36 (KHTML, like Gecko; compatible; PerplexityBot/1.0; +https://perplexity.ai/perplexitybot)"
130.61.136.100 - - [16/Jul/2026:20:44:31 +0000] "POST /wp-login.php HTTP/2" 200 4135 "https://pepperspaphuquoc.com/wp-login.php" "Mozilla/5.0 (Windows NT 6.1; Win64; x64) AppleWebKit/537.36 (KHTML, like Gecko) Chrome/91.0.4472.124 Safari/537.36"
18.97.9.100 - - [16/Jul/2026:20:44:46 +0000] "GET /?path=/home/xedaptot/pepperspaphuquoc.com/wp-content/maintenance HTTP/2" 200 2944 "-" "Mozilla/5.0 AppleWebKit/537.36 (KHTML, like Gecko; compatible; PerplexityBot/1.0; +https://perplexity.ai/perplexitybot)"
