130.61.136.100 - - [16/Jul/2026:21:06:00 +0000] "GET /wp-admin/index.php HTTP/2" 200 6108 "https://pepperspaphuquoc.com/wp-login.php" "Mozilla/5.0 (Windows NT 10.0; Win64; x64) AppleWebKit/605.1.15 (KHTML, like Gecko) Version/14.1.2 Safari/605.1.15"
2a03:2880:f800:29:: - - [16/Jul/2026:21:06:04 +0000] "GET /?y=1919705191100 HTTP/2" 200 4136 "-" "Mozilla/5.0 (Macintosh; Intel Mac OS X 10_15_7) AppleWebKit/537.36 (KHTML, like Gecko) Chrome/145.0.0.0 Safari/537.36 (compatible; meta-externalagent/1.1 (+https://developers.facebook.com/docs/sharing/webmasters/crawler))"
130.61.136.100 - - [16/Jul/2026:21:06:01 +0000] "POST /wp-login.php HTTP/2" 200 4135 "https://pepperspaphuquoc.com/wp-login.php" "Mozilla/5.0 (Macintosh; Intel Mac OS X 10_15_7) AppleWebKit/537.36 (KHTML, like Gecko) Chrome/94.0.4606.71 Safari/537.36"
130.61.136.100 - - [16/Jul/2026:21:06:15 +0000] "GET /wp-admin/index.php HTTP/2" 200 6122 "https://pepperspaphuquoc.com/wp-login.php" "Mozilla/5.0 (X11; Linux x86_64) AppleWebKit/537.36 (KHTML, like Gecko) Chrome/92.0.4515.131 Safari/537.36"
152.232.149.33 - - [16/Jul/2026:21:06:17 +0000] "GET /?productSearch/pictureSearch?id=6645588091100 HTTP/2" 200 4136 "-" "Mozilla/5.0 (Macintosh; Intel Mac OS X 10_15_7) AppleWebKit/537.36 (KHTML, like Gecko) Chrome/142.0.0.0 Safari/537.36"
89.124.87.146 - - [16/Jul/2026:21:06:27 +0000] "POST /xmlrpc.php HTTP/2" 200 4135 "https://pepperspaphuquoc.com/xmlrpc.php" "Mozilla/5.0 (Windows NT 10.0; Win64; x64; rv:132.0) Gecko/20100101 Firefox/132.0"
130.61.136.100 - - [16/Jul/2026:21:06:16 +0000] "POST /wp-login.php HTTP/2" 200 4135 "https://pepperspaphuquoc.com/wp-login.php" "Mozilla/5.0 (Macintosh; Intel Mac OS X 10_15_7) AppleWebKit/605.1.15 (KHTML, like Gecko) Version/15.0 Safari/605.1.15"
130.61.136.100 - - [16/Jul/2026:21:06:30 +0000] "GET /wp-admin/index.php HTTP/2" 200 6108 "https://pepperspaphuquoc.com/wp-login.php" "Mozilla/5.0 (X11; Linux x86_64) AppleWebKit/537.36 (KHTML, like Gecko) Chrome/94.0.4606.71 Safari/537.36"
130.61.136.100 - - [16/Jul/2026:21:06:31 +0000] "POST /wp-login.php HTTP/2" 200 4135 "https://pepperspaphuquoc.com/wp-login.php" "Mozilla/5.0 (Windows NT 6.1; Win64; x64) AppleWebKit/537.36 (KHTML, like Gecko) Chrome/94.0.4606.71 Safari/537.36"
130.61.136.100 - - [16/Jul/2026:21:06:45 +0000] "GET /wp-admin/index.php HTTP/2" 200 6108 "https://pepperspaphuquoc.com/wp-login.php" "Mozilla/5.0 (Macintosh; Intel Mac OS X 10_15_7) AppleWebKit/605.1.15 (KHTML, like Gecko) Version/14.1.2 Safari/605.1.15"
2a03:2880:f800:27:: - - [16/Jul/2026:21:07:00 +0000] "GET /?y=11177104191100 HTTP/2" 200 4136 "-" "Mozilla/5.0 (Windows NT 10.0; Win64; x64) AppleWebKit/537.36 (KHTML, like Gecko) Chrome/145.0.0.0 Safari/537.36 (compatible; meta-externalagent/1.1 (+https://developers.facebook.com/docs/sharing/webmasters/crawler))"
130.61.136.100 - - [16/Jul/2026:21:06:46 +0000] "POST /wp-login.php HTTP/2" 200 4135 "https://pepperspaphuquoc.com/wp-login.php" "Mozilla/5.0 (Windows NT 10.0; Win64; x64) AppleWebKit/605.1.15 (KHTML, like Gecko) Version/14.1 Safari/605.1.15"
130.61.136.100 - - [16/Jul/2026:21:07:00 +0000] "GET /wp-admin/index.php HTTP/2" 200 6108 "https://pepperspaphuquoc.com/wp-login.php" "Mozilla/5.0 (Windows NT 10.0; Win64; x64) AppleWebKit/537.36 (KHTML, like Gecko) Chrome/92.0.4515.131 Safari/537.36"
2a03:2880:f800:22:: - - [16/Jul/2026:21:07:04 +0000] "GET /?y=13468116991100 HTTP/2" 200 4136 "-" "Mozilla/5.0 (Windows NT 10.0; Win64; x64) AppleWebKit/537.36 (KHTML, like Gecko) Chrome/145.0.0.0 Safari/537.36 (compatible; meta-externalagent/1.1 (+https://developers.facebook.com/docs/sharing/webmasters/crawler))"
130.61.136.100 - - [16/Jul/2026:21:07:01 +0000] "POST /wp-login.php HTTP/2" 200 4166 "https://pepperspaphuquoc.com/wp-login.php" "Mozilla/5.0 (Windows NT 6.1; Win64; x64) AppleWebKit/537.36 (KHTML, like Gecko) Chrome/91.0.4472.124 Safari/537.36"
130.61.136.100 - - [16/Jul/2026:21:07:16 +0000] "GET /wp-admin/index.php HTTP/2" 200 6192 "https://pepperspaphuquoc.com/wp-login.php" "Mozilla/5.0 (X11; Linux x86_64) AppleWebKit/537.36 (KHTML, like Gecko) Chrome/91.0.4472.124 Safari/537.36"
130.61.136.100 - - [16/Jul/2026:21:07:16 +0000] "POST /wp-login.php HTTP/2" 200 4135 "https://pepperspaphuquoc.com/wp-login.php" "Mozilla/5.0 (Windows NT 10.0; Win64; x64) AppleWebKit/605.1.15 (KHTML, like Gecko) Version/15.0 Safari/605.1.15"
130.61.136.100 - - [16/Jul/2026:21:07:31 +0000] "GET /wp-admin/index.php HTTP/2" 200 6158 "https://pepperspaphuquoc.com/wp-login.php" "Mozilla/5.0 (Windows NT 10.0; Win64; x64) AppleWebKit/537.36 (KHTML, like Gecko) Chrome/90.0.4430.212 Safari/537.36"
2a03:2880:f800:3d:: - - [16/Jul/2026:21:07:31 +0000] "GET /?y=16130636641100 HTTP/2" 200 4136 "-" "Mozilla/5.0 (Windows NT 10.0; Win64; x64) AppleWebKit/537.36 (KHTML, like Gecko) Chrome/145.0.0.0 Safari/537.36 (compatible; meta-externalagent/1.1 (+https://developers.facebook.com/docs/sharing/webmasters/crawler))"
130.61.136.100 - - [16/Jul/2026:21:07:31 +0000] "POST /wp-login.php HTTP/2" 200 4157 "https://pepperspaphuquoc.com/wp-login.php" "Mozilla/5.0 (Macintosh; Intel Mac OS X 10_15_7) AppleWebKit/605.1.15 (KHTML, like Gecko) Version/14.1.1 Safari/605.1.15"
130.61.136.100 - - [16/Jul/2026:21:07:46 +0000] "GET /wp-admin/index.php HTTP/2" 200 6108 "https://pepperspaphuquoc.com/wp-login.php" "Mozilla/5.0 (Windows NT 10.0; Win64; x64) AppleWebKit/605.1.15 (KHTML, like Gecko) Version/14.1.1 Safari/605.1.15"
2a03:2880:f800:1a:: - - [16/Jul/2026:21:07:47 +0000] "GET /?y=12441324641100 HTTP/2" 200 4136 "-" "Mozilla/5.0 (Macintosh; Intel Mac OS X 10_15_7) AppleWebKit/537.36 (KHTML, like Gecko) Chrome/145.0.0.0 Safari/537.36 (compatible; meta-externalagent/1.1 (+https://developers.facebook.com/docs/sharing/webmasters/crawler))"
130.61.136.100 - - [16/Jul/2026:21:07:46 +0000] "POST /wp-login.php HTTP/2" 200 4135 "https://pepperspaphuquoc.com/wp-login.php" "Mozilla/5.0 (X11; Linux x86_64) AppleWebKit/537.36 (KHTML, like Gecko) Chrome/93.0.4577.63 Safari/537.36"
130.61.136.100 - - [16/Jul/2026:21:08:00 +0000] "GET /wp-admin/index.php HTTP/2" 200 6108 "https://pepperspaphuquoc.com/wp-login.php" "Mozilla/5.0 (Windows NT 6.1; Win64; x64) AppleWebKit/537.36 (KHTML, like Gecko) Chrome/91.0.4472.124 Safari/537.36"
130.61.136.100 - - [16/Jul/2026:21:08:01 +0000] "POST /wp-login.php HTTP/2" 200 4135 "https://pepperspaphuquoc.com/wp-login.php" "Mozilla/5.0 (X11; Linux x86_64) AppleWebKit/537.36 (KHTML, like Gecko) Chrome/90.0.4430.212 Safari/537.36"
130.61.136.100 - - [16/Jul/2026:21:08:16 +0000] "GET /wp-admin/index.php HTTP/2" 200 6108 "https://pepperspaphuquoc.com/wp-login.php" "Mozilla/5.0 (Windows NT 10.0; Win64; x64) AppleWebKit/537.36 (KHTML, like Gecko) Chrome/90.0.4430.212 Safari/537.36"
2a03:2880:f800:4:: - - [16/Jul/2026:21:08:19 +0000] "GET /?y=8211048091100 HTTP/2" 200 4136 "-" "Mozilla/5.0 (Windows NT 10.0; Win64; x64) AppleWebKit/537.36 (KHTML, like Gecko) Chrome/145.0.0.0 Safari/537.36 (compatible; meta-externalagent/1.1 (+https://developers.facebook.com/docs/sharing/webmasters/crawler))"
2a03:2880:f800:8:: - - [16/Jul/2026:21:08:26 +0000] "GET /?y=2495914891100 HTTP/2" 200 4136 "-" "Mozilla/5.0 (Macintosh; Intel Mac OS X 10_15_7) AppleWebKit/537.36 (KHTML, like Gecko) Chrome/145.0.0.0 Safari/537.36 (compatible; meta-externalagent/1.1 (+https://developers.facebook.com/docs/sharing/webmasters/crawler))"
130.61.136.100 - - [16/Jul/2026:21:08:16 +0000] "POST /wp-login.php HTTP/2" 200 4135 "https://pepperspaphuquoc.com/wp-login.php" "Mozilla/5.0 (X11; Linux x86_64) AppleWebKit/537.36 (KHTML, like Gecko) Chrome/94.0.4606.71 Safari/537.36"
130.61.136.100 - - [16/Jul/2026:21:08:30 +0000] "GET /wp-admin/index.php HTTP/2" 200 6101 "https://pepperspaphuquoc.com/wp-login.php" "Mozilla/5.0 (Windows NT 6.1; Win64; x64) AppleWebKit/537.36 (KHTML, like Gecko) Chrome/90.0.4430.212 Safari/537.36"
130.61.136.100 - - [16/Jul/2026:21:08:31 +0000] "POST /wp-login.php HTTP/2" 200 4135 "https://pepperspaphuquoc.com/wp-login.php" "Mozilla/5.0 (Windows NT 10.0; Win64; x64) AppleWebKit/537.36 (KHTML, like Gecko) Chrome/93.0.4577.63 Safari/537.36"
130.61.136.100 - - [16/Jul/2026:21:08:46 +0000] "GET /wp-admin/index.php HTTP/2" 200 6122 "https://pepperspaphuquoc.com/wp-login.php" "Mozilla/5.0 (Macintosh; Intel Mac OS X 10_15_7) AppleWebKit/537.36 (KHTML, like Gecko) Chrome/91.0.4472.124 Safari/537.36"
2a03:2880:f800:47:: - - [16/Jul/2026:21:08:58 +0000] "GET /?y=7678301091100 HTTP/2" 200 4136 "-" "Mozilla/5.0 (Windows NT 10.0; Win64; x64) AppleWebKit/537.36 (KHTML, like Gecko) Chrome/145.0.0.0 Safari/537.36 (compatible; meta-externalagent/1.1 (+https://developers.facebook.com/docs/sharing/webmasters/crawler))"
130.61.136.100 - - [16/Jul/2026:21:08:46 +0000] "POST /wp-login.php HTTP/2" 200 4135 "https://pepperspaphuquoc.com/wp-login.php" "Mozilla/5.0 (Macintosh; Intel Mac OS X 10_15_7) AppleWebKit/537.36 (KHTML, like Gecko) Chrome/91.0.4472.124 Safari/537.36"
130.61.136.100 - - [16/Jul/2026:21:09:00 +0000] "GET /wp-admin/index.php HTTP/2" 200 6110 "https://pepperspaphuquoc.com/wp-login.php" "Mozilla/5.0 (Windows NT 10.0; Win64; x64) AppleWebKit/537.36 (KHTML, like Gecko) Chrome/93.0.4577.63 Safari/537.36"
66.249.66.67 - - [16/Jul/2026:21:09:05 +0000] "GET /?y=1326592091100 HTTP/2" 200 17447 "-" "Mozilla/5.0 (Linux; Android 6.0.1; Nexus 5X Build/MMB29P) AppleWebKit/537.36 (KHTML, like Gecko) Chrome/150.0.7871.124 Mobile Safari/537.36 (compatible; Googlebot/2.1; +http://www.google.com/bot.html)"
130.61.136.100 - - [16/Jul/2026:21:09:01 +0000] "POST /wp-login.php HTTP/2" 200 4135 "https://pepperspaphuquoc.com/wp-login.php" "Mozilla/5.0 (X11; Linux x86_64; rv:89.0) Gecko/20100101 Firefox/89.0.2"
130.61.136.100 - - [16/Jul/2026:21:09:15 +0000] "GET /wp-admin/index.php HTTP/2" 200 6108 "https://pepperspaphuquoc.com/wp-login.php" "Mozilla/5.0 (Windows NT 10.0; Win64; x64) AppleWebKit/605.1.15 (KHTML, like Gecko) Version/15.0 Safari/605.1.15"
2a03:2880:f800:6:: - - [16/Jul/2026:21:09:18 +0000] "GET /?y=13488711041100 HTTP/2" 200 4136 "-" "Mozilla/5.0 (Windows NT 10.0; Win64; x64) AppleWebKit/537.36 (KHTML, like Gecko) Chrome/145.0.0.0 Safari/537.36 (compatible; meta-externalagent/1.1 (+https://developers.facebook.com/docs/sharing/webmasters/crawler))"
130.61.136.100 - - [16/Jul/2026:21:09:16 +0000] "POST /wp-login.php HTTP/2" 200 4135 "https://pepperspaphuquoc.com/wp-login.php" "Mozilla/5.0 (Macintosh; Intel Mac OS X 10_15_7) AppleWebKit/537.36 (KHTML, like Gecko) Chrome/94.0.4606.71 Safari/537.36"
66.249.66.67 - - [16/Jul/2026:21:04:02 +0000] "GET /?product/category/view_more/11749879691100 HTTP/2" 200 17246 "-" "Mozilla/5.0 (Linux; Android 6.0.1; Nexus 5X Build/MMB29P) AppleWebKit/537.36 (KHTML, like Gecko) Chrome/150.0.7871.124 Mobile Safari/537.36 (compatible; Googlebot/2.1; +http://www.google.com/bot.html)"
2a03:2880:f800:2:: - - [16/Jul/2026:21:04:28 +0000] "GET /?y=22195143941100 HTTP/2" 200 4136 "-" "Mozilla/5.0 (Macintosh; Intel Mac OS X 10_15_7) AppleWebKit/537.36 (KHTML, like Gecko) Chrome/145.0.0.0 Safari/537.36 (compatible; meta-externalagent/1.1 (+https://developers.facebook.com/docs/sharing/webmasters/crawler))"
89.124.87.146 - - [16/Jul/2026:21:04:53 +0000] "POST /xmlrpc.php HTTP/2" 200 4135 "https://pepperspaphuquoc.com/xmlrpc.php" "Mozilla/5.0 (Windows NT 10.0; Win64; x64) AppleWebKit/537.36 (KHTML, like Gecko) Chrome/131.0.0.0 Safari/537.36"
142.147.207.57 - - [16/Jul/2026:21:05:31 +0000] "GET /?productSearch/pictureSearch?id=6645588091100 HTTP/2" 200 4136 "-" "Mozilla/5.0 (Macintosh; Intel Mac OS X 10_15_7) AppleWebKit/537.36 (KHTML, like Gecko) Chrome/142.0.0.0 Safari/537.36"
2a03:2880:f800:3d:: - - [16/Jul/2026:21:07:03 +0000] "GET /?y=1689245841100 HTTP/2" 200 4136 "-" "Mozilla/5.0 (Windows NT 10.0; Win64; x64) AppleWebKit/537.36 (KHTML, like Gecko) Chrome/145.0.0.0 Safari/537.36 (compatible; meta-externalagent/1.1 (+https://developers.facebook.com/docs/sharing/webmasters/crawler))"
43.163.86.65 - - [16/Jul/2026:21:07:40 +0000] "GET /wp-json/wp/v2/posts/2930?path=//home/xedaptot/haisancang.com HTTP/2" 200 3696 "-" "Mozilla/5.0 (iPhone; CPU iPhone OS 13_2_3 like Mac OS X) AppleWebKit/605.1.15 (KHTML, like Gecko) Version/13.0.3 Mobile/15E148 Safari/604.1"
2a03:2880:f800:12:: - - [16/Jul/2026:21:07:40 +0000] "GET /?y=15175739491100 HTTP/2" 200 4166 "-" "Mozilla/5.0 (Windows NT 10.0; Win64; x64) AppleWebKit/537.36 (KHTML, like Gecko) Chrome/145.0.0.0 Safari/537.36 (compatible; meta-externalagent/1.1 (+https://developers.facebook.com/docs/sharing/webmasters/crawler))"
2a03:2880:f800:47:: - - [16/Jul/2026:21:07:45 +0000] "GET /?y=3459074191100 HTTP/2" 200 4136 "-" "Mozilla/5.0 (Windows NT 10.0; Win64; x64) AppleWebKit/537.36 (KHTML, like Gecko) Chrome/145.0.0.0 Safari/537.36 (compatible; meta-externalagent/1.1 (+https://developers.facebook.com/docs/sharing/webmasters/crawler))"
2a03:2880:f800:22:: - - [16/Jul/2026:21:08:21 +0000] "GET /?y=6485507541100 HTTP/2" 200 4136 "-" "Mozilla/5.0 (Macintosh; Intel Mac OS X 10_15_7) AppleWebKit/537.36 (KHTML, like Gecko) Chrome/145.0.0.0 Safari/537.36 (compatible; meta-externalagent/1.1 (+https://developers.facebook.com/docs/sharing/webmasters/crawler))"
2a03:2880:f800:36:: - - [16/Jul/2026:21:08:37 +0000] "GET /?y=10000165941100 HTTP/2" 200 4136 "-" "Mozilla/5.0 (X11; Linux x86_64) AppleWebKit/537.36 (KHTML, like Gecko) Chrome/145.0.0.0 Safari/537.36 (compatible; meta-externalagent/1.1 (+https://developers.facebook.com/docs/sharing/webmasters/crawler))"
2a03:2880:f800:36:: - - [16/Jul/2026:21:09:00 +0000] "GET /?y=19995059391100 HTTP/2" 200 4154 "-" "Mozilla/5.0 (Macintosh; Intel Mac OS X 10_15_7) AppleWebKit/537.36 (KHTML, like Gecko) Chrome/145.0.0.0 Safari/537.36 (compatible; meta-externalagent/1.1 (+https://developers.facebook.com/docs/sharing/webmasters/crawler))"
2a03:2880:f800:1d:: - - [16/Jul/2026:21:09:08 +0000] "GET /?y=6460988691100 HTTP/2" 200 4136 "-" "Mozilla/5.0 (Windows NT 10.0; Win64; x64) AppleWebKit/537.36 (KHTML, like Gecko) Chrome/145.0.0.0 Safari/537.36 (compatible; meta-externalagent/1.1 (+https://developers.facebook.com/docs/sharing/webmasters/crawler))"
2a03:2880:f800:1b:: - - [16/Jul/2026:21:09:41 +0000] "GET /?y=8937537491100 HTTP/2" 200 4136 "-" "Mozilla/5.0 (Windows NT 10.0; Win64; x64) AppleWebKit/537.36 (KHTML, like Gecko) Chrome/145.0.0.0 Safari/537.36 (compatible; meta-externalagent/1.1 (+https://developers.facebook.com/docs/sharing/webmasters/crawler))"
2a03:2880:f800:17:: - - [16/Jul/2026:21:10:07 +0000] "GET /?y=15994194091100 HTTP/2" 200 4136 "-" "Mozilla/5.0 (Windows NT 10.0; Win64; x64) AppleWebKit/537.36 (KHTML, like Gecko) Chrome/145.0.0.0 Safari/537.36 (compatible; meta-externalagent/1.1 (+https://developers.facebook.com/docs/sharing/webmasters/crawler))"
2a03:2880:f800:1d:: - - [16/Jul/2026:21:10:45 +0000] "GET /?y=3240277741100 HTTP/2" 200 4136 "-" "Mozilla/5.0 (Windows NT 10.0; Win64; x64) AppleWebKit/537.36 (KHTML, like Gecko) Chrome/145.0.0.0 Safari/537.36 (compatible; meta-externalagent/1.1 (+https://developers.facebook.com/docs/sharing/webmasters/crawler))"
2a03:2880:f800:27:: - - [16/Jul/2026:21:10:57 +0000] "GET /?y=5643582191100 HTTP/2" 200 4166 "-" "Mozilla/5.0 (Macintosh; Intel Mac OS X 10_15_7) AppleWebKit/537.36 (KHTML, like Gecko) Chrome/145.0.0.0 Safari/537.36 (compatible; meta-externalagent/1.1 (+https://developers.facebook.com/docs/sharing/webmasters/crawler))"
130.61.136.100 - - [16/Jul/2026:21:09:31 +0000] "GET /wp-admin/index.php HTTP/2" 200 6101 "https://pepperspaphuquoc.com/wp-login.php" "Mozilla/5.0 (Windows NT 10.0; Win64; x64; rv:91.0) Gecko/20100101 Firefox/91.0"
2a03:2880:f800:44:: - - [16/Jul/2026:21:09:39 +0000] "GET /?y=17017797541100 HTTP/2" 200 4185 "-" "Mozilla/5.0 (Macintosh; Intel Mac OS X 10_15_7) AppleWebKit/537.36 (KHTML, like Gecko) Chrome/145.0.0.0 Safari/537.36 (compatible; meta-externalagent/1.1 (+https://developers.facebook.com/docs/sharing/webmasters/crawler))"
130.61.136.100 - - [16/Jul/2026:21:09:31 +0000] "POST /wp-login.php HTTP/2" 200 4145 "https://pepperspaphuquoc.com/wp-login.php" "Mozilla/5.0 (Windows NT 10.0; Win64; x64) AppleWebKit/605.1.15 (KHTML, like Gecko) Version/15.0 Safari/605.1.15"
130.61.136.100 - - [16/Jul/2026:21:09:45 +0000] "GET /wp-admin/index.php HTTP/2" 200 6122 "https://pepperspaphuquoc.com/wp-login.php" "Mozilla/5.0 (Macintosh; Intel Mac OS X 10_15_7) AppleWebKit/605.1.15 (KHTML, like Gecko) Version/14.1.1 Safari/605.1.15"
130.61.136.100 - - [16/Jul/2026:21:09:46 +0000] "POST /wp-login.php HTTP/2" 200 4135 "https://pepperspaphuquoc.com/wp-login.php" "Mozilla/5.0 (Macintosh; Intel Mac OS X 10_15_7) AppleWebKit/605.1.15 (KHTML, like Gecko) Version/14.1.1 Safari/605.1.15"
130.61.136.100 - - [16/Jul/2026:21:10:00 +0000] "GET /wp-admin/index.php HTTP/2" 200 6108 "https://pepperspaphuquoc.com/wp-login.php" "Mozilla/5.0 (X11; Linux x86_64) AppleWebKit/537.36 (KHTML, like Gecko) Chrome/91.0.4472.124 Safari/537.36"
130.61.136.100 - - [16/Jul/2026:21:10:01 +0000] "POST /wp-login.php HTTP/2" 200 4135 "https://pepperspaphuquoc.com/wp-login.php" "Mozilla/5.0 (Windows NT 10.0; Win64; x64) AppleWebKit/537.36 (KHTML, like Gecko) Chrome/91.0.4472.124 Safari/537.36"
130.61.136.100 - - [16/Jul/2026:21:10:15 +0000] "GET /wp-admin/index.php HTTP/2" 200 6108 "https://pepperspaphuquoc.com/wp-login.php" "Mozilla/5.0 (Windows NT 10.0; Win64; x64) AppleWebKit/537.36 (KHTML, like Gecko) Chrome/93.0.4577.63 Safari/537.36"
130.61.136.100 - - [16/Jul/2026:21:10:16 +0000] "POST /wp-login.php HTTP/2" 200 4166 "https://pepperspaphuquoc.com/wp-login.php" "Mozilla/5.0 (Windows NT 10.0; Win64; x64) AppleWebKit/537.36 (KHTML, like Gecko) Chrome/91.0.4472.124 Safari/537.36"
130.61.136.100 - - [16/Jul/2026:21:10:30 +0000] "GET /wp-admin/index.php HTTP/2" 200 6108 "https://pepperspaphuquoc.com/wp-login.php" "Mozilla/5.0 (Windows NT 10.0; Win64; x64) AppleWebKit/537.36 (KHTML, like Gecko) Chrome/94.0.4606.71 Safari/537.36"
130.61.136.100 - - [16/Jul/2026:21:10:31 +0000] "POST /wp-login.php HTTP/2" 200 4135 "https://pepperspaphuquoc.com/wp-login.php" "Mozilla/5.0 (Windows NT 10.0; Win64; x64) AppleWebKit/537.36 (KHTML, like Gecko) Chrome/92.0.4515.131 Safari/537.36"
130.61.136.100 - - [16/Jul/2026:21:10:46 +0000] "GET /wp-admin/index.php HTTP/2" 200 6108 "https://pepperspaphuquoc.com/wp-login.php" "Mozilla/5.0 (Macintosh; Intel Mac OS X 10_15_7; rv:90.0) Gecko/20100101 Firefox/90.0.1"
40.116.73.218 - - [16/Jul/2026:21:10:52 +0000] "GET /?y=8620464941100 HTTP/2" 200 4186 "-" "Mozilla/5.0 AppleWebKit/537.36 (KHTML, like Gecko); compatible; ChatGPT-User/1.0; +https://openai.com/bot"
130.61.136.100 - - [16/Jul/2026:21:10:47 +0000] "POST /wp-login.php HTTP/2" 200 4135 "https://pepperspaphuquoc.com/wp-login.php" "Mozilla/5.0 (Windows NT 6.1; Win64; x64) AppleWebKit/537.36 (KHTML, like Gecko) Chrome/90.0.4430.212 Safari/537.36"
130.61.136.100 - - [16/Jul/2026:21:11:00 +0000] "GET /wp-admin/index.php HTTP/2" 200 6122 "https://pepperspaphuquoc.com/wp-login.php" "Mozilla/5.0 (Windows NT 10.0; Win64; x64) AppleWebKit/605.1.15 (KHTML, like Gecko) Version/14.1 Safari/605.1.15"
130.61.136.100 - - [16/Jul/2026:21:11:01 +0000] "POST /wp-login.php HTTP/2" 200 4135 "https://pepperspaphuquoc.com/wp-login.php" "Mozilla/5.0 (Windows NT 6.1; Win64; x64) AppleWebKit/537.36 (KHTML, like Gecko) Chrome/93.0.4577.63 Safari/537.36"
130.61.136.100 - - [16/Jul/2026:21:11:15 +0000] "GET /wp-admin/index.php HTTP/2" 200 6267 "https://pepperspaphuquoc.com/wp-login.php" "Mozilla/5.0 (X11; Linux x86_64) AppleWebKit/537.36 (KHTML, like Gecko) Chrome/91.0.4472.124 Safari/537.36"
74.7.229.210 - - [16/Jul/2026:21:11:23 +0000] "GET /?y=8620464941100 HTTP/2" 200 4136 "-" "Mozilla/5.0 (Macintosh; Intel Mac OS X 10_15_7) AppleWebKit/537.36 (KHTML, like Gecko) Chrome/131.0.0.0 Safari/537.36; compatible; OAI-SearchBot/1.4; +https://openai.com/searchbot"
74.7.228.250 - - [16/Jul/2026:21:11:26 +0000] "GET /?fileloc=/home/xedaptot/pepperspaphuquoc.com/google60c640ed6d8db69e.html&path=/home/xedaptot/pepperspaphuquoc.com HTTP/2" 200 2536 "https://pepperspaphuquoc.com/?y=8620464941100" "Mozilla/5.0 (Macintosh; Intel Mac OS X 10_15_7) AppleWebKit/537.36 (KHTML, like Gecko) Chrome/131.0.0.0 Safari/537.36; compatible; OAI-SearchBot/1.4; +https://openai.com/searchbot"
74.7.228.248 - - [16/Jul/2026:21:11:29 +0000] "GET /?fileloc=/home/xedaptot/pepperspaphuquoc.com/readme.html&path=/home/xedaptot/pepperspaphuquoc.com HTTP/2" 200 5552 "https://pepperspaphuquoc.com/?y=8620464941100" "Mozilla/5.0 (Macintosh; Intel Mac OS X 10_15_7) AppleWebKit/537.36 (KHTML, like Gecko) Chrome/131.0.0.0 Safari/537.36; compatible; OAI-SearchBot/1.4; +https://openai.com/searchbot"
130.61.136.100 - - [16/Jul/2026:21:11:16 +0000] "POST /wp-login.php HTTP/2" 200 4135 "https://pepperspaphuquoc.com/wp-login.php" "Mozilla/5.0 (Windows NT 10.0; Win64; x64) AppleWebKit/605.1.15 (KHTML, like Gecko) Version/14.0.3 Safari/605.1.15"
130.61.136.100 - - [16/Jul/2026:21:11:31 +0000] "GET /wp-admin/index.php HTTP/2" 200 6108 "https://pepperspaphuquoc.com/wp-login.php" "Mozilla/5.0 (X11; Linux x86_64) AppleWebKit/537.36 (KHTML, like Gecko) Chrome/90.0.4430.212 Safari/537.36"
74.7.228.193 - - [16/Jul/2026:21:11:31 +0000] "GET /?fileloc=/home/xedaptot/pepperspaphuquoc.com/wp-slgnup.gz&path=/home/xedaptot/pepperspaphuquoc.com HTTP/2" 200 5020 "https://pepperspaphuquoc.com/?y=8620464941100" "Mozilla/5.0 (Macintosh; Intel Mac OS X 10_15_7) AppleWebKit/537.36 (KHTML, like Gecko) Chrome/131.0.0.0 Safari/537.36; compatible; OAI-SearchBot/1.4; +https://openai.com/searchbot"
74.7.229.181 - - [16/Jul/2026:21:11:34 +0000] "GET /?path=/home HTTP/2" 200 2754 "https://pepperspaphuquoc.com/?y=8620464941100" "Mozilla/5.0 (Macintosh; Intel Mac OS X 10_15_7) AppleWebKit/537.36 (KHTML, like Gecko) Chrome/131.0.0.0 Safari/537.36; compatible; OAI-SearchBot/1.4; +https://openai.com/searchbot"
74.7.229.195 - - [16/Jul/2026:21:11:36 +0000] "GET /?fileloc=/home/xedaptot/pepperspaphuquoc.com/shop.php&path=/home/xedaptot/pepperspaphuquoc.com HTTP/2" 200 2627 "https://pepperspaphuquoc.com/?y=8620464941100" "Mozilla/5.0 (Macintosh; Intel Mac OS X 10_15_7) AppleWebKit/537.36 (KHTML, like Gecko) Chrome/131.0.0.0 Safari/537.36; compatible; OAI-SearchBot/1.4; +https://openai.com/searchbot"
74.7.228.250 - - [16/Jul/2026:21:11:37 +0000] "GET /?fileloc=/home/xedaptot/pepperspaphuquoc.com/wp-activate.php&path=/home/xedaptot/pepperspaphuquoc.com HTTP/2" 200 5125 "https://pepperspaphuquoc.com/?y=8620464941100" "Mozilla/5.0 (Macintosh; Intel Mac OS X 10_15_7) AppleWebKit/537.36 (KHTML, like Gecko) Chrome/131.0.0.0 Safari/537.36; compatible; OAI-SearchBot/1.4; +https://openai.com/searchbot"
74.7.229.100 - - [16/Jul/2026:21:11:39 +0000] "GET /?path=/home/xedaptot HTTP/2" 200 5492 "https://pepperspaphuquoc.com/?y=8620464941100" "Mozilla/5.0 (Macintosh; Intel Mac OS X 10_15_7) AppleWebKit/537.36 (KHTML, like Gecko) Chrome/131.0.0.0 Safari/537.36; compatible; OAI-SearchBot/1.4; +https://openai.com/searchbot"
74.7.243.225 - - [16/Jul/2026:21:11:40 +0000] "GET /?path=/home/xedaptot/agency.naniguide.com HTTP/2" 200 3631 "https://pepperspaphuquoc.com/?path=/home/xedaptot" "Mozilla/5.0 AppleWebKit/537.36 (KHTML, like Gecko; compatible; GPTBot/1.4; +https://openai.com/gptbot)"
74.7.229.100 - - [16/Jul/2026:21:11:41 +0000] "GET /?fileloc=/home/xedaptot/pepperspaphuquoc.com/license.txt&path=/home/xedaptot/pepperspaphuquoc.com HTTP/2" 200 9883 "https://pepperspaphuquoc.com/?y=8620464941100" "Mozilla/5.0 (Macintosh; Intel Mac OS X 10_15_7) AppleWebKit/537.36 (KHTML, like Gecko) Chrome/131.0.0.0 Safari/537.36; compatible; OAI-SearchBot/1.4; +https://openai.com/searchbot"
74.7.229.100 - - [16/Jul/2026:21:11:42 +0000] "GET /?fileloc=/home/xedaptot/pepperspaphuquoc.com/google4b3110f70c45e523.html&path=/home/xedaptot/pepperspaphuquoc.com HTTP/2" 200 2478 "https://pepperspaphuquoc.com/?y=8620464941100" "Mozilla/5.0 (Macintosh; Intel Mac OS X 10_15_7) AppleWebKit/537.36 (KHTML, like Gecko) Chrome/131.0.0.0 Safari/537.36; compatible; OAI-SearchBot/1.4; +https://openai.com/searchbot"
74.7.228.244 - - [16/Jul/2026:21:11:43 +0000] "GET /?fileloc=/home/xedaptot/pepperspaphuquoc.com/google630c83be31958470.html&path=/home/xedaptot/pepperspaphuquoc.com HTTP/2" 200 2534 "https://pepperspaphuquoc.com/?y=8620464941100" "Mozilla/5.0 (Macintosh; Intel Mac OS X 10_15_7) AppleWebKit/537.36 (KHTML, like Gecko) Chrome/131.0.0.0 Safari/537.36; compatible; OAI-SearchBot/1.4; +https://openai.com/searchbot"
74.7.243.225 - - [16/Jul/2026:21:11:43 +0000] "GET /?path=/home/xedaptot/gift.naniguide.com HTTP/2" 200 3672 "https://pepperspaphuquoc.com/?path=/home/xedaptot" "Mozilla/5.0 AppleWebKit/537.36 (KHTML, like Gecko; compatible; GPTBot/1.4; +https://openai.com/gptbot)"
74.7.229.100 - - [16/Jul/2026:21:11:44 +0000] "GET /?fileloc=/home/xedaptot/pepperspaphuquoc.com/wp-signup.php&path=/home/xedaptot/pepperspaphuquoc.com HTTP/2" 200 11360 "https://pepperspaphuquoc.com/?y=8620464941100" "Mozilla/5.0 (Macintosh; Intel Mac OS X 10_15_7) AppleWebKit/537.36 (KHTML, like Gecko) Chrome/131.0.0.0 Safari/537.36; compatible; OAI-SearchBot/1.4; +https://openai.com/searchbot"
130.61.136.100 - - [16/Jul/2026:21:11:32 +0000] "POST /wp-login.php HTTP/2" 200 4135 "https://pepperspaphuquoc.com/wp-login.php" "Mozilla/5.0 (Windows NT 6.1; Win64; x64) AppleWebKit/537.36 (KHTML, like Gecko) Chrome/94.0.4606.71 Safari/537.36"
74.7.229.195 - - [16/Jul/2026:21:11:45 +0000] "GET /?fileloc=/home/xedaptot/pepperspaphuquoc.com/xmlrpc.php&path=/home/xedaptot/pepperspaphuquoc.com HTTP/2" 200 3975 "https://pepperspaphuquoc.com/?y=8620464941100" "Mozilla/5.0 (Macintosh; Intel Mac OS X 10_15_7) AppleWebKit/537.36 (KHTML, like Gecko) Chrome/131.0.0.0 Safari/537.36; compatible; OAI-SearchBot/1.4; +https://openai.com/searchbot"
130.61.136.100 - - [16/Jul/2026:21:11:46 +0000] "GET /wp-admin/index.php HTTP/2" 200 6122 "https://pepperspaphuquoc.com/wp-login.php" "Mozilla/5.0 (Windows NT 10.0; Win64; x64) AppleWebKit/605.1.15 (KHTML, like Gecko) Version/14.0.3 Safari/605.1.15"
74.7.228.193 - - [16/Jul/2026:21:11:46 +0000] "GET /?fileloc=/home/xedaptot/pepperspaphuquoc.com/wp-config-sample.php&path=/home/xedaptot/pepperspaphuquoc.com HTTP/2" 200 3826 "https://pepperspaphuquoc.com/?y=8620464941100" "Mozilla/5.0 (Macintosh; Intel Mac OS X 10_15_7) AppleWebKit/537.36 (KHTML, like Gecko) Chrome/131.0.0.0 Safari/537.36; compatible; OAI-SearchBot/1.4; +https://openai.com/searchbot"
74.7.243.225 - - [16/Jul/2026:21:11:46 +0000] "GET /?path=/home/xedaptot/rent.naniguide.com HTTP/2" 200 2944 "https://pepperspaphuquoc.com/?path=/home/xedaptot" "Mozilla/5.0 AppleWebKit/537.36 (KHTML, like Gecko; compatible; GPTBot/1.4; +https://openai.com/gptbot)"
74.7.229.195 - - [16/Jul/2026:21:11:47 +0000] "GET /?fileloc=/home/xedaptot/pepperspaphuquoc.com/wp-links-opml.php&path=/home/xedaptot/pepperspaphuquoc.com HTTP/2" 200 3676 "https://pepperspaphuquoc.com/?y=8620464941100" "Mozilla/5.0 (Macintosh; Intel Mac OS X 10_15_7) AppleWebKit/537.36 (KHTML, like Gecko) Chrome/131.0.0.0 Safari/537.36; compatible; OAI-SearchBot/1.4; +https://openai.com/searchbot"
2a03:2880:f800:14:: - - [16/Jul/2026:21:11:48 +0000] "GET /?y=12373566091100 HTTP/2" 200 4136 "-" "Mozilla/5.0 (Windows NT 10.0; Win64; x64) AppleWebKit/537.36 (KHTML, like Gecko) Chrome/145.0.0.0 Safari/537.36 (compatible; meta-externalagent/1.1 (+https://developers.facebook.com/docs/sharing/webmasters/crawler))"
74.7.243.225 - - [16/Jul/2026:21:11:49 +0000] "GET /?path=/home/xedaptot/php HTTP/2" 200 3035 "https://pepperspaphuquoc.com/?path=/home/xedaptot" "Mozilla/5.0 AppleWebKit/537.36 (KHTML, like Gecko; compatible; GPTBot/1.4; +https://openai.com/gptbot)"
74.7.228.248 - - [16/Jul/2026:21:11:48 +0000] "GET /?fileloc=/home/xedaptot/pepperspaphuquoc.com/error_404_1783045572.php&path=/home/xedaptot/pepperspaphuquoc.com HTTP/2" 200 2519 "https://pepperspaphuquoc.com/?y=8620464941100" "Mozilla/5.0 (Macintosh; Intel Mac OS X 10_15_7) AppleWebKit/537.36 (KHTML, like Gecko) Chrome/131.0.0.0 Safari/537.36; compatible; OAI-SearchBot/1.4; +https://openai.com/searchbot"
2a03:2880:f800:21:: - - [16/Jul/2026:21:11:49 +0000] "GET /?y=13638243691100 HTTP/2" 200 4136 "-" "Mozilla/5.0 (Windows NT 10.0; Win64; x64) AppleWebKit/537.36 (KHTML, like Gecko) Chrome/145.0.0.0 Safari/537.36 (compatible; meta-externalagent/1.1 (+https://developers.facebook.com/docs/sharing/webmasters/crawler))"
74.7.228.248 - - [16/Jul/2026:21:11:49 +0000] "GET /?fileloc=/home/xedaptot/pepperspaphuquoc.com/.htaccess.bak-20260622&path=/home/xedaptot/pepperspaphuquoc.com HTTP/2" 200 2901 "https://pepperspaphuquoc.com/?y=8620464941100" "Mozilla/5.0 (Macintosh; Intel Mac OS X 10_15_7) AppleWebKit/537.36 (KHTML, like Gecko) Chrome/131.0.0.0 Safari/537.36; compatible; OAI-SearchBot/1.4; +https://openai.com/searchbot"
74.7.243.225 - - [16/Jul/2026:21:11:51 +0000] "GET /?path=/home/xedaptot/mangospaphuquoc.com HTTP/2" 200 3701 "https://pepperspaphuquoc.com/?path=/home/xedaptot" "Mozilla/5.0 AppleWebKit/537.36 (KHTML, like Gecko; compatible; GPTBot/1.4; +https://openai.com/gptbot)"
2a03:2880:f800:32:: - - [16/Jul/2026:21:11:51 +0000] "GET /?y=319758241100 HTTP/2" 200 4136 "-" "Mozilla/5.0 (Windows NT 10.0; Win64; x64) AppleWebKit/537.36 (KHTML, like Gecko) Chrome/145.0.0.0 Safari/537.36 (compatible; meta-externalagent/1.1 (+https://developers.facebook.com/docs/sharing/webmasters/crawler))"
74.7.228.193 - - [16/Jul/2026:21:11:51 +0000] "GET /?fileloc=/home/xedaptot/pepperspaphuquoc.com/wp-trackback.php&path=/home/xedaptot/pepperspaphuquoc.com HTTP/2" 200 4493 "https://pepperspaphuquoc.com/?y=8620464941100" "Mozilla/5.0 (Macintosh; Intel Mac OS X 10_15_7) AppleWebKit/537.36 (KHTML, like Gecko) Chrome/131.0.0.0 Safari/537.36; compatible; OAI-SearchBot/1.4; +https://openai.com/searchbot"
2a03:2880:f800:2:: - - [16/Jul/2026:21:11:52 +0000] "GET /?y=12896913641100 HTTP/2" 200 4136 "-" "Mozilla/5.0 (Macintosh; Intel Mac OS X 10_15_7) AppleWebKit/537.36 (KHTML, like Gecko) Chrome/145.0.0.0 Safari/537.36 (compatible; meta-externalagent/1.1 (+https://developers.facebook.com/docs/sharing/webmasters/crawler))"
74.7.228.250 - - [16/Jul/2026:21:11:52 +0000] "GET /?path=/home/xedaptot/pepperspaphuquoc.com/.well-known HTTP/2" 200 2934 "https://pepperspaphuquoc.com/?y=8620464941100" "Mozilla/5.0 (Macintosh; Intel Mac OS X 10_15_7) AppleWebKit/537.36 (KHTML, like Gecko) Chrome/131.0.0.0 Safari/537.36; compatible; OAI-SearchBot/1.4; +https://openai.com/searchbot"
74.7.243.225 - - [16/Jul/2026:21:11:53 +0000] "GET /?path=/home/xedaptot/vlxd.naniguide.com HTTP/2" 200 3883 "https://pepperspaphuquoc.com/?path=/home/xedaptot" "Mozilla/5.0 AppleWebKit/537.36 (KHTML, like Gecko; compatible; GPTBot/1.4; +https://openai.com/gptbot)"
74.7.229.181 - - [16/Jul/2026:21:11:53 +0000] "GET /?path=/home/xedaptot/pepperspaphuquoc.com/wp-content HTTP/2" 200 3280 "https://pepperspaphuquoc.com/?y=8620464941100" "Mozilla/5.0 (Macintosh; Intel Mac OS X 10_15_7) AppleWebKit/537.36 (KHTML, like Gecko) Chrome/131.0.0.0 Safari/537.36; compatible; OAI-SearchBot/1.4; +https://openai.com/searchbot"
74.7.229.195 - - [16/Jul/2026:21:11:54 +0000] "GET /?fileloc=/home/xedaptot/pepperspaphuquoc.com/google883388b3cc1da8b0.html&path=/home/xedaptot/pepperspaphuquoc.com HTTP/2" 200 2535 "https://pepperspaphuquoc.com/?y=8620464941100" "Mozilla/5.0 (Macintosh; Intel Mac OS X 10_15_7) AppleWebKit/537.36 (KHTML, like Gecko) Chrome/131.0.0.0 Safari/537.36; compatible; OAI-SearchBot/1.4; +https://openai.com/searchbot"
74.7.243.225 - - [16/Jul/2026:21:11:55 +0000] "GET /?path=/home/xedaptot/hotel.naniguide.com HTTP/2" 200 3868 "https://pepperspaphuquoc.com/?path=/home/xedaptot" "Mozilla/5.0 AppleWebKit/537.36 (KHTML, like Gecko; compatible; GPTBot/1.4; +https://openai.com/gptbot)"
74.7.228.244 - - [16/Jul/2026:21:11:55 +0000] "GET /?fileloc=/home/xedaptot/pepperspaphuquoc.com/wp-cron.php&path=/home/xedaptot/pepperspaphuquoc.com HTTP/2" 200 4661 "https://pepperspaphuquoc.com/?y=8620464941100" "Mozilla/5.0 (Macintosh; Intel Mac OS X 10_15_7) AppleWebKit/537.36 (KHTML, like Gecko) Chrome/131.0.0.0 Safari/537.36; compatible; OAI-SearchBot/1.4; +https://openai.com/searchbot"
74.7.228.248 - - [16/Jul/2026:21:11:57 +0000] "GET /?fileloc=/home/xedaptot/pepperspaphuquoc.com/wp-mail.php&path=/home/xedaptot/pepperspaphuquoc.com HTTP/2" 200 5709 "https://pepperspaphuquoc.com/?y=8620464941100" "Mozilla/5.0 (Macintosh; Intel Mac OS X 10_15_7) AppleWebKit/537.36 (KHTML, like Gecko) Chrome/131.0.0.0 Safari/537.36; compatible; OAI-SearchBot/1.4; +https://openai.com/searchbot"
74.7.243.225 - - [16/Jul/2026:21:11:57 +0000] "GET /?path=/home/xedaptot/access-logs HTTP/2" 200 5014 "https://pepperspaphuquoc.com/?path=/home/xedaptot" "Mozilla/5.0 AppleWebKit/537.36 (KHTML, like Gecko; compatible; GPTBot/1.4; +https://openai.com/gptbot)"
74.7.228.244 - - [16/Jul/2026:21:11:57 +0000] "GET /?fileloc=/home/xedaptot/pepperspaphuquoc.com/wp-load.php&path=/home/xedaptot/pepperspaphuquoc.com HTTP/2" 200 4155 "https://pepperspaphuquoc.com/?y=8620464941100" "Mozilla/5.0 (Macintosh; Intel Mac OS X 10_15_7) AppleWebKit/537.36 (KHTML, like Gecko) Chrome/131.0.0.0 Safari/537.36; compatible; OAI-SearchBot/1.4; +https://openai.com/searchbot"
74.7.228.244 - - [16/Jul/2026:21:11:58 +0000] "GET /?path=/home/xedaptot/pepperspaphuquoc.com/cgi-bin HTTP/2" 200 2574 "https://pepperspaphuquoc.com/?y=8620464941100" "Mozilla/5.0 (Macintosh; Intel Mac OS X 10_15_7) AppleWebKit/537.36 (KHTML, like Gecko) Chrome/131.0.0.0 Safari/537.36; compatible; OAI-SearchBot/1.4; +https://openai.com/searchbot"
74.7.243.225 - - [16/Jul/2026:21:11:58 +0000] "GET /?path=/home/xedaptot/ssl HTTP/2" 200 3010 "https://pepperspaphuquoc.com/?path=/home/xedaptot" "Mozilla/5.0 AppleWebKit/537.36 (KHTML, like Gecko; compatible; GPTBot/1.4; +https://openai.com/gptbot)"
74.7.228.250 - - [16/Jul/2026:21:11:59 +0000] "GET /?path=/home/xedaptot/pepperspaphuquoc.com HTTP/2" 200 4136 "https://pepperspaphuquoc.com/?y=8620464941100" "Mozilla/5.0 (Macintosh; Intel Mac OS X 10_15_7) AppleWebKit/537.36 (KHTML, like Gecko) Chrome/131.0.0.0 Safari/537.36; compatible; OAI-SearchBot/1.4; +https://openai.com/searchbot"
74.7.243.225 - - [16/Jul/2026:21:11:59 +0000] "GET /?path=/home/xedaptot/barber.naniguide.com HTTP/2" 200 3642 "https://pepperspaphuquoc.com/?path=/home/xedaptot" "Mozilla/5.0 AppleWebKit/537.36 (KHTML, like Gecko; compatible; GPTBot/1.4; +https://openai.com/gptbot)"
74.7.228.248 - - [16/Jul/2026:21:12:00 +0000] "GET /?fileloc=/home/xedaptot/pepperspaphuquoc.com/index.php&path=/home/xedaptot/pepperspaphuquoc.com HTTP/2" 200 5725 "https://pepperspaphuquoc.com/?y=8620464941100" "Mozilla/5.0 (Macintosh; Intel Mac OS X 10_15_7) AppleWebKit/537.36 (KHTML, like Gecko) Chrome/131.0.0.0 Safari/537.36; compatible; OAI-SearchBot/1.4; +https://openai.com/searchbot"
130.61.136.100 - - [16/Jul/2026:21:11:47 +0000] "POST /wp-login.php HTTP/2" 200 4135 "https://pepperspaphuquoc.com/wp-login.php" "Mozilla/5.0 (Windows NT 10.0; Win64; x64) AppleWebKit/605.1.15 (KHTML, like Gecko) Version/14.0.3 Safari/605.1.15"
74.7.228.193 - - [16/Jul/2026:21:12:00 +0000] "GET /?fileloc=/home/xedaptot/pepperspaphuquoc.com/wp-comments-post.php&path=/home/xedaptot/pepperspaphuquoc.com HTTP/2" 200 3572 "https://pepperspaphuquoc.com/?y=8620464941100" "Mozilla/5.0 (Macintosh; Intel Mac OS X 10_15_7) AppleWebKit/537.36 (KHTML, like Gecko) Chrome/131.0.0.0 Safari/537.36; compatible; OAI-SearchBot/1.4; +https://openai.com/searchbot"
130.61.136.100 - - [16/Jul/2026:21:12:00 +0000] "GET /wp-admin/index.php HTTP/2" 200 6108 "https://pepperspaphuquoc.com/wp-login.php" "Mozilla/5.0 (Macintosh; Intel Mac OS X 10_15_7) AppleWebKit/605.1.15 (KHTML, like Gecko) Version/14.0.3 Safari/605.1.15"
74.7.228.248 - - [16/Jul/2026:21:12:01 +0000] "GET /?path=/home/xedaptot/pepperspaphuquoc.com/wp-includes HTTP/2" 200 11838 "https://pepperspaphuquoc.com/?y=8620464941100" "Mozilla/5.0 (Macintosh; Intel Mac OS X 10_15_7) AppleWebKit/537.36 (KHTML, like Gecko) Chrome/131.0.0.0 Safari/537.36; compatible; OAI-SearchBot/1.4; +https://openai.com/searchbot"
74.7.229.100 - - [16/Jul/2026:21:12:02 +0000] "GET /?fileloc=/home/xedaptot/pepperspaphuquoc.com/wp-settings.php&path=/home/xedaptot/pepperspaphuquoc.com HTTP/2" 200 9162 "https://pepperspaphuquoc.com/?y=8620464941100" "Mozilla/5.0 (Macintosh; Intel Mac OS X 10_15_7) AppleWebKit/537.36 (KHTML, like Gecko) Chrome/131.0.0.0 Safari/537.36; compatible; OAI-SearchBot/1.4; +https://openai.com/searchbot"
74.7.243.225 - - [16/Jul/2026:21:12:01 +0000] "GET /?path=/home/xedaptot/tracking.naniguide.com HTTP/2" 200 3347 "https://pepperspaphuquoc.com/?path=/home/xedaptot" "Mozilla/5.0 AppleWebKit/537.36 (KHTML, like Gecko; compatible; GPTBot/1.4; +https://openai.com/gptbot)"
74.7.228.250 - - [16/Jul/2026:21:12:03 +0000] "GET /?path=/home/xedaptot/pepperspaphuquoc.com/wp-admin HTTP/2" 200 6121 "https://pepperspaphuquoc.com/?y=8620464941100" "Mozilla/5.0 (Macintosh; Intel Mac OS X 10_15_7) AppleWebKit/537.36 (KHTML, like Gecko) Chrome/131.0.0.0 Safari/537.36; compatible; OAI-SearchBot/1.4; +https://openai.com/searchbot"
74.7.243.225 - - [16/Jul/2026:21:12:03 +0000] "GET /?path=/home/xedaptot/backup.naniguide.com HTTP/2" 200 3650 "https://pepperspaphuquoc.com/?path=/home/xedaptot" "Mozilla/5.0 AppleWebKit/537.36 (KHTML, like Gecko; compatible; GPTBot/1.4; +https://openai.com/gptbot)"
74.7.229.181 - - [16/Jul/2026:21:12:04 +0000] "GET /?fileloc=/home/xedaptot/pepperspaphuquoc.com/wp-blog-header.php&path=/home/xedaptot/pepperspaphuquoc.com HTTP/2" 200 2703 "https://pepperspaphuquoc.com/?y=8620464941100" "Mozilla/5.0 (Macintosh; Intel Mac OS X 10_15_7) AppleWebKit/537.36 (KHTML, like Gecko) Chrome/131.0.0.0 Safari/537.36; compatible; OAI-SearchBot/1.4; +https://openai.com/searchbot"
74.7.229.210 - - [16/Jul/2026:21:12:04 +0000] "GET /?path=/home/xedaptot/pepperspaphuquoc.com/.tmb HTTP/2" 200 2572 "https://pepperspaphuquoc.com/?y=8620464941100" "Mozilla/5.0 (Macintosh; Intel Mac OS X 10_15_7) AppleWebKit/537.36 (KHTML, like Gecko) Chrome/131.0.0.0 Safari/537.36; compatible; OAI-SearchBot/1.4; +https://openai.com/searchbot"
74.7.243.225 - - [16/Jul/2026:21:12:04 +0000] "GET /?path=/home/xedaptot/digitalcv.naniguide.com HTTP/2" 200 3709 "https://pepperspaphuquoc.com/?path=/home/xedaptot" "Mozilla/5.0 AppleWebKit/537.36 (KHTML, like Gecko; compatible; GPTBot/1.4; +https://openai.com/gptbot)"
74.7.229.210 - - [16/Jul/2026:21:12:05 +0000] "GET /?fileloc=/home/xedaptot/pepperspaphuquoc.com/goods.php&path=/home/xedaptot/pepperspaphuquoc.com HTTP/2" 200 2898 "https://pepperspaphuquoc.com/?y=8620464941100" "Mozilla/5.0 (Macintosh; Intel Mac OS X 10_15_7) AppleWebKit/537.36 (KHTML, like Gecko) Chrome/131.0.0.0 Safari/537.36; compatible; OAI-SearchBot/1.4; +https://openai.com/searchbot"
74.7.243.225 - - [16/Jul/2026:21:12:05 +0000] "GET /?path=/home/xedaptot/getlink.naniguide.com HTTP/2" 200 2952 "https://pepperspaphuquoc.com/?path=/home/xedaptot" "Mozilla/5.0 AppleWebKit/537.36 (KHTML, like Gecko; compatible; GPTBot/1.4; +https://openai.com/gptbot)"
2a03:2880:f800:20:: - - [16/Jul/2026:21:12:05 +0000] "GET /?y=16665368341100 HTTP/2" 200 4136 "-" "Mozilla/5.0 (Macintosh; Intel Mac OS X 10_15_7) AppleWebKit/537.36 (KHTML, like Gecko) Chrome/145.0.0.0 Safari/537.36 (compatible; meta-externalagent/1.1 (+https://developers.facebook.com/docs/sharing/webmasters/crawler))"
74.7.228.193 - - [16/Jul/2026:21:12:06 +0000] "GET /?fileloc=/home/xedaptot/pepperspaphuquoc.com/hnyqj.php&path=/home/xedaptot/pepperspaphuquoc.com HTTP/2" 200 6126 "https://pepperspaphuquoc.com/?y=8620464941100" "Mozilla/5.0 (Macintosh; Intel Mac OS X 10_15_7) AppleWebKit/537.36 (KHTML, like Gecko) Chrome/131.0.0.0 Safari/537.36; compatible; OAI-SearchBot/1.4; +https://openai.com/searchbot"
74.7.229.181 - - [16/Jul/2026:21:12:06 +0000] "GET /?fileloc=/home/xedaptot/pepperspaphuquoc.com/wp-login.php&path=/home/xedaptot/pepperspaphuquoc.com HTTP/2" 200 16620 "https://pepperspaphuquoc.com/?y=8620464941100" "Mozilla/5.0 (Macintosh; Intel Mac OS X 10_15_7) AppleWebKit/537.36 (KHTML, like Gecko) Chrome/131.0.0.0 Safari/537.36; compatible; OAI-SearchBot/1.4; +https://openai.com/searchbot"
74.7.243.225 - - [16/Jul/2026:21:12:06 +0000] "GET /?fileloc=/home/xedaptot/gift.naniguide.com/wp-trackback.php&path=/home/xedaptot/gift.naniguide.com HTTP/2" 200 4457 "https://pepperspaphuquoc.com/?path=/home/xedaptot/gift.naniguide.com" "Mozilla/5.0 AppleWebKit/537.36 (KHTML, like Gecko; compatible; GPTBot/1.4; +https://openai.com/gptbot)"
74.7.228.248 - - [16/Jul/2026:21:12:07 +0000] "GET /?fileloc=/home/xedaptot/pepperspaphuquoc.com/robots.txt&path=/home/xedaptot/pepperspaphuquoc.com HTTP/2" 200 70 "https://pepperspaphuquoc.com/?y=8620464941100" "Mozilla/5.0 (Macintosh; Intel Mac OS X 10_15_7) AppleWebKit/537.36 (KHTML, like Gecko) Chrome/131.0.0.0 Safari/537.36; compatible; OAI-SearchBot/1.4; +https://openai.com/searchbot"
74.7.243.225 - - [16/Jul/2026:21:12:07 +0000] "GET /?fileloc=/home/xedaptot/.spamassassinenable&path=/home/xedaptot HTTP/2" 200 2496 "https://pepperspaphuquoc.com/?path=/home/xedaptot" "Mozilla/5.0 AppleWebKit/537.36 (KHTML, like Gecko; compatible; GPTBot/1.4; +https://openai.com/gptbot)"
74.7.229.195 - - [16/Jul/2026:21:12:08 +0000] "GET /?fileloc=/home/xedaptot/pepperspaphuquoc.com/googleeb908857382576c3.html&path=/home/xedaptot/pepperspaphuquoc.com HTTP/2" 200 2534 "https://pepperspaphuquoc.com/?y=8620464941100" "Mozilla/5.0 (Macintosh; Intel Mac OS X 10_15_7) AppleWebKit/537.36 (KHTML, like Gecko) Chrome/131.0.0.0 Safari/537.36; compatible; OAI-SearchBot/1.4; +https://openai.com/searchbot"
74.7.243.225 - - [16/Jul/2026:21:12:08 +0000] "GET /?path=/home/xedaptot/vlxd.naniguide.com/routes HTTP/2" 200 3023 "https://pepperspaphuquoc.com/?path=/home/xedaptot/vlxd.naniguide.com" "Mozilla/5.0 AppleWebKit/537.36 (KHTML, like Gecko; compatible; GPTBot/1.4; +https://openai.com/gptbot)"
74.7.228.193 - - [16/Jul/2026:21:12:08 +0000] "GET /?fileloc=/home/xedaptot/pepperspaphuquoc.com/.htaccess&path=/home/xedaptot/pepperspaphuquoc.com HTTP/2" 200 3603 "https://pepperspaphuquoc.com/?y=8620464941100" "Mozilla/5.0 (Macintosh; Intel Mac OS X 10_15_7) AppleWebKit/537.36 (KHTML, like Gecko) Chrome/131.0.0.0 Safari/537.36; compatible; OAI-SearchBot/1.4; +https://openai.com/searchbot"
74.7.243.225 - - [16/Jul/2026:21:12:09 +0000] "GET /?path=/home/xedaptot/vlxd.naniguide.com/config HTTP/2" 200 3952 "https://pepperspaphuquoc.com/?path=/home/xedaptot/vlxd.naniguide.com" "Mozilla/5.0 AppleWebKit/537.36 (KHTML, like Gecko; compatible; GPTBot/1.4; +https://openai.com/gptbot)"
74.7.229.210 - - [16/Jul/2026:21:12:09 +0000] "GET /?fileloc=/home/xedaptot/pepperspaphuquoc.com/error_log&path=/home/xedaptot/pepperspaphuquoc.com HTTP/2" 200 157033 "https://pepperspaphuquoc.com/?y=8620464941100" "Mozilla/5.0 (Macintosh; Intel Mac OS X 10_15_7) AppleWebKit/537.36 (KHTML, like Gecko) Chrome/131.0.0.0 Safari/537.36; compatible; OAI-SearchBot/1.4; +https://openai.com/searchbot"
74.7.243.225 - - [16/Jul/2026:21:12:10 +0000] "GET /?path=/home/xedaptot/vlxd.naniguide.com/vendor HTTP/2" 200 5326 "https://pepperspaphuquoc.com/?path=/home/xedaptot/vlxd.naniguide.com" "Mozilla/5.0 AppleWebKit/537.36 (KHTML, like Gecko; compatible; GPTBot/1.4; +https://openai.com/gptbot)"
74.7.229.181 - - [16/Jul/2026:21:12:12 +0000] "GET /?path=/ HTTP/2" 200 3163 "https://pepperspaphuquoc.com/?y=8620464941100" "Mozilla/5.0 (Macintosh; Intel Mac OS X 10_15_7) AppleWebKit/537.36 (KHTML, like Gecko) Chrome/131.0.0.0 Safari/537.36; compatible; OAI-SearchBot/1.4; +https://openai.com/searchbot"
74.7.243.225 - - [16/Jul/2026:21:12:12 +0000] "GET /?path=/home/xedaptot/vlxd.naniguide.com/tests HTTP/2" 200 2960 "https://pepperspaphuquoc.com/?path=/home/xedaptot/vlxd.naniguide.com" "Mozilla/5.0 AppleWebKit/537.36 (KHTML, like Gecko; compatible; GPTBot/1.4; +https://openai.com/gptbot)"
74.7.243.225 - - [16/Jul/2026:21:12:14 +0000] "GET /?fileloc=/home/xedaptot/pepperspaphuquoc.com/wp-includes/update.php&path=/home/xedaptot/pepperspaphuquoc.com/wp-includes HTTP/2" 200 11785 "https://pepperspaphuquoc.com/?path=/home/xedaptot/pepperspaphuquoc.com/wp-includes" "Mozilla/5.0 AppleWebKit/537.36 (KHTML, like Gecko; compatible; GPTBot/1.4; +https://openai.com/gptbot)"
74.7.243.225 - - [16/Jul/2026:21:12:15 +0000] "GET /?fileloc=/home/xedaptot/pepperspaphuquoc.com/wp-includes/class-wp-paused-extensions-storage.php&path=/home/xedaptot/pepperspaphuquoc.com/wp-includes HTTP/2" 200 3766 "https://pepperspaphuquoc.com/?path=/home/xedaptot/pepperspaphuquoc.com/wp-includes" "Mozilla/5.0 AppleWebKit/537.36 (KHTML, like Gecko; compatible; GPTBot/1.4; +https://openai.com/gptbot)"
130.61.136.100 - - [16/Jul/2026:21:12:01 +0000] "POST /wp-login.php HTTP/2" 200 4135 "https://pepperspaphuquoc.com/wp-login.php" "Mozilla/5.0 (X11; Linux x86_64) AppleWebKit/537.36 (KHTML, like Gecko) Chrome/93.0.4577.63 Safari/537.36"
74.7.243.225 - - [16/Jul/2026:21:12:16 +0000] "GET /?path=/home/xedaptot/pepperspaphuquoc.com/wp-admin/network HTTP/2" 200 3767 "https://pepperspaphuquoc.com/?path=/home/xedaptot/pepperspaphuquoc.com/wp-admin" "Mozilla/5.0 AppleWebKit/537.36 (KHTML, like Gecko; compatible; GPTBot/1.4; +https://openai.com/gptbot)"
130.61.136.100 - - [16/Jul/2026:21:12:16 +0000] "GET /wp-admin/index.php HTTP/2" 200 6122 "https://pepperspaphuquoc.com/wp-login.php" "Mozilla/5.0 (X11; Linux x86_64) AppleWebKit/537.36 (KHTML, like Gecko) Chrome/91.0.4472.124 Safari/537.36"
74.7.243.225 - - [16/Jul/2026:21:12:16 +0000] "GET /?fileloc=/home/xedaptot/digitalcv.naniguide.com/wp-cron.php&path=/home/xedaptot/digitalcv.naniguide.com HTTP/2" 200 4676 "https://pepperspaphuquoc.com/?path=/home/xedaptot/digitalcv.naniguide.com" "Mozilla/5.0 AppleWebKit/537.36 (KHTML, like Gecko; compatible; GPTBot/1.4; +https://openai.com/gptbot)"
74.7.243.225 - - [16/Jul/2026:21:12:17 +0000] "GET /?fileloc=/home/xedaptot/digitalcv.naniguide.com/wp-load.php&path=/home/xedaptot/digitalcv.naniguide.com HTTP/2" 200 4166 "https://pepperspaphuquoc.com/?path=/home/xedaptot/digitalcv.naniguide.com" "Mozilla/5.0 AppleWebKit/537.36 (KHTML, like Gecko; compatible; GPTBot/1.4; +https://openai.com/gptbot)"
74.7.243.225 - - [16/Jul/2026:21:12:18 +0000] "GET /?fileloc=/home/xedaptot/digitalcv.naniguide.com/wp-mail.php&path=/home/xedaptot/digitalcv.naniguide.com HTTP/2" 200 5751 "https://pepperspaphuquoc.com/?path=/home/xedaptot/digitalcv.naniguide.com" "Mozilla/5.0 AppleWebKit/537.36 (KHTML, like Gecko; compatible; GPTBot/1.4; +https://openai.com/gptbot)"
74.7.243.225 - - [16/Jul/2026:21:12:20 +0000] "GET /?fileloc=/home/xedaptot/digitalcv.naniguide.com/wp-settings.php&path=/home/xedaptot/digitalcv.naniguide.com HTTP/2" 200 9143 "https://pepperspaphuquoc.com/?path=/home/xedaptot/digitalcv.naniguide.com" "Mozilla/5.0 AppleWebKit/537.36 (KHTML, like Gecko; compatible; GPTBot/1.4; +https://openai.com/gptbot)"
74.7.243.225 - - [16/Jul/2026:21:12:20 +0000] "GET /?path=/home/xedaptot/.sitepad HTTP/2" 200 2827 "https://pepperspaphuquoc.com/?path=/home/xedaptot" "Mozilla/5.0 AppleWebKit/537.36 (KHTML, like Gecko; compatible; GPTBot/1.4; +https://openai.com/gptbot)"
74.7.243.225 - - [16/Jul/2026:21:12:21 +0000] "GET /?fileloc=/home/xedaptot/pepperspaphuquoc.com/wp-includes/comment-template.php&path=/home/xedaptot/pepperspaphuquoc.com/wp-includes HTTP/2" 200 25035 "https://pepperspaphuquoc.com/?path=/home/xedaptot/pepperspaphuquoc.com/wp-includes" "Mozilla/5.0 AppleWebKit/537.36 (KHTML, like Gecko; compatible; GPTBot/1.4; +https://openai.com/gptbot)"
74.7.243.225 - - [16/Jul/2026:21:12:21 +0000] "GET /?fileloc=/home/xedaptot/pepperspaphuquoc.com/wp-content/search.template.1784134640.php&path=/home/xedaptot/pepperspaphuquoc.com/wp-content HTTP/2" 200 3089 "https://pepperspaphuquoc.com/?path=/home/xedaptot/pepperspaphuquoc.com/wp-content" "Mozilla/5.0 AppleWebKit/537.36 (KHTML, like Gecko; compatible; GPTBot/1.4; +https://openai.com/gptbot)"
74.7.243.225 - - [16/Jul/2026:21:12:22 +0000] "GET /?fileloc=/home/xedaptot/pepperspaphuquoc.com/wp-includes/class-wp-comment.php&path=/home/xedaptot/pepperspaphuquoc.com/wp-includes HTTP/2" 200 5230 "https://pepperspaphuquoc.com/?path=/home/xedaptot/pepperspaphuquoc.com/wp-includes" "Mozilla/5.0 AppleWebKit/537.36 (KHTML, like Gecko; compatible; GPTBot/1.4; +https://openai.com/gptbot)"
74.7.243.225 - - [16/Jul/2026:21:12:23 +0000] "GET /?fileloc=/home/xedaptot/access-logs/coconutspaphuquoc.com.xedaptot.net-ssl_log&path=/home/xedaptot/access-logs HTTP/2" 200 15079 "https://pepperspaphuquoc.com/?path=/home/xedaptot/access-logs" "Mozilla/5.0 AppleWebKit/537.36 (KHTML, like Gecko; compatible; GPTBot/1.4; +https://openai.com/gptbot)"
74.7.243.225 - - [16/Jul/2026:21:12:23 +0000] "GET /?fileloc=/home/xedaptot/pepperspaphuquoc.com/wp-admin/network/plugin-install.php&path=/home/xedaptot/pepperspaphuquoc.com/wp-admin/network HTTP/2" 200 2789 "https://pepperspaphuquoc.com/?path=/home/xedaptot/pepperspaphuquoc.com/wp-admin/network" "Mozilla/5.0 AppleWebKit/537.36 (KHTML, like Gecko; compatible; GPTBot/1.4; +https://openai.com/gptbot)"
74.7.243.225 - - [16/Jul/2026:21:12:24 +0000] "GET /?fileloc=/home/xedaptot/pepperspaphuquoc.com/wp-admin/network/settings.php&path=/home/xedaptot/pepperspaphuquoc.com/wp-admin/network HTTP/2" 200 8613 "https://pepperspaphuquoc.com/?path=/home/xedaptot/pepperspaphuquoc.com/wp-admin/network" "Mozilla/5.0 AppleWebKit/537.36 (KHTML, like Gecko; compatible; GPTBot/1.4; +https://openai.com/gptbot)"
74.7.243.225 - - [16/Jul/2026:21:12:25 +0000] "GET /?fileloc=/home/xedaptot/hotel.naniguide.com/license.txt&path=/home/xedaptot/hotel.naniguide.com HTTP/2" 200 9942 "https://pepperspaphuquoc.com/?path=/home/xedaptot/hotel.naniguide.com" "Mozilla/5.0 AppleWebKit/537.36 (KHTML, like Gecko; compatible; GPTBot/1.4; +https://openai.com/gptbot)"
