18.97.9.100 - - [16/Jul/2026:20:45:34 +0000] "GET /?fileloc=/home/xedaptot/pepperspaphuquoc.com/wp-admin/js/media.js&path=/home/xedaptot/pepperspaphuquoc.com/wp-admin/js HTTP/2" 200 4944 "-" "Mozilla/5.0 AppleWebKit/537.36 (KHTML, like Gecko; compatible; PerplexityBot/1.0; +https://perplexity.ai/perplexitybot)"
18.97.9.102 - - [16/Jul/2026:20:45:35 +0000] "GET /?fileloc=/home/xedaptot/pepperspaphuquoc.com/wp-admin/js/editor.min.js&path=/home/xedaptot/pepperspaphuquoc.com/wp-admin/js HTTP/2" 200 7701 "-" "Mozilla/5.0 AppleWebKit/537.36 (KHTML, like Gecko; compatible; PerplexityBot/1.0; +https://perplexity.ai/perplexitybot)"
18.97.9.99 - - [16/Jul/2026:20:45:36 +0000] "GET /?fileloc=/home/xedaptot/pepperspaphuquoc.com/wp-admin/options-privacy.php&path=/home/xedaptot/pepperspaphuquoc.com/wp-admin HTTP/2" 200 5952 "-" "Mozilla/5.0 AppleWebKit/537.36 (KHTML, like Gecko; compatible; PerplexityBot/1.0; +https://perplexity.ai/perplexitybot)"
18.97.9.103 - - [16/Jul/2026:20:45:36 +0000] "GET /?fileloc=/home/xedaptot/pepperspaphuquoc.com/wp-admin/js/media-gallery.js&path=/home/xedaptot/pepperspaphuquoc.com/wp-admin/js HTTP/2" 200 3152 "-" "Mozilla/5.0 AppleWebKit/537.36 (KHTML, like Gecko; compatible; PerplexityBot/1.0; +https://perplexity.ai/perplexitybot)"
2a03:2880:f800:14:: - - [16/Jul/2026:20:45:36 +0000] "GET /?y=4350159891100 HTTP/2" 200 4136 "-" "Mozilla/5.0 (Windows NT 10.0; Win64; x64) AppleWebKit/537.36 (KHTML, like Gecko) Chrome/145.0.0.0 Safari/537.36 (compatible; meta-externalagent/1.1 (+https://developers.facebook.com/docs/sharing/webmasters/crawler))"
18.97.9.96 - - [16/Jul/2026:20:45:33 +0000] "GET /?fileloc=/home/xedaptot/pepperspaphuquoc.com/wp-admin/js/nav-menu.min.js&path=/home/xedaptot/pepperspaphuquoc.com/wp-admin/js HTTP/2" 200 11718 "-" "Mozilla/5.0 AppleWebKit/537.36 (KHTML, like Gecko; compatible; PerplexityBot/1.0; +https://perplexity.ai/perplexitybot)"
18.97.9.102 - - [16/Jul/2026:20:45:33 +0000] "GET /?fileloc=/home/xedaptot/pepperspaphuquoc.com/wp-admin/admin-footer.php&path=/home/xedaptot/pepperspaphuquoc.com/wp-admin HTTP/2" 200 3606 "-" "Mozilla/5.0 AppleWebKit/537.36 (KHTML, like Gecko; compatible; PerplexityBot/1.0; +https://perplexity.ai/perplexitybot)"
18.97.9.101 - - [16/Jul/2026:20:45:34 +0000] "GET /?fileloc=/home/xedaptot/pepperspaphuquoc.com/wp-admin/customize.php&path=/home/xedaptot/pepperspaphuquoc.com/wp-admin HTTP/2" 200 6524 "-" "Mozilla/5.0 AppleWebKit/537.36 (KHTML, like Gecko; compatible; PerplexityBot/1.0; +https://perplexity.ai/perplexitybot)"
18.97.9.96 - - [16/Jul/2026:20:45:35 +0000] "GET /?fileloc=/home/xedaptot/pepperspaphuquoc.com/wp-admin/js/xfn.min.js&path=/home/xedaptot/pepperspaphuquoc.com/wp-admin/js HTTP/2" 200 2792 "-" "Mozilla/5.0 AppleWebKit/537.36 (KHTML, like Gecko; compatible; PerplexityBot/1.0; +https://perplexity.ai/perplexitybot)"
18.97.9.103 - - [16/Jul/2026:20:45:35 +0000] "GET /?fileloc=/home/xedaptot/pepperspaphuquoc.com/wp-admin/js/plugin-install.min.js&path=/home/xedaptot/pepperspaphuquoc.com/wp-admin/js HTTP/2" 200 3573 "-" "Mozilla/5.0 AppleWebKit/537.36 (KHTML, like Gecko; compatible; PerplexityBot/1.0; +https://perplexity.ai/perplexitybot)"
18.97.9.103 - - [16/Jul/2026:20:45:36 +0000] "GET /?fileloc=/home/xedaptot/pepperspaphuquoc.com/wp-admin/about.php&path=/home/xedaptot/pepperspaphuquoc.com/wp-admin HTTP/2" 200 7712 "-" "Mozilla/5.0 AppleWebKit/537.36 (KHTML, like Gecko; compatible; PerplexityBot/1.0; +https://perplexity.ai/perplexitybot)"
18.97.9.101 - - [16/Jul/2026:20:45:38 +0000] "GET /?fileloc=/home/xedaptot/pepperspaphuquoc.com/wp-admin/options-discussion.php&path=/home/xedaptot/pepperspaphuquoc.com/wp-admin HTTP/2" 200 7349 "-" "Mozilla/5.0 AppleWebKit/537.36 (KHTML, like Gecko; compatible; PerplexityBot/1.0; +https://perplexity.ai/perplexitybot)"
18.97.9.101 - - [16/Jul/2026:20:45:39 +0000] "GET /?fileloc=/home/xedaptot/pepperspaphuquoc.com/wp-admin/js/customize-widgets.min.js&path=/home/xedaptot/pepperspaphuquoc.com/wp-admin/js HTTP/2" 200 11215 "-" "Mozilla/5.0 AppleWebKit/537.36 (KHTML, like Gecko; compatible; PerplexityBot/1.0; +https://perplexity.ai/perplexitybot)"
18.97.9.101 - - [16/Jul/2026:20:45:40 +0000] "GET /?fileloc=/home/xedaptot/pepperspaphuquoc.com/wp-admin/edit-tag-form.php&path=/home/xedaptot/pepperspaphuquoc.com/wp-admin HTTP/2" 200 5538 "-" "Mozilla/5.0 AppleWebKit/537.36 (KHTML, like Gecko; compatible; PerplexityBot/1.0; +https://perplexity.ai/perplexitybot)"
18.97.9.102 - - [16/Jul/2026:20:45:41 +0000] "GET /?fileloc=/home/xedaptot/pepperspaphuquoc.com/wp-content/index.php&path=/home/xedaptot/pepperspaphuquoc.com/wp-content HTTP/2" 200 2541 "-" "Mozilla/5.0 AppleWebKit/537.36 (KHTML, like Gecko; compatible; PerplexityBot/1.0; +https://perplexity.ai/perplexitybot)"
18.97.9.103 - - [16/Jul/2026:20:45:41 +0000] "GET /?fileloc=/home/xedaptot/pepperspaphuquoc.com/wp-admin/import.php&path=/home/xedaptot/pepperspaphuquoc.com/wp-admin HTTP/2" 200 5374 "-" "Mozilla/5.0 AppleWebKit/537.36 (KHTML, like Gecko; compatible; PerplexityBot/1.0; +https://perplexity.ai/perplexitybot)"
18.97.9.103 - - [16/Jul/2026:20:45:42 +0000] "GET /?fileloc=/home/xedaptot/pepperspaphuquoc.com/wp-admin/js/theme.js&path=/home/xedaptot/pepperspaphuquoc.com/wp-admin/js HTTP/2" 200 18043 "-" "Mozilla/5.0 AppleWebKit/537.36 (KHTML, like Gecko; compatible; PerplexityBot/1.0; +https://perplexity.ai/perplexitybot)"
18.97.9.96 - - [16/Jul/2026:20:45:37 +0000] "GET /?fileloc=/home/xedaptot/pepperspaphuquoc.com/wp-admin/js/iris.min.js&path=/home/xedaptot/pepperspaphuquoc.com/wp-admin/js HTTP/2" 200 11198 "-" "Mozilla/5.0 AppleWebKit/537.36 (KHTML, like Gecko; compatible; PerplexityBot/1.0; +https://perplexity.ai/perplexitybot)"
18.97.9.103 - - [16/Jul/2026:20:45:37 +0000] "GET /?fileloc=/home/xedaptot/pepperspaphuquoc.com/wp-admin/js/link.min.js&path=/home/xedaptot/pepperspaphuquoc.com/wp-admin/js HTTP/2" 200 3468 "-" "Mozilla/5.0 AppleWebKit/537.36 (KHTML, like Gecko; compatible; PerplexityBot/1.0; +https://perplexity.ai/perplexitybot)"
18.97.9.97 - - [16/Jul/2026:20:45:37 +0000] "GET /?fileloc=/home/xedaptot/pepperspaphuquoc.com/wp-admin/ms-upgrade-network.php&path=/home/xedaptot/pepperspaphuquoc.com/wp-admin HTTP/2" 200 2679 "-" "Mozilla/5.0 AppleWebKit/537.36 (KHTML, like Gecko; compatible; PerplexityBot/1.0; +https://perplexity.ai/perplexitybot)"
18.97.9.96 - - [16/Jul/2026:20:45:38 +0000] "GET /?fileloc=/home/xedaptot/pepperspaphuquoc.com/wp-admin/js/editor-expand.js&path=/home/xedaptot/pepperspaphuquoc.com/wp-admin/js HTTP/2" 200 13151 "-" "Mozilla/5.0 AppleWebKit/537.36 (KHTML, like Gecko; compatible; PerplexityBot/1.0; +https://perplexity.ai/perplexitybot)"
18.97.9.96 - - [16/Jul/2026:20:45:38 +0000] "GET /?fileloc=/home/xedaptot/pepperspaphuquoc.com/wp-admin/nav-menus.php&path=/home/xedaptot/pepperspaphuquoc.com/wp-admin HTTP/2" 200 14662 "-" "Mozilla/5.0 AppleWebKit/537.36 (KHTML, like Gecko; compatible; PerplexityBot/1.0; +https://perplexity.ai/perplexitybot)"
18.97.9.102 - - [16/Jul/2026:20:45:39 +0000] "GET /?fileloc=/home/xedaptot/pepperspaphuquoc.com/wp-admin/admin-header.php&path=/home/xedaptot/pepperspaphuquoc.com/wp-admin HTTP/2" 200 5624 "-" "Mozilla/5.0 AppleWebKit/537.36 (KHTML, like Gecko; compatible; PerplexityBot/1.0; +https://perplexity.ai/perplexitybot)"
18.97.9.103 - - [16/Jul/2026:20:45:39 +0000] "GET /?fileloc=/home/xedaptot/pepperspaphuquoc.com/wp-admin/network/theme-editor.php&path=/home/xedaptot/pepperspaphuquoc.com/wp-admin/network HTTP/2" 200 2701 "-" "Mozilla/5.0 AppleWebKit/537.36 (KHTML, like Gecko; compatible; PerplexityBot/1.0; +https://perplexity.ai/perplexitybot)"
18.97.9.97 - - [16/Jul/2026:20:45:40 +0000] "GET /?fileloc=/home/xedaptot/pepperspaphuquoc.com/wp-admin/edit-form-blocks.php&path=/home/xedaptot/pepperspaphuquoc.com/wp-admin HTTP/2" 200 8020 "-" "Mozilla/5.0 AppleWebKit/537.36 (KHTML, like Gecko; compatible; PerplexityBot/1.0; +https://perplexity.ai/perplexitybot)"
18.97.9.100 - - [16/Jul/2026:20:45:40 +0000] "GET /?fileloc=/home/xedaptot/pepperspaphuquoc.com/wp-admin/upgrade-functions.php&path=/home/xedaptot/pepperspaphuquoc.com/wp-admin HTTP/2" 200 2712 "-" "Mozilla/5.0 AppleWebKit/537.36 (KHTML, like Gecko; compatible; PerplexityBot/1.0; +https://perplexity.ai/perplexitybot)"
18.97.9.97 - - [16/Jul/2026:20:45:41 +0000] "GET /?fileloc=/home/xedaptot/pepperspaphuquoc.com/wp-admin/network/setup.php&path=/home/xedaptot/pepperspaphuquoc.com/wp-admin/network HTTP/2" 200 2691 "-" "Mozilla/5.0 AppleWebKit/537.36 (KHTML, like Gecko; compatible; PerplexityBot/1.0; +https://perplexity.ai/perplexitybot)"
18.97.9.102 - - [16/Jul/2026:20:45:42 +0000] "GET /?fileloc=/home/xedaptot/pepperspaphuquoc.com/wp-admin/tools.php&path=/home/xedaptot/pepperspaphuquoc.com/wp-admin HTTP/2" 200 3938 "-" "Mozilla/5.0 AppleWebKit/537.36 (KHTML, like Gecko; compatible; PerplexityBot/1.0; +https://perplexity.ai/perplexitybot)"
18.97.9.101 - - [16/Jul/2026:20:45:43 +0000] "GET /?fileloc=/home/xedaptot/pepperspaphuquoc.com/wp-admin/plugin-editor.php&path=/home/xedaptot/pepperspaphuquoc.com/wp-admin HTTP/2" 200 7679 "-" "Mozilla/5.0 AppleWebKit/537.36 (KHTML, like Gecko; compatible; PerplexityBot/1.0; +https://perplexity.ai/perplexitybot)"
18.97.9.99 - - [16/Jul/2026:20:45:44 +0000] "GET /?fileloc=/home/xedaptot/pepperspaphuquoc.com/wp-admin/ms-themes.php&path=/home/xedaptot/pepperspaphuquoc.com/wp-admin HTTP/2" 200 2621 "-" "Mozilla/5.0 AppleWebKit/537.36 (KHTML, like Gecko; compatible; PerplexityBot/1.0; +https://perplexity.ai/perplexitybot)"
18.97.9.96 - - [16/Jul/2026:20:45:45 +0000] "GET /?fileloc=/home/xedaptot/pepperspaphuquoc.com/wp-admin/options-permalink.php&path=/home/xedaptot/pepperspaphuquoc.com/wp-admin HTTP/2" 200 8742 "-" "Mozilla/5.0 AppleWebKit/537.36 (KHTML, like Gecko; compatible; PerplexityBot/1.0; +https://perplexity.ai/perplexitybot)"
18.97.9.101 - - [16/Jul/2026:20:45:45 +0000] "GET /?fileloc=/home/xedaptot/pepperspaphuquoc.com/wp-admin/options-head.php&path=/home/xedaptot/pepperspaphuquoc.com/wp-admin HTTP/2" 200 2855 "-" "Mozilla/5.0 AppleWebKit/537.36 (KHTML, like Gecko; compatible; PerplexityBot/1.0; +https://perplexity.ai/perplexitybot)"
130.61.136.100 - - [16/Jul/2026:20:45:31 +0000] "POST /wp-login.php HTTP/2" 200 4135 "https://pepperspaphuquoc.com/wp-login.php" "Mozilla/5.0 (Windows NT 6.1; Win64; x64; rv:92.0) Gecko/20100101 Firefox/92.0"
18.97.9.103 - - [16/Jul/2026:20:45:45 +0000] "GET /?fileloc=/home/xedaptot/pepperspaphuquoc.com/wp-admin/menu.php&path=/home/xedaptot/pepperspaphuquoc.com/wp-admin HTTP/2" 200 7592 "-" "Mozilla/5.0 AppleWebKit/537.36 (KHTML, like Gecko; compatible; PerplexityBot/1.0; +https://perplexity.ai/perplexitybot)"
130.61.136.100 - - [16/Jul/2026:20:45:46 +0000] "GET /wp-admin/index.php HTTP/2" 200 6122 "https://pepperspaphuquoc.com/wp-login.php" "Mozilla/5.0 (Windows NT 6.1; Win64; x64) AppleWebKit/537.36 (KHTML, like Gecko) Chrome/92.0.4515.131 Safari/537.36"
18.97.9.96 - - [16/Jul/2026:20:45:46 +0000] "GET /?fileloc=/home/xedaptot/pepperspaphuquoc.com/wp-admin/options.php&path=/home/xedaptot/pepperspaphuquoc.com/wp-admin HTTP/2" 200 7404 "-" "Mozilla/5.0 AppleWebKit/537.36 (KHTML, like Gecko; compatible; PerplexityBot/1.0; +https://perplexity.ai/perplexitybot)"
18.97.9.103 - - [16/Jul/2026:20:45:47 +0000] "GET /?fileloc=/home/xedaptot/pepperspaphuquoc.com/wp-admin/media-upload.php&path=/home/xedaptot/pepperspaphuquoc.com/wp-admin HTTP/2" 200 3985 "-" "Mozilla/5.0 AppleWebKit/537.36 (KHTML, like Gecko; compatible; PerplexityBot/1.0; +https://perplexity.ai/perplexitybot)"
18.97.9.99 - - [16/Jul/2026:20:45:47 +0000] "GET /?fileloc=/home/xedaptot/pepperspaphuquoc.com/wp-admin/user-new.php&path=/home/xedaptot/pepperspaphuquoc.com/wp-admin HTTP/2" 200 9613 "-" "Mozilla/5.0 AppleWebKit/537.36 (KHTML, like Gecko; compatible; PerplexityBot/1.0; +https://perplexity.ai/perplexitybot)"
18.97.9.103 - - [16/Jul/2026:20:45:48 +0000] "GET /?fileloc=/home/xedaptot/pepperspaphuquoc.com/wp-admin/ms-delete-site.php&path=/home/xedaptot/pepperspaphuquoc.com/wp-admin HTTP/2" 200 4524 "-" "Mozilla/5.0 AppleWebKit/537.36 (KHTML, like Gecko; compatible; PerplexityBot/1.0; +https://perplexity.ai/perplexitybot)"
18.97.9.103 - - [16/Jul/2026:20:45:49 +0000] "GET /?fileloc=/home/xedaptot/pepperspaphuquoc.com/wp-admin/my-sites.php&path=/home/xedaptot/pepperspaphuquoc.com/wp-admin HTTP/2" 200 4606 "-" "Mozilla/5.0 AppleWebKit/537.36 (KHTML, like Gecko; compatible; PerplexityBot/1.0; +https://perplexity.ai/perplexitybot)"
18.97.9.101 - - [16/Jul/2026:20:45:49 +0000] "GET /?fileloc=/home/xedaptot/pepperspaphuquoc.com/wp-admin/privacy.php&path=/home/xedaptot/pepperspaphuquoc.com/wp-admin HTTP/2" 200 3651 "-" "Mozilla/5.0 AppleWebKit/537.36 (KHTML, like Gecko; compatible; PerplexityBot/1.0; +https://perplexity.ai/perplexitybot)"
130.61.136.100 - - [16/Jul/2026:20:45:46 +0000] "POST /wp-login.php HTTP/2" 200 4130 "https://pepperspaphuquoc.com/wp-login.php" "Mozilla/5.0 (Windows NT 10.0; Win64; x64) AppleWebKit/605.1.15 (KHTML, like Gecko) Version/15.0 Safari/605.1.15"
18.97.9.103 - - [16/Jul/2026:20:45:42 +0000] "GET /?fileloc=/home/xedaptot/pepperspaphuquoc.com/wp-admin/js/accordion.js&path=/home/xedaptot/pepperspaphuquoc.com/wp-admin/js HTTP/2" 200 3561 "-" "Mozilla/5.0 AppleWebKit/537.36 (KHTML, like Gecko; compatible; PerplexityBot/1.0; +https://perplexity.ai/perplexitybot)"
18.97.9.97 - - [16/Jul/2026:20:45:43 +0000] "GET /?fileloc=/home/xedaptot/pepperspaphuquoc.com/wp-admin/install.php&path=/home/xedaptot/pepperspaphuquoc.com/wp-admin HTTP/2" 200 8307 "-" "Mozilla/5.0 AppleWebKit/537.36 (KHTML, like Gecko; compatible; PerplexityBot/1.0; +https://perplexity.ai/perplexitybot)"
18.97.9.103 - - [16/Jul/2026:20:45:43 +0000] "GET /?fileloc=/home/xedaptot/pepperspaphuquoc.com/wp-admin/widgets.php&path=/home/xedaptot/pepperspaphuquoc.com/wp-admin HTTP/2" 200 3070 "-" "Mozilla/5.0 AppleWebKit/537.36 (KHTML, like Gecko; compatible; PerplexityBot/1.0; +https://perplexity.ai/perplexitybot)"
18.97.9.96 - - [16/Jul/2026:20:45:44 +0000] "GET /?fileloc=/home/xedaptot/pepperspaphuquoc.com/wp-admin/admin.php&path=/home/xedaptot/pepperspaphuquoc.com/wp-admin HTTP/2" 200 6466 "-" "Mozilla/5.0 AppleWebKit/537.36 (KHTML, like Gecko; compatible; PerplexityBot/1.0; +https://perplexity.ai/perplexitybot)"
18.97.9.96 - - [16/Jul/2026:20:45:44 +0000] "GET /?fileloc=/home/xedaptot/pepperspaphuquoc.com/wp-admin/network.php&path=/home/xedaptot/pepperspaphuquoc.com/wp-admin HTTP/2" 200 4770 "-" "Mozilla/5.0 AppleWebKit/537.36 (KHTML, like Gecko; compatible; PerplexityBot/1.0; +https://perplexity.ai/perplexitybot)"
18.97.9.102 - - [16/Jul/2026:20:45:46 +0000] "GET /?fileloc=/home/xedaptot/pepperspaphuquoc.com/wp-admin/update-core.php&path=/home/xedaptot/pepperspaphuquoc.com/wp-admin HTTP/2" 200 14215 "-" "Mozilla/5.0 AppleWebKit/537.36 (KHTML, like Gecko; compatible; PerplexityBot/1.0; +https://perplexity.ai/perplexitybot)"
18.97.9.96 - - [16/Jul/2026:20:45:46 +0000] "GET /?fileloc=/home/xedaptot/pepperspaphuquoc.com/wp-admin/ms-admin.php&path=/home/xedaptot/pepperspaphuquoc.com/wp-admin HTTP/2" 200 2607 "-" "Mozilla/5.0 AppleWebKit/537.36 (KHTML, like Gecko; compatible; PerplexityBot/1.0; +https://perplexity.ai/perplexitybot)"
18.97.9.103 - - [16/Jul/2026:20:45:47 +0000] "GET /?fileloc=/home/xedaptot/pepperspaphuquoc.com/wp-admin/credits.php&path=/home/xedaptot/pepperspaphuquoc.com/wp-admin HTTP/2" 200 3964 "-" "Mozilla/5.0 AppleWebKit/537.36 (KHTML, like Gecko; compatible; PerplexityBot/1.0; +https://perplexity.ai/perplexitybot)"
18.97.9.103 - - [16/Jul/2026:20:45:48 +0000] "GET /?fileloc=/home/xedaptot/pepperspaphuquoc.com/wp-admin/widgets-form.php&path=/home/xedaptot/pepperspaphuquoc.com/wp-admin HTTP/2" 200 8876 "-" "Mozilla/5.0 AppleWebKit/537.36 (KHTML, like Gecko; compatible; PerplexityBot/1.0; +https://perplexity.ai/perplexitybot)"
18.97.9.100 - - [16/Jul/2026:20:45:48 +0000] "GET /?fileloc=/home/xedaptot/pepperspaphuquoc.com/wp-admin/authorize-application.php&path=/home/xedaptot/pepperspaphuquoc.com/wp-admin HTTP/2" 200 5859 "-" "Mozilla/5.0 AppleWebKit/537.36 (KHTML, like Gecko; compatible; PerplexityBot/1.0; +https://perplexity.ai/perplexitybot)"
130.61.136.100 - - [16/Jul/2026:20:46:01 +0000] "POST /wp-login.php HTTP/2" 200 4130 "https://pepperspaphuquoc.com/wp-login.php" "Mozilla/5.0 (Windows NT 6.1; Win64; x64; rv:89.0) Gecko/20100101 Firefox/89.0.2"
130.61.136.100 - - [16/Jul/2026:20:46:16 +0000] "GET /wp-admin/index.php HTTP/2" 200 6114 "https://pepperspaphuquoc.com/wp-login.php" "Mozilla/5.0 (Windows NT 10.0; Win64; x64) AppleWebKit/605.1.15 (KHTML, like Gecko) Version/14.1.2 Safari/605.1.15"
130.61.136.100 - - [16/Jul/2026:20:46:16 +0000] "POST /wp-login.php HTTP/2" 200 4130 "https://pepperspaphuquoc.com/wp-login.php" "Mozilla/5.0 (Windows NT 10.0; Win64; x64) AppleWebKit/605.1.15 (KHTML, like Gecko) Version/14.0.3 Safari/605.1.15"
130.61.136.100 - - [16/Jul/2026:20:46:31 +0000] "GET /wp-admin/index.php HTTP/2" 200 6122 "https://pepperspaphuquoc.com/wp-login.php" "Mozilla/5.0 (Macintosh; Intel Mac OS X 10_15_7) AppleWebKit/605.1.15 (KHTML, like Gecko) Version/15.0 Safari/605.1.15"
2a03:2880:f800:10:: - - [16/Jul/2026:20:46:45 +0000] "GET /?y=21333282391100 HTTP/2" 200 4122 "-" "Mozilla/5.0 (Windows NT 10.0; Win64; x64) AppleWebKit/537.36 (KHTML, like Gecko) Chrome/145.0.0.0 Safari/537.36 (compatible; meta-externalagent/1.1 (+https://developers.facebook.com/docs/sharing/webmasters/crawler))"
130.61.136.100 - - [16/Jul/2026:20:46:32 +0000] "POST /wp-login.php HTTP/2" 200 4130 "https://pepperspaphuquoc.com/wp-login.php" "Mozilla/5.0 (X11; Linux x86_64) AppleWebKit/537.36 (KHTML, like Gecko) Chrome/90.0.4430.212 Safari/537.36"
130.61.136.100 - - [16/Jul/2026:20:46:46 +0000] "GET /wp-admin/index.php HTTP/2" 200 6151 "https://pepperspaphuquoc.com/wp-login.php" "Mozilla/5.0 (Windows NT 10.0; Win64; x64) AppleWebKit/537.36 (KHTML, like Gecko) Chrome/94.0.4606.71 Safari/537.36"
130.61.136.100 - - [16/Jul/2026:20:46:46 +0000] "POST /wp-login.php HTTP/2" 200 4140 "https://pepperspaphuquoc.com/wp-login.php" "Mozilla/5.0 (X11; Linux x86_64; rv:90.0) Gecko/20100101 Firefox/90.0.1"
130.61.136.100 - - [16/Jul/2026:20:47:01 +0000] "GET /wp-admin/index.php HTTP/2" 200 6187 "https://pepperspaphuquoc.com/wp-login.php" "Mozilla/5.0 (Windows NT 6.1; Win64; x64) AppleWebKit/537.36 (KHTML, like Gecko) Chrome/90.0.4430.212 Safari/537.36"
2a03:2880:f800:2f:: - - [16/Jul/2026:20:47:11 +0000] "GET /?y=13084367441100 HTTP/2" 200 4122 "-" "Mozilla/5.0 (Windows NT 10.0; Win64; x64) AppleWebKit/537.36 (KHTML, like Gecko) Chrome/145.0.0.0 Safari/537.36 (compatible; meta-externalagent/1.1 (+https://developers.facebook.com/docs/sharing/webmasters/crawler))"
130.61.136.100 - - [16/Jul/2026:20:47:01 +0000] "POST /wp-login.php HTTP/2" 200 4176 "https://pepperspaphuquoc.com/wp-login.php" "Mozilla/5.0 (X11; Linux x86_64; rv:93.0) Gecko/20100101 Firefox/93.0"
130.61.136.100 - - [16/Jul/2026:20:47:16 +0000] "GET /wp-admin/index.php HTTP/2" 200 6137 "https://pepperspaphuquoc.com/wp-login.php" "Mozilla/5.0 (Windows NT 10.0; Win64; x64) AppleWebKit/537.36 (KHTML, like Gecko) Chrome/90.0.4430.212 Safari/537.36"
2a03:2880:f800:6:: - - [16/Jul/2026:20:47:16 +0000] "GET /?y=13163688541100 HTTP/2" 200 4162 "-" "Mozilla/5.0 (Windows NT 10.0; Win64; x64) AppleWebKit/537.36 (KHTML, like Gecko) Chrome/145.0.0.0 Safari/537.36 (compatible; meta-externalagent/1.1 (+https://developers.facebook.com/docs/sharing/webmasters/crawler))"
130.61.136.100 - - [16/Jul/2026:20:47:16 +0000] "POST /wp-login.php HTTP/2" 200 4130 "https://pepperspaphuquoc.com/wp-login.php" "Mozilla/5.0 (Macintosh; Intel Mac OS X 10_15_7) AppleWebKit/605.1.15 (KHTML, like Gecko) Version/14.1.1 Safari/605.1.15"
130.61.136.100 - - [16/Jul/2026:20:47:31 +0000] "GET /wp-admin/index.php HTTP/2" 200 6102 "https://pepperspaphuquoc.com/wp-login.php" "Mozilla/5.0 (Windows NT 6.1; Win64; x64) AppleWebKit/537.36 (KHTML, like Gecko) Chrome/91.0.4472.124 Safari/537.36"
2a03:2880:f800:47:: - - [16/Jul/2026:20:47:34 +0000] "GET /?y=8385657091100 HTTP/2" 200 4122 "-" "Mozilla/5.0 (Macintosh; Intel Mac OS X 10_15_7) AppleWebKit/537.36 (KHTML, like Gecko) Chrome/145.0.0.0 Safari/537.36 (compatible; meta-externalagent/1.1 (+https://developers.facebook.com/docs/sharing/webmasters/crawler))"
130.61.136.100 - - [16/Jul/2026:20:47:31 +0000] "POST /wp-login.php HTTP/2" 200 4138 "https://pepperspaphuquoc.com/wp-login.php" "Mozilla/5.0 (Macintosh; Intel Mac OS X 10_15_7) AppleWebKit/537.36 (KHTML, like Gecko) Chrome/93.0.4577.63 Safari/537.36"
130.61.136.100 - - [16/Jul/2026:20:47:46 +0000] "GET /wp-admin/index.php HTTP/2" 200 6101 "https://pepperspaphuquoc.com/wp-login.php" "Mozilla/5.0 (X11; Linux x86_64) AppleWebKit/537.36 (KHTML, like Gecko) Chrome/91.0.4472.124 Safari/537.36"
130.61.136.100 - - [16/Jul/2026:20:47:46 +0000] "POST /wp-login.php HTTP/2" 200 4127 "https://pepperspaphuquoc.com/wp-login.php" "Mozilla/5.0 (X11; Linux x86_64; rv:92.0) Gecko/20100101 Firefox/92.0"
2a03:2880:f800:11:: - - [16/Jul/2026:20:46:00 +0000] "GET /?y=18584361391100 HTTP/2" 200 4122 "-" "Mozilla/5.0 (Macintosh; Intel Mac OS X 10_15_7) AppleWebKit/537.36 (KHTML, like Gecko) Chrome/145.0.0.0 Safari/537.36 (compatible; meta-externalagent/1.1 (+https://developers.facebook.com/docs/sharing/webmasters/crawler))"
2a03:2880:f800:f:: - - [16/Jul/2026:20:46:20 +0000] "GET /?y=5878267391100 HTTP/2" 200 4122 "-" "Mozilla/5.0 (Windows NT 10.0; Win64; x64) AppleWebKit/537.36 (KHTML, like Gecko) Chrome/145.0.0.0 Safari/537.36 (compatible; meta-externalagent/1.1 (+https://developers.facebook.com/docs/sharing/webmasters/crawler))"
2a03:2880:f800:35:: - - [16/Jul/2026:20:46:22 +0000] "GET /?y=17586291441100 HTTP/2" 200 4122 "-" "Mozilla/5.0 (Windows NT 10.0; Win64; x64) AppleWebKit/537.36 (KHTML, like Gecko) Chrome/145.0.0.0 Safari/537.36 (compatible; meta-externalagent/1.1 (+https://developers.facebook.com/docs/sharing/webmasters/crawler))"
66.249.66.66 - - [16/Jul/2026:20:46:39 +0000] "GET /?y=358013891100 HTTP/2" 200 17080 "-" "Mozilla/5.0 (Linux; Android 6.0.1; Nexus 5X Build/MMB29P) AppleWebKit/537.36 (KHTML, like Gecko) Chrome/150.0.7871.124 Mobile Safari/537.36 (compatible; Googlebot/2.1; +http://www.google.com/bot.html)"
66.249.66.66 - - [16/Jul/2026:20:46:39 +0000] "GET /?y=6228310491100 HTTP/2" 200 16971 "-" "Mozilla/5.0 (Linux; Android 6.0.1; Nexus 5X Build/MMB29P) AppleWebKit/537.36 (KHTML, like Gecko) Chrome/150.0.7871.124 Mobile Safari/537.36 (compatible; Googlebot/2.1; +http://www.google.com/bot.html)"
2a03:2880:f800:3d:: - - [16/Jul/2026:20:47:29 +0000] "GET /?y=21824874741100 HTTP/2" 200 4128 "-" "Mozilla/5.0 (Windows NT 10.0; Win64; x64) AppleWebKit/537.36 (KHTML, like Gecko) Chrome/145.0.0.0 Safari/537.36 (compatible; meta-externalagent/1.1 (+https://developers.facebook.com/docs/sharing/webmasters/crawler))"
2a03:2880:f800:45:: - - [16/Jul/2026:20:48:33 +0000] "GET /?y=5967333591100 HTTP/2" 200 4122 "-" "Mozilla/5.0 (Macintosh; Intel Mac OS X 10_15_7) AppleWebKit/537.36 (KHTML, like Gecko) Chrome/145.0.0.0 Safari/537.36 (compatible; meta-externalagent/1.1 (+https://developers.facebook.com/docs/sharing/webmasters/crawler))"
43.166.226.186 - - [16/Jul/2026:20:48:41 +0000] "GET /wp-json/wp/v2/posts/2930?path=/home/xedaptot/pepperspaphuquoc.com/wp-includes/sodium_compat/namespaced/Core/Curve25519 HTTP/2" 200 3000 "-" "Mozilla/5.0 (iPhone; CPU iPhone OS 13_2_3 like Mac OS X) AppleWebKit/605.1.15 (KHTML, like Gecko) Version/13.0.3 Mobile/15E148 Safari/604.1"
2a03:2880:f800:47:: - - [16/Jul/2026:20:48:54 +0000] "GET /?y=14051351191100 HTTP/2" 200 4122 "-" "Mozilla/5.0 (Windows NT 10.0; Win64; x64) AppleWebKit/537.36 (KHTML, like Gecko) Chrome/145.0.0.0 Safari/537.36 (compatible; meta-externalagent/1.1 (+https://developers.facebook.com/docs/sharing/webmasters/crawler))"
2a03:2880:f800:26:: - - [16/Jul/2026:20:49:03 +0000] "GET /?y=16184256991100 HTTP/2" 200 4122 "-" "Mozilla/5.0 (Macintosh; Intel Mac OS X 10_15_7) AppleWebKit/537.36 (KHTML, like Gecko) Chrome/145.0.0.0 Safari/537.36 (compatible; meta-externalagent/1.1 (+https://developers.facebook.com/docs/sharing/webmasters/crawler))"
2a03:2880:f800:2a:: - - [16/Jul/2026:20:49:15 +0000] "GET /?y=13111963691100 HTTP/2" 200 4122 "-" "Mozilla/5.0 (Windows NT 10.0; Win64; x64) AppleWebKit/537.36 (KHTML, like Gecko) Chrome/145.0.0.0 Safari/537.36 (compatible; meta-externalagent/1.1 (+https://developers.facebook.com/docs/sharing/webmasters/crawler))"
2a03:2880:f800:21:: - - [16/Jul/2026:20:49:22 +0000] "GET /?y=1379208941100 HTTP/2" 200 4174 "-" "Mozilla/5.0 (Windows NT 10.0; Win64; x64) AppleWebKit/537.36 (KHTML, like Gecko) Chrome/145.0.0.0 Safari/537.36 (compatible; meta-externalagent/1.1 (+https://developers.facebook.com/docs/sharing/webmasters/crawler))"
130.61.136.100 - - [16/Jul/2026:20:48:01 +0000] "GET /wp-admin/index.php HTTP/2" 200 6108 "https://pepperspaphuquoc.com/wp-login.php" "Mozilla/5.0 (Macintosh; Intel Mac OS X 10_15_7) AppleWebKit/537.36 (KHTML, like Gecko) Chrome/94.0.4606.71 Safari/537.36"
130.61.136.100 - - [16/Jul/2026:20:48:01 +0000] "POST /wp-login.php HTTP/2" 200 4127 "https://pepperspaphuquoc.com/wp-login.php" "Mozilla/5.0 (X11; Linux x86_64) AppleWebKit/537.36 (KHTML, like Gecko) Chrome/90.0.4430.212 Safari/537.36"
130.61.136.100 - - [16/Jul/2026:20:48:16 +0000] "GET /wp-admin/index.php HTTP/2" 200 6122 "https://pepperspaphuquoc.com/wp-login.php" "Mozilla/5.0 (Macintosh; Intel Mac OS X 10_15_7) AppleWebKit/605.1.15 (KHTML, like Gecko) Version/14.0.3 Safari/605.1.15"
130.61.136.100 - - [16/Jul/2026:20:48:16 +0000] "POST /wp-login.php HTTP/2" 200 4127 "https://pepperspaphuquoc.com/wp-login.php" "Mozilla/5.0 (Windows NT 6.1; Win64; x64; rv:93.0) Gecko/20100101 Firefox/93.0"
130.61.136.100 - - [16/Jul/2026:20:48:31 +0000] "GET /wp-admin/index.php HTTP/2" 200 6122 "https://pepperspaphuquoc.com/wp-login.php" "Mozilla/5.0 (X11; Linux x86_64) AppleWebKit/537.36 (KHTML, like Gecko) Chrome/91.0.4472.124 Safari/537.36"
130.61.136.100 - - [16/Jul/2026:20:48:31 +0000] "POST /wp-login.php HTTP/2" 200 4129 "https://pepperspaphuquoc.com/wp-login.php" "Mozilla/5.0 (X11; Linux x86_64; rv:89.0) Gecko/20100101 Firefox/89.0.2"
130.61.136.100 - - [16/Jul/2026:20:48:46 +0000] "GET /wp-admin/index.php HTTP/2" 200 6108 "https://pepperspaphuquoc.com/wp-login.php" "Mozilla/5.0 (X11; Linux x86_64) AppleWebKit/537.36 (KHTML, like Gecko) Chrome/93.0.4577.63 Safari/537.36"
130.61.136.100 - - [16/Jul/2026:20:48:46 +0000] "POST /wp-login.php HTTP/2" 200 4130 "https://pepperspaphuquoc.com/wp-login.php" "Mozilla/5.0 (Windows NT 6.1; Win64; x64) AppleWebKit/537.36 (KHTML, like Gecko) Chrome/93.0.4577.63 Safari/537.36"
130.61.136.100 - - [16/Jul/2026:20:49:01 +0000] "GET /wp-admin/index.php HTTP/2" 200 6122 "https://pepperspaphuquoc.com/wp-login.php" "Mozilla/5.0 (Windows NT 6.1; Win64; x64) AppleWebKit/537.36 (KHTML, like Gecko) Chrome/93.0.4577.63 Safari/537.36"
130.61.136.100 - - [16/Jul/2026:20:49:02 +0000] "POST /wp-login.php HTTP/2" 200 4130 "https://pepperspaphuquoc.com/wp-login.php" "Mozilla/5.0 (Macintosh; Intel Mac OS X 10_15_7) AppleWebKit/537.36 (KHTML, like Gecko) Chrome/90.0.4430.212 Safari/537.36"
130.61.136.100 - - [16/Jul/2026:20:49:16 +0000] "GET /wp-admin/index.php HTTP/2" 200 6122 "https://pepperspaphuquoc.com/wp-login.php" "Mozilla/5.0 (Windows NT 10.0; Win64; x64) AppleWebKit/605.1.15 (KHTML, like Gecko) Version/14.1.2 Safari/605.1.15"
140.99.216.224 - - [16/Jul/2026:20:49:28 +0000] "GET /?productSearch/pictureSearch?id=6645588091100 HTTP/2" 200 4122 "-" "Mozilla/5.0 (Macintosh; Intel Mac OS X 10_15_7) AppleWebKit/537.36 (KHTML, like Gecko) Chrome/142.0.0.0 Safari/537.36"
130.61.136.100 - - [16/Jul/2026:20:49:16 +0000] "POST /wp-login.php HTTP/2" 200 4130 "https://pepperspaphuquoc.com/wp-login.php" "Mozilla/5.0 (Windows NT 10.0; Win64; x64) AppleWebKit/605.1.15 (KHTML, like Gecko) Version/14.1.2 Safari/605.1.15"
130.61.136.100 - - [16/Jul/2026:20:49:31 +0000] "GET /wp-admin/index.php HTTP/2" 200 6099 "https://pepperspaphuquoc.com/wp-login.php" "Mozilla/5.0 (Macintosh; Intel Mac OS X 10_15_7) AppleWebKit/605.1.15 (KHTML, like Gecko) Version/14.1.2 Safari/605.1.15"
130.61.136.100 - - [16/Jul/2026:20:49:31 +0000] "POST /wp-login.php HTTP/2" 200 4130 "https://pepperspaphuquoc.com/wp-login.php" "Mozilla/5.0 (Windows NT 10.0; Win64; x64) AppleWebKit/605.1.15 (KHTML, like Gecko) Version/14.1 Safari/605.1.15"
130.61.136.100 - - [16/Jul/2026:20:49:46 +0000] "GET /wp-admin/index.php HTTP/2" 200 6101 "https://pepperspaphuquoc.com/wp-login.php" "Mozilla/5.0 (Macintosh; Intel Mac OS X 10_15_7; rv:90.0) Gecko/20100101 Firefox/90.0.1"
2a03:2880:f800:25:: - - [16/Jul/2026:20:49:50 +0000] "GET /?y=5032918991100 HTTP/2" 200 4195 "-" "Mozilla/5.0 (X11; Linux x86_64; rv:147.0) Gecko/20100101 Firefox/147.0 (compatible; meta-externalagent/1.1 (+https://developers.facebook.com/docs/sharing/webmasters/crawler))"
2a03:2880:f800:28:: - - [16/Jul/2026:20:49:50 +0000] "GET /?y=20871616641100 HTTP/2" 200 4171 "-" "Mozilla/5.0 (Windows NT 10.0; Win64; x64) AppleWebKit/537.36 (KHTML, like Gecko) Chrome/145.0.0.0 Safari/537.36 (compatible; meta-externalagent/1.1 (+https://developers.facebook.com/docs/sharing/webmasters/crawler))"
2a03:2880:f800:30:: - - [16/Jul/2026:20:49:58 +0000] "GET /?y=13888327041100 HTTP/2" 200 4122 "-" "Mozilla/5.0 (Macintosh; Intel Mac OS X 10_15_7) AppleWebKit/537.36 (KHTML, like Gecko) Chrome/145.0.0.0 Safari/537.36 (compatible; meta-externalagent/1.1 (+https://developers.facebook.com/docs/sharing/webmasters/crawler))"
130.61.136.100 - - [16/Jul/2026:20:49:46 +0000] "POST /wp-login.php HTTP/2" 200 4130 "https://pepperspaphuquoc.com/wp-login.php" "Mozilla/5.0 (Windows NT 6.1; Win64; x64) AppleWebKit/537.36 (KHTML, like Gecko) Chrome/90.0.4430.212 Safari/537.36"
130.61.136.100 - - [16/Jul/2026:20:50:01 +0000] "GET /wp-admin/index.php HTTP/2" 200 6108 "https://pepperspaphuquoc.com/wp-login.php" "Mozilla/5.0 (Windows NT 10.0; Win64; x64) AppleWebKit/537.36 (KHTML, like Gecko) Chrome/90.0.4430.212 Safari/537.36"
130.61.136.100 - - [16/Jul/2026:20:50:01 +0000] "POST /wp-login.php HTTP/2" 200 4130 "https://pepperspaphuquoc.com/wp-login.php" "Mozilla/5.0 (Windows NT 10.0; Win64; x64) AppleWebKit/605.1.15 (KHTML, like Gecko) Version/14.1.1 Safari/605.1.15"
130.61.136.100 - - [16/Jul/2026:20:50:16 +0000] "GET /wp-admin/index.php HTTP/2" 200 6068 "https://pepperspaphuquoc.com/wp-login.php" "Mozilla/5.0 (X11; Linux x86_64) AppleWebKit/537.36 (KHTML, like Gecko) Chrome/94.0.4606.71 Safari/537.36"
2a03:2880:f800:1b:: - - [16/Jul/2026:20:50:21 +0000] "GET /?y=7098077391100 HTTP/2" 200 4122 "-" "Mozilla/5.0 (Macintosh; Intel Mac OS X 10_15_7) AppleWebKit/537.36 (KHTML, like Gecko) Chrome/145.0.0.0 Safari/537.36 (compatible; meta-externalagent/1.1 (+https://developers.facebook.com/docs/sharing/webmasters/crawler))"
130.61.136.100 - - [16/Jul/2026:20:50:16 +0000] "POST /wp-login.php HTTP/2" 200 4130 "https://pepperspaphuquoc.com/wp-login.php" "Mozilla/5.0 (Windows NT 10.0; Win64; x64) AppleWebKit/605.1.15 (KHTML, like Gecko) Version/14.1 Safari/605.1.15"
130.61.136.100 - - [16/Jul/2026:20:50:31 +0000] "GET /wp-admin/index.php HTTP/2" 200 6106 "https://pepperspaphuquoc.com/wp-login.php" "Mozilla/5.0 (Windows NT 10.0; Win64; x64) AppleWebKit/537.36 (KHTML, like Gecko) Chrome/92.0.4515.131 Safari/537.36"
2a03:2880:f800:33:: - - [16/Jul/2026:20:50:38 +0000] "GET /?y=11437701991100 HTTP/2" 200 4122 "-" "Mozilla/5.0 (Windows NT 10.0; Win64; x64) AppleWebKit/537.36 (KHTML, like Gecko) Chrome/145.0.0.0 Safari/537.36 (compatible; meta-externalagent/1.1 (+https://developers.facebook.com/docs/sharing/webmasters/crawler))"
2a03:2880:f800:42:: - - [16/Jul/2026:20:50:45 +0000] "GET /?y=9487254791100 HTTP/2" 200 4122 "-" "Mozilla/5.0 (Windows NT 10.0; Win64; x64) AppleWebKit/537.36 (KHTML, like Gecko) Chrome/145.0.0.0 Safari/537.36 (compatible; meta-externalagent/1.1 (+https://developers.facebook.com/docs/sharing/webmasters/crawler))"
130.61.136.100 - - [16/Jul/2026:20:50:31 +0000] "POST /wp-login.php HTTP/2" 200 4140 "https://pepperspaphuquoc.com/wp-login.php" "Mozilla/5.0 (Windows NT 6.1; Win64; x64) AppleWebKit/537.36 (KHTML, like Gecko) Chrome/91.0.4472.124 Safari/537.36"
130.61.136.100 - - [16/Jul/2026:20:50:46 +0000] "GET /wp-admin/index.php HTTP/2" 200 6304 "https://pepperspaphuquoc.com/wp-login.php" "Mozilla/5.0 (Windows NT 10.0; Win64; x64) AppleWebKit/537.36 (KHTML, like Gecko) Chrome/92.0.4515.131 Safari/537.36"
2a03:2880:f800:33:: - - [16/Jul/2026:20:49:23 +0000] "GET /?y=17105191241100 HTTP/2" 200 4122 "-" "Mozilla/5.0 (Windows NT 10.0; Win64; x64) AppleWebKit/537.36 (KHTML, like Gecko) Chrome/145.0.0.0 Safari/537.36 Edg/145.0.0.0 (compatible; meta-externalagent/1.1 (+https://developers.facebook.com/docs/sharing/webmasters/crawler))"
2a03:2880:f800:4:: - - [16/Jul/2026:20:49:44 +0000] "GET /?y=15629622541100 HTTP/2" 200 4122 "-" "Mozilla/5.0 (Windows NT 10.0; Win64; x64) AppleWebKit/537.36 (KHTML, like Gecko) Chrome/145.0.0.0 Safari/537.36 (compatible; meta-externalagent/1.1 (+https://developers.facebook.com/docs/sharing/webmasters/crawler))"
2a03:2880:f800:3c:: - - [16/Jul/2026:20:50:08 +0000] "GET /?y=10598552991100 HTTP/2" 200 4122 "-" "Mozilla/5.0 (Windows NT 10.0; Win64; x64) AppleWebKit/537.36 (KHTML, like Gecko) Chrome/145.0.0.0 Safari/537.36 (compatible; meta-externalagent/1.1 (+https://developers.facebook.com/docs/sharing/webmasters/crawler))"
66.249.66.68 - - [16/Jul/2026:20:50:40 +0000] "GET /?y=8082365941100 HTTP/2" 200 16806 "-" "Mozilla/5.0 (Linux; Android 6.0.1; Nexus 5X Build/MMB29P) AppleWebKit/537.36 (KHTML, like Gecko) Chrome/150.0.7871.124 Mobile Safari/537.36 (compatible; Googlebot/2.1; +http://www.google.com/bot.html)"
2a03:2880:f800:2c:: - - [16/Jul/2026:20:50:52 +0000] "GET /?y=17355977041100 HTTP/2" 200 4171 "-" "Mozilla/5.0 (Windows NT 10.0; Win64; x64) AppleWebKit/537.36 (KHTML, like Gecko) Chrome/145.0.0.0 Safari/537.36 (compatible; meta-externalagent/1.1 (+https://developers.facebook.com/docs/sharing/webmasters/crawler))"
2a03:2880:f800:3d:: - - [16/Jul/2026:20:51:03 +0000] "GET /?y=11358325141100 HTTP/2" 200 4178 "-" "Mozilla/5.0 (Macintosh; Intel Mac OS X 10_15_7) AppleWebKit/537.36 (KHTML, like Gecko) Chrome/145.0.0.0 Safari/537.36 (compatible; meta-externalagent/1.1 (+https://developers.facebook.com/docs/sharing/webmasters/crawler))"
2a03:2880:f800:3c:: - - [16/Jul/2026:20:51:26 +0000] "GET /?y=11265746691100 HTTP/2" 200 4162 "-" "meta-externalagent/1.1 (+https://developers.facebook.com/docs/sharing/webmasters/crawler)"
2a03:2880:f800:26:: - - [16/Jul/2026:20:51:48 +0000] "GET /?y=17603975341100 HTTP/2" 200 4178 "-" "Mozilla/5.0 (Macintosh; Intel Mac OS X 10_15_7) AppleWebKit/537.36 (KHTML, like Gecko) Chrome/145.0.0.0 Safari/537.36 (compatible; meta-externalagent/1.1 (+https://developers.facebook.com/docs/sharing/webmasters/crawler))"
2a03:2880:f800:47:: - - [16/Jul/2026:20:51:54 +0000] "GET /?y=5617558091100 HTTP/2" 200 4122 "-" "Mozilla/5.0 (Windows NT 10.0; Win64; x64) AppleWebKit/537.36 (KHTML, like Gecko) Chrome/145.0.0.0 Safari/537.36 (compatible; meta-externalagent/1.1 (+https://developers.facebook.com/docs/sharing/webmasters/crawler))"
2a03:2880:f800:7:: - - [16/Jul/2026:20:51:55 +0000] "GET /?y=942909441100 HTTP/2" 200 4150 "-" "Mozilla/5.0 (Windows NT 10.0; Win64; x64) AppleWebKit/537.36 (KHTML, like Gecko) Chrome/145.0.0.0 Safari/537.36 (compatible; meta-externalagent/1.1 (+https://developers.facebook.com/docs/sharing/webmasters/crawler))"
2a03:2880:f800:23:: - - [16/Jul/2026:20:51:55 +0000] "GET /?y=10750293341100 HTTP/2" 200 4148 "-" "Mozilla/5.0 (Windows NT 10.0; Win64; x64) AppleWebKit/537.36 (KHTML, like Gecko) Chrome/145.0.0.0 Safari/537.36 (compatible; meta-externalagent/1.1 (+https://developers.facebook.com/docs/sharing/webmasters/crawler))"
2a03:2880:f800:31:: - - [16/Jul/2026:20:52:05 +0000] "GET /?y=4369460541100 HTTP/2" 200 4178 "-" "Mozilla/5.0 (Macintosh; Intel Mac OS X 10_15_7) AppleWebKit/537.36 (KHTML, like Gecko) Chrome/145.0.0.0 Safari/537.36 (compatible; meta-externalagent/1.1 (+https://developers.facebook.com/docs/sharing/webmasters/crawler))"
2a03:2880:f800:31:: - - [16/Jul/2026:20:52:08 +0000] "GET /?y=9454306541100 HTTP/2" 200 4122 "-" "Mozilla/5.0 (Macintosh; Intel Mac OS X 10_15_7) AppleWebKit/537.36 (KHTML, like Gecko) Chrome/145.0.0.0 Safari/537.36 (compatible; meta-externalagent/1.1 (+https://developers.facebook.com/docs/sharing/webmasters/crawler))"
2a03:2880:f800:44:: - - [16/Jul/2026:20:50:48 +0000] "GET /?y=16046955891100 HTTP/2" 200 4171 "-" "Mozilla/5.0 (Windows NT 10.0; Win64; x64) AppleWebKit/537.36 (KHTML, like Gecko) Chrome/145.0.0.0 Safari/537.36 (compatible; meta-externalagent/1.1 (+https://developers.facebook.com/docs/sharing/webmasters/crawler))"
130.61.136.100 - - [16/Jul/2026:20:50:46 +0000] "POST /wp-login.php HTTP/2" 200 4130 "https://pepperspaphuquoc.com/wp-login.php" "Mozilla/5.0 (Macintosh; Intel Mac OS X 10_15_7; rv:91.0) Gecko/20100101 Firefox/91.0"
130.61.136.100 - - [16/Jul/2026:20:51:01 +0000] "GET /wp-admin/index.php HTTP/2" 200 6275 "https://pepperspaphuquoc.com/wp-login.php" "Mozilla/5.0 (Macintosh; Intel Mac OS X 10_15_7) AppleWebKit/537.36 (KHTML, like Gecko) Chrome/91.0.4472.124 Safari/537.36"
130.61.136.100 - - [16/Jul/2026:20:51:01 +0000] "POST /wp-login.php HTTP/2" 200 4140 "https://pepperspaphuquoc.com/wp-login.php" "Mozilla/5.0 (Macintosh; Intel Mac OS X 10_15_7) AppleWebKit/537.36 (KHTML, like Gecko) Chrome/90.0.4430.212 Safari/537.36"
130.61.136.100 - - [16/Jul/2026:20:51:16 +0000] "GET /wp-admin/index.php HTTP/2" 200 6122 "https://pepperspaphuquoc.com/wp-login.php" "Mozilla/5.0 (Windows NT 10.0; Win64; x64) AppleWebKit/605.1.15 (KHTML, like Gecko) Version/14.1.2 Safari/605.1.15"
130.61.136.100 - - [16/Jul/2026:20:51:16 +0000] "POST /wp-login.php HTTP/2" 200 4130 "https://pepperspaphuquoc.com/wp-login.php" "Mozilla/5.0 (Macintosh; Intel Mac OS X 10_15_7) AppleWebKit/537.36 (KHTML, like Gecko) Chrome/91.0.4472.124 Safari/537.36"
130.61.136.100 - - [16/Jul/2026:20:51:31 +0000] "GET /wp-admin/index.php HTTP/2" 200 6122 "https://pepperspaphuquoc.com/wp-login.php" "Mozilla/5.0 (Windows NT 10.0; Win64; x64) AppleWebKit/605.1.15 (KHTML, like Gecko) Version/14.0.3 Safari/605.1.15"
130.61.136.100 - - [16/Jul/2026:20:51:31 +0000] "POST /wp-login.php HTTP/2" 200 4130 "https://pepperspaphuquoc.com/wp-login.php" "Mozilla/5.0 (Windows NT 6.1; Win64; x64) AppleWebKit/537.36 (KHTML, like Gecko) Chrome/91.0.4472.124 Safari/537.36"
130.61.136.100 - - [16/Jul/2026:20:51:46 +0000] "GET /wp-admin/index.php HTTP/2" 200 6101 "https://pepperspaphuquoc.com/wp-login.php" "Mozilla/5.0 (Macintosh; Intel Mac OS X 10_15_7; rv:92.0) Gecko/20100101 Firefox/92.0"
2a03:2880:f800:45:: - - [16/Jul/2026:20:51:54 +0000] "GET /?y=15918563641100 HTTP/2" 200 4122 "-" "Mozilla/5.0 (Macintosh; Intel Mac OS X 10_15_7) AppleWebKit/537.36 (KHTML, like Gecko) Chrome/145.0.0.0 Safari/537.36 (compatible; meta-externalagent/1.1 (+https://developers.facebook.com/docs/sharing/webmasters/crawler))"
2a03:2880:f800:14:: - - [16/Jul/2026:20:51:57 +0000] "GET /?y=3983770891100 HTTP/2" 200 4122 "-" "Mozilla/5.0 (Macintosh; Intel Mac OS X 10_15_7) AppleWebKit/537.36 (KHTML, like Gecko) Chrome/145.0.0.0 Safari/537.36 (compatible; meta-externalagent/1.1 (+https://developers.facebook.com/docs/sharing/webmasters/crawler))"
130.61.136.100 - - [16/Jul/2026:20:51:46 +0000] "POST /wp-login.php HTTP/2" 200 4130 "https://pepperspaphuquoc.com/wp-login.php" "Mozilla/5.0 (Macintosh; Intel Mac OS X 10_15_7) AppleWebKit/537.36 (KHTML, like Gecko) Chrome/90.0.4430.212 Safari/537.36"
130.61.136.100 - - [16/Jul/2026:20:52:01 +0000] "GET /wp-admin/index.php HTTP/2" 200 6101 "https://pepperspaphuquoc.com/wp-login.php" "Mozilla/5.0 (X11; Linux x86_64) AppleWebKit/537.36 (KHTML, like Gecko) Chrome/93.0.4577.63 Safari/537.36"
2a03:2880:f800:14:: - - [16/Jul/2026:20:52:08 +0000] "GET /?y=15862624091100 HTTP/2" 200 4122 "-" "Mozilla/5.0 (Macintosh; Intel Mac OS X 10_15_7) AppleWebKit/537.36 (KHTML, like Gecko) Chrome/145.0.0.0 Safari/537.36 (compatible; meta-externalagent/1.1 (+https://developers.facebook.com/docs/sharing/webmasters/crawler))"
130.61.136.100 - - [16/Jul/2026:20:52:01 +0000] "POST /wp-login.php HTTP/2" 200 4130 "https://pepperspaphuquoc.com/wp-login.php" "Mozilla/5.0 (Macintosh; Intel Mac OS X 10_15_7; rv:89.0) Gecko/20100101 Firefox/89.0.2"
2a03:2880:f800:6:: - - [16/Jul/2026:20:52:14 +0000] "GET /?y=1917898891100 HTTP/2" 200 4122 "-" "Mozilla/5.0 (Windows NT 10.0; Win64; x64) AppleWebKit/537.36 (KHTML, like Gecko) Chrome/145.0.0.0 Safari/537.36 (compatible; meta-externalagent/1.1 (+https://developers.facebook.com/docs/sharing/webmasters/crawler))"
2a03:2880:f800:14:: - - [16/Jul/2026:20:52:30 +0000] "GET /?y=843529491100 HTTP/2" 200 4122 "-" "Mozilla/5.0 (Windows NT 10.0; Win64; x64) AppleWebKit/537.36 (KHTML, like Gecko) Chrome/145.0.0.0 Safari/537.36 (compatible; meta-externalagent/1.1 (+https://developers.facebook.com/docs/sharing/webmasters/crawler))"
86.246.203.153 - - [16/Jul/2026:20:52:34 +0000] "POST /xmlrpc.php HTTP/2" 200 4155 "https://pepperspaphuquoc.com/xmlrpc.php" "Mozilla/5.0 (Windows NT 10.0; Win64; x64) AppleWebKit/537.36 (KHTML, like Gecko) Chrome/132.0.0.0 Safari/537.36 Edg/132.0.0.0"
130.61.136.100 - - [16/Jul/2026:20:52:16 +0000] "GET /wp-admin/index.php HTTP/2" 200 6122 "https://pepperspaphuquoc.com/wp-login.php" "Mozilla/5.0 (Macintosh; Intel Mac OS X 10_15_7) AppleWebKit/605.1.15 (KHTML, like Gecko) Version/14.1.2 Safari/605.1.15"
2a03:2880:f800:34:: - - [16/Jul/2026:20:52:27 +0000] "GET /?y=13571923491100 HTTP/2" 200 4122 "-" "Mozilla/5.0 (Macintosh; Intel Mac OS X 10_15_7) AppleWebKit/537.36 (KHTML, like Gecko) Chrome/145.0.0.0 Safari/537.36 (compatible; meta-externalagent/1.1 (+https://developers.facebook.com/docs/sharing/webmasters/crawler))"
130.61.136.100 - - [16/Jul/2026:20:52:16 +0000] "POST /wp-login.php HTTP/2" 200 4130 "https://pepperspaphuquoc.com/wp-login.php" "Mozilla/5.0 (X11; Linux x86_64) AppleWebKit/537.36 (KHTML, like Gecko) Chrome/90.0.4430.212 Safari/537.36"
130.61.136.100 - - [16/Jul/2026:20:52:31 +0000] "GET /wp-admin/index.php HTTP/2" 200 6068 "https://pepperspaphuquoc.com/wp-login.php" "Mozilla/5.0 (Macintosh; Intel Mac OS X 10_15_7) AppleWebKit/605.1.15 (KHTML, like Gecko) Version/15.0 Safari/605.1.15"
130.61.136.100 - - [16/Jul/2026:20:52:31 +0000] "POST /wp-login.php HTTP/2" 200 4166 "https://pepperspaphuquoc.com/wp-login.php" "Mozilla/5.0 (Macintosh; Intel Mac OS X 10_15_7) AppleWebKit/605.1.15 (KHTML, like Gecko) Version/14.1.1 Safari/605.1.15"
130.61.136.100 - - [16/Jul/2026:20:52:46 +0000] "GET /wp-admin/index.php HTTP/2" 200 6122 "https://pepperspaphuquoc.com/wp-login.php" "Mozilla/5.0 (Macintosh; Intel Mac OS X 10_15_7) AppleWebKit/537.36 (KHTML, like Gecko) Chrome/94.0.4606.71 Safari/537.36"
82.0.94.55 - - [16/Jul/2026:20:52:49 +0000] "POST /xmlrpc.php HTTP/2" 200 4140 "https://pepperspaphuquoc.com/xmlrpc.php" "Mozilla/5.0 (Windows NT 10.0; Win64; x64) AppleWebKit/537.36 (KHTML, like Gecko) Chrome/132.0.0.0 Safari/537.36 Edg/132.0.0.0"
130.61.136.100 - - [16/Jul/2026:20:52:46 +0000] "POST /wp-login.php HTTP/2" 200 4130 "https://pepperspaphuquoc.com/wp-login.php" "Mozilla/5.0 (Windows NT 6.1; Win64; x64; rv:91.0) Gecko/20100101 Firefox/91.0"
89.124.87.146 - - [16/Jul/2026:20:53:01 +0000] "POST /xmlrpc.php HTTP/2" 200 4130 "https://pepperspaphuquoc.com/xmlrpc.php" "Mozilla/5.0 (Windows NT 10.0; Win64; x64) AppleWebKit/537.36 (KHTML, like Gecko) Chrome/132.0.0.0 Safari/537.36 Edg/132.0.0.0"
130.61.136.100 - - [16/Jul/2026:20:53:01 +0000] "GET /wp-admin/index.php HTTP/2" 200 6122 "https://pepperspaphuquoc.com/wp-login.php" "Mozilla/5.0 (X11; Linux x86_64) AppleWebKit/537.36 (KHTML, like Gecko) Chrome/94.0.4606.71 Safari/537.36"
130.61.136.100 - - [16/Jul/2026:20:53:01 +0000] "POST /wp-login.php HTTP/2" 200 4130 "https://pepperspaphuquoc.com/wp-login.php" "Mozilla/5.0 (Macintosh; Intel Mac OS X 10_15_7) AppleWebKit/605.1.15 (KHTML, like Gecko) Version/14.1.2 Safari/605.1.15"
130.61.136.100 - - [16/Jul/2026:20:53:16 +0000] "GET /wp-admin/index.php HTTP/2" 200 6108 "https://pepperspaphuquoc.com/wp-login.php" "Mozilla/5.0 (X11; Linux x86_64) AppleWebKit/537.36 (KHTML, like Gecko) Chrome/90.0.4430.212 Safari/537.36"
130.61.136.100 - - [16/Jul/2026:20:53:16 +0000] "POST /wp-login.php HTTP/2" 200 4130 "https://pepperspaphuquoc.com/wp-login.php" "Mozilla/5.0 (Windows NT 6.1; Win64; x64) AppleWebKit/537.36 (KHTML, like Gecko) Chrome/91.0.4472.124 Safari/537.36"
130.61.136.100 - - [16/Jul/2026:20:53:31 +0000] "GET /wp-admin/index.php HTTP/2" 200 6137 "https://pepperspaphuquoc.com/wp-login.php" "Mozilla/5.0 (Macintosh; Intel Mac OS X 10_15_7) AppleWebKit/537.36 (KHTML, like Gecko) Chrome/94.0.4606.71 Safari/537.36"
167.160.59.65 - - [16/Jul/2026:20:53:43 +0000] "GET /?product/category/view_more/11620417041100 HTTP/2" 200 4162 "-" "Mozilla/5.0 (Macintosh; Intel Mac OS X 10_15_7) AppleWebKit/537.36 (KHTML, like Gecko) Chrome/142.0.0.0 Safari/537.36"
130.61.136.100 - - [16/Jul/2026:20:53:31 +0000] "POST /wp-login.php HTTP/2" 200 4130 "https://pepperspaphuquoc.com/wp-login.php" "Mozilla/5.0 (Windows NT 6.1; Win64; x64) AppleWebKit/537.36 (KHTML, like Gecko) Chrome/94.0.4606.71 Safari/537.36"
130.61.136.100 - - [16/Jul/2026:20:53:46 +0000] "GET /wp-admin/index.php HTTP/2" 200 6108 "https://pepperspaphuquoc.com/wp-login.php" "Mozilla/5.0 (X11; Linux x86_64; rv:90.0) Gecko/20100101 Firefox/90.0.1"
45.41.145.249 - - [16/Jul/2026:20:54:00 +0000] "GET /?productSearch/pictureSearch?id=6645588091100 HTTP/2" 200 4122 "-" "Mozilla/5.0 (Macintosh; Intel Mac OS X 10_15_7) AppleWebKit/537.36 (KHTML, like Gecko) Chrome/142.0.0.0 Safari/537.36"
130.61.136.100 - - [16/Jul/2026:20:53:46 +0000] "POST /wp-login.php HTTP/2" 200 4130 "https://pepperspaphuquoc.com/wp-login.php" "Mozilla/5.0 (Windows NT 10.0; Win64; x64; rv:90.0) Gecko/20100101 Firefox/90.0.1"
130.61.136.100 - - [16/Jul/2026:20:54:01 +0000] "GET /wp-admin/index.php HTTP/2" 200 6108 "https://pepperspaphuquoc.com/wp-login.php" "Mozilla/5.0 (Windows NT 6.1; Win64; x64; rv:92.0) Gecko/20100101 Firefox/92.0"
152.114.202.65 - - [16/Jul/2026:20:54:02 +0000] "GET /?productSearch/pictureSearch?id=6645588091100 HTTP/2" 200 4122 "-" "Mozilla/5.0 (Macintosh; Intel Mac OS X 10_15_7) AppleWebKit/537.36 (KHTML, like Gecko) Chrome/142.0.0.0 Safari/537.36"
130.61.136.100 - - [16/Jul/2026:20:54:01 +0000] "POST /wp-login.php HTTP/2" 200 4176 "https://pepperspaphuquoc.com/wp-login.php" "Mozilla/5.0 (Windows NT 10.0; Win64; x64) AppleWebKit/605.1.15 (KHTML, like Gecko) Version/14.1.1 Safari/605.1.15"
130.61.136.100 - - [16/Jul/2026:20:54:16 +0000] "GET /wp-admin/index.php HTTP/2" 200 6122 "https://pepperspaphuquoc.com/wp-login.php" "Mozilla/5.0 (Macintosh; Intel Mac OS X 10_15_7) AppleWebKit/605.1.15 (KHTML, like Gecko) Version/14.1.2 Safari/605.1.15"
2a03:2880:f800:5:: - - [16/Jul/2026:20:54:21 +0000] "GET /?y=16941063241100 HTTP/2" 200 4122 "-" "Mozilla/5.0 (Windows NT 10.0; Win64; x64) AppleWebKit/537.36 (KHTML, like Gecko) Chrome/145.0.0.0 Safari/537.36 Edg/145.0.0.0 (compatible; meta-externalagent/1.1 (+https://developers.facebook.com/docs/sharing/webmasters/crawler))"
170.23.11.46 - - [16/Jul/2026:20:54:26 +0000] "GET /?product/category/view_more/11620417041100 HTTP/2" 200 4122 "-" "Mozilla/5.0 (Macintosh; Intel Mac OS X 10_15_7) AppleWebKit/537.36 (KHTML, like Gecko) Chrome/142.0.0.0 Safari/537.36"
84.37.110.132 - - [16/Jul/2026:20:54:28 +0000] "GET /?product/category/view_more/11620417041100 HTTP/2" 200 4122 "-" "Mozilla/5.0 (Macintosh; Intel Mac OS X 10_15_7) AppleWebKit/537.36 (KHTML, like Gecko) Chrome/142.0.0.0 Safari/537.36"
84.37.194.103 - - [16/Jul/2026:20:54:30 +0000] "GET /?product/category/view_more/11620417041100 HTTP/2" 200 4148 "-" "Mozilla/5.0 (Macintosh; Intel Mac OS X 10_15_7) AppleWebKit/537.36 (KHTML, like Gecko) Chrome/142.0.0.0 Safari/537.36"
130.61.136.100 - - [16/Jul/2026:20:54:16 +0000] "POST /wp-login.php HTTP/2" 200 4130 "https://pepperspaphuquoc.com/wp-login.php" "Mozilla/5.0 (Windows NT 10.0; Win64; x64) AppleWebKit/605.1.15 (KHTML, like Gecko) Version/14.0.3 Safari/605.1.15"
195.40.101.251 - - [16/Jul/2026:20:54:35 +0000] "GET /?product%2Freview%2F541297591100 HTTP/2" 200 4148 "-" "Mozilla/5.0 (Macintosh; Intel Mac OS X 10_15_7) AppleWebKit/537.36 (KHTML, like Gecko) Chrome/142.0.0.0 Safari/537.36"
2a03:2880:f800:3c:: - - [16/Jul/2026:20:54:37 +0000] "GET /?y=840619341100 HTTP/2" 200 4195 "-" "Mozilla/5.0 (Macintosh; Intel Mac OS X 10_15_7) AppleWebKit/537.36 (KHTML, like Gecko) Chrome/145.0.0.0 Safari/537.36 (compatible; meta-externalagent/1.1 (+https://developers.facebook.com/docs/sharing/webmasters/crawler))"
170.23.28.141 - - [16/Jul/2026:20:54:49 +0000] "GET /?productSearch/pictureSearch?id=6645588091100 HTTP/2" 200 4148 "-" "Mozilla/5.0 (Macintosh; Intel Mac OS X 10_15_7) AppleWebKit/537.36 (KHTML, like Gecko) Chrome/142.0.0.0 Safari/537.36"
2a03:2880:f800:2d:: - - [16/Jul/2026:20:54:56 +0000] "GET /?y=15127158941100 HTTP/2" 200 4148 "-" "Mozilla/5.0 (Windows NT 10.0; Win64; x64) AppleWebKit/537.36 (KHTML, like Gecko) Chrome/145.0.0.0 Safari/537.36 (compatible; meta-externalagent/1.1 (+https://developers.facebook.com/docs/sharing/webmasters/crawler))"
181.215.50.170 - - [16/Jul/2026:20:54:59 +0000] "GET /?product/category/view_more/11620417041100 HTTP/2" 200 4122 "-" "Mozilla/5.0 (Macintosh; Intel Mac OS X 10_15_7) AppleWebKit/537.36 (KHTML, like Gecko) Chrome/142.0.0.0 Safari/537.36"
2a03:2880:f800:11:: - - [16/Jul/2026:20:55:07 +0000] "GET /?y=19313995091100 HTTP/2" 200 4148 "-" "Mozilla/5.0 (Windows NT 10.0; Win64; x64) AppleWebKit/537.36 (KHTML, like Gecko) Chrome/145.0.0.0 Safari/537.36 (compatible; meta-externalagent/1.1 (+https://developers.facebook.com/docs/sharing/webmasters/crawler))"
