74.7.243.225 - - [16/Jul/2026:21:21:39 +0000] "GET /?fileloc=/home/xedaptot/public_html/wp-includes/widgets.php&path=/home/xedaptot/public_html/wp-includes HTTP/2" 200 19333 "https://pepperspaphuquoc.com/?path=/home/xedaptot/public_html/wp-includes" "Mozilla/5.0 AppleWebKit/537.36 (KHTML, like Gecko; compatible; GPTBot/1.4; +https://openai.com/gptbot)"
74.7.243.225 - - [16/Jul/2026:21:21:40 +0000] "GET /?fileloc=/home/xedaptot/public_html/wp-includes/class-wpdb.php&path=/home/xedaptot/public_html/wp-includes HTTP/2" 200 33088 "https://pepperspaphuquoc.com/?path=/home/xedaptot/public_html/wp-includes" "Mozilla/5.0 AppleWebKit/537.36 (KHTML, like Gecko; compatible; GPTBot/1.4; +https://openai.com/gptbot)"
74.7.243.225 - - [16/Jul/2026:21:21:41 +0000] "GET /?fileloc=/home/xedaptot/public_html/wp-includes/ms-blogs.php&path=/home/xedaptot/public_html/wp-includes HTTP/2" 200 9083 "https://pepperspaphuquoc.com/?path=/home/xedaptot/public_html/wp-includes" "Mozilla/5.0 AppleWebKit/537.36 (KHTML, like Gecko; compatible; GPTBot/1.4; +https://openai.com/gptbot)"
74.7.243.225 - - [16/Jul/2026:21:21:41 +0000] "GET /?fileloc=/home/xedaptot/public_html/wp-includes/rewrite.php&path=/home/xedaptot/public_html/wp-includes HTTP/2" 200 8687 "https://pepperspaphuquoc.com/?path=/home/xedaptot/public_html/wp-includes" "Mozilla/5.0 AppleWebKit/537.36 (KHTML, like Gecko; compatible; GPTBot/1.4; +https://openai.com/gptbot)"
74.7.243.225 - - [16/Jul/2026:21:21:42 +0000] "GET /?fileloc=/home/xedaptot/public_html/wp-includes/plugin.php&path=/home/xedaptot/public_html/wp-includes HTTP/2" 200 10231 "https://pepperspaphuquoc.com/?path=/home/xedaptot/public_html/wp-includes" "Mozilla/5.0 AppleWebKit/537.36 (KHTML, like Gecko; compatible; GPTBot/1.4; +https://openai.com/gptbot)"
77.90.154.93 - - [16/Jul/2026:21:21:42 +0000] "POST /xmlrpc.php HTTP/2" 200 4144 "-" "Mozilla/5.0 (Windows NT 10.0; Win64; x64) AppleWebKit/537.36 (KHTML, like Gecko) Chrome/145.0.0.0 Safari/537.36"
77.90.154.93 - mrsimple [16/Jul/2026:21:21:43 +0000] "POST /wp-json/wp/v2/posts HTTP/2" 200 4174 "-" "Mozilla/5.0 (Windows NT 10.0; Win64; x64) AppleWebKit/537.36 (KHTML, like Gecko) Chrome/145.0.0.0 Safari/537.36"
74.7.243.225 - - [16/Jul/2026:21:21:42 +0000] "GET /?fileloc=/home/xedaptot/public_html/wp-includes/blocks.php&path=/home/xedaptot/public_html/wp-includes HTTP/2" 200 27219 "https://pepperspaphuquoc.com/?path=/home/xedaptot/public_html/wp-includes" "Mozilla/5.0 AppleWebKit/537.36 (KHTML, like Gecko; compatible; GPTBot/1.4; +https://openai.com/gptbot)"
74.7.243.225 - - [16/Jul/2026:21:21:43 +0000] "GET /?fileloc=/home/xedaptot/public_html/wp-includes/rest-api.php&path=/home/xedaptot/public_html/wp-includes HTTP/2" 200 25402 "https://pepperspaphuquoc.com/?path=/home/xedaptot/public_html/wp-includes" "Mozilla/5.0 AppleWebKit/537.36 (KHTML, like Gecko; compatible; GPTBot/1.4; +https://openai.com/gptbot)"
77.90.154.93 - - [16/Jul/2026:21:21:44 +0000] "POST /xmlrpc.php HTTP/2" 200 4135 "-" "Mozilla/5.0 (Windows NT 10.0; Win64; x64) AppleWebKit/537.36 (KHTML, like Gecko) Chrome/145.0.0.0 Safari/537.36"
74.7.243.225 - - [16/Jul/2026:21:21:44 +0000] "GET /?path=/home/xedaptot/public_html/wp-includes/PHPMailer HTTP/2" 200 3155 "https://pepperspaphuquoc.com/?path=/home/xedaptot/public_html/wp-includes" "Mozilla/5.0 AppleWebKit/537.36 (KHTML, like Gecko; compatible; GPTBot/1.4; +https://openai.com/gptbot)"
77.90.154.93 - mrsimple [16/Jul/2026:21:21:44 +0000] "POST /wp-json/wp/v2/pages HTTP/2" 200 4134 "-" "Mozilla/5.0 (Windows NT 10.0; Win64; x64) AppleWebKit/537.36 (KHTML, like Gecko) Chrome/145.0.0.0 Safari/537.36"
74.7.243.225 - - [16/Jul/2026:21:21:45 +0000] "GET /?fileloc=/home/xedaptot/public_html/wp-includes/class-wp-query.php&path=/home/xedaptot/public_html/wp-includes HTTP/2" 200 37418 "https://pepperspaphuquoc.com/?path=/home/xedaptot/public_html/wp-includes" "Mozilla/5.0 AppleWebKit/537.36 (KHTML, like Gecko; compatible; GPTBot/1.4; +https://openai.com/gptbot)"
130.61.136.100 - - [16/Jul/2026:21:21:31 +0000] "POST /wp-login.php HTTP/2" 200 4135 "https://pepperspaphuquoc.com/wp-login.php" "Mozilla/5.0 (Macintosh; Intel Mac OS X 10_15_7) AppleWebKit/605.1.15 (KHTML, like Gecko) Version/14.1.2 Safari/605.1.15"
74.7.243.225 - - [16/Jul/2026:21:21:45 +0000] "GET /?fileloc=/home/xedaptot/public_html/wp-includes/theme-i18n.json&path=/home/xedaptot/public_html/wp-includes HTTP/2" 200 2874 "https://pepperspaphuquoc.com/?path=/home/xedaptot/public_html/wp-includes" "Mozilla/5.0 AppleWebKit/537.36 (KHTML, like Gecko; compatible; GPTBot/1.4; +https://openai.com/gptbot)"
130.61.136.100 - - [16/Jul/2026:21:21:46 +0000] "GET /wp-admin/index.php HTTP/2" 200 6122 "https://pepperspaphuquoc.com/wp-login.php" "Mozilla/5.0 (Windows NT 10.0; Win64; x64; rv:93.0) Gecko/20100101 Firefox/93.0"
74.7.243.225 - - [16/Jul/2026:21:21:46 +0000] "GET /?fileloc=/home/xedaptot/public_html/wp-includes/class-walker-page.php&path=/home/xedaptot/public_html/wp-includes HTTP/2" 200 4644 "https://pepperspaphuquoc.com/?path=/home/xedaptot/public_html/wp-includes" "Mozilla/5.0 AppleWebKit/537.36 (KHTML, like Gecko; compatible; GPTBot/1.4; +https://openai.com/gptbot)"
74.7.243.225 - - [16/Jul/2026:21:21:46 +0000] "GET /?fileloc=/home/xedaptot/public_html/wp-includes/class-wp-block-pattern-categories-registry.php&path=/home/xedaptot/public_html/wp-includes HTTP/2" 200 3906 "https://pepperspaphuquoc.com/?path=/home/xedaptot/public_html/wp-includes" "Mozilla/5.0 AppleWebKit/537.36 (KHTML, like Gecko; compatible; GPTBot/1.4; +https://openai.com/gptbot)"
74.7.243.225 - - [16/Jul/2026:21:21:47 +0000] "GET /?fileloc=/home/xedaptot/public_html/wp-includes/session.php&path=/home/xedaptot/public_html/wp-includes HTTP/2" 200 2664 "https://pepperspaphuquoc.com/?path=/home/xedaptot/public_html/wp-includes" "Mozilla/5.0 AppleWebKit/537.36 (KHTML, like Gecko; compatible; GPTBot/1.4; +https://openai.com/gptbot)"
74.7.243.225 - - [16/Jul/2026:21:21:47 +0000] "GET /?fileloc=/home/xedaptot/public_html/wp-includes/class-wp-http.php&path=/home/xedaptot/public_html/wp-includes HTTP/2" 200 14517 "https://pepperspaphuquoc.com/?path=/home/xedaptot/public_html/wp-includes" "Mozilla/5.0 AppleWebKit/537.36 (KHTML, like Gecko; compatible; GPTBot/1.4; +https://openai.com/gptbot)"
74.7.243.225 - - [16/Jul/2026:21:21:48 +0000] "GET /?fileloc=/home/xedaptot/public_html/wp-includes/class-wp-theme.php&path=/home/xedaptot/public_html/wp-includes HTTP/2" 200 18129 "https://pepperspaphuquoc.com/?path=/home/xedaptot/public_html/wp-includes" "Mozilla/5.0 AppleWebKit/537.36 (KHTML, like Gecko; compatible; GPTBot/1.4; +https://openai.com/gptbot)"
74.7.243.225 - - [16/Jul/2026:21:21:48 +0000] "GET /?fileloc=/home/xedaptot/public_html/wp-includes/class-wp-user.php&path=/home/xedaptot/public_html/wp-includes HTTP/2" 200 8722 "https://pepperspaphuquoc.com/?path=/home/xedaptot/public_html/wp-includes" "Mozilla/5.0 AppleWebKit/537.36 (KHTML, like Gecko; compatible; GPTBot/1.4; +https://openai.com/gptbot)"
74.7.243.225 - - [16/Jul/2026:21:21:49 +0000] "GET /?fileloc=/home/xedaptot/public_html/wp-includes/class-avif-info.php&path=/home/xedaptot/public_html/wp-includes HTTP/2" 200 8901 "https://pepperspaphuquoc.com/?path=/home/xedaptot/public_html/wp-includes" "Mozilla/5.0 AppleWebKit/537.36 (KHTML, like Gecko; compatible; GPTBot/1.4; +https://openai.com/gptbot)"
74.7.243.225 - - [16/Jul/2026:21:21:49 +0000] "GET /?fileloc=/home/xedaptot/public_html/wp-includes/error-protection.php&path=/home/xedaptot/public_html/wp-includes HTTP/2" 200 3941 "https://pepperspaphuquoc.com/?path=/home/xedaptot/public_html/wp-includes" "Mozilla/5.0 AppleWebKit/537.36 (KHTML, like Gecko; compatible; GPTBot/1.4; +https://openai.com/gptbot)"
77.90.154.203 - - [16/Jul/2026:21:21:20 +0000] "POST /xmlrpc.php HTTP/2" 200 4144 "-" "Mozilla/5.0 (Windows NT 10.0; Win64; x64) AppleWebKit/537.36 (KHTML, like Gecko) Chrome/145.0.0.0 Safari/537.36"
77.90.154.203 - mrsimple [16/Jul/2026:21:21:21 +0000] "POST /wp-json/wp/v2/posts HTTP/2" 200 4164 "-" "Mozilla/5.0 (Windows NT 10.0; Win64; x64) AppleWebKit/537.36 (KHTML, like Gecko) Chrome/145.0.0.0 Safari/537.36"
77.90.154.203 - - [16/Jul/2026:21:21:21 +0000] "POST /xmlrpc.php HTTP/2" 200 4132 "-" "Mozilla/5.0 (Windows NT 10.0; Win64; x64) AppleWebKit/537.36 (KHTML, like Gecko) Chrome/145.0.0.0 Safari/537.36"
77.90.154.203 - mrsimple [16/Jul/2026:21:21:22 +0000] "POST /wp-json/wp/v2/pages HTTP/2" 200 4206 "-" "Mozilla/5.0 (Windows NT 10.0; Win64; x64) AppleWebKit/537.36 (KHTML, like Gecko) Chrome/145.0.0.0 Safari/537.36"
204.77.128.197 - - [16/Jul/2026:21:21:40 +0000] "POST /xmlrpc.php HTTP/2" 200 4120 "-" "Mozilla/5.0 (Windows NT 10.0; Win64; x64) AppleWebKit/537.36 (KHTML, like Gecko) Chrome/145.0.0.0 Safari/537.36"
204.77.128.197 - mrsimple [16/Jul/2026:21:21:40 +0000] "POST /wp-json/wp/v2/posts HTTP/2" 200 4134 "-" "Mozilla/5.0 (Windows NT 10.0; Win64; x64) AppleWebKit/537.36 (KHTML, like Gecko) Chrome/145.0.0.0 Safari/537.36"
66.249.66.69 - - [16/Jul/2026:21:21:39 +0000] "GET /?y=6020552541100 HTTP/2" 200 17701 "-" "Mozilla/5.0 (Linux; Android 6.0.1; Nexus 5X Build/MMB29P) AppleWebKit/537.36 (KHTML, like Gecko) Chrome/150.0.7871.124 Mobile Safari/537.36 (compatible; Googlebot/2.1; +http://www.google.com/bot.html)"
204.77.128.197 - - [16/Jul/2026:21:21:41 +0000] "POST /xmlrpc.php HTTP/2" 200 4135 "-" "Mozilla/5.0 (Windows NT 10.0; Win64; x64) AppleWebKit/537.36 (KHTML, like Gecko) Chrome/145.0.0.0 Safari/537.36"
204.77.128.197 - mrsimple [16/Jul/2026:21:21:41 +0000] "POST /wp-json/wp/v2/pages HTTP/2" 200 4134 "-" "Mozilla/5.0 (Windows NT 10.0; Win64; x64) AppleWebKit/537.36 (KHTML, like Gecko) Chrome/145.0.0.0 Safari/537.36"
204.77.129.86 - - [16/Jul/2026:21:21:45 +0000] "POST /xmlrpc.php HTTP/2" 200 4174 "-" "Mozilla/5.0 (Windows NT 10.0; Win64; x64) AppleWebKit/537.36 (KHTML, like Gecko) Chrome/145.0.0.0 Safari/537.36"
204.77.129.86 - mrsimple [16/Jul/2026:21:21:46 +0000] "POST /wp-json/wp/v2/posts HTTP/2" 200 4136 "-" "Mozilla/5.0 (Windows NT 10.0; Win64; x64) AppleWebKit/537.36 (KHTML, like Gecko) Chrome/145.0.0.0 Safari/537.36"
204.77.129.86 - - [16/Jul/2026:21:21:46 +0000] "POST /xmlrpc.php HTTP/2" 200 4135 "-" "Mozilla/5.0 (Windows NT 10.0; Win64; x64) AppleWebKit/537.36 (KHTML, like Gecko) Chrome/145.0.0.0 Safari/537.36"
204.77.129.86 - mrsimple [16/Jul/2026:21:21:47 +0000] "POST /wp-json/wp/v2/pages HTTP/2" 200 4165 "-" "Mozilla/5.0 (Windows NT 10.0; Win64; x64) AppleWebKit/537.36 (KHTML, like Gecko) Chrome/145.0.0.0 Safari/537.36"
185.230.14.33 - - [16/Jul/2026:21:21:48 +0000] "POST /xmlrpc.php HTTP/2" 200 4157 "-" "Mozilla/5.0 (Windows NT 10.0; Win64; x64) AppleWebKit/537.36 (KHTML, like Gecko) Chrome/145.0.0.0 Safari/537.36"
185.230.14.33 - mrsimple [16/Jul/2026:21:21:48 +0000] "POST /wp-json/wp/v2/posts HTTP/2" 200 4164 "-" "Mozilla/5.0 (Windows NT 10.0; Win64; x64) AppleWebKit/537.36 (KHTML, like Gecko) Chrome/145.0.0.0 Safari/537.36"
185.230.14.33 - - [16/Jul/2026:21:21:49 +0000] "POST /xmlrpc.php HTTP/2" 200 4135 "-" "Mozilla/5.0 (Windows NT 10.0; Win64; x64) AppleWebKit/537.36 (KHTML, like Gecko) Chrome/145.0.0.0 Safari/537.36"
185.230.14.33 - mrsimple [16/Jul/2026:21:21:49 +0000] "POST /wp-json/wp/v2/pages HTTP/2" 200 4184 "-" "Mozilla/5.0 (Windows NT 10.0; Win64; x64) AppleWebKit/537.36 (KHTML, like Gecko) Chrome/145.0.0.0 Safari/537.36"
207.228.200.59 - - [16/Jul/2026:21:21:50 +0000] "POST /xmlrpc.php HTTP/2" 200 4159 "-" "Mozilla/5.0 (Windows NT 10.0; Win64; x64) AppleWebKit/537.36 (KHTML, like Gecko) Chrome/145.0.0.0 Safari/537.36"
207.228.200.59 - mrsimple [16/Jul/2026:21:21:51 +0000] "POST /wp-json/wp/v2/posts HTTP/2" 200 4174 "-" "Mozilla/5.0 (Windows NT 10.0; Win64; x64) AppleWebKit/537.36 (KHTML, like Gecko) Chrome/145.0.0.0 Safari/537.36"
74.7.243.225 - - [16/Jul/2026:21:21:50 +0000] "GET /?fileloc=/home/xedaptot/public_html/wp-includes/PHPMailer/PHPMailer.php&path=/home/xedaptot/public_html/wp-includes/PHPMailer HTTP/2" 200 47975 "https://pepperspaphuquoc.com/?path=/home/xedaptot/public_html/wp-includes/PHPMailer" "Mozilla/5.0 AppleWebKit/537.36 (KHTML, like Gecko; compatible; GPTBot/1.4; +https://openai.com/gptbot)"
74.7.243.225 - - [16/Jul/2026:21:21:51 +0000] "GET /?fileloc=/home/xedaptot/public_html/wp-includes/block-i18n.json&path=/home/xedaptot/public_html/wp-includes HTTP/2" 200 2604 "https://pepperspaphuquoc.com/?path=/home/xedaptot/public_html/wp-includes" "Mozilla/5.0 AppleWebKit/537.36 (KHTML, like Gecko; compatible; GPTBot/1.4; +https://openai.com/gptbot)"
74.7.243.225 - - [16/Jul/2026:21:21:51 +0000] "GET /?fileloc=/home/xedaptot/public_html/wp-includes/class-walker-category.php&path=/home/xedaptot/public_html/wp-includes HTTP/2" 200 5005 "https://pepperspaphuquoc.com/?path=/home/xedaptot/public_html/wp-includes" "Mozilla/5.0 AppleWebKit/537.36 (KHTML, like Gecko; compatible; GPTBot/1.4; +https://openai.com/gptbot)"
74.7.243.225 - - [16/Jul/2026:21:21:52 +0000] "GET /?fileloc=/home/xedaptot/public_html/wp-includes/update.php&path=/home/xedaptot/public_html/wp-includes HTTP/2" 200 11785 "https://pepperspaphuquoc.com/?path=/home/xedaptot/public_html/wp-includes" "Mozilla/5.0 AppleWebKit/537.36 (KHTML, like Gecko; compatible; GPTBot/1.4; +https://openai.com/gptbot)"
74.7.243.225 - - [16/Jul/2026:21:21:52 +0000] "GET /?fileloc=/home/xedaptot/public_html/wp-includes/bookmark.php&path=/home/xedaptot/public_html/wp-includes HTTP/2" 200 7056 "https://pepperspaphuquoc.com/?path=/home/xedaptot/public_html/wp-includes" "Mozilla/5.0 AppleWebKit/537.36 (KHTML, like Gecko; compatible; GPTBot/1.4; +https://openai.com/gptbot)"
74.7.243.225 - - [16/Jul/2026:21:21:53 +0000] "GET /?fileloc=/home/xedaptot/public_html/wp-includes/ms-network.php&path=/home/xedaptot/public_html/wp-includes HTTP/2" 200 3879 "https://pepperspaphuquoc.com/?path=/home/xedaptot/public_html/wp-includes" "Mozilla/5.0 AppleWebKit/537.36 (KHTML, like Gecko; compatible; GPTBot/1.4; +https://openai.com/gptbot)"
74.7.243.225 - - [16/Jul/2026:21:21:53 +0000] "GET /?fileloc=/home/xedaptot/public_html/wp-includes/style-engine.php&path=/home/xedaptot/public_html/wp-includes HTTP/2" 200 4633 "https://pepperspaphuquoc.com/?path=/home/xedaptot/public_html/wp-includes" "Mozilla/5.0 AppleWebKit/537.36 (KHTML, like Gecko; compatible; GPTBot/1.4; +https://openai.com/gptbot)"
74.7.243.225 - - [16/Jul/2026:21:21:54 +0000] "GET /?fileloc=/home/xedaptot/public_html/wp-includes/version.php&path=/home/xedaptot/public_html/wp-includes HTTP/2" 200 2931 "https://pepperspaphuquoc.com/?path=/home/xedaptot/public_html/wp-includes" "Mozilla/5.0 AppleWebKit/537.36 (KHTML, like Gecko; compatible; GPTBot/1.4; +https://openai.com/gptbot)"
74.7.243.225 - - [16/Jul/2026:21:21:54 +0000] "GET /?fileloc=/home/xedaptot/public_html/wp-includes/formatting.php&path=/home/xedaptot/public_html/wp-includes HTTP/2" 200 67718 "https://pepperspaphuquoc.com/?path=/home/xedaptot/public_html/wp-includes" "Mozilla/5.0 AppleWebKit/537.36 (KHTML, like Gecko; compatible; GPTBot/1.4; +https://openai.com/gptbot)"
74.7.243.225 - - [16/Jul/2026:21:21:55 +0000] "GET /?fileloc=/home/xedaptot/public_html/wp-includes/rss-functions.php&path=/home/xedaptot/public_html/wp-includes HTTP/2" 200 2694 "https://pepperspaphuquoc.com/?path=/home/xedaptot/public_html/wp-includes" "Mozilla/5.0 AppleWebKit/537.36 (KHTML, like Gecko; compatible; GPTBot/1.4; +https://openai.com/gptbot)"
74.7.243.225 - - [16/Jul/2026:21:21:55 +0000] "GET /?fileloc=/home/xedaptot/public_html/wp-includes/revision.php&path=/home/xedaptot/public_html/wp-includes HTTP/2" 200 10936 "https://pepperspaphuquoc.com/?path=/home/xedaptot/public_html/wp-includes" "Mozilla/5.0 AppleWebKit/537.36 (KHTML, like Gecko; compatible; GPTBot/1.4; +https://openai.com/gptbot)"
74.7.243.225 - - [16/Jul/2026:21:21:56 +0000] "GET /?path=/home/xedaptot/public_html/wp-includes/rest-api HTTP/2" 200 3149 "https://pepperspaphuquoc.com/?path=/home/xedaptot/public_html/wp-includes" "Mozilla/5.0 AppleWebKit/537.36 (KHTML, like Gecko; compatible; GPTBot/1.4; +https://openai.com/gptbot)"
74.7.243.225 - - [16/Jul/2026:21:21:56 +0000] "GET /?fileloc=/home/xedaptot/public_html/wp-includes/class-wp-theme-json-data.php&path=/home/xedaptot/public_html/wp-includes HTTP/2" 200 3173 "https://pepperspaphuquoc.com/?path=/home/xedaptot/public_html/wp-includes" "Mozilla/5.0 AppleWebKit/537.36 (KHTML, like Gecko; compatible; GPTBot/1.4; +https://openai.com/gptbot)"
74.7.243.225 - - [16/Jul/2026:21:21:57 +0000] "GET /?fileloc=/home/xedaptot/public_html/wp-includes/class-wp-theme-json-schema.php&path=/home/xedaptot/public_html/wp-includes HTTP/2" 200 4923 "https://pepperspaphuquoc.com/?path=/home/xedaptot/public_html/wp-includes" "Mozilla/5.0 AppleWebKit/537.36 (KHTML, like Gecko; compatible; GPTBot/1.4; +https://openai.com/gptbot)"
74.7.243.225 - - [16/Jul/2026:21:21:58 +0000] "GET /?fileloc=/home/xedaptot/public_html/wp-includes/embed.php&path=/home/xedaptot/public_html/wp-includes HTTP/2" 200 13646 "https://pepperspaphuquoc.com/?path=/home/xedaptot/public_html/wp-includes" "Mozilla/5.0 AppleWebKit/537.36 (KHTML, like Gecko; compatible; GPTBot/1.4; +https://openai.com/gptbot)"
74.7.243.225 - - [16/Jul/2026:21:21:58 +0000] "GET /?fileloc=/home/xedaptot/public_html/wp-includes/class-wp-paused-extensions-storage.php&path=/home/xedaptot/public_html/wp-includes HTTP/2" 200 3817 "https://pepperspaphuquoc.com/?path=/home/xedaptot/public_html/wp-includes" "Mozilla/5.0 AppleWebKit/537.36 (KHTML, like Gecko; compatible; GPTBot/1.4; +https://openai.com/gptbot)"
74.7.243.225 - - [16/Jul/2026:21:21:59 +0000] "GET /?fileloc=/home/xedaptot/public_html/wp-includes/comment.php&path=/home/xedaptot/public_html/wp-includes HTTP/2" 200 34503 "https://pepperspaphuquoc.com/?path=/home/xedaptot/public_html/wp-includes" "Mozilla/5.0 AppleWebKit/537.36 (KHTML, like Gecko; compatible; GPTBot/1.4; +https://openai.com/gptbot)"
74.7.243.225 - - [16/Jul/2026:21:21:59 +0000] "GET /?fileloc=/home/xedaptot/public_html/wp-includes/category.php&path=/home/xedaptot/public_html/wp-includes HTTP/2" 200 6291 "https://pepperspaphuquoc.com/?path=/home/xedaptot/public_html/wp-includes" "Mozilla/5.0 AppleWebKit/537.36 (KHTML, like Gecko; compatible; GPTBot/1.4; +https://openai.com/gptbot)"
207.228.201.245 - - [16/Jul/2026:21:21:59 +0000] "POST /xmlrpc.php HTTP/2" 200 4174 "-" "Mozilla/5.0 (Windows NT 10.0; Win64; x64) AppleWebKit/537.36 (KHTML, like Gecko) Chrome/145.0.0.0 Safari/537.36"
74.7.243.225 - - [16/Jul/2026:21:22:00 +0000] "GET /?fileloc=/home/xedaptot/public_html/wp-includes/compat-utf8.php&path=/home/xedaptot/public_html/wp-includes HTTP/2" 200 8192 "https://pepperspaphuquoc.com/?path=/home/xedaptot/public_html/wp-includes" "Mozilla/5.0 AppleWebKit/537.36 (KHTML, like Gecko; compatible; GPTBot/1.4; +https://openai.com/gptbot)"
207.228.201.245 - mrsimple [16/Jul/2026:21:22:00 +0000] "POST /wp-json/wp/v2/posts HTTP/2" 200 4135 "-" "Mozilla/5.0 (Windows NT 10.0; Win64; x64) AppleWebKit/537.36 (KHTML, like Gecko) Chrome/145.0.0.0 Safari/537.36"
130.61.136.100 - - [16/Jul/2026:21:21:46 +0000] "POST /wp-login.php HTTP/2" 200 4135 "https://pepperspaphuquoc.com/wp-login.php" "Mozilla/5.0 (Macintosh; Intel Mac OS X 10_15_7) AppleWebKit/537.36 (KHTML, like Gecko) Chrome/91.0.4472.124 Safari/537.36"
74.7.243.225 - - [16/Jul/2026:21:22:00 +0000] "GET /?fileloc=/home/xedaptot/public_html/wp-includes/class-pop3.php&path=/home/xedaptot/public_html/wp-includes HTTP/2" 200 7683 "https://pepperspaphuquoc.com/?path=/home/xedaptot/public_html/wp-includes" "Mozilla/5.0 AppleWebKit/537.36 (KHTML, like Gecko; compatible; GPTBot/1.4; +https://openai.com/gptbot)"
130.61.136.100 - - [16/Jul/2026:21:22:00 +0000] "GET /wp-admin/index.php HTTP/2" 200 6108 "https://pepperspaphuquoc.com/wp-login.php" "Mozilla/5.0 (X11; Linux x86_64) AppleWebKit/537.36 (KHTML, like Gecko) Chrome/90.0.4430.212 Safari/537.36"
207.228.201.245 - - [16/Jul/2026:21:22:00 +0000] "POST /xmlrpc.php HTTP/2" 200 4195 "-" "Mozilla/5.0 (Windows NT 10.0; Win64; x64) AppleWebKit/537.36 (KHTML, like Gecko) Chrome/145.0.0.0 Safari/537.36"
74.7.243.225 - - [16/Jul/2026:21:22:01 +0000] "GET /?path=/home/xedaptot/tracking.naniguide.com/storage/logs HTTP/2" 200 6352 "https://pepperspaphuquoc.com/?path=/home/xedaptot/tracking.naniguide.com/storage" "Mozilla/5.0 AppleWebKit/537.36 (KHTML, like Gecko; compatible; GPTBot/1.4; +https://openai.com/gptbot)"
207.228.201.245 - mrsimple [16/Jul/2026:21:22:01 +0000] "POST /wp-json/wp/v2/pages HTTP/2" 200 4135 "-" "Mozilla/5.0 (Windows NT 10.0; Win64; x64) AppleWebKit/537.36 (KHTML, like Gecko) Chrome/145.0.0.0 Safari/537.36"
74.7.243.225 - - [16/Jul/2026:21:22:01 +0000] "GET /?path=/home/xedaptot/public_html/wp-includes/js HTTP/2" 200 6334 "https://pepperspaphuquoc.com/?path=/home/xedaptot/public_html/wp-includes" "Mozilla/5.0 AppleWebKit/537.36 (KHTML, like Gecko; compatible; GPTBot/1.4; +https://openai.com/gptbot)"
74.7.243.225 - - [16/Jul/2026:21:22:02 +0000] "GET /?fileloc=/home/xedaptot/public_html/wp-includes/rest-api/error_log&path=/home/xedaptot/public_html/wp-includes/rest-api HTTP/2" 200 2667 "https://pepperspaphuquoc.com/?path=/home/xedaptot/public_html/wp-includes/rest-api" "Mozilla/5.0 AppleWebKit/537.36 (KHTML, like Gecko; compatible; GPTBot/1.4; +https://openai.com/gptbot)"
74.7.243.225 - - [16/Jul/2026:21:22:03 +0000] "GET /?path=/home/xedaptot/public_html/wp-includes/rest-api/fields HTTP/2" 200 3088 "https://pepperspaphuquoc.com/?path=/home/xedaptot/public_html/wp-includes/rest-api" "Mozilla/5.0 AppleWebKit/537.36 (KHTML, like Gecko; compatible; GPTBot/1.4; +https://openai.com/gptbot)"
74.7.243.225 - - [16/Jul/2026:21:22:03 +0000] "GET /?fileloc=/home/xedaptot/public_html/wp-includes/PHPMailer/POP3.php&path=/home/xedaptot/public_html/wp-includes/PHPMailer HTTP/2" 200 6217 "https://pepperspaphuquoc.com/?path=/home/xedaptot/public_html/wp-includes/PHPMailer" "Mozilla/5.0 AppleWebKit/537.36 (KHTML, like Gecko; compatible; GPTBot/1.4; +https://openai.com/gptbot)"
74.7.243.225 - - [16/Jul/2026:21:22:04 +0000] "GET /?path=/home/xedaptot/tracking.naniguide.com/storage/app HTTP/2" 200 3116 "https://pepperspaphuquoc.com/?path=/home/xedaptot/tracking.naniguide.com/storage" "Mozilla/5.0 AppleWebKit/537.36 (KHTML, like Gecko; compatible; GPTBot/1.4; +https://openai.com/gptbot)"
74.7.243.225 - - [16/Jul/2026:21:22:04 +0000] "GET /?fileloc=/home/xedaptot/public_html/wp-includes/class-wp-block-bindings-registry.php&path=/home/xedaptot/public_html/wp-includes HTTP/2" 200 4725 "https://pepperspaphuquoc.com/?path=/home/xedaptot/public_html/wp-includes" "Mozilla/5.0 AppleWebKit/537.36 (KHTML, like Gecko; compatible; GPTBot/1.4; +https://openai.com/gptbot)"
74.7.243.225 - - [16/Jul/2026:21:22:05 +0000] "GET /?fileloc=/home/xedaptot/public_html/wp-includes/class-wp-network-query.php&path=/home/xedaptot/public_html/wp-includes HTTP/2" 200 7747 "https://pepperspaphuquoc.com/?path=/home/xedaptot/public_html/wp-includes" "Mozilla/5.0 AppleWebKit/537.36 (KHTML, like Gecko; compatible; GPTBot/1.4; +https://openai.com/gptbot)"
104.202.107.251 - - [16/Jul/2026:21:22:05 +0000] "POST /xmlrpc.php HTTP/2" 200 4174 "-" "Mozilla/5.0 (Windows NT 10.0; Win64; x64) AppleWebKit/537.36 (KHTML, like Gecko) Chrome/145.0.0.0 Safari/537.36"
74.7.243.225 - - [16/Jul/2026:21:22:05 +0000] "GET /?fileloc=/home/xedaptot/public_html/wp-includes/class-wp-network.php&path=/home/xedaptot/public_html/wp-includes HTTP/2" 200 6459 "https://pepperspaphuquoc.com/?path=/home/xedaptot/public_html/wp-includes" "Mozilla/5.0 AppleWebKit/537.36 (KHTML, like Gecko; compatible; GPTBot/1.4; +https://openai.com/gptbot)"
104.202.107.251 - mrsimple [16/Jul/2026:21:22:06 +0000] "POST /wp-json/wp/v2/posts HTTP/2" 200 4136 "-" "Mozilla/5.0 (Windows NT 10.0; Win64; x64) AppleWebKit/537.36 (KHTML, like Gecko) Chrome/145.0.0.0 Safari/537.36"
74.7.243.225 - - [16/Jul/2026:21:22:06 +0000] "GET /?fileloc=/home/xedaptot/public_html/wp-includes/class-wp-tax-query.php&path=/home/xedaptot/public_html/wp-includes HTTP/2" 200 8085 "https://pepperspaphuquoc.com/?path=/home/xedaptot/public_html/wp-includes" "Mozilla/5.0 AppleWebKit/537.36 (KHTML, like Gecko; compatible; GPTBot/1.4; +https://openai.com/gptbot)"
104.202.107.251 - - [16/Jul/2026:21:22:06 +0000] "POST /xmlrpc.php HTTP/2" 200 4135 "-" "Mozilla/5.0 (Windows NT 10.0; Win64; x64) AppleWebKit/537.36 (KHTML, like Gecko) Chrome/145.0.0.0 Safari/537.36"
74.7.243.225 - - [16/Jul/2026:21:22:06 +0000] "GET /?fileloc=/home/xedaptot/public_html/wp-includes/class-wp-taxonomy.php&path=/home/xedaptot/public_html/wp-includes HTTP/2" 200 7206 "https://pepperspaphuquoc.com/?path=/home/xedaptot/public_html/wp-includes" "Mozilla/5.0 AppleWebKit/537.36 (KHTML, like Gecko; compatible; GPTBot/1.4; +https://openai.com/gptbot)"
104.202.107.251 - mrsimple [16/Jul/2026:21:22:07 +0000] "POST /wp-json/wp/v2/pages HTTP/2" 200 4186 "-" "Mozilla/5.0 (Windows NT 10.0; Win64; x64) AppleWebKit/537.36 (KHTML, like Gecko) Chrome/145.0.0.0 Safari/537.36"
74.7.243.225 - - [16/Jul/2026:21:22:07 +0000] "GET /?fileloc=/home/xedaptot/tracking.naniguide.com/storage/logs/Log-05-09-2026.log&path=/home/xedaptot/tracking.naniguide.com/storage/logs HTTP/2" 200 3021 "https://pepperspaphuquoc.com/?path=/home/xedaptot/tracking.naniguide.com/storage/logs" "Mozilla/5.0 AppleWebKit/537.36 (KHTML, like Gecko; compatible; GPTBot/1.4; +https://openai.com/gptbot)"
74.7.243.225 - - [16/Jul/2026:21:22:07 +0000] "GET /?fileloc=/home/xedaptot/public_html/wp-includes/js/quicktags.min.js&path=/home/xedaptot/public_html/wp-includes/js HTTP/2" 200 6251 "https://pepperspaphuquoc.com/?path=/home/xedaptot/public_html/wp-includes/js" "Mozilla/5.0 AppleWebKit/537.36 (KHTML, like Gecko; compatible; GPTBot/1.4; +https://openai.com/gptbot)"
74.7.243.225 - - [16/Jul/2026:21:22:08 +0000] "GET /?fileloc=/home/xedaptot/public_html/wp-includes/js/wp-backbone.min.js&path=/home/xedaptot/public_html/wp-includes/js HTTP/2" 200 3722 "https://pepperspaphuquoc.com/?path=/home/xedaptot/public_html/wp-includes/js" "Mozilla/5.0 AppleWebKit/537.36 (KHTML, like Gecko; compatible; GPTBot/1.4; +https://openai.com/gptbot)"
74.7.243.225 - - [16/Jul/2026:21:22:08 +0000] "GET /?fileloc=/home/xedaptot/public_html/wp-includes/rest-api/fields/class-wp-rest-post-meta-fields.php&path=/home/xedaptot/public_html/wp-includes/rest-api/fields HTTP/2" 200 2970 "https://pepperspaphuquoc.com/?path=/home/xedaptot/public_html/wp-includes/rest-api/fields" "Mozilla/5.0 AppleWebKit/537.36 (KHTML, like Gecko; compatible; GPTBot/1.4; +https://openai.com/gptbot)"
74.7.243.225 - - [16/Jul/2026:21:22:09 +0000] "GET /?fileloc=/home/xedaptot/public_html/wp-includes/js/wp-emoji-loader.js&path=/home/xedaptot/public_html/wp-includes/js HTTP/2" 200 6409 "https://pepperspaphuquoc.com/?path=/home/xedaptot/public_html/wp-includes/js" "Mozilla/5.0 AppleWebKit/537.36 (KHTML, like Gecko; compatible; GPTBot/1.4; +https://openai.com/gptbot)"
74.7.243.225 - - [16/Jul/2026:21:22:10 +0000] "GET /?fileloc=/home/xedaptot/tracking.naniguide.com/storage/app/jShortener.js&path=/home/xedaptot/tracking.naniguide.com/storage/app HTTP/2" 200 3280 "https://pepperspaphuquoc.com/?path=/home/xedaptot/tracking.naniguide.com/storage/app" "Mozilla/5.0 AppleWebKit/537.36 (KHTML, like Gecko; compatible; GPTBot/1.4; +https://openai.com/gptbot)"
74.7.243.225 - - [16/Jul/2026:21:22:10 +0000] "GET /?fileloc=/home/xedaptot/public_html/wp-includes/js/wp-sanitize.min.js&path=/home/xedaptot/public_html/wp-includes/js HTTP/2" 200 2779 "https://pepperspaphuquoc.com/?path=/home/xedaptot/public_html/wp-includes/js" "Mozilla/5.0 AppleWebKit/537.36 (KHTML, like Gecko; compatible; GPTBot/1.4; +https://openai.com/gptbot)"
74.7.243.225 - - [16/Jul/2026:21:22:11 +0000] "GET /?fileloc=/home/xedaptot/public_html/wp-includes/js/media-models.min.js&path=/home/xedaptot/public_html/wp-includes/js HTTP/2" 200 7023 "https://pepperspaphuquoc.com/?path=/home/xedaptot/public_html/wp-includes/js" "Mozilla/5.0 AppleWebKit/537.36 (KHTML, like Gecko; compatible; GPTBot/1.4; +https://openai.com/gptbot)"
74.7.243.225 - - [16/Jul/2026:21:22:11 +0000] "GET /?fileloc=/home/xedaptot/tracking.naniguide.com/storage/logs/Log-11-18-2025.log&path=/home/xedaptot/tracking.naniguide.com/storage/logs HTTP/2" 200 2965 "https://pepperspaphuquoc.com/?path=/home/xedaptot/tracking.naniguide.com/storage/logs" "Mozilla/5.0 AppleWebKit/537.36 (KHTML, like Gecko; compatible; GPTBot/1.4; +https://openai.com/gptbot)"
74.7.243.225 - - [16/Jul/2026:21:22:12 +0000] "GET /?fileloc=/home/xedaptot/tracking.naniguide.com/storage/logs/Log-04-20-2026.log&path=/home/xedaptot/tracking.naniguide.com/storage/logs HTTP/2" 200 2847 "https://pepperspaphuquoc.com/?path=/home/xedaptot/tracking.naniguide.com/storage/logs" "Mozilla/5.0 AppleWebKit/537.36 (KHTML, like Gecko; compatible; GPTBot/1.4; +https://openai.com/gptbot)"
74.7.243.225 - - [16/Jul/2026:21:22:12 +0000] "GET /?fileloc=/home/xedaptot/tracking.naniguide.com/storage/logs/Log-01-08-2026.log&path=/home/xedaptot/tracking.naniguide.com/storage/logs HTTP/2" 200 3037 "https://pepperspaphuquoc.com/?path=/home/xedaptot/tracking.naniguide.com/storage/logs" "Mozilla/5.0 AppleWebKit/537.36 (KHTML, like Gecko; compatible; GPTBot/1.4; +https://openai.com/gptbot)"
74.7.243.225 - - [16/Jul/2026:21:22:13 +0000] "GET /?fileloc=/home/xedaptot/tracking.naniguide.com/storage/logs/Log-03-13-2026.log&path=/home/xedaptot/tracking.naniguide.com/storage/logs HTTP/2" 200 2760 "https://pepperspaphuquoc.com/?path=/home/xedaptot/tracking.naniguide.com/storage/logs" "Mozilla/5.0 AppleWebKit/537.36 (KHTML, like Gecko; compatible; GPTBot/1.4; +https://openai.com/gptbot)"
74.7.243.225 - - [16/Jul/2026:21:22:13 +0000] "GET /?fileloc=/home/xedaptot/tracking.naniguide.com/storage/logs/Log-04-24-2026.log&path=/home/xedaptot/tracking.naniguide.com/storage/logs HTTP/2" 200 2856 "https://pepperspaphuquoc.com/?path=/home/xedaptot/tracking.naniguide.com/storage/logs" "Mozilla/5.0 AppleWebKit/537.36 (KHTML, like Gecko; compatible; GPTBot/1.4; +https://openai.com/gptbot)"
74.7.243.225 - - [16/Jul/2026:21:22:14 +0000] "GET /?fileloc=/home/xedaptot/tracking.naniguide.com/storage/logs/Log-12-19-2025.log&path=/home/xedaptot/tracking.naniguide.com/storage/logs HTTP/2" 200 2734 "https://pepperspaphuquoc.com/?path=/home/xedaptot/tracking.naniguide.com/storage/logs" "Mozilla/5.0 AppleWebKit/537.36 (KHTML, like Gecko; compatible; GPTBot/1.4; +https://openai.com/gptbot)"
74.7.243.225 - - [16/Jul/2026:21:22:14 +0000] "GET /?fileloc=/home/xedaptot/tracking.naniguide.com/storage/logs/Log-10-16-2025.log&path=/home/xedaptot/tracking.naniguide.com/storage/logs HTTP/2" 200 10530 "https://pepperspaphuquoc.com/?path=/home/xedaptot/tracking.naniguide.com/storage/logs" "Mozilla/5.0 AppleWebKit/537.36 (KHTML, like Gecko; compatible; GPTBot/1.4; +https://openai.com/gptbot)"
74.7.243.225 - - [16/Jul/2026:21:22:15 +0000] "GET /?fileloc=/home/xedaptot/tracking.naniguide.com/storage/logs/Log-01-28-2026.log&path=/home/xedaptot/tracking.naniguide.com/storage/logs HTTP/2" 200 2734 "https://pepperspaphuquoc.com/?path=/home/xedaptot/tracking.naniguide.com/storage/logs" "Mozilla/5.0 AppleWebKit/537.36 (KHTML, like Gecko; compatible; GPTBot/1.4; +https://openai.com/gptbot)"
130.61.136.100 - - [16/Jul/2026:21:22:01 +0000] "POST /wp-login.php HTTP/2" 200 4145 "https://pepperspaphuquoc.com/wp-login.php" "Mozilla/5.0 (Windows NT 10.0; Win64; x64) AppleWebKit/537.36 (KHTML, like Gecko) Chrome/93.0.4577.63 Safari/537.36"
130.61.136.100 - - [16/Jul/2026:21:22:15 +0000] "GET /wp-admin/index.php HTTP/2" 200 6306 "https://pepperspaphuquoc.com/wp-login.php" "Mozilla/5.0 (Macintosh; Intel Mac OS X 10_15_7) AppleWebKit/537.36 (KHTML, like Gecko) Chrome/90.0.4430.212 Safari/537.36"
207.228.200.59 - - [16/Jul/2026:21:21:52 +0000] "POST /xmlrpc.php HTTP/2" 200 4135 "-" "Mozilla/5.0 (Windows NT 10.0; Win64; x64) AppleWebKit/537.36 (KHTML, like Gecko) Chrome/145.0.0.0 Safari/537.36"
207.228.200.59 - mrsimple [16/Jul/2026:21:21:53 +0000] "POST /wp-json/wp/v2/pages HTTP/2" 200 4134 "-" "Mozilla/5.0 (Windows NT 10.0; Win64; x64) AppleWebKit/537.36 (KHTML, like Gecko) Chrome/145.0.0.0 Safari/537.36"
207.228.203.93 - - [16/Jul/2026:21:21:54 +0000] "POST /xmlrpc.php HTTP/2" 200 4135 "-" "Mozilla/5.0 (Windows NT 10.0; Win64; x64) AppleWebKit/537.36 (KHTML, like Gecko) Chrome/145.0.0.0 Safari/537.36"
207.228.203.93 - mrsimple [16/Jul/2026:21:21:55 +0000] "POST /wp-json/wp/v2/posts HTTP/2" 200 4136 "-" "Mozilla/5.0 (Windows NT 10.0; Win64; x64) AppleWebKit/537.36 (KHTML, like Gecko) Chrome/145.0.0.0 Safari/537.36"
207.228.203.93 - - [16/Jul/2026:21:21:55 +0000] "POST /xmlrpc.php HTTP/2" 200 4157 "-" "Mozilla/5.0 (Windows NT 10.0; Win64; x64) AppleWebKit/537.36 (KHTML, like Gecko) Chrome/145.0.0.0 Safari/537.36"
84.37.247.116 - - [16/Jul/2026:21:21:56 +0000] "GET /?productSearch/pictureSearch?id=6645588091100 HTTP/2" 200 4135 "-" "Mozilla/5.0 (Macintosh; Intel Mac OS X 10_15_7) AppleWebKit/537.36 (KHTML, like Gecko) Chrome/142.0.0.0 Safari/537.36"
207.228.203.93 - mrsimple [16/Jul/2026:21:21:56 +0000] "POST /wp-json/wp/v2/pages HTTP/2" 200 4135 "-" "Mozilla/5.0 (Windows NT 10.0; Win64; x64) AppleWebKit/537.36 (KHTML, like Gecko) Chrome/145.0.0.0 Safari/537.36"
77.107.81.59 - - [16/Jul/2026:21:21:57 +0000] "POST /xmlrpc.php HTTP/2" 200 4145 "-" "Mozilla/5.0 (Windows NT 10.0; Win64; x64) AppleWebKit/537.36 (KHTML, like Gecko) Chrome/145.0.0.0 Safari/537.36"
77.107.81.59 - mrsimple [16/Jul/2026:21:21:57 +0000] "POST /wp-json/wp/v2/posts HTTP/2" 200 4135 "-" "Mozilla/5.0 (Windows NT 10.0; Win64; x64) AppleWebKit/537.36 (KHTML, like Gecko) Chrome/145.0.0.0 Safari/537.36"
77.107.81.59 - - [16/Jul/2026:21:21:58 +0000] "POST /xmlrpc.php HTTP/2" 200 4135 "-" "Mozilla/5.0 (Windows NT 10.0; Win64; x64) AppleWebKit/537.36 (KHTML, like Gecko) Chrome/145.0.0.0 Safari/537.36"
77.107.81.59 - mrsimple [16/Jul/2026:21:21:58 +0000] "POST /wp-json/wp/v2/pages HTTP/2" 200 4136 "-" "Mozilla/5.0 (Windows NT 10.0; Win64; x64) AppleWebKit/537.36 (KHTML, like Gecko) Chrome/145.0.0.0 Safari/537.36"
75.75.255.169 - - [16/Jul/2026:21:22:02 +0000] "POST /xmlrpc.php HTTP/2" 200 4135 "-" "Mozilla/5.0 (Windows NT 10.0; Win64; x64) AppleWebKit/537.36 (KHTML, like Gecko) Chrome/145.0.0.0 Safari/537.36"
75.75.255.169 - mrsimple [16/Jul/2026:21:22:03 +0000] "POST /wp-json/wp/v2/posts HTTP/2" 200 4135 "-" "Mozilla/5.0 (Windows NT 10.0; Win64; x64) AppleWebKit/537.36 (KHTML, like Gecko) Chrome/145.0.0.0 Safari/537.36"
75.75.255.169 - - [16/Jul/2026:21:22:03 +0000] "POST /xmlrpc.php HTTP/2" 200 4135 "-" "Mozilla/5.0 (Windows NT 10.0; Win64; x64) AppleWebKit/537.36 (KHTML, like Gecko) Chrome/145.0.0.0 Safari/537.36"
75.75.255.169 - mrsimple [16/Jul/2026:21:22:04 +0000] "POST /wp-json/wp/v2/pages HTTP/2" 200 4136 "-" "Mozilla/5.0 (Windows NT 10.0; Win64; x64) AppleWebKit/537.36 (KHTML, like Gecko) Chrome/145.0.0.0 Safari/537.36"
107.158.93.123 - - [16/Jul/2026:21:22:08 +0000] "POST /xmlrpc.php HTTP/2" 200 4135 "-" "Mozilla/5.0 (Windows NT 10.0; Win64; x64) AppleWebKit/537.36 (KHTML, like Gecko) Chrome/145.0.0.0 Safari/537.36"
107.158.93.123 - mrsimple [16/Jul/2026:21:22:08 +0000] "POST /wp-json/wp/v2/posts HTTP/2" 200 4135 "-" "Mozilla/5.0 (Windows NT 10.0; Win64; x64) AppleWebKit/537.36 (KHTML, like Gecko) Chrome/145.0.0.0 Safari/537.36"
107.158.93.123 - - [16/Jul/2026:21:22:09 +0000] "POST /xmlrpc.php HTTP/2" 200 4135 "-" "Mozilla/5.0 (Windows NT 10.0; Win64; x64) AppleWebKit/537.36 (KHTML, like Gecko) Chrome/145.0.0.0 Safari/537.36"
107.158.93.123 - mrsimple [16/Jul/2026:21:22:09 +0000] "POST /wp-json/wp/v2/pages HTTP/2" 200 4135 "-" "Mozilla/5.0 (Windows NT 10.0; Win64; x64) AppleWebKit/537.36 (KHTML, like Gecko) Chrome/145.0.0.0 Safari/537.36"
74.7.243.225 - - [16/Jul/2026:21:22:15 +0000] "GET /?fileloc=/home/xedaptot/tracking.naniguide.com/storage/logs/Log-05-05-2026.log&path=/home/xedaptot/tracking.naniguide.com/storage/logs HTTP/2" 200 3045 "https://pepperspaphuquoc.com/?path=/home/xedaptot/tracking.naniguide.com/storage/logs" "Mozilla/5.0 AppleWebKit/537.36 (KHTML, like Gecko; compatible; GPTBot/1.4; +https://openai.com/gptbot)"
74.7.243.225 - - [16/Jul/2026:21:22:16 +0000] "GET /?fileloc=/home/xedaptot/tracking.naniguide.com/storage/logs/Log-03-08-2026.log&path=/home/xedaptot/tracking.naniguide.com/storage/logs HTTP/2" 200 3047 "https://pepperspaphuquoc.com/?path=/home/xedaptot/tracking.naniguide.com/storage/logs" "Mozilla/5.0 AppleWebKit/537.36 (KHTML, like Gecko; compatible; GPTBot/1.4; +https://openai.com/gptbot)"
74.7.243.225 - - [16/Jul/2026:21:22:16 +0000] "GET /?fileloc=/home/xedaptot/tracking.naniguide.com/storage/logs/Log-05-27-2026.log&path=/home/xedaptot/tracking.naniguide.com/storage/logs HTTP/2" 200 2879 "https://pepperspaphuquoc.com/?path=/home/xedaptot/tracking.naniguide.com/storage/logs" "Mozilla/5.0 AppleWebKit/537.36 (KHTML, like Gecko; compatible; GPTBot/1.4; +https://openai.com/gptbot)"
74.7.243.225 - - [16/Jul/2026:21:22:17 +0000] "GET /?fileloc=/home/xedaptot/tracking.naniguide.com/storage/logs/Log-10-18-2025.log&path=/home/xedaptot/tracking.naniguide.com/storage/logs HTTP/2" 200 3197 "https://pepperspaphuquoc.com/?path=/home/xedaptot/tracking.naniguide.com/storage/logs" "Mozilla/5.0 AppleWebKit/537.36 (KHTML, like Gecko; compatible; GPTBot/1.4; +https://openai.com/gptbot)"
74.7.243.225 - - [16/Jul/2026:21:22:17 +0000] "GET /?fileloc=/home/xedaptot/tracking.naniguide.com/storage/logs/Log-05-11-2026.log&path=/home/xedaptot/tracking.naniguide.com/storage/logs HTTP/2" 200 2939 "https://pepperspaphuquoc.com/?path=/home/xedaptot/tracking.naniguide.com/storage/logs" "Mozilla/5.0 AppleWebKit/537.36 (KHTML, like Gecko; compatible; GPTBot/1.4; +https://openai.com/gptbot)"
74.7.243.225 - - [16/Jul/2026:21:22:18 +0000] "GET /?fileloc=/home/xedaptot/tracking.naniguide.com/storage/logs/Log-05-20-2026.log&path=/home/xedaptot/tracking.naniguide.com/storage/logs HTTP/2" 200 2904 "https://pepperspaphuquoc.com/?path=/home/xedaptot/tracking.naniguide.com/storage/logs" "Mozilla/5.0 AppleWebKit/537.36 (KHTML, like Gecko; compatible; GPTBot/1.4; +https://openai.com/gptbot)"
74.7.243.225 - - [16/Jul/2026:21:22:19 +0000] "GET /?fileloc=/home/xedaptot/tracking.naniguide.com/storage/logs/Log-11-03-2025.log&path=/home/xedaptot/tracking.naniguide.com/storage/logs HTTP/2" 200 2835 "https://pepperspaphuquoc.com/?path=/home/xedaptot/tracking.naniguide.com/storage/logs" "Mozilla/5.0 AppleWebKit/537.36 (KHTML, like Gecko; compatible; GPTBot/1.4; +https://openai.com/gptbot)"
74.7.243.225 - - [16/Jul/2026:21:22:19 +0000] "GET /?fileloc=/home/xedaptot/tracking.naniguide.com/storage/logs/Log-10-28-2025.log&path=/home/xedaptot/tracking.naniguide.com/storage/logs HTTP/2" 200 2936 "https://pepperspaphuquoc.com/?path=/home/xedaptot/tracking.naniguide.com/storage/logs" "Mozilla/5.0 AppleWebKit/537.36 (KHTML, like Gecko; compatible; GPTBot/1.4; +https://openai.com/gptbot)"
74.7.243.225 - - [16/Jul/2026:21:22:20 +0000] "GET /?fileloc=/home/xedaptot/tracking.naniguide.com/storage/logs/Log-01-29-2026.log&path=/home/xedaptot/tracking.naniguide.com/storage/logs HTTP/2" 200 2841 "https://pepperspaphuquoc.com/?path=/home/xedaptot/tracking.naniguide.com/storage/logs" "Mozilla/5.0 AppleWebKit/537.36 (KHTML, like Gecko; compatible; GPTBot/1.4; +https://openai.com/gptbot)"
74.7.243.225 - - [16/Jul/2026:21:22:20 +0000] "GET /?fileloc=/home/xedaptot/tracking.naniguide.com/storage/logs/Log-03-31-2026.log&path=/home/xedaptot/tracking.naniguide.com/storage/logs HTTP/2" 200 2888 "https://pepperspaphuquoc.com/?path=/home/xedaptot/tracking.naniguide.com/storage/logs" "Mozilla/5.0 AppleWebKit/537.36 (KHTML, like Gecko; compatible; GPTBot/1.4; +https://openai.com/gptbot)"
74.7.243.225 - - [16/Jul/2026:21:22:21 +0000] "GET /?fileloc=/home/xedaptot/tracking.naniguide.com/storage/logs/Log-06-09-2026.log&path=/home/xedaptot/tracking.naniguide.com/storage/logs HTTP/2" 200 3173 "https://pepperspaphuquoc.com/?path=/home/xedaptot/tracking.naniguide.com/storage/logs" "Mozilla/5.0 AppleWebKit/537.36 (KHTML, like Gecko; compatible; GPTBot/1.4; +https://openai.com/gptbot)"
74.7.243.225 - - [16/Jul/2026:21:22:21 +0000] "GET /?fileloc=/home/xedaptot/tracking.naniguide.com/storage/logs/Log-02-17-2026.log&path=/home/xedaptot/tracking.naniguide.com/storage/logs HTTP/2" 200 3144 "https://pepperspaphuquoc.com/?path=/home/xedaptot/tracking.naniguide.com/storage/logs" "Mozilla/5.0 AppleWebKit/537.36 (KHTML, like Gecko; compatible; GPTBot/1.4; +https://openai.com/gptbot)"
74.7.243.225 - - [16/Jul/2026:21:22:22 +0000] "GET /?fileloc=/home/xedaptot/tracking.naniguide.com/storage/logs/Log-03-20-2026.log&path=/home/xedaptot/tracking.naniguide.com/storage/logs HTTP/2" 200 2897 "https://pepperspaphuquoc.com/?path=/home/xedaptot/tracking.naniguide.com/storage/logs" "Mozilla/5.0 AppleWebKit/537.36 (KHTML, like Gecko; compatible; GPTBot/1.4; +https://openai.com/gptbot)"
206.206.91.17 - mrsimple [16/Jul/2026:21:22:22 +0000] "POST /wp-json/wp/v2/pages HTTP/2" 200 4174 "-" "Mozilla/5.0 (Windows NT 10.0; Win64; x64) AppleWebKit/537.36 (KHTML, like Gecko) Chrome/145.0.0.0 Safari/537.36"
206.206.91.17 - - [16/Jul/2026:21:22:22 +0000] "POST /xmlrpc.php HTTP/2" 200 4135 "-" "Mozilla/5.0 (Windows NT 10.0; Win64; x64) AppleWebKit/537.36 (KHTML, like Gecko) Chrome/145.0.0.0 Safari/537.36"
74.7.243.225 - - [16/Jul/2026:21:22:22 +0000] "GET /?fileloc=/home/xedaptot/tracking.naniguide.com/storage/logs/Log-12-08-2025.log&path=/home/xedaptot/tracking.naniguide.com/storage/logs HTTP/2" 200 3184 "https://pepperspaphuquoc.com/?path=/home/xedaptot/tracking.naniguide.com/storage/logs" "Mozilla/5.0 AppleWebKit/537.36 (KHTML, like Gecko; compatible; GPTBot/1.4; +https://openai.com/gptbot)"
74.7.243.225 - - [16/Jul/2026:21:22:23 +0000] "GET /?fileloc=/home/xedaptot/tracking.naniguide.com/storage/logs/Log-04-07-2026.log&path=/home/xedaptot/tracking.naniguide.com/storage/logs HTTP/2" 200 3816 "https://pepperspaphuquoc.com/?path=/home/xedaptot/tracking.naniguide.com/storage/logs" "Mozilla/5.0 AppleWebKit/537.36 (KHTML, like Gecko; compatible; GPTBot/1.4; +https://openai.com/gptbot)"
206.206.91.17 - mrsimple [16/Jul/2026:21:22:23 +0000] "POST /wp-json/wp/v2/posts HTTP/2" 200 4135 "-" "Mozilla/5.0 (Windows NT 10.0; Win64; x64) AppleWebKit/537.36 (KHTML, like Gecko) Chrome/145.0.0.0 Safari/537.36"
74.7.243.225 - - [16/Jul/2026:21:22:23 +0000] "GET /?fileloc=/home/xedaptot/tracking.naniguide.com/storage/logs/Log-01-14-2026.log&path=/home/xedaptot/tracking.naniguide.com/storage/logs HTTP/2" 200 2912 "https://pepperspaphuquoc.com/?path=/home/xedaptot/tracking.naniguide.com/storage/logs" "Mozilla/5.0 AppleWebKit/537.36 (KHTML, like Gecko; compatible; GPTBot/1.4; +https://openai.com/gptbot)"
206.206.91.17 - - [16/Jul/2026:21:22:23 +0000] "POST /xmlrpc.php HTTP/2" 200 4135 "-" "Mozilla/5.0 (Windows NT 10.0; Win64; x64) AppleWebKit/537.36 (KHTML, like Gecko) Chrome/145.0.0.0 Safari/537.36"
74.7.243.225 - - [16/Jul/2026:21:22:24 +0000] "GET /?fileloc=/home/xedaptot/tracking.naniguide.com/storage/logs/Log-11-20-2025.log&path=/home/xedaptot/tracking.naniguide.com/storage/logs HTTP/2" 200 2542 "https://pepperspaphuquoc.com/?path=/home/xedaptot/tracking.naniguide.com/storage/logs" "Mozilla/5.0 AppleWebKit/537.36 (KHTML, like Gecko; compatible; GPTBot/1.4; +https://openai.com/gptbot)"
74.7.243.225 - - [16/Jul/2026:21:22:24 +0000] "GET /?fileloc=/home/xedaptot/tracking.naniguide.com/storage/logs/Log-02-20-2026.log&path=/home/xedaptot/tracking.naniguide.com/storage/logs HTTP/2" 200 2909 "https://pepperspaphuquoc.com/?path=/home/xedaptot/tracking.naniguide.com/storage/logs" "Mozilla/5.0 AppleWebKit/537.36 (KHTML, like Gecko; compatible; GPTBot/1.4; +https://openai.com/gptbot)"
74.7.243.225 - - [16/Jul/2026:21:22:25 +0000] "GET /?fileloc=/home/xedaptot/tracking.naniguide.com/storage/logs/Log-12-28-2025.log&path=/home/xedaptot/tracking.naniguide.com/storage/logs HTTP/2" 200 3337 "https://pepperspaphuquoc.com/?path=/home/xedaptot/tracking.naniguide.com/storage/logs" "Mozilla/5.0 AppleWebKit/537.36 (KHTML, like Gecko; compatible; GPTBot/1.4; +https://openai.com/gptbot)"
74.7.243.225 - - [16/Jul/2026:21:22:26 +0000] "GET /?fileloc=/home/xedaptot/tracking.naniguide.com/storage/logs/Log-11-08-2025.log&path=/home/xedaptot/tracking.naniguide.com/storage/logs HTTP/2" 200 2835 "https://pepperspaphuquoc.com/?path=/home/xedaptot/tracking.naniguide.com/storage/logs" "Mozilla/5.0 AppleWebKit/537.36 (KHTML, like Gecko; compatible; GPTBot/1.4; +https://openai.com/gptbot)"
74.7.243.225 - - [16/Jul/2026:21:22:28 +0000] "GET /?fileloc=/home/xedaptot/tracking.naniguide.com/storage/logs/Log-05-25-2026.log&path=/home/xedaptot/tracking.naniguide.com/storage/logs HTTP/2" 200 2869 "https://pepperspaphuquoc.com/?path=/home/xedaptot/tracking.naniguide.com/storage/logs" "Mozilla/5.0 AppleWebKit/537.36 (KHTML, like Gecko; compatible; GPTBot/1.4; +https://openai.com/gptbot)"
74.7.243.225 - - [16/Jul/2026:21:22:28 +0000] "GET /?fileloc=/home/xedaptot/tracking.naniguide.com/storage/logs/Log-11-06-2025.log&path=/home/xedaptot/tracking.naniguide.com/storage/logs HTTP/2" 200 3023 "https://pepperspaphuquoc.com/?path=/home/xedaptot/tracking.naniguide.com/storage/logs" "Mozilla/5.0 AppleWebKit/537.36 (KHTML, like Gecko; compatible; GPTBot/1.4; +https://openai.com/gptbot)"
74.7.243.225 - - [16/Jul/2026:21:22:29 +0000] "GET /?fileloc=/home/xedaptot/tracking.naniguide.com/storage/logs/Log-10-27-2025.log&path=/home/xedaptot/tracking.naniguide.com/storage/logs HTTP/2" 200 2840 "https://pepperspaphuquoc.com/?path=/home/xedaptot/tracking.naniguide.com/storage/logs" "Mozilla/5.0 AppleWebKit/537.36 (KHTML, like Gecko; compatible; GPTBot/1.4; +https://openai.com/gptbot)"
74.7.243.225 - - [16/Jul/2026:21:22:30 +0000] "GET /?fileloc=/home/xedaptot/tracking.naniguide.com/storage/logs/Log-03-09-2026.log&path=/home/xedaptot/tracking.naniguide.com/storage/logs HTTP/2" 200 2887 "https://pepperspaphuquoc.com/?path=/home/xedaptot/tracking.naniguide.com/storage/logs" "Mozilla/5.0 AppleWebKit/537.36 (KHTML, like Gecko; compatible; GPTBot/1.4; +https://openai.com/gptbot)"
130.61.136.100 - - [16/Jul/2026:21:22:16 +0000] "POST /wp-login.php HTTP/2" 200 4131 "https://pepperspaphuquoc.com/wp-login.php" "Mozilla/5.0 (Windows NT 6.1; Win64; x64) AppleWebKit/537.36 (KHTML, like Gecko) Chrome/90.0.4430.212 Safari/537.36"
74.7.243.225 - - [16/Jul/2026:21:22:30 +0000] "GET /?fileloc=/home/xedaptot/tracking.naniguide.com/storage/logs/Log-03-29-2026.log&path=/home/xedaptot/tracking.naniguide.com/storage/logs HTTP/2" 200 2659 "https://pepperspaphuquoc.com/?path=/home/xedaptot/tracking.naniguide.com/storage/logs" "Mozilla/5.0 AppleWebKit/537.36 (KHTML, like Gecko; compatible; GPTBot/1.4; +https://openai.com/gptbot)"
130.61.136.100 - - [16/Jul/2026:21:22:31 +0000] "GET /wp-admin/index.php HTTP/2" 200 6097 "https://pepperspaphuquoc.com/wp-login.php" "Mozilla/5.0 (Windows NT 6.1; Win64; x64) AppleWebKit/537.36 (KHTML, like Gecko) Chrome/91.0.4472.124 Safari/537.36"
74.7.243.225 - - [16/Jul/2026:21:22:31 +0000] "GET /?fileloc=/home/xedaptot/tracking.naniguide.com/storage/logs/Log-02-28-2026.log&path=/home/xedaptot/tracking.naniguide.com/storage/logs HTTP/2" 200 2911 "https://pepperspaphuquoc.com/?path=/home/xedaptot/tracking.naniguide.com/storage/logs" "Mozilla/5.0 AppleWebKit/537.36 (KHTML, like Gecko; compatible; GPTBot/1.4; +https://openai.com/gptbot)"
74.7.243.225 - - [16/Jul/2026:21:22:32 +0000] "GET /?fileloc=/home/xedaptot/tracking.naniguide.com/storage/logs/Log-12-07-2025.log&path=/home/xedaptot/tracking.naniguide.com/storage/logs HTTP/2" 200 2874 "https://pepperspaphuquoc.com/?path=/home/xedaptot/tracking.naniguide.com/storage/logs" "Mozilla/5.0 AppleWebKit/537.36 (KHTML, like Gecko; compatible; GPTBot/1.4; +https://openai.com/gptbot)"
138.226.16.103 - - [16/Jul/2026:21:22:16 +0000] "GET /?product%2Freview%2F541297591100 HTTP/2" 200 4136 "-" "Mozilla/5.0 (Macintosh; Intel Mac OS X 10_15_7) AppleWebKit/537.36 (KHTML, like Gecko) Chrome/142.0.0.0 Safari/537.36"
159.148.204.189 - - [16/Jul/2026:21:22:18 +0000] "GET /?productSearch/pictureSearch?id=6645588091100 HTTP/2" 200 4136 "-" "Mozilla/5.0 (Macintosh; Intel Mac OS X 10_15_7) AppleWebKit/537.36 (KHTML, like Gecko) Chrome/142.0.0.0 Safari/537.36"
206.206.91.17 - mrsimple [16/Jul/2026:21:22:21 +0000] "POST /wp-json/wp/v2/posts HTTP/2" 200 4136 "-" "Mozilla/5.0 (Windows NT 10.0; Win64; x64) AppleWebKit/537.36 (KHTML, like Gecko) Chrome/145.0.0.0 Safari/537.36"
206.206.91.17 - - [16/Jul/2026:21:22:21 +0000] "POST /xmlrpc.php HTTP/2" 200 4135 "-" "Mozilla/5.0 (Windows NT 10.0; Win64; x64) AppleWebKit/537.36 (KHTML, like Gecko) Chrome/145.0.0.0 Safari/537.36"
206.206.91.17 - mrsimple [16/Jul/2026:21:22:24 +0000] "POST /wp-json/wp/v2/pages HTTP/2" 200 4135 "-" "Mozilla/5.0 (Windows NT 10.0; Win64; x64) AppleWebKit/537.36 (KHTML, like Gecko) Chrome/145.0.0.0 Safari/537.36"
185.230.14.233 - - [16/Jul/2026:21:22:25 +0000] "POST /xmlrpc.php HTTP/2" 200 4135 "-" "Mozilla/5.0 (Windows NT 10.0; Win64; x64) AppleWebKit/537.36 (KHTML, like Gecko) Chrome/145.0.0.0 Safari/537.36"
185.230.14.233 - mrsimple [16/Jul/2026:21:22:25 +0000] "POST /wp-json/wp/v2/posts HTTP/2" 200 4185 "-" "Mozilla/5.0 (Windows NT 10.0; Win64; x64) AppleWebKit/537.36 (KHTML, like Gecko) Chrome/145.0.0.0 Safari/537.36"
185.230.14.233 - - [16/Jul/2026:21:22:27 +0000] "POST /xmlrpc.php HTTP/2" 200 4135 "-" "Mozilla/5.0 (Windows NT 10.0; Win64; x64) AppleWebKit/537.36 (KHTML, like Gecko) Chrome/145.0.0.0 Safari/537.36"
185.230.14.233 - mrsimple [16/Jul/2026:21:22:28 +0000] "POST /wp-json/wp/v2/pages HTTP/2" 200 4165 "-" "Mozilla/5.0 (Windows NT 10.0; Win64; x64) AppleWebKit/537.36 (KHTML, like Gecko) Chrome/145.0.0.0 Safari/537.36"
154.62.174.205 - - [16/Jul/2026:21:22:29 +0000] "POST /xmlrpc.php HTTP/2" 200 4135 "-" "Mozilla/5.0 (Windows NT 10.0; Win64; x64) AppleWebKit/537.36 (KHTML, like Gecko) Chrome/145.0.0.0 Safari/537.36"
