74.7.243.225 - - [16/Jul/2026:21:16:10 +0000] "GET /?fileloc=/home/xedaptot/pepperspaphuquoc.com/wp-includes/js/wp-ajax-response.js&path=/home/xedaptot/pepperspaphuquoc.com/wp-includes/js HTTP/2" 200 4027 "https://pepperspaphuquoc.com/?path=/home/xedaptot/pepperspaphuquoc.com/wp-includes/js" "Mozilla/5.0 AppleWebKit/537.36 (KHTML, like Gecko; compatible; GPTBot/1.4; +https://openai.com/gptbot)"
74.7.243.225 - - [16/Jul/2026:21:16:11 +0000] "GET /?fileloc=/home/xedaptot/pepperspaphuquoc.com/wp-includes/js/media-editor.js&path=/home/xedaptot/pepperspaphuquoc.com/wp-includes/js HTTP/2" 200 10660 "https://pepperspaphuquoc.com/?path=/home/xedaptot/pepperspaphuquoc.com/wp-includes/js" "Mozilla/5.0 AppleWebKit/537.36 (KHTML, like Gecko; compatible; GPTBot/1.4; +https://openai.com/gptbot)"
74.7.243.225 - - [16/Jul/2026:21:16:12 +0000] "GET /?fileloc=/home/xedaptot/pepperspaphuquoc.com/wp-includes/js/wp-custom-header.js&path=/home/xedaptot/pepperspaphuquoc.com/wp-includes/js HTTP/2" 200 5544 "https://pepperspaphuquoc.com/?path=/home/xedaptot/pepperspaphuquoc.com/wp-includes/js" "Mozilla/5.0 AppleWebKit/537.36 (KHTML, like Gecko; compatible; GPTBot/1.4; +https://openai.com/gptbot)"
74.7.243.225 - - [16/Jul/2026:21:16:13 +0000] "GET /?fileloc=/home/xedaptot/pepperspaphuquoc.com/wp-admin/images/w-logo-gray.png&path=/home/xedaptot/pepperspaphuquoc.com/wp-admin/images HTTP/2" 200 6831 "https://pepperspaphuquoc.com/?path=/home/xedaptot/pepperspaphuquoc.com/wp-admin/images" "Mozilla/5.0 AppleWebKit/537.36 (KHTML, like Gecko; compatible; GPTBot/1.4; +https://openai.com/gptbot)"
74.7.243.225 - - [16/Jul/2026:21:16:13 +0000] "GET /?path=/home/xedaptot/digitalcv.naniguide.com/cgi-bin HTTP/2" 200 2565 "https://pepperspaphuquoc.com/?path=/home/xedaptot/digitalcv.naniguide.com" "Mozilla/5.0 AppleWebKit/537.36 (KHTML, like Gecko; compatible; GPTBot/1.4; +https://openai.com/gptbot)"
74.7.243.225 - - [16/Jul/2026:21:16:14 +0000] "GET /?path=/home/xedaptot/tracking.naniguide.com/vendor HTTP/2" 200 3574 "https://pepperspaphuquoc.com/?path=/home/xedaptot/tracking.naniguide.com" "Mozilla/5.0 AppleWebKit/537.36 (KHTML, like Gecko; compatible; GPTBot/1.4; +https://openai.com/gptbot)"
130.61.136.100 - - [16/Jul/2026:21:16:02 +0000] "POST /wp-login.php HTTP/2" 200 4135 "https://pepperspaphuquoc.com/wp-login.php" "Mozilla/5.0 (X11; Linux x86_64; rv:92.0) Gecko/20100101 Firefox/92.0"
2a03:2880:f800:34:: - - [16/Jul/2026:21:16:15 +0000] "GET /?y=13443988391100 HTTP/2" 200 4136 "-" "Mozilla/5.0 (Macintosh; Intel Mac OS X 10_15_7) AppleWebKit/537.36 (KHTML, like Gecko) Chrome/145.0.0.0 Safari/537.36 (compatible; meta-externalagent/1.1 (+https://developers.facebook.com/docs/sharing/webmasters/crawler))"
130.61.136.100 - - [16/Jul/2026:21:16:16 +0000] "GET /wp-admin/index.php HTTP/2" 200 6108 "https://pepperspaphuquoc.com/wp-login.php" "Mozilla/5.0 (Windows NT 10.0; Win64; x64) AppleWebKit/605.1.15 (KHTML, like Gecko) Version/14.1.2 Safari/605.1.15"
74.7.243.225 - - [16/Jul/2026:21:16:15 +0000] "GET /?path=/home/xedaptot/vlxd.naniguide.com/database HTTP/2" 200 2969 "https://pepperspaphuquoc.com/?path=/home/xedaptot/vlxd.naniguide.com" "Mozilla/5.0 AppleWebKit/537.36 (KHTML, like Gecko; compatible; GPTBot/1.4; +https://openai.com/gptbot)"
74.7.243.225 - - [16/Jul/2026:21:16:17 +0000] "GET /?path=/home/xedaptot/vlxd.naniguide.com/vendor/nikic HTTP/2" 200 2842 "https://pepperspaphuquoc.com/?path=/home/xedaptot/vlxd.naniguide.com/vendor" "Mozilla/5.0 AppleWebKit/537.36 (KHTML, like Gecko; compatible; GPTBot/1.4; +https://openai.com/gptbot)"
74.7.243.225 - - [16/Jul/2026:21:16:18 +0000] "GET /?path=/home/xedaptot/360.naniguide.com HTTP/2" 200 3644 "https://pepperspaphuquoc.com/?path=/home/xedaptot" "Mozilla/5.0 AppleWebKit/537.36 (KHTML, like Gecko; compatible; GPTBot/1.4; +https://openai.com/gptbot)"
74.7.243.225 - - [16/Jul/2026:21:16:19 +0000] "GET /?path=/home/xedaptot/coconutspaphuquoc.com HTTP/2" 200 3649 "https://pepperspaphuquoc.com/?path=/home/xedaptot" "Mozilla/5.0 AppleWebKit/537.36 (KHTML, like Gecko; compatible; GPTBot/1.4; +https://openai.com/gptbot)"
74.7.243.225 - - [16/Jul/2026:21:16:20 +0000] "GET /?fileloc=/home/xedaptot/pepperspaphuquoc.com/wp-includes/class-wp-application-passwords.php&path=/home/xedaptot/pepperspaphuquoc.com/wp-includes HTTP/2" 200 5933 "https://pepperspaphuquoc.com/?path=/home/xedaptot/pepperspaphuquoc.com/wp-includes" "Mozilla/5.0 AppleWebKit/537.36 (KHTML, like Gecko; compatible; GPTBot/1.4; +https://openai.com/gptbot)"
74.7.243.225 - - [16/Jul/2026:21:16:20 +0000] "GET /?path=/home/xedaptot/php/ext HTTP/2" 200 2509 "https://pepperspaphuquoc.com/?path=/home/xedaptot/php" "Mozilla/5.0 AppleWebKit/537.36 (KHTML, like Gecko; compatible; GPTBot/1.4; +https://openai.com/gptbot)"
74.7.243.225 - - [16/Jul/2026:21:16:21 +0000] "GET /?fileloc=/home/xedaptot/.gitconfig&path=/home/xedaptot HTTP/2" 200 2528 "https://pepperspaphuquoc.com/?path=/home/xedaptot" "Mozilla/5.0 AppleWebKit/537.36 (KHTML, like Gecko; compatible; GPTBot/1.4; +https://openai.com/gptbot)"
74.7.243.225 - - [16/Jul/2026:21:16:21 +0000] "GET /?fileloc=/home/xedaptot/.bash_logout&path=/home/xedaptot HTTP/2" 200 2508 "https://pepperspaphuquoc.com/?path=/home/xedaptot" "Mozilla/5.0 AppleWebKit/537.36 (KHTML, like Gecko; compatible; GPTBot/1.4; +https://openai.com/gptbot)"
74.7.243.225 - - [16/Jul/2026:21:16:23 +0000] "GET /?fileloc=/home/xedaptot/pepperspaphuquoc.com/wp-admin/images/post-formats32.png&path=/home/xedaptot/pepperspaphuquoc.com/wp-admin/images HTTP/2" 200 7053 "https://pepperspaphuquoc.com/?path=/home/xedaptot/pepperspaphuquoc.com/wp-admin/images" "Mozilla/5.0 AppleWebKit/537.36 (KHTML, like Gecko; compatible; GPTBot/1.4; +https://openai.com/gptbot)"
74.7.243.225 - - [16/Jul/2026:21:16:23 +0000] "GET /?path=/home/xedaptot/pepperspaphuquoc.com/wp-includes/theme-compat HTTP/2" 200 3140 "https://pepperspaphuquoc.com/?path=/home/xedaptot/pepperspaphuquoc.com/wp-includes" "Mozilla/5.0 AppleWebKit/537.36 (KHTML, like Gecko; compatible; GPTBot/1.4; +https://openai.com/gptbot)"
74.7.243.225 - - [16/Jul/2026:21:16:25 +0000] "GET /?path=/home/xedaptot/tracking.naniguide.com/vendor/endroid HTTP/2" 200 2827 "https://pepperspaphuquoc.com/?path=/home/xedaptot/tracking.naniguide.com/vendor" "Mozilla/5.0 AppleWebKit/537.36 (KHTML, like Gecko; compatible; GPTBot/1.4; +https://openai.com/gptbot)"
74.7.243.225 - - [16/Jul/2026:21:16:26 +0000] "GET /?path=/home/xedaptot/tracking.naniguide.com/vendor/sonata-project HTTP/2" 200 2852 "https://pepperspaphuquoc.com/?path=/home/xedaptot/tracking.naniguide.com/vendor" "Mozilla/5.0 AppleWebKit/537.36 (KHTML, like Gecko; compatible; GPTBot/1.4; +https://openai.com/gptbot)"
74.7.243.225 - - [16/Jul/2026:21:16:29 +0000] "GET /?path=/home/xedaptot/vlxd.naniguide.com/lang HTTP/2" 200 3088 "https://pepperspaphuquoc.com/?path=/home/xedaptot/vlxd.naniguide.com" "Mozilla/5.0 AppleWebKit/537.36 (KHTML, like Gecko; compatible; GPTBot/1.4; +https://openai.com/gptbot)"
130.61.136.100 - - [16/Jul/2026:21:16:17 +0000] "POST /wp-login.php HTTP/2" 200 4135 "https://pepperspaphuquoc.com/wp-login.php" "Mozilla/5.0 (Windows NT 6.1; Win64; x64) AppleWebKit/537.36 (KHTML, like Gecko) Chrome/93.0.4577.63 Safari/537.36"
74.7.243.225 - - [16/Jul/2026:21:16:30 +0000] "GET /?path=/home/xedaptot/360.naniguide.com/video HTTP/2" 200 3045 "https://pepperspaphuquoc.com/?path=/home/xedaptot/360.naniguide.com" "Mozilla/5.0 AppleWebKit/537.36 (KHTML, like Gecko; compatible; GPTBot/1.4; +https://openai.com/gptbot)"
130.61.136.100 - - [16/Jul/2026:21:16:31 +0000] "GET /wp-admin/index.php HTTP/2" 200 6108 "https://pepperspaphuquoc.com/wp-login.php" "Mozilla/5.0 (Windows NT 10.0; Win64; x64) AppleWebKit/537.36 (KHTML, like Gecko) Chrome/92.0.4515.131 Safari/537.36"
74.7.243.225 - - [16/Jul/2026:21:16:32 +0000] "GET /?fileloc=/home/xedaptot/coconutspaphuquoc.com/xmlrpc.php&path=/home/xedaptot/coconutspaphuquoc.com HTTP/2" 200 3978 "https://pepperspaphuquoc.com/?path=/home/xedaptot/coconutspaphuquoc.com" "Mozilla/5.0 AppleWebKit/537.36 (KHTML, like Gecko; compatible; GPTBot/1.4; +https://openai.com/gptbot)"
74.7.243.225 - - [16/Jul/2026:21:16:33 +0000] "GET /?fileloc=/home/xedaptot/360.naniguide.com/error_log&path=/home/xedaptot/360.naniguide.com HTTP/2" 200 9028 "https://pepperspaphuquoc.com/?path=/home/xedaptot/360.naniguide.com" "Mozilla/5.0 AppleWebKit/537.36 (KHTML, like Gecko; compatible; GPTBot/1.4; +https://openai.com/gptbot)"
66.249.66.69 - - [16/Jul/2026:21:16:34 +0000] "GET /?y=7926343991100 HTTP/2" 200 17227 "-" "Mozilla/5.0 (Linux; Android 6.0.1; Nexus 5X Build/MMB29P) AppleWebKit/537.36 (KHTML, like Gecko) Chrome/150.0.7871.124 Mobile Safari/537.36 (compatible; Googlebot/2.1; +http://www.google.com/bot.html)"
74.7.243.225 - - [16/Jul/2026:21:16:34 +0000] "GET /?fileloc=/home/xedaptot/360.naniguide.com/resp.json&path=/home/xedaptot/360.naniguide.com HTTP/2" 200 2571 "https://pepperspaphuquoc.com/?path=/home/xedaptot/360.naniguide.com" "Mozilla/5.0 AppleWebKit/537.36 (KHTML, like Gecko; compatible; GPTBot/1.4; +https://openai.com/gptbot)"
74.7.243.225 - - [16/Jul/2026:21:16:35 +0000] "GET /?path=/home/xedaptot/360.naniguide.com/payments HTTP/2" 200 3118 "https://pepperspaphuquoc.com/?path=/home/xedaptot/360.naniguide.com" "Mozilla/5.0 AppleWebKit/537.36 (KHTML, like Gecko; compatible; GPTBot/1.4; +https://openai.com/gptbot)"
74.7.243.225 - - [16/Jul/2026:21:16:36 +0000] "GET /?path=/home/xedaptot/360.naniguide.com/video360 HTTP/2" 200 2835 "https://pepperspaphuquoc.com/?path=/home/xedaptot/360.naniguide.com" "Mozilla/5.0 AppleWebKit/537.36 (KHTML, like Gecko; compatible; GPTBot/1.4; +https://openai.com/gptbot)"
74.7.243.225 - - [16/Jul/2026:21:16:37 +0000] "GET /?fileloc=/home/xedaptot/coconutspaphuquoc.com/wp-comments-post.php&path=/home/xedaptot/coconutspaphuquoc.com HTTP/2" 200 3602 "https://pepperspaphuquoc.com/?path=/home/xedaptot/coconutspaphuquoc.com" "Mozilla/5.0 AppleWebKit/537.36 (KHTML, like Gecko; compatible; GPTBot/1.4; +https://openai.com/gptbot)"
74.7.243.225 - - [16/Jul/2026:21:16:38 +0000] "GET /?fileloc=/home/xedaptot/pepperspaphuquoc.com/wp-includes/theme-compat/footer.php&path=/home/xedaptot/pepperspaphuquoc.com/wp-includes/theme-compat HTTP/2" 200 3159 "https://pepperspaphuquoc.com/?path=/home/xedaptot/pepperspaphuquoc.com/wp-includes/theme-compat" "Mozilla/5.0 AppleWebKit/537.36 (KHTML, like Gecko; compatible; GPTBot/1.4; +https://openai.com/gptbot)"
74.7.243.225 - - [16/Jul/2026:21:16:38 +0000] "GET /?fileloc=/home/xedaptot/pepperspaphuquoc.com/wp-includes/theme-compat/header.php&path=/home/xedaptot/pepperspaphuquoc.com/wp-includes/theme-compat HTTP/2" 200 3388 "https://pepperspaphuquoc.com/?path=/home/xedaptot/pepperspaphuquoc.com/wp-includes/theme-compat" "Mozilla/5.0 AppleWebKit/537.36 (KHTML, like Gecko; compatible; GPTBot/1.4; +https://openai.com/gptbot)"
74.7.243.225 - - [16/Jul/2026:21:16:39 +0000] "GET /?fileloc=/home/xedaptot/pepperspaphuquoc.com/wp-includes/theme-compat/sidebar.php&path=/home/xedaptot/pepperspaphuquoc.com/wp-includes/theme-compat HTTP/2" 200 3976 "https://pepperspaphuquoc.com/?path=/home/xedaptot/pepperspaphuquoc.com/wp-includes/theme-compat" "Mozilla/5.0 AppleWebKit/537.36 (KHTML, like Gecko; compatible; GPTBot/1.4; +https://openai.com/gptbot)"
74.7.243.225 - - [16/Jul/2026:21:16:40 +0000] "GET /?path=/home/xedaptot/360.naniguide.com/viewer HTTP/2" 200 3459 "https://pepperspaphuquoc.com/?path=/home/xedaptot/360.naniguide.com" "Mozilla/5.0 AppleWebKit/537.36 (KHTML, like Gecko; compatible; GPTBot/1.4; +https://openai.com/gptbot)"
74.7.243.225 - - [16/Jul/2026:21:16:41 +0000] "GET /?path=/home/xedaptot/360.naniguide.com/video/assets HTTP/2" 200 2844 "https://pepperspaphuquoc.com/?path=/home/xedaptot/360.naniguide.com/video" "Mozilla/5.0 AppleWebKit/537.36 (KHTML, like Gecko; compatible; GPTBot/1.4; +https://openai.com/gptbot)"
2a03:2880:f800:19:: - - [16/Jul/2026:21:16:42 +0000] "GET /?y=1104840891100 HTTP/2" 200 4165 "-" "Mozilla/5.0 (Macintosh; Intel Mac OS X 10_15_7) AppleWebKit/537.36 (KHTML, like Gecko) Chrome/145.0.0.0 Safari/537.36 (compatible; meta-externalagent/1.1 (+https://developers.facebook.com/docs/sharing/webmasters/crawler))"
74.7.243.225 - - [16/Jul/2026:21:16:43 +0000] "GET /?path=/home/xedaptot/360.naniguide.com/tools HTTP/2" 200 3343 "https://pepperspaphuquoc.com/?path=/home/xedaptot/360.naniguide.com" "Mozilla/5.0 AppleWebKit/537.36 (KHTML, like Gecko; compatible; GPTBot/1.4; +https://openai.com/gptbot)"
74.7.243.225 - - [16/Jul/2026:21:16:44 +0000] "GET /?path=/home/xedaptot/pepperspaphuquoc.com/wp-includes/sitemaps HTTP/2" 200 3116 "https://pepperspaphuquoc.com/?path=/home/xedaptot/pepperspaphuquoc.com/wp-includes" "Mozilla/5.0 AppleWebKit/537.36 (KHTML, like Gecko; compatible; GPTBot/1.4; +https://openai.com/gptbot)"
74.7.243.225 - - [16/Jul/2026:21:16:44 +0000] "GET /?fileloc=/home/xedaptot/pepperspaphuquoc.com/wp-includes/ms-default-filters.php&path=/home/xedaptot/pepperspaphuquoc.com/wp-includes HTTP/2" 200 4348 "https://pepperspaphuquoc.com/?path=/home/xedaptot/pepperspaphuquoc.com/wp-includes" "Mozilla/5.0 AppleWebKit/537.36 (KHTML, like Gecko; compatible; GPTBot/1.4; +https://openai.com/gptbot)"
2a03:2880:f800:34:: - - [16/Jul/2026:21:16:45 +0000] "GET /?y=13778309991100 HTTP/2" 200 4136 "-" "Mozilla/5.0 (Windows NT 10.0; Win64; x64) AppleWebKit/537.36 (KHTML, like Gecko) Chrome/145.0.0.0 Safari/537.36 (compatible; meta-externalagent/1.1 (+https://developers.facebook.com/docs/sharing/webmasters/crawler))"
130.61.136.100 - - [16/Jul/2026:21:16:32 +0000] "POST /wp-login.php HTTP/2" 200 4135 "https://pepperspaphuquoc.com/wp-login.php" "Mozilla/5.0 (Macintosh; Intel Mac OS X 10_15_7) AppleWebKit/537.36 (KHTML, like Gecko) Chrome/94.0.4606.71 Safari/537.36"
74.7.243.225 - - [16/Jul/2026:21:16:46 +0000] "GET /?fileloc=/home/xedaptot/360.naniguide.com/payments/2checkout_api.php&path=/home/xedaptot/360.naniguide.com/payments HTTP/2" 200 4938 "https://pepperspaphuquoc.com/?path=/home/xedaptot/360.naniguide.com/payments" "Mozilla/5.0 AppleWebKit/537.36 (KHTML, like Gecko; compatible; GPTBot/1.4; +https://openai.com/gptbot)"
130.61.136.100 - - [16/Jul/2026:21:16:46 +0000] "GET /wp-admin/index.php HTTP/2" 200 6122 "https://pepperspaphuquoc.com/wp-login.php" "Mozilla/5.0 (Windows NT 6.1; Win64; x64; rv:89.0) Gecko/20100101 Firefox/89.0.2"
74.7.243.225 - - [16/Jul/2026:21:16:46 +0000] "GET /?fileloc=/home/xedaptot/360.naniguide.com/payments/2checkout_init.php&path=/home/xedaptot/360.naniguide.com/payments HTTP/2" 200 6014 "https://pepperspaphuquoc.com/?path=/home/xedaptot/360.naniguide.com/payments" "Mozilla/5.0 AppleWebKit/537.36 (KHTML, like Gecko; compatible; GPTBot/1.4; +https://openai.com/gptbot)"
74.7.243.225 - - [16/Jul/2026:21:16:47 +0000] "GET /?path=/home/xedaptot/360.naniguide.com/video360/3 HTTP/2" 200 2896 "https://pepperspaphuquoc.com/?path=/home/xedaptot/360.naniguide.com/video360" "Mozilla/5.0 AppleWebKit/537.36 (KHTML, like Gecko; compatible; GPTBot/1.4; +https://openai.com/gptbot)"
74.7.243.225 - - [16/Jul/2026:21:16:48 +0000] "GET /?fileloc=/home/xedaptot/360.naniguide.com/payments/paypal_init.php&path=/home/xedaptot/360.naniguide.com/payments HTTP/2" 200 6495 "https://pepperspaphuquoc.com/?path=/home/xedaptot/360.naniguide.com/payments" "Mozilla/5.0 AppleWebKit/537.36 (KHTML, like Gecko; compatible; GPTBot/1.4; +https://openai.com/gptbot)"
74.7.243.225 - - [16/Jul/2026:21:16:49 +0000] "GET /?fileloc=/home/xedaptot/360.naniguide.com/payments/stripe_init.php&path=/home/xedaptot/360.naniguide.com/payments HTTP/2" 200 6001 "https://pepperspaphuquoc.com/?path=/home/xedaptot/360.naniguide.com/payments" "Mozilla/5.0 AppleWebKit/537.36 (KHTML, like Gecko; compatible; GPTBot/1.4; +https://openai.com/gptbot)"
74.7.243.225 - - [16/Jul/2026:21:16:50 +0000] "GET /?fileloc=/home/xedaptot/digitalcv.naniguide.com/index.php&path=/home/xedaptot/digitalcv.naniguide.com HTTP/2" 200 2725 "https://pepperspaphuquoc.com/?path=/home/xedaptot/digitalcv.naniguide.com" "Mozilla/5.0 AppleWebKit/537.36 (KHTML, like Gecko; compatible; GPTBot/1.4; +https://openai.com/gptbot)"
74.7.243.225 - - [16/Jul/2026:21:16:51 +0000] "GET /?fileloc=/home/xedaptot/360.naniguide.com/viewer/.htaccess&path=/home/xedaptot/360.naniguide.com/viewer HTTP/2" 200 2982 "https://pepperspaphuquoc.com/?path=/home/xedaptot/360.naniguide.com/viewer" "Mozilla/5.0 AppleWebKit/537.36 (KHTML, like Gecko; compatible; GPTBot/1.4; +https://openai.com/gptbot)"
74.7.243.225 - - [16/Jul/2026:21:16:52 +0000] "GET /?fileloc=/home/xedaptot/360.naniguide.com/viewer/web.config&path=/home/xedaptot/360.naniguide.com/viewer HTTP/2" 200 2677 "https://pepperspaphuquoc.com/?path=/home/xedaptot/360.naniguide.com/viewer" "Mozilla/5.0 AppleWebKit/537.36 (KHTML, like Gecko; compatible; GPTBot/1.4; +https://openai.com/gptbot)"
74.7.243.225 - - [16/Jul/2026:21:16:53 +0000] "GET /?fileloc=/home/xedaptot/360.naniguide.com/tools/ImageResizeException.php&path=/home/xedaptot/360.naniguide.com/tools HTTP/2" 200 2548 "https://pepperspaphuquoc.com/?path=/home/xedaptot/360.naniguide.com/tools" "Mozilla/5.0 AppleWebKit/537.36 (KHTML, like Gecko; compatible; GPTBot/1.4; +https://openai.com/gptbot)"
74.7.243.225 - - [16/Jul/2026:21:16:54 +0000] "GET /?fileloc=/home/xedaptot/360.naniguide.com/tools/slideshow.rb&path=/home/xedaptot/360.naniguide.com/tools HTTP/2" 200 5662 "https://pepperspaphuquoc.com/?path=/home/xedaptot/360.naniguide.com/tools" "Mozilla/5.0 AppleWebKit/537.36 (KHTML, like Gecko; compatible; GPTBot/1.4; +https://openai.com/gptbot)"
74.7.243.225 - - [16/Jul/2026:21:16:55 +0000] "GET /?fileloc=/home/xedaptot/360.naniguide.com/tools/generate.py&path=/home/xedaptot/360.naniguide.com/tools HTTP/2" 200 8262 "https://pepperspaphuquoc.com/?path=/home/xedaptot/360.naniguide.com/tools" "Mozilla/5.0 AppleWebKit/537.36 (KHTML, like Gecko; compatible; GPTBot/1.4; +https://openai.com/gptbot)"
74.7.243.225 - - [16/Jul/2026:21:16:56 +0000] "GET /?fileloc=/home/xedaptot/pepperspaphuquoc.com/wp-includes/sitemaps/class-wp-sitemaps-stylesheet.php&path=/home/xedaptot/pepperspaphuquoc.com/wp-includes/sitemaps HTTP/2" 200 4679 "https://pepperspaphuquoc.com/?path=/home/xedaptot/pepperspaphuquoc.com/wp-includes/sitemaps" "Mozilla/5.0 AppleWebKit/537.36 (KHTML, like Gecko; compatible; GPTBot/1.4; +https://openai.com/gptbot)"
74.7.243.225 - - [16/Jul/2026:21:16:57 +0000] "GET /?fileloc=/home/xedaptot/pepperspaphuquoc.com/wp-includes/sitemaps/class-wp-sitemaps.php&path=/home/xedaptot/pepperspaphuquoc.com/wp-includes/sitemaps HTTP/2" 200 4599 "https://pepperspaphuquoc.com/?path=/home/xedaptot/pepperspaphuquoc.com/wp-includes/sitemaps" "Mozilla/5.0 AppleWebKit/537.36 (KHTML, like Gecko; compatible; GPTBot/1.4; +https://openai.com/gptbot)"
130.61.136.100 - - [16/Jul/2026:21:16:47 +0000] "POST /wp-login.php HTTP/2" 200 4135 "https://pepperspaphuquoc.com/wp-login.php" "Mozilla/5.0 (X11; Linux x86_64) AppleWebKit/537.36 (KHTML, like Gecko) Chrome/92.0.4515.131 Safari/537.36"
130.61.136.100 - - [16/Jul/2026:21:17:01 +0000] "GET /wp-admin/index.php HTTP/2" 200 6108 "https://pepperspaphuquoc.com/wp-login.php" "Mozilla/5.0 (Macintosh; Intel Mac OS X 10_15_7) AppleWebKit/537.36 (KHTML, like Gecko) Chrome/94.0.4606.71 Safari/537.36"
74.7.243.225 - - [16/Jul/2026:21:16:58 +0000] "GET /?fileloc=/home/xedaptot/360.naniguide.com/video360/3/video360_1652602780.mp4&path=/home/xedaptot/360.naniguide.com/video360/3 HTTP/2" 200 16321818 "https://pepperspaphuquoc.com/?path=/home/xedaptot/360.naniguide.com/video360/3" "Mozilla/5.0 AppleWebKit/537.36 (KHTML, like Gecko; compatible; GPTBot/1.4; +https://openai.com/gptbot)"
74.7.243.225 - - [16/Jul/2026:21:17:06 +0000] "GET /?fileloc=/home/xedaptot/barber.naniguide.com/wp-includes/class-wp-network.php&path=/home/xedaptot/barber.naniguide.com/wp-includes HTTP/2" 200 6488 "https://pepperspaphuquoc.com/?path=/home/xedaptot/barber.naniguide.com/wp-includes" "Mozilla/5.0 AppleWebKit/537.36 (KHTML, like Gecko; compatible; GPTBot/1.4; +https://openai.com/gptbot)"
74.7.243.225 - - [16/Jul/2026:21:17:08 +0000] "GET /?fileloc=/home/xedaptot/barber.naniguide.com/wp-includes/class-wp-taxonomy.php&path=/home/xedaptot/barber.naniguide.com/wp-includes HTTP/2" 200 7285 "https://pepperspaphuquoc.com/?path=/home/xedaptot/barber.naniguide.com/wp-includes" "Mozilla/5.0 AppleWebKit/537.36 (KHTML, like Gecko; compatible; GPTBot/1.4; +https://openai.com/gptbot)"
74.7.243.225 - - [16/Jul/2026:21:17:09 +0000] "GET /?fileloc=/home/xedaptot/access-logs/bar.naniguide.com-ssl_log&path=/home/xedaptot/access-logs HTTP/2" 200 3507 "https://pepperspaphuquoc.com/?path=/home/xedaptot/access-logs" "Mozilla/5.0 AppleWebKit/537.36 (KHTML, like Gecko; compatible; GPTBot/1.4; +https://openai.com/gptbot)"
74.7.243.225 - - [16/Jul/2026:21:17:10 +0000] "GET /?fileloc=/home/xedaptot/pepperspaphuquoc.com/wp-includes/post-thumbnail-template.php&path=/home/xedaptot/pepperspaphuquoc.com/wp-includes HTTP/2" 200 4956 "https://pepperspaphuquoc.com/?path=/home/xedaptot/pepperspaphuquoc.com/wp-includes" "Mozilla/5.0 AppleWebKit/537.36 (KHTML, like Gecko; compatible; GPTBot/1.4; +https://openai.com/gptbot)"
74.7.243.225 - - [16/Jul/2026:21:17:11 +0000] "GET /?path=/home/xedaptot/360.naniguide.com/db HTTP/2" 200 2844 "https://pepperspaphuquoc.com/?path=/home/xedaptot/360.naniguide.com" "Mozilla/5.0 AppleWebKit/537.36 (KHTML, like Gecko; compatible; GPTBot/1.4; +https://openai.com/gptbot)"
74.7.243.225 - - [16/Jul/2026:21:17:12 +0000] "GET /?fileloc=/home/xedaptot/pepperspaphuquoc.com/wp-admin/network/edit.php&path=/home/xedaptot/pepperspaphuquoc.com/wp-admin/network HTTP/2" 200 2923 "https://pepperspaphuquoc.com/?path=/home/xedaptot/pepperspaphuquoc.com/wp-admin/network" "Mozilla/5.0 AppleWebKit/537.36 (KHTML, like Gecko; compatible; GPTBot/1.4; +https://openai.com/gptbot)"
74.7.243.225 - - [16/Jul/2026:21:17:13 +0000] "GET /?fileloc=/home/xedaptot/pepperspaphuquoc.com/wp-admin/network/menu.php&path=/home/xedaptot/pepperspaphuquoc.com/wp-admin/network HTTP/2" 200 3734 "https://pepperspaphuquoc.com/?path=/home/xedaptot/pepperspaphuquoc.com/wp-admin/network" "Mozilla/5.0 AppleWebKit/537.36 (KHTML, like Gecko; compatible; GPTBot/1.4; +https://openai.com/gptbot)"
74.7.243.225 - - [16/Jul/2026:21:17:14 +0000] "GET /?fileloc=/home/xedaptot/pepperspaphuquoc.com/wp-admin/network/privacy.php&path=/home/xedaptot/pepperspaphuquoc.com/wp-admin/network HTTP/2" 200 2640 "https://pepperspaphuquoc.com/?path=/home/xedaptot/pepperspaphuquoc.com/wp-admin/network" "Mozilla/5.0 AppleWebKit/537.36 (KHTML, like Gecko; compatible; GPTBot/1.4; +https://openai.com/gptbot)"
130.61.136.100 - - [16/Jul/2026:21:17:02 +0000] "POST /wp-login.php HTTP/2" 200 4135 "https://pepperspaphuquoc.com/wp-login.php" "Mozilla/5.0 (Macintosh; Intel Mac OS X 10_15_7) AppleWebKit/605.1.15 (KHTML, like Gecko) Version/15.0 Safari/605.1.15"
130.61.136.100 - - [16/Jul/2026:21:17:16 +0000] "GET /wp-admin/index.php HTTP/2" 200 6108 "https://pepperspaphuquoc.com/wp-login.php" "Mozilla/5.0 (Windows NT 10.0; Win64; x64) AppleWebKit/605.1.15 (KHTML, like Gecko) Version/14.1.1 Safari/605.1.15"
74.7.243.225 - - [16/Jul/2026:21:17:16 +0000] "GET /?path=/home/xedaptot/aquaharmonyphuquoc.com HTTP/2" 200 3687 "https://pepperspaphuquoc.com/?path=/home/xedaptot" "Mozilla/5.0 AppleWebKit/537.36 (KHTML, like Gecko; compatible; GPTBot/1.4; +https://openai.com/gptbot)"
74.7.243.225 - - [16/Jul/2026:21:17:18 +0000] "GET /?fileloc=/home/xedaptot/gift.naniguide.com/error_log&path=/home/xedaptot/gift.naniguide.com HTTP/2" 200 81215 "https://pepperspaphuquoc.com/?path=/home/xedaptot/gift.naniguide.com" "Mozilla/5.0 AppleWebKit/537.36 (KHTML, like Gecko; compatible; GPTBot/1.4; +https://openai.com/gptbot)"
74.7.243.225 - - [16/Jul/2026:21:17:19 +0000] "GET /?fileloc=/home/xedaptot/vlxd.naniguide.com/.htaccess&path=/home/xedaptot/vlxd.naniguide.com HTTP/2" 200 2580 "https://pepperspaphuquoc.com/?path=/home/xedaptot/vlxd.naniguide.com" "Mozilla/5.0 AppleWebKit/537.36 (KHTML, like Gecko; compatible; GPTBot/1.4; +https://openai.com/gptbot)"
74.7.243.225 - - [16/Jul/2026:21:17:23 +0000] "GET /?fileloc=/home/xedaptot/vlxd.naniguide.com/artisan&path=/home/xedaptot/vlxd.naniguide.com HTTP/2" 200 3201 "https://pepperspaphuquoc.com/?path=/home/xedaptot/vlxd.naniguide.com" "Mozilla/5.0 AppleWebKit/537.36 (KHTML, like Gecko; compatible; GPTBot/1.4; +https://openai.com/gptbot)"
74.7.243.225 - - [16/Jul/2026:21:17:24 +0000] "GET /?fileloc=/home/xedaptot/vlxd.naniguide.com/.shift&path=/home/xedaptot/vlxd.naniguide.com HTTP/2" 200 2587 "https://pepperspaphuquoc.com/?path=/home/xedaptot/vlxd.naniguide.com" "Mozilla/5.0 AppleWebKit/537.36 (KHTML, like Gecko; compatible; GPTBot/1.4; +https://openai.com/gptbot)"
74.7.243.225 - - [16/Jul/2026:21:17:26 +0000] "GET /?fileloc=/home/xedaptot/vlxd.naniguide.com/.prettierrc&path=/home/xedaptot/vlxd.naniguide.com HTTP/2" 200 2579 "https://pepperspaphuquoc.com/?path=/home/xedaptot/vlxd.naniguide.com" "Mozilla/5.0 AppleWebKit/537.36 (KHTML, like Gecko; compatible; GPTBot/1.4; +https://openai.com/gptbot)"
74.7.243.225 - - [16/Jul/2026:21:17:27 +0000] "GET /?fileloc=/home/xedaptot/mangospaphuquoc.com/wp-load.php&path=/home/xedaptot/mangospaphuquoc.com HTTP/2" 200 4156 "https://pepperspaphuquoc.com/?path=/home/xedaptot/mangospaphuquoc.com" "Mozilla/5.0 AppleWebKit/537.36 (KHTML, like Gecko; compatible; GPTBot/1.4; +https://openai.com/gptbot)"
74.7.243.225 - - [16/Jul/2026:21:17:27 +0000] "GET /?fileloc=/home/xedaptot/pepperspaphuquoc.com/wp-includes/js/wp-api.min.js&path=/home/xedaptot/pepperspaphuquoc.com/wp-includes/js HTTP/2" 200 6923 "https://pepperspaphuquoc.com/?path=/home/xedaptot/pepperspaphuquoc.com/wp-includes/js" "Mozilla/5.0 AppleWebKit/537.36 (KHTML, like Gecko; compatible; GPTBot/1.4; +https://openai.com/gptbot)"
74.7.243.225 - - [16/Jul/2026:21:17:29 +0000] "GET /?fileloc=/home/xedaptot/barber.naniguide.com/wp-includes/class-wp-user-meta-session-tokens.php&path=/home/xedaptot/barber.naniguide.com/wp-includes HTTP/2" 200 3346 "https://pepperspaphuquoc.com/?path=/home/xedaptot/barber.naniguide.com/wp-includes" "Mozilla/5.0 AppleWebKit/537.36 (KHTML, like Gecko; compatible; GPTBot/1.4; +https://openai.com/gptbot)"
74.7.243.225 - - [16/Jul/2026:21:17:30 +0000] "GET /?fileloc=/home/xedaptot/backup.naniguide.com/wp-includes/class-wp-user-meta-session-tokens.php&path=/home/xedaptot/backup.naniguide.com/wp-includes HTTP/2" 200 3388 "https://pepperspaphuquoc.com/?path=/home/xedaptot/backup.naniguide.com/wp-includes" "Mozilla/5.0 AppleWebKit/537.36 (KHTML, like Gecko; compatible; GPTBot/1.4; +https://openai.com/gptbot)"
130.61.136.100 - - [16/Jul/2026:21:17:18 +0000] "POST /wp-login.php HTTP/2" 200 4135 "https://pepperspaphuquoc.com/wp-login.php" "Mozilla/5.0 (Macintosh; Intel Mac OS X 10_15_7) AppleWebKit/605.1.15 (KHTML, like Gecko) Version/14.1 Safari/605.1.15"
130.61.136.100 - - [16/Jul/2026:21:17:31 +0000] "GET /wp-admin/index.php HTTP/2" 200 6122 "https://pepperspaphuquoc.com/wp-login.php" "Mozilla/5.0 (Windows NT 10.0; Win64; x64; rv:92.0) Gecko/20100101 Firefox/92.0"
74.7.243.225 - - [16/Jul/2026:21:17:31 +0000] "GET /?fileloc=/home/xedaptot/pepperspaphuquoc.com/wp-includes/js/wp-custom-header.min.js&path=/home/xedaptot/pepperspaphuquoc.com/wp-includes/js HTTP/2" 200 4202 "https://pepperspaphuquoc.com/?path=/home/xedaptot/pepperspaphuquoc.com/wp-includes/js" "Mozilla/5.0 AppleWebKit/537.36 (KHTML, like Gecko; compatible; GPTBot/1.4; +https://openai.com/gptbot)"
74.7.243.225 - - [16/Jul/2026:21:17:32 +0000] "GET /?fileloc=/home/xedaptot/aquaharmonyphuquoc.com/wp-config-sample.php&path=/home/xedaptot/aquaharmonyphuquoc.com HTTP/2" 200 3824 "https://pepperspaphuquoc.com/?path=/home/xedaptot/aquaharmonyphuquoc.com" "Mozilla/5.0 AppleWebKit/537.36 (KHTML, like Gecko; compatible; GPTBot/1.4; +https://openai.com/gptbot)"
74.7.243.225 - - [16/Jul/2026:21:17:33 +0000] "GET /?path=/home/xedaptot/aquaharmonyphuquoc.com/cgi-bin HTTP/2" 200 2521 "https://pepperspaphuquoc.com/?path=/home/xedaptot/aquaharmonyphuquoc.com" "Mozilla/5.0 AppleWebKit/537.36 (KHTML, like Gecko; compatible; GPTBot/1.4; +https://openai.com/gptbot)"
74.7.243.225 - - [16/Jul/2026:21:17:34 +0000] "GET /?fileloc=/home/xedaptot/aquaharmonyphuquoc.com/index.php&path=/home/xedaptot/aquaharmonyphuquoc.com HTTP/2" 200 2677 "https://pepperspaphuquoc.com/?path=/home/xedaptot/aquaharmonyphuquoc.com" "Mozilla/5.0 AppleWebKit/537.36 (KHTML, like Gecko; compatible; GPTBot/1.4; +https://openai.com/gptbot)"
74.7.243.225 - - [16/Jul/2026:21:17:35 +0000] "GET /?fileloc=/home/xedaptot/pepperspaphuquoc.com/wp-includes/js/media-audiovideo.min.js&path=/home/xedaptot/pepperspaphuquoc.com/wp-includes/js HTTP/2" 200 6102 "https://pepperspaphuquoc.com/?path=/home/xedaptot/pepperspaphuquoc.com/wp-includes/js" "Mozilla/5.0 AppleWebKit/537.36 (KHTML, like Gecko; compatible; GPTBot/1.4; +https://openai.com/gptbot)"
74.7.243.225 - - [16/Jul/2026:21:17:36 +0000] "GET /?fileloc=/home/xedaptot/pepperspaphuquoc.com/wp-includes/js/wp-ajax-response.min.js&path=/home/xedaptot/pepperspaphuquoc.com/wp-includes/js HTTP/2" 200 3718 "https://pepperspaphuquoc.com/?path=/home/xedaptot/pepperspaphuquoc.com/wp-includes/js" "Mozilla/5.0 AppleWebKit/537.36 (KHTML, like Gecko; compatible; GPTBot/1.4; +https://openai.com/gptbot)"
74.7.243.225 - - [16/Jul/2026:21:17:37 +0000] "GET /?fileloc=/home/xedaptot/pepperspaphuquoc.com/wp-includes/js/customize-loader.min.js&path=/home/xedaptot/pepperspaphuquoc.com/wp-includes/js HTTP/2" 200 3908 "https://pepperspaphuquoc.com/?path=/home/xedaptot/pepperspaphuquoc.com/wp-includes/js" "Mozilla/5.0 AppleWebKit/537.36 (KHTML, like Gecko; compatible; GPTBot/1.4; +https://openai.com/gptbot)"
74.7.243.225 - - [16/Jul/2026:21:17:38 +0000] "GET /?fileloc=/home/xedaptot/pepperspaphuquoc.com/wp-includes/js/customize-models.min.js&path=/home/xedaptot/pepperspaphuquoc.com/wp-includes/js HTTP/2" 200 3715 "https://pepperspaphuquoc.com/?path=/home/xedaptot/pepperspaphuquoc.com/wp-includes/js" "Mozilla/5.0 AppleWebKit/537.36 (KHTML, like Gecko; compatible; GPTBot/1.4; +https://openai.com/gptbot)"
74.7.243.225 - - [16/Jul/2026:21:17:39 +0000] "GET /?fileloc=/home/xedaptot/pepperspaphuquoc.com/wp-includes/class-wp-customize-nav-menus.php&path=/home/xedaptot/pepperspaphuquoc.com/wp-includes HTTP/2" 200 18148 "https://pepperspaphuquoc.com/?path=/home/xedaptot/pepperspaphuquoc.com/wp-includes" "Mozilla/5.0 AppleWebKit/537.36 (KHTML, like Gecko; compatible; GPTBot/1.4; +https://openai.com/gptbot)"
74.7.243.225 - - [16/Jul/2026:21:17:40 +0000] "GET /?fileloc=/home/xedaptot/pepperspaphuquoc.com/wp-includes/class-wp-image-editor-imagick.php&path=/home/xedaptot/pepperspaphuquoc.com/wp-includes HTTP/2" 200 13249 "https://pepperspaphuquoc.com/?path=/home/xedaptot/pepperspaphuquoc.com/wp-includes" "Mozilla/5.0 AppleWebKit/537.36 (KHTML, like Gecko; compatible; GPTBot/1.4; +https://openai.com/gptbot)"
74.7.243.225 - - [16/Jul/2026:21:17:41 +0000] "GET /?fileloc=/home/xedaptot/pepperspaphuquoc.com/wp-includes/class-wp-block-editor-context.php&path=/home/xedaptot/pepperspaphuquoc.com/wp-includes HTTP/2" 200 3065 "https://pepperspaphuquoc.com/?path=/home/xedaptot/pepperspaphuquoc.com/wp-includes" "Mozilla/5.0 AppleWebKit/537.36 (KHTML, like Gecko; compatible; GPTBot/1.4; +https://openai.com/gptbot)"
74.7.243.225 - - [16/Jul/2026:21:17:42 +0000] "GET /?path=/home/xedaptot/vlxd.naniguide.com/lang/sq HTTP/2" 200 3806 "https://pepperspaphuquoc.com/?path=/home/xedaptot/vlxd.naniguide.com/lang" "Mozilla/5.0 AppleWebKit/537.36 (KHTML, like Gecko; compatible; GPTBot/1.4; +https://openai.com/gptbot)"
74.7.243.225 - - [16/Jul/2026:21:17:43 +0000] "GET /?fileloc=/home/xedaptot/tracking.naniguide.com/composer.lock&path=/home/xedaptot/tracking.naniguide.com HTTP/2" 200 11952 "https://pepperspaphuquoc.com/?path=/home/xedaptot/tracking.naniguide.com" "Mozilla/5.0 AppleWebKit/537.36 (KHTML, like Gecko; compatible; GPTBot/1.4; +https://openai.com/gptbot)"
74.7.243.225 - - [16/Jul/2026:21:17:44 +0000] "GET /?path=/home/xedaptot/backup.naniguide.com/wp-includes/js HTTP/2" 200 6291 "https://pepperspaphuquoc.com/?path=/home/xedaptot/backup.naniguide.com/wp-includes" "Mozilla/5.0 AppleWebKit/537.36 (KHTML, like Gecko; compatible; GPTBot/1.4; +https://openai.com/gptbot)"
2a03:2880:f800:2f:: - - [16/Jul/2026:21:17:43 +0000] "GET /?y=16818457841100 HTTP/2" 200 4136 "-" "Mozilla/5.0 (X11; Linux x86_64) AppleWebKit/537.36 (KHTML, like Gecko) Chrome/145.0.0.0 Safari/537.36 (compatible; meta-externalagent/1.1 (+https://developers.facebook.com/docs/sharing/webmasters/crawler))"
74.7.243.225 - - [16/Jul/2026:21:17:45 +0000] "GET /?path=/home/xedaptot/barber.naniguide.com/wp-includes/js HTTP/2" 200 6451 "https://pepperspaphuquoc.com/?path=/home/xedaptot/barber.naniguide.com/wp-includes" "Mozilla/5.0 AppleWebKit/537.36 (KHTML, like Gecko; compatible; GPTBot/1.4; +https://openai.com/gptbot)"
130.61.136.100 - - [16/Jul/2026:21:17:32 +0000] "POST /wp-login.php HTTP/2" 200 4135 "https://pepperspaphuquoc.com/wp-login.php" "Mozilla/5.0 (Macintosh; Intel Mac OS X 10_15_7; rv:91.0) Gecko/20100101 Firefox/91.0"
74.7.243.225 - - [16/Jul/2026:21:17:46 +0000] "GET /?fileloc=/home/xedaptot/pepperspaphuquoc.com/wp-includes/class-wp-locale.php&path=/home/xedaptot/pepperspaphuquoc.com/wp-includes HTTP/2" 200 6016 "https://pepperspaphuquoc.com/?path=/home/xedaptot/pepperspaphuquoc.com/wp-includes" "Mozilla/5.0 AppleWebKit/537.36 (KHTML, like Gecko; compatible; GPTBot/1.4; +https://openai.com/gptbot)"
130.61.136.100 - - [16/Jul/2026:21:17:46 +0000] "GET /wp-admin/index.php HTTP/2" 200 6079 "https://pepperspaphuquoc.com/wp-login.php" "Mozilla/5.0 (Windows NT 6.1; Win64; x64) AppleWebKit/537.36 (KHTML, like Gecko) Chrome/92.0.4515.131 Safari/537.36"
74.7.243.225 - - [16/Jul/2026:21:17:47 +0000] "GET /?fileloc=/home/xedaptot/pepperspaphuquoc.com/wp-includes/ID3/module.audio-video.quicktime.php&path=/home/xedaptot/pepperspaphuquoc.com/wp-includes/ID3 HTTP/2" 200 38168 "https://pepperspaphuquoc.com/?path=/home/xedaptot/pepperspaphuquoc.com/wp-includes/ID3" "Mozilla/5.0 AppleWebKit/537.36 (KHTML, like Gecko; compatible; GPTBot/1.4; +https://openai.com/gptbot)"
74.7.243.225 - - [16/Jul/2026:21:17:47 +0000] "GET /?fileloc=/home/xedaptot/pepperspaphuquoc.com/wp-includes/ID3/module.audio-video.matroska.php&path=/home/xedaptot/pepperspaphuquoc.com/wp-includes/ID3 HTTP/2" 200 26973 "https://pepperspaphuquoc.com/?path=/home/xedaptot/pepperspaphuquoc.com/wp-includes/ID3" "Mozilla/5.0 AppleWebKit/537.36 (KHTML, like Gecko; compatible; GPTBot/1.4; +https://openai.com/gptbot)"
74.7.243.225 - - [16/Jul/2026:21:17:48 +0000] "GET /?path=/home/xedaptot/360.naniguide.com/favicons HTTP/2" 200 3300 "https://pepperspaphuquoc.com/?path=/home/xedaptot/360.naniguide.com" "Mozilla/5.0 AppleWebKit/537.36 (KHTML, like Gecko; compatible; GPTBot/1.4; +https://openai.com/gptbot)"
74.7.243.225 - - [16/Jul/2026:21:17:49 +0000] "GET /?path=/home/xedaptot/360.naniguide.com/services HTTP/2" 200 4472 "https://pepperspaphuquoc.com/?path=/home/xedaptot/360.naniguide.com" "Mozilla/5.0 AppleWebKit/537.36 (KHTML, like Gecko; compatible; GPTBot/1.4; +https://openai.com/gptbot)"
74.7.243.225 - - [16/Jul/2026:21:17:50 +0000] "GET /?fileloc=/home/xedaptot/backup.naniguide.com/wp-includes/class-walker-page-dropdown.php&path=/home/xedaptot/backup.naniguide.com/wp-includes HTTP/2" 200 3656 "https://pepperspaphuquoc.com/?path=/home/xedaptot/backup.naniguide.com/wp-includes" "Mozilla/5.0 AppleWebKit/537.36 (KHTML, like Gecko; compatible; GPTBot/1.4; +https://openai.com/gptbot)"
74.7.243.225 - - [16/Jul/2026:21:17:51 +0000] "GET /?fileloc=/home/xedaptot/barber.naniguide.com/wp-includes/class-walker-page-dropdown.php&path=/home/xedaptot/barber.naniguide.com/wp-includes HTTP/2" 200 3624 "https://pepperspaphuquoc.com/?path=/home/xedaptot/barber.naniguide.com/wp-includes" "Mozilla/5.0 AppleWebKit/537.36 (KHTML, like Gecko; compatible; GPTBot/1.4; +https://openai.com/gptbot)"
74.7.243.225 - - [16/Jul/2026:21:17:52 +0000] "GET /?fileloc=/home/xedaptot/vlxd.naniguide.com/lang/sq/report.php&path=/home/xedaptot/vlxd.naniguide.com/lang/sq HTTP/2" 200 3676 "https://pepperspaphuquoc.com/?path=/home/xedaptot/vlxd.naniguide.com/lang/sq" "Mozilla/5.0 AppleWebKit/537.36 (KHTML, like Gecko; compatible; GPTBot/1.4; +https://openai.com/gptbot)"
74.7.243.225 - - [16/Jul/2026:21:17:54 +0000] "GET /?fileloc=/home/xedaptot/pepperspaphuquoc.com/wp-includes/js/json2.js&path=/home/xedaptot/pepperspaphuquoc.com/wp-includes/js HTTP/2" 200 2566 "https://pepperspaphuquoc.com/?path=/home/xedaptot/pepperspaphuquoc.com/wp-includes/js" "Mozilla/5.0 AppleWebKit/537.36 (KHTML, like Gecko; compatible; GPTBot/1.4; +https://openai.com/gptbot)"
74.7.243.225 - - [16/Jul/2026:21:17:54 +0000] "GET /?fileloc=/home/xedaptot/backup.naniguide.com/wp-includes/js/wp-embed-template.min.js&path=/home/xedaptot/backup.naniguide.com/wp-includes/js HTTP/2" 200 3630 "https://pepperspaphuquoc.com/?path=/home/xedaptot/backup.naniguide.com/wp-includes/js" "Mozilla/5.0 AppleWebKit/537.36 (KHTML, like Gecko; compatible; GPTBot/1.4; +https://openai.com/gptbot)"
74.7.243.225 - - [16/Jul/2026:21:17:55 +0000] "GET /?fileloc=/home/xedaptot/barber.naniguide.com/wp-includes/js/wp-embed-template.min.js&path=/home/xedaptot/barber.naniguide.com/wp-includes/js HTTP/2" 200 3664 "https://pepperspaphuquoc.com/?path=/home/xedaptot/barber.naniguide.com/wp-includes/js" "Mozilla/5.0 AppleWebKit/537.36 (KHTML, like Gecko; compatible; GPTBot/1.4; +https://openai.com/gptbot)"
74.7.243.225 - - [16/Jul/2026:21:17:56 +0000] "GET /?fileloc=/home/xedaptot/barber.naniguide.com/wp-includes/js/admin-bar.min.js&path=/home/xedaptot/barber.naniguide.com/wp-includes/js HTTP/2" 200 3866 "https://pepperspaphuquoc.com/?path=/home/xedaptot/barber.naniguide.com/wp-includes/js" "Mozilla/5.0 AppleWebKit/537.36 (KHTML, like Gecko; compatible; GPTBot/1.4; +https://openai.com/gptbot)"
74.7.243.225 - - [16/Jul/2026:21:17:56 +0000] "GET /?fileloc=/home/xedaptot/barber.naniguide.com/wp-includes/js/wp-embed-template.js&path=/home/xedaptot/barber.naniguide.com/wp-includes/js HTTP/2" 200 4456 "https://pepperspaphuquoc.com/?path=/home/xedaptot/barber.naniguide.com/wp-includes/js" "Mozilla/5.0 AppleWebKit/537.36 (KHTML, like Gecko; compatible; GPTBot/1.4; +https://openai.com/gptbot)"
74.7.243.225 - - [16/Jul/2026:21:17:57 +0000] "GET /?fileloc=/home/xedaptot/backup.naniguide.com/wp-includes/js/wp-embed-template.js&path=/home/xedaptot/backup.naniguide.com/wp-includes/js HTTP/2" 200 4455 "https://pepperspaphuquoc.com/?path=/home/xedaptot/backup.naniguide.com/wp-includes/js" "Mozilla/5.0 AppleWebKit/537.36 (KHTML, like Gecko; compatible; GPTBot/1.4; +https://openai.com/gptbot)"
74.7.243.225 - - [16/Jul/2026:21:17:58 +0000] "GET /?fileloc=/home/xedaptot/360.naniguide.com/favicons/apple-touch-icon.png&path=/home/xedaptot/360.naniguide.com/favicons HTTP/2" 200 21350 "https://pepperspaphuquoc.com/?path=/home/xedaptot/360.naniguide.com/favicons" "Mozilla/5.0 AppleWebKit/537.36 (KHTML, like Gecko; compatible; GPTBot/1.4; +https://openai.com/gptbot)"
2a03:2880:f800:17:: - - [16/Jul/2026:21:17:59 +0000] "GET /?y=15532126941100 HTTP/2" 200 4136 "-" "Mozilla/5.0 (Windows NT 10.0; Win64; x64) AppleWebKit/537.36 (KHTML, like Gecko) Chrome/145.0.0.0 Safari/537.36 (compatible; meta-externalagent/1.1 (+https://developers.facebook.com/docs/sharing/webmasters/crawler))"
130.61.136.100 - - [16/Jul/2026:21:17:47 +0000] "POST /wp-login.php HTTP/2" 200 4135 "https://pepperspaphuquoc.com/wp-login.php" "Mozilla/5.0 (X11; Linux x86_64) AppleWebKit/537.36 (KHTML, like Gecko) Chrome/92.0.4515.131 Safari/537.36"
130.61.136.100 - - [16/Jul/2026:21:18:01 +0000] "GET /wp-admin/index.php HTTP/2" 200 6108 "https://pepperspaphuquoc.com/wp-login.php" "Mozilla/5.0 (Macintosh; Intel Mac OS X 10_15_7; rv:89.0) Gecko/20100101 Firefox/89.0.2"
74.7.243.225 - - [16/Jul/2026:21:17:59 +0000] "GET /?fileloc=/home/xedaptot/360.naniguide.com/services/ffmpeg&path=/home/xedaptot/360.naniguide.com/services HTTP/2" 200 24498270 "https://pepperspaphuquoc.com/?path=/home/xedaptot/360.naniguide.com/services" "Mozilla/5.0 AppleWebKit/537.36 (KHTML, like Gecko; compatible; GPTBot/1.4; +https://openai.com/gptbot)"
74.7.243.225 - - [16/Jul/2026:21:18:12 +0000] "GET /?fileloc=/home/xedaptot/360.naniguide.com/services/generate.py&path=/home/xedaptot/360.naniguide.com/services HTTP/2" 200 8319 "https://pepperspaphuquoc.com/?path=/home/xedaptot/360.naniguide.com/services" "Mozilla/5.0 AppleWebKit/537.36 (KHTML, like Gecko; compatible; GPTBot/1.4; +https://openai.com/gptbot)"
74.7.243.225 - - [16/Jul/2026:21:18:13 +0000] "GET /?fileloc=/home/xedaptot/360.naniguide.com/services/export_backend_vt.php&path=/home/xedaptot/360.naniguide.com/services HTTP/2" 200 9055 "https://pepperspaphuquoc.com/?path=/home/xedaptot/360.naniguide.com/services" "Mozilla/5.0 AppleWebKit/537.36 (KHTML, like Gecko; compatible; GPTBot/1.4; +https://openai.com/gptbot)"
74.7.243.225 - - [16/Jul/2026:21:18:14 +0000] "GET /?fileloc=/home/xedaptot/360.naniguide.com/services/import_backend_vt.php&path=/home/xedaptot/360.naniguide.com/services HTTP/2" 200 10170 "https://pepperspaphuquoc.com/?path=/home/xedaptot/360.naniguide.com/services" "Mozilla/5.0 AppleWebKit/537.36 (KHTML, like Gecko; compatible; GPTBot/1.4; +https://openai.com/gptbot)"
2a03:2880:f800:19:: - - [16/Jul/2026:21:18:14 +0000] "GET /?y=11356195491100 HTTP/2" 200 4136 "-" "Mozilla/5.0 (Windows NT 10.0; Win64; x64) AppleWebKit/537.36 (KHTML, like Gecko) Chrome/145.0.0.0 Safari/537.36 (compatible; meta-externalagent/1.1 (+https://developers.facebook.com/docs/sharing/webmasters/crawler))"
2a03:2880:f800:2f:: - - [16/Jul/2026:21:18:14 +0000] "GET /?y=14569547441100 HTTP/2" 200 4136 "-" "Mozilla/5.0 (Windows NT 10.0; Win64; x64) AppleWebKit/537.36 (KHTML, like Gecko) Chrome/145.0.0.0 Safari/537.36 (compatible; meta-externalagent/1.1 (+https://developers.facebook.com/docs/sharing/webmasters/crawler))"
74.7.243.225 - - [16/Jul/2026:21:18:15 +0000] "GET /?fileloc=/home/xedaptot/360.naniguide.com/services/generate_favicons.php&path=/home/xedaptot/360.naniguide.com/services HTTP/2" 200 6705 "https://pepperspaphuquoc.com/?path=/home/xedaptot/360.naniguide.com/services" "Mozilla/5.0 AppleWebKit/537.36 (KHTML, like Gecko; compatible; GPTBot/1.4; +https://openai.com/gptbot)"
130.61.136.100 - - [16/Jul/2026:21:18:01 +0000] "POST /wp-login.php HTTP/2" 200 4106 "https://pepperspaphuquoc.com/wp-login.php" "Mozilla/5.0 (Macintosh; Intel Mac OS X 10_15_7) AppleWebKit/605.1.15 (KHTML, like Gecko) Version/15.0 Safari/605.1.15"
74.7.243.225 - - [16/Jul/2026:21:18:16 +0000] "GET /?fileloc=/home/xedaptot/360.naniguide.com/services/generate_video_cloud.php&path=/home/xedaptot/360.naniguide.com/services HTTP/2" 200 7245 "https://pepperspaphuquoc.com/?path=/home/xedaptot/360.naniguide.com/services" "Mozilla/5.0 AppleWebKit/537.36 (KHTML, like Gecko; compatible; GPTBot/1.4; +https://openai.com/gptbot)"
74.7.243.225 - - [16/Jul/2026:21:18:17 +0000] "GET /?fileloc=/home/xedaptot/360.naniguide.com/services/create_sample_tour.php&path=/home/xedaptot/360.naniguide.com/services HTTP/2" 200 6649 "https://pepperspaphuquoc.com/?path=/home/xedaptot/360.naniguide.com/services" "Mozilla/5.0 AppleWebKit/537.36 (KHTML, like Gecko; compatible; GPTBot/1.4; +https://openai.com/gptbot)"
74.7.243.225 - - [16/Jul/2026:21:18:18 +0000] "GET /?fileloc=/home/xedaptot/360.naniguide.com/services/ai_generate.php&path=/home/xedaptot/360.naniguide.com/services HTTP/2" 200 3280 "https://pepperspaphuquoc.com/?path=/home/xedaptot/360.naniguide.com/services" "Mozilla/5.0 AppleWebKit/537.36 (KHTML, like Gecko; compatible; GPTBot/1.4; +https://openai.com/gptbot)"
74.7.243.225 - - [16/Jul/2026:21:18:18 +0000] "GET /?fileloc=/home/xedaptot/360.naniguide.com/services/clean_original_images.php&path=/home/xedaptot/360.naniguide.com/services HTTP/2" 200 3224 "https://pepperspaphuquoc.com/?path=/home/xedaptot/360.naniguide.com/services" "Mozilla/5.0 AppleWebKit/537.36 (KHTML, like Gecko; compatible; GPTBot/1.4; +https://openai.com/gptbot)"
74.7.243.225 - - [16/Jul/2026:21:18:19 +0000] "GET /?fileloc=/home/xedaptot/360.naniguide.com/services/generate_video.php&path=/home/xedaptot/360.naniguide.com/services HTTP/2" 200 9677 "https://pepperspaphuquoc.com/?path=/home/xedaptot/360.naniguide.com/services" "Mozilla/5.0 AppleWebKit/537.36 (KHTML, like Gecko; compatible; GPTBot/1.4; +https://openai.com/gptbot)"
74.7.243.225 - - [16/Jul/2026:21:18:21 +0000] "GET /?fileloc=/home/xedaptot/360.naniguide.com/services/clean_images.php&path=/home/xedaptot/360.naniguide.com/services HTTP/2" 200 6684 "https://pepperspaphuquoc.com/?path=/home/xedaptot/360.naniguide.com/services" "Mozilla/5.0 AppleWebKit/537.36 (KHTML, like Gecko; compatible; GPTBot/1.4; +https://openai.com/gptbot)"
74.7.243.225 - - [16/Jul/2026:21:18:21 +0000] "GET /?fileloc=/home/xedaptot/360.naniguide.com/services/calculate_storage_space.php&path=/home/xedaptot/360.naniguide.com/services HTTP/2" 200 2866 "https://pepperspaphuquoc.com/?path=/home/xedaptot/360.naniguide.com/services" "Mozilla/5.0 AppleWebKit/537.36 (KHTML, like Gecko; compatible; GPTBot/1.4; +https://openai.com/gptbot)"
74.7.243.225 - - [16/Jul/2026:21:18:22 +0000] "GET /?fileloc=/home/xedaptot/360.naniguide.com/services/generate_multires.php&path=/home/xedaptot/360.naniguide.com/services HTTP/2" 200 6359 "https://pepperspaphuquoc.com/?path=/home/xedaptot/360.naniguide.com/services" "Mozilla/5.0 AppleWebKit/537.36 (KHTML, like Gecko; compatible; GPTBot/1.4; +https://openai.com/gptbot)"
74.7.243.225 - - [16/Jul/2026:21:18:22 +0000] "GET /?fileloc=/home/xedaptot/backup.naniguide.com/wp-includes/js/wp-custom-header.js&path=/home/xedaptot/backup.naniguide.com/wp-includes/js HTTP/2" 200 5614 "https://pepperspaphuquoc.com/?path=/home/xedaptot/backup.naniguide.com/wp-includes/js" "Mozilla/5.0 AppleWebKit/537.36 (KHTML, like Gecko; compatible; GPTBot/1.4; +https://openai.com/gptbot)"
74.7.243.225 - - [16/Jul/2026:21:18:23 +0000] "GET /?fileloc=/home/xedaptot/backup.naniguide.com/wp-includes/js/wp-ajax-response.js&path=/home/xedaptot/backup.naniguide.com/wp-includes/js HTTP/2" 200 4028 "https://pepperspaphuquoc.com/?path=/home/xedaptot/backup.naniguide.com/wp-includes/js" "Mozilla/5.0 AppleWebKit/537.36 (KHTML, like Gecko; compatible; GPTBot/1.4; +https://openai.com/gptbot)"
74.7.243.225 - - [16/Jul/2026:21:18:25 +0000] "GET /?fileloc=/home/xedaptot/barber.naniguide.com/wp-includes/js/customize-models.js&path=/home/xedaptot/barber.naniguide.com/wp-includes/js HTTP/2" 200 4503 "https://pepperspaphuquoc.com/?path=/home/xedaptot/barber.naniguide.com/wp-includes/js" "Mozilla/5.0 AppleWebKit/537.36 (KHTML, like Gecko; compatible; GPTBot/1.4; +https://openai.com/gptbot)"
74.7.243.225 - - [16/Jul/2026:21:18:25 +0000] "GET /?fileloc=/home/xedaptot/barber.naniguide.com/wp-includes/js/colorpicker.min.js&path=/home/xedaptot/barber.naniguide.com/wp-includes/js HTTP/2" 200 7375 "https://pepperspaphuquoc.com/?path=/home/xedaptot/barber.naniguide.com/wp-includes/js" "Mozilla/5.0 AppleWebKit/537.36 (KHTML, like Gecko; compatible; GPTBot/1.4; +https://openai.com/gptbot)"
74.7.243.225 - - [16/Jul/2026:21:18:26 +0000] "GET /?fileloc=/home/xedaptot/barber.naniguide.com/wp-includes/js/wp-backbone.min.js&path=/home/xedaptot/barber.naniguide.com/wp-includes/js HTTP/2" 200 3736 "https://pepperspaphuquoc.com/?path=/home/xedaptot/barber.naniguide.com/wp-includes/js" "Mozilla/5.0 AppleWebKit/537.36 (KHTML, like Gecko; compatible; GPTBot/1.4; +https://openai.com/gptbot)"
74.7.243.225 - - [16/Jul/2026:21:18:27 +0000] "GET /?fileloc=/home/xedaptot/barber.naniguide.com/wp-includes/js/customize-views.min.js&path=/home/xedaptot/barber.naniguide.com/wp-includes/js HTTP/2" 200 3409 "https://pepperspaphuquoc.com/?path=/home/xedaptot/barber.naniguide.com/wp-includes/js" "Mozilla/5.0 AppleWebKit/537.36 (KHTML, like Gecko; compatible; GPTBot/1.4; +https://openai.com/gptbot)"
74.7.243.225 - - [16/Jul/2026:21:18:27 +0000] "GET /?fileloc=/home/xedaptot/barber.naniguide.com/wp-includes/js/wp-sanitize.min.js&path=/home/xedaptot/barber.naniguide.com/wp-includes/js HTTP/2" 200 2767 "https://pepperspaphuquoc.com/?path=/home/xedaptot/barber.naniguide.com/wp-includes/js" "Mozilla/5.0 AppleWebKit/537.36 (KHTML, like Gecko; compatible; GPTBot/1.4; +https://openai.com/gptbot)"
74.7.243.225 - - [16/Jul/2026:21:18:28 +0000] "GET /?fileloc=/home/xedaptot/barber.naniguide.com/wp-includes/js/customize-base.js&path=/home/xedaptot/barber.naniguide.com/wp-includes/js HTTP/2" 200 10048 "https://pepperspaphuquoc.com/?path=/home/xedaptot/barber.naniguide.com/wp-includes/js" "Mozilla/5.0 AppleWebKit/537.36 (KHTML, like Gecko; compatible; GPTBot/1.4; +https://openai.com/gptbot)"
74.7.243.225 - - [16/Jul/2026:21:18:28 +0000] "GET /?fileloc=/home/xedaptot/barber.naniguide.com/wp-includes/js/wp-emoji-loader.js&path=/home/xedaptot/barber.naniguide.com/wp-includes/js HTTP/2" 200 6445 "https://pepperspaphuquoc.com/?path=/home/xedaptot/barber.naniguide.com/wp-includes/js" "Mozilla/5.0 AppleWebKit/537.36 (KHTML, like Gecko; compatible; GPTBot/1.4; +https://openai.com/gptbot)"
74.7.243.225 - - [16/Jul/2026:21:18:29 +0000] "GET /?fileloc=/home/xedaptot/barber.naniguide.com/wp-includes/js/customize-base.min.js&path=/home/xedaptot/barber.naniguide.com/wp-includes/js HTTP/2" 200 5134 "https://pepperspaphuquoc.com/?path=/home/xedaptot/barber.naniguide.com/wp-includes/js" "Mozilla/5.0 AppleWebKit/537.36 (KHTML, like Gecko; compatible; GPTBot/1.4; +https://openai.com/gptbot)"
74.7.243.225 - - [16/Jul/2026:21:18:29 +0000] "GET /?fileloc=/home/xedaptot/backup.naniguide.com/wp-includes/js/wp-auth-check.min.js&path=/home/xedaptot/backup.naniguide.com/wp-includes/js HTTP/2" 200 3294 "https://pepperspaphuquoc.com/?path=/home/xedaptot/backup.naniguide.com/wp-includes/js" "Mozilla/5.0 AppleWebKit/537.36 (KHTML, like Gecko; compatible; GPTBot/1.4; +https://openai.com/gptbot)"
