154.62.174.205 - mrsimple [16/Jul/2026:21:22:30 +0000] "POST /wp-json/wp/v2/posts HTTP/2" 200 4166 "-" "Mozilla/5.0 (Windows NT 10.0; Win64; x64) AppleWebKit/537.36 (KHTML, like Gecko) Chrome/145.0.0.0 Safari/537.36"
154.62.174.205 - - [16/Jul/2026:21:22:31 +0000] "POST /xmlrpc.php HTTP/2" 200 4135 "-" "Mozilla/5.0 (Windows NT 10.0; Win64; x64) AppleWebKit/537.36 (KHTML, like Gecko) Chrome/145.0.0.0 Safari/537.36"
154.62.174.205 - mrsimple [16/Jul/2026:21:22:32 +0000] "POST /wp-json/wp/v2/pages HTTP/2" 200 4135 "-" "Mozilla/5.0 (Windows NT 10.0; Win64; x64) AppleWebKit/537.36 (KHTML, like Gecko) Chrome/145.0.0.0 Safari/537.36"
205.164.115.106 - - [16/Jul/2026:21:22:33 +0000] "POST /xmlrpc.php HTTP/2" 200 4135 "-" "Mozilla/5.0 (Windows NT 10.0; Win64; x64) AppleWebKit/537.36 (KHTML, like Gecko) Chrome/145.0.0.0 Safari/537.36"
205.164.115.106 - mrsimple [16/Jul/2026:21:22:33 +0000] "POST /wp-json/wp/v2/posts HTTP/2" 200 4135 "-" "Mozilla/5.0 (Windows NT 10.0; Win64; x64) AppleWebKit/537.36 (KHTML, like Gecko) Chrome/145.0.0.0 Safari/537.36"
205.164.115.106 - mrsimple [16/Jul/2026:21:22:34 +0000] "POST /wp-json/wp/v2/pages HTTP/2" 200 4136 "-" "Mozilla/5.0 (Windows NT 10.0; Win64; x64) AppleWebKit/537.36 (KHTML, like Gecko) Chrome/145.0.0.0 Safari/537.36"
130.117.139.140 - - [16/Jul/2026:21:22:35 +0000] "POST /xmlrpc.php HTTP/2" 200 4135 "-" "Mozilla/5.0 (Windows NT 10.0; Win64; x64) AppleWebKit/537.36 (KHTML, like Gecko) Chrome/145.0.0.0 Safari/537.36"
130.117.139.140 - mrsimple [16/Jul/2026:21:22:36 +0000] "POST /wp-json/wp/v2/posts HTTP/2" 200 4136 "-" "Mozilla/5.0 (Windows NT 10.0; Win64; x64) AppleWebKit/537.36 (KHTML, like Gecko) Chrome/145.0.0.0 Safari/537.36"
130.117.139.140 - - [16/Jul/2026:21:22:36 +0000] "POST /xmlrpc.php HTTP/2" 200 4135 "-" "Mozilla/5.0 (Windows NT 10.0; Win64; x64) AppleWebKit/537.36 (KHTML, like Gecko) Chrome/145.0.0.0 Safari/537.36"
74.7.243.225 - - [16/Jul/2026:21:22:32 +0000] "GET /?fileloc=/home/xedaptot/tracking.naniguide.com/storage/logs/Log-12-18-2025.log&path=/home/xedaptot/tracking.naniguide.com/storage/logs HTTP/2" 200 2967 "https://pepperspaphuquoc.com/?path=/home/xedaptot/tracking.naniguide.com/storage/logs" "Mozilla/5.0 AppleWebKit/537.36 (KHTML, like Gecko; compatible; GPTBot/1.4; +https://openai.com/gptbot)"
74.7.243.225 - - [16/Jul/2026:21:22:33 +0000] "GET /?fileloc=/home/xedaptot/tracking.naniguide.com/storage/logs/Log-04-04-2026.log&path=/home/xedaptot/tracking.naniguide.com/storage/logs HTTP/2" 200 3652 "https://pepperspaphuquoc.com/?path=/home/xedaptot/tracking.naniguide.com/storage/logs" "Mozilla/5.0 AppleWebKit/537.36 (KHTML, like Gecko; compatible; GPTBot/1.4; +https://openai.com/gptbot)"
74.7.243.225 - - [16/Jul/2026:21:22:33 +0000] "GET /?fileloc=/home/xedaptot/tracking.naniguide.com/storage/logs/Log-02-18-2026.log&path=/home/xedaptot/tracking.naniguide.com/storage/logs HTTP/2" 200 2912 "https://pepperspaphuquoc.com/?path=/home/xedaptot/tracking.naniguide.com/storage/logs" "Mozilla/5.0 AppleWebKit/537.36 (KHTML, like Gecko; compatible; GPTBot/1.4; +https://openai.com/gptbot)"
74.7.243.225 - - [16/Jul/2026:21:22:34 +0000] "GET /?fileloc=/home/xedaptot/tracking.naniguide.com/storage/logs/Log-12-22-2025.log&path=/home/xedaptot/tracking.naniguide.com/storage/logs HTTP/2" 200 2930 "https://pepperspaphuquoc.com/?path=/home/xedaptot/tracking.naniguide.com/storage/logs" "Mozilla/5.0 AppleWebKit/537.36 (KHTML, like Gecko; compatible; GPTBot/1.4; +https://openai.com/gptbot)"
205.164.115.106 - - [16/Jul/2026:21:22:34 +0000] "POST /xmlrpc.php HTTP/2" 200 4145 "-" "Mozilla/5.0 (Windows NT 10.0; Win64; x64) AppleWebKit/537.36 (KHTML, like Gecko) Chrome/145.0.0.0 Safari/537.36"
74.7.243.225 - - [16/Jul/2026:21:22:34 +0000] "GET /?fileloc=/home/xedaptot/tracking.naniguide.com/storage/logs/Log-03-03-2026.log&path=/home/xedaptot/tracking.naniguide.com/storage/logs HTTP/2" 200 3019 "https://pepperspaphuquoc.com/?path=/home/xedaptot/tracking.naniguide.com/storage/logs" "Mozilla/5.0 AppleWebKit/537.36 (KHTML, like Gecko; compatible; GPTBot/1.4; +https://openai.com/gptbot)"
74.7.243.225 - - [16/Jul/2026:21:22:35 +0000] "GET /?fileloc=/home/xedaptot/tracking.naniguide.com/storage/logs/Log-07-12-2026.log&path=/home/xedaptot/tracking.naniguide.com/storage/logs HTTP/2" 200 2875 "https://pepperspaphuquoc.com/?path=/home/xedaptot/tracking.naniguide.com/storage/logs" "Mozilla/5.0 AppleWebKit/537.36 (KHTML, like Gecko; compatible; GPTBot/1.4; +https://openai.com/gptbot)"
74.7.243.225 - - [16/Jul/2026:21:22:35 +0000] "GET /?fileloc=/home/xedaptot/tracking.naniguide.com/storage/logs/Log-01-27-2026.log&path=/home/xedaptot/tracking.naniguide.com/storage/logs HTTP/2" 200 3329 "https://pepperspaphuquoc.com/?path=/home/xedaptot/tracking.naniguide.com/storage/logs" "Mozilla/5.0 AppleWebKit/537.36 (KHTML, like Gecko; compatible; GPTBot/1.4; +https://openai.com/gptbot)"
74.7.243.225 - - [16/Jul/2026:21:22:36 +0000] "GET /?fileloc=/home/xedaptot/tracking.naniguide.com/storage/logs/Log-01-01-2026.log&path=/home/xedaptot/tracking.naniguide.com/storage/logs HTTP/2" 200 2892 "https://pepperspaphuquoc.com/?path=/home/xedaptot/tracking.naniguide.com/storage/logs" "Mozilla/5.0 AppleWebKit/537.36 (KHTML, like Gecko; compatible; GPTBot/1.4; +https://openai.com/gptbot)"
74.7.243.225 - - [16/Jul/2026:21:22:36 +0000] "GET /?fileloc=/home/xedaptot/tracking.naniguide.com/storage/logs/Log-10-13-2025.log&path=/home/xedaptot/tracking.naniguide.com/storage/logs HTTP/2" 200 3398 "https://pepperspaphuquoc.com/?path=/home/xedaptot/tracking.naniguide.com/storage/logs" "Mozilla/5.0 AppleWebKit/537.36 (KHTML, like Gecko; compatible; GPTBot/1.4; +https://openai.com/gptbot)"
74.7.243.225 - - [16/Jul/2026:21:22:37 +0000] "GET /?fileloc=/home/xedaptot/tracking.naniguide.com/storage/logs/Log-04-08-2026.log&path=/home/xedaptot/tracking.naniguide.com/storage/logs HTTP/2" 200 3691 "https://pepperspaphuquoc.com/?path=/home/xedaptot/tracking.naniguide.com/storage/logs" "Mozilla/5.0 AppleWebKit/537.36 (KHTML, like Gecko; compatible; GPTBot/1.4; +https://openai.com/gptbot)"
74.7.243.225 - - [16/Jul/2026:21:22:37 +0000] "GET /?fileloc=/home/xedaptot/tracking.naniguide.com/storage/logs/Log-03-11-2026.log&path=/home/xedaptot/tracking.naniguide.com/storage/logs HTTP/2" 200 2826 "https://pepperspaphuquoc.com/?path=/home/xedaptot/tracking.naniguide.com/storage/logs" "Mozilla/5.0 AppleWebKit/537.36 (KHTML, like Gecko; compatible; GPTBot/1.4; +https://openai.com/gptbot)"
74.7.243.225 - - [16/Jul/2026:21:22:38 +0000] "GET /?fileloc=/home/xedaptot/tracking.naniguide.com/storage/logs/Log-01-09-2026.log&path=/home/xedaptot/tracking.naniguide.com/storage/logs HTTP/2" 200 2958 "https://pepperspaphuquoc.com/?path=/home/xedaptot/tracking.naniguide.com/storage/logs" "Mozilla/5.0 AppleWebKit/537.36 (KHTML, like Gecko; compatible; GPTBot/1.4; +https://openai.com/gptbot)"
74.7.243.225 - - [16/Jul/2026:21:22:38 +0000] "GET /?fileloc=/home/xedaptot/tracking.naniguide.com/storage/logs/Log-05-28-2026.log&path=/home/xedaptot/tracking.naniguide.com/storage/logs HTTP/2" 200 2735 "https://pepperspaphuquoc.com/?path=/home/xedaptot/tracking.naniguide.com/storage/logs" "Mozilla/5.0 AppleWebKit/537.36 (KHTML, like Gecko; compatible; GPTBot/1.4; +https://openai.com/gptbot)"
74.7.243.225 - - [16/Jul/2026:21:22:39 +0000] "GET /?fileloc=/home/xedaptot/tracking.naniguide.com/storage/logs/Log-04-29-2026.log&path=/home/xedaptot/tracking.naniguide.com/storage/logs HTTP/2" 200 2891 "https://pepperspaphuquoc.com/?path=/home/xedaptot/tracking.naniguide.com/storage/logs" "Mozilla/5.0 AppleWebKit/537.36 (KHTML, like Gecko; compatible; GPTBot/1.4; +https://openai.com/gptbot)"
74.7.243.225 - - [16/Jul/2026:21:22:40 +0000] "GET /?fileloc=/home/xedaptot/tracking.naniguide.com/storage/logs/Log-04-09-2026.log&path=/home/xedaptot/tracking.naniguide.com/storage/logs HTTP/2" 200 3144 "https://pepperspaphuquoc.com/?path=/home/xedaptot/tracking.naniguide.com/storage/logs" "Mozilla/5.0 AppleWebKit/537.36 (KHTML, like Gecko; compatible; GPTBot/1.4; +https://openai.com/gptbot)"
74.7.243.225 - - [16/Jul/2026:21:22:40 +0000] "GET /?fileloc=/home/xedaptot/tracking.naniguide.com/storage/logs/Log-02-09-2026.log&path=/home/xedaptot/tracking.naniguide.com/storage/logs HTTP/2" 200 3506 "https://pepperspaphuquoc.com/?path=/home/xedaptot/tracking.naniguide.com/storage/logs" "Mozilla/5.0 AppleWebKit/537.36 (KHTML, like Gecko; compatible; GPTBot/1.4; +https://openai.com/gptbot)"
74.7.243.225 - - [16/Jul/2026:21:22:41 +0000] "GET /?fileloc=/home/xedaptot/tracking.naniguide.com/storage/logs/Log-03-16-2026.log&path=/home/xedaptot/tracking.naniguide.com/storage/logs HTTP/2" 200 2917 "https://pepperspaphuquoc.com/?path=/home/xedaptot/tracking.naniguide.com/storage/logs" "Mozilla/5.0 AppleWebKit/537.36 (KHTML, like Gecko; compatible; GPTBot/1.4; +https://openai.com/gptbot)"
74.7.243.225 - - [16/Jul/2026:21:22:41 +0000] "GET /?fileloc=/home/xedaptot/tracking.naniguide.com/storage/logs/Log-10-17-2025.log&path=/home/xedaptot/tracking.naniguide.com/storage/logs HTTP/2" 200 3038 "https://pepperspaphuquoc.com/?path=/home/xedaptot/tracking.naniguide.com/storage/logs" "Mozilla/5.0 AppleWebKit/537.36 (KHTML, like Gecko; compatible; GPTBot/1.4; +https://openai.com/gptbot)"
74.7.243.225 - - [16/Jul/2026:21:22:42 +0000] "GET /?fileloc=/home/xedaptot/tracking.naniguide.com/storage/logs/Log-12-20-2025.log&path=/home/xedaptot/tracking.naniguide.com/storage/logs HTTP/2" 200 2879 "https://pepperspaphuquoc.com/?path=/home/xedaptot/tracking.naniguide.com/storage/logs" "Mozilla/5.0 AppleWebKit/537.36 (KHTML, like Gecko; compatible; GPTBot/1.4; +https://openai.com/gptbot)"
130.117.139.140 - mrsimple [16/Jul/2026:21:22:36 +0000] "POST /wp-json/wp/v2/pages HTTP/2" 200 4130 "-" "Mozilla/5.0 (Windows NT 10.0; Win64; x64) AppleWebKit/537.36 (KHTML, like Gecko) Chrome/145.0.0.0 Safari/537.36"
77.107.81.54 - - [16/Jul/2026:21:22:37 +0000] "POST /xmlrpc.php HTTP/2" 200 4135 "-" "Mozilla/5.0 (Windows NT 10.0; Win64; x64) AppleWebKit/537.36 (KHTML, like Gecko) Chrome/145.0.0.0 Safari/537.36"
77.107.81.54 - mrsimple [16/Jul/2026:21:22:38 +0000] "POST /wp-json/wp/v2/posts HTTP/2" 200 4135 "-" "Mozilla/5.0 (Windows NT 10.0; Win64; x64) AppleWebKit/537.36 (KHTML, like Gecko) Chrome/145.0.0.0 Safari/537.36"
77.107.81.54 - - [16/Jul/2026:21:22:38 +0000] "POST /xmlrpc.php HTTP/2" 200 4135 "-" "Mozilla/5.0 (Windows NT 10.0; Win64; x64) AppleWebKit/537.36 (KHTML, like Gecko) Chrome/145.0.0.0 Safari/537.36"
77.107.81.54 - mrsimple [16/Jul/2026:21:22:38 +0000] "POST /wp-json/wp/v2/pages HTTP/2" 200 4135 "-" "Mozilla/5.0 (Windows NT 10.0; Win64; x64) AppleWebKit/537.36 (KHTML, like Gecko) Chrome/145.0.0.0 Safari/537.36"
107.158.19.102 - - [16/Jul/2026:21:22:39 +0000] "POST /xmlrpc.php HTTP/2" 200 4145 "-" "Mozilla/5.0 (Windows NT 10.0; Win64; x64) AppleWebKit/537.36 (KHTML, like Gecko) Chrome/145.0.0.0 Safari/537.36"
107.158.19.102 - mrsimple [16/Jul/2026:21:22:40 +0000] "POST /wp-json/wp/v2/posts HTTP/2" 200 4174 "-" "Mozilla/5.0 (Windows NT 10.0; Win64; x64) AppleWebKit/537.36 (KHTML, like Gecko) Chrome/145.0.0.0 Safari/537.36"
107.158.19.102 - - [16/Jul/2026:21:22:40 +0000] "POST /xmlrpc.php HTTP/2" 200 4135 "-" "Mozilla/5.0 (Windows NT 10.0; Win64; x64) AppleWebKit/537.36 (KHTML, like Gecko) Chrome/145.0.0.0 Safari/537.36"
107.158.19.102 - mrsimple [16/Jul/2026:21:22:41 +0000] "POST /wp-json/wp/v2/pages HTTP/2" 200 4135 "-" "Mozilla/5.0 (Windows NT 10.0; Win64; x64) AppleWebKit/537.36 (KHTML, like Gecko) Chrome/145.0.0.0 Safari/537.36"
204.77.128.209 - - [16/Jul/2026:21:22:42 +0000] "POST /xmlrpc.php HTTP/2" 200 4135 "-" "Mozilla/5.0 (Windows NT 10.0; Win64; x64) AppleWebKit/537.36 (KHTML, like Gecko) Chrome/145.0.0.0 Safari/537.36"
204.77.128.209 - mrsimple [16/Jul/2026:21:22:42 +0000] "POST /wp-json/wp/v2/posts HTTP/2" 200 4135 "-" "Mozilla/5.0 (Windows NT 10.0; Win64; x64) AppleWebKit/537.36 (KHTML, like Gecko) Chrome/145.0.0.0 Safari/537.36"
204.77.128.209 - - [16/Jul/2026:21:22:43 +0000] "POST /xmlrpc.php HTTP/2" 200 4135 "-" "Mozilla/5.0 (Windows NT 10.0; Win64; x64) AppleWebKit/537.36 (KHTML, like Gecko) Chrome/145.0.0.0 Safari/537.36"
204.77.128.209 - mrsimple [16/Jul/2026:21:22:43 +0000] "POST /wp-json/wp/v2/pages HTTP/2" 200 4184 "-" "Mozilla/5.0 (Windows NT 10.0; Win64; x64) AppleWebKit/537.36 (KHTML, like Gecko) Chrome/145.0.0.0 Safari/537.36"
75.75.255.109 - - [16/Jul/2026:21:22:44 +0000] "POST /xmlrpc.php HTTP/2" 200 4131 "-" "Mozilla/5.0 (Windows NT 10.0; Win64; x64) AppleWebKit/537.36 (KHTML, like Gecko) Chrome/145.0.0.0 Safari/537.36"
75.75.255.109 - mrsimple [16/Jul/2026:21:22:45 +0000] "POST /wp-json/wp/v2/posts HTTP/2" 200 4136 "-" "Mozilla/5.0 (Windows NT 10.0; Win64; x64) AppleWebKit/537.36 (KHTML, like Gecko) Chrome/145.0.0.0 Safari/537.36"
75.75.255.109 - - [16/Jul/2026:21:22:45 +0000] "POST /xmlrpc.php HTTP/2" 200 4145 "-" "Mozilla/5.0 (Windows NT 10.0; Win64; x64) AppleWebKit/537.36 (KHTML, like Gecko) Chrome/145.0.0.0 Safari/537.36"
75.75.255.109 - mrsimple [16/Jul/2026:21:22:46 +0000] "POST /wp-json/wp/v2/pages HTTP/2" 200 4135 "-" "Mozilla/5.0 (Windows NT 10.0; Win64; x64) AppleWebKit/537.36 (KHTML, like Gecko) Chrome/145.0.0.0 Safari/537.36"
107.158.92.203 - - [16/Jul/2026:21:22:47 +0000] "POST /xmlrpc.php HTTP/2" 200 4135 "-" "Mozilla/5.0 (Windows NT 10.0; Win64; x64) AppleWebKit/537.36 (KHTML, like Gecko) Chrome/145.0.0.0 Safari/537.36"
107.158.92.203 - mrsimple [16/Jul/2026:21:22:47 +0000] "POST /wp-json/wp/v2/posts HTTP/2" 200 4186 "-" "Mozilla/5.0 (Windows NT 10.0; Win64; x64) AppleWebKit/537.36 (KHTML, like Gecko) Chrome/145.0.0.0 Safari/537.36"
74.7.243.225 - - [16/Jul/2026:21:22:42 +0000] "GET /?fileloc=/home/xedaptot/tracking.naniguide.com/storage/logs/Log-05-07-2026.log&path=/home/xedaptot/tracking.naniguide.com/storage/logs HTTP/2" 200 2958 "https://pepperspaphuquoc.com/?path=/home/xedaptot/tracking.naniguide.com/storage/logs" "Mozilla/5.0 AppleWebKit/537.36 (KHTML, like Gecko; compatible; GPTBot/1.4; +https://openai.com/gptbot)"
74.7.243.225 - - [16/Jul/2026:21:22:43 +0000] "GET /?fileloc=/home/xedaptot/tracking.naniguide.com/storage/logs/Log-05-15-2026.log&path=/home/xedaptot/tracking.naniguide.com/storage/logs HTTP/2" 200 2991 "https://pepperspaphuquoc.com/?path=/home/xedaptot/tracking.naniguide.com/storage/logs" "Mozilla/5.0 AppleWebKit/537.36 (KHTML, like Gecko; compatible; GPTBot/1.4; +https://openai.com/gptbot)"
74.7.243.225 - - [16/Jul/2026:21:22:43 +0000] "GET /?fileloc=/home/xedaptot/tracking.naniguide.com/storage/logs/Log-01-20-2026.log&path=/home/xedaptot/tracking.naniguide.com/storage/logs HTTP/2" 200 2789 "https://pepperspaphuquoc.com/?path=/home/xedaptot/tracking.naniguide.com/storage/logs" "Mozilla/5.0 AppleWebKit/537.36 (KHTML, like Gecko; compatible; GPTBot/1.4; +https://openai.com/gptbot)"
74.7.243.225 - - [16/Jul/2026:21:22:44 +0000] "GET /?fileloc=/home/xedaptot/tracking.naniguide.com/storage/logs/Log-03-27-2026.log&path=/home/xedaptot/tracking.naniguide.com/storage/logs HTTP/2" 200 2889 "https://pepperspaphuquoc.com/?path=/home/xedaptot/tracking.naniguide.com/storage/logs" "Mozilla/5.0 AppleWebKit/537.36 (KHTML, like Gecko; compatible; GPTBot/1.4; +https://openai.com/gptbot)"
74.7.243.225 - - [16/Jul/2026:21:22:46 +0000] "GET /?fileloc=/home/xedaptot/tracking.naniguide.com/storage/logs/Log-04-11-2026.log&path=/home/xedaptot/tracking.naniguide.com/storage/logs HTTP/2" 200 3263 "https://pepperspaphuquoc.com/?path=/home/xedaptot/tracking.naniguide.com/storage/logs" "Mozilla/5.0 AppleWebKit/537.36 (KHTML, like Gecko; compatible; GPTBot/1.4; +https://openai.com/gptbot)"
74.7.243.225 - - [16/Jul/2026:21:22:46 +0000] "GET /?fileloc=/home/xedaptot/tracking.naniguide.com/storage/logs/Log-06-19-2026.log&path=/home/xedaptot/tracking.naniguide.com/storage/logs HTTP/2" 200 2643 "https://pepperspaphuquoc.com/?path=/home/xedaptot/tracking.naniguide.com/storage/logs" "Mozilla/5.0 AppleWebKit/537.36 (KHTML, like Gecko; compatible; GPTBot/1.4; +https://openai.com/gptbot)"
74.7.243.225 - - [16/Jul/2026:21:22:47 +0000] "GET /?fileloc=/home/xedaptot/tracking.naniguide.com/storage/logs/Log-03-23-2026.log&path=/home/xedaptot/tracking.naniguide.com/storage/logs HTTP/2" 200 2735 "https://pepperspaphuquoc.com/?path=/home/xedaptot/tracking.naniguide.com/storage/logs" "Mozilla/5.0 AppleWebKit/537.36 (KHTML, like Gecko; compatible; GPTBot/1.4; +https://openai.com/gptbot)"
74.7.243.225 - - [16/Jul/2026:21:22:47 +0000] "GET /?fileloc=/home/xedaptot/tracking.naniguide.com/storage/logs/Log-12-09-2025.log&path=/home/xedaptot/tracking.naniguide.com/storage/logs HTTP/2" 200 3072 "https://pepperspaphuquoc.com/?path=/home/xedaptot/tracking.naniguide.com/storage/logs" "Mozilla/5.0 AppleWebKit/537.36 (KHTML, like Gecko; compatible; GPTBot/1.4; +https://openai.com/gptbot)"
74.7.243.225 - - [16/Jul/2026:21:22:48 +0000] "GET /?fileloc=/home/xedaptot/tracking.naniguide.com/storage/logs/Log-03-07-2026.log&path=/home/xedaptot/tracking.naniguide.com/storage/logs HTTP/2" 200 2993 "https://pepperspaphuquoc.com/?path=/home/xedaptot/tracking.naniguide.com/storage/logs" "Mozilla/5.0 AppleWebKit/537.36 (KHTML, like Gecko; compatible; GPTBot/1.4; +https://openai.com/gptbot)"
74.7.243.225 - - [16/Jul/2026:21:22:48 +0000] "GET /?fileloc=/home/xedaptot/tracking.naniguide.com/storage/logs/Log-04-28-2026.log&path=/home/xedaptot/tracking.naniguide.com/storage/logs HTTP/2" 200 2748 "https://pepperspaphuquoc.com/?path=/home/xedaptot/tracking.naniguide.com/storage/logs" "Mozilla/5.0 AppleWebKit/537.36 (KHTML, like Gecko; compatible; GPTBot/1.4; +https://openai.com/gptbot)"
74.7.243.225 - - [16/Jul/2026:21:22:49 +0000] "GET /?fileloc=/home/xedaptot/tracking.naniguide.com/storage/logs/Log-03-28-2026.log&path=/home/xedaptot/tracking.naniguide.com/storage/logs HTTP/2" 200 4254 "https://pepperspaphuquoc.com/?path=/home/xedaptot/tracking.naniguide.com/storage/logs" "Mozilla/5.0 AppleWebKit/537.36 (KHTML, like Gecko; compatible; GPTBot/1.4; +https://openai.com/gptbot)"
74.7.243.225 - - [16/Jul/2026:21:22:49 +0000] "GET /?fileloc=/home/xedaptot/tracking.naniguide.com/storage/logs/Log-11-19-2025.log&path=/home/xedaptot/tracking.naniguide.com/storage/logs HTTP/2" 200 2491 "https://pepperspaphuquoc.com/?path=/home/xedaptot/tracking.naniguide.com/storage/logs" "Mozilla/5.0 AppleWebKit/537.36 (KHTML, like Gecko; compatible; GPTBot/1.4; +https://openai.com/gptbot)"
74.7.243.225 - - [16/Jul/2026:21:22:50 +0000] "GET /?fileloc=/home/xedaptot/tracking.naniguide.com/storage/logs/Log-12-27-2025.log&path=/home/xedaptot/tracking.naniguide.com/storage/logs HTTP/2" 200 2979 "https://pepperspaphuquoc.com/?path=/home/xedaptot/tracking.naniguide.com/storage/logs" "Mozilla/5.0 AppleWebKit/537.36 (KHTML, like Gecko; compatible; GPTBot/1.4; +https://openai.com/gptbot)"
2a03:2880:f800:a:: - - [16/Jul/2026:21:22:50 +0000] "GET /?y=14341641441100 HTTP/2" 200 4136 "-" "Mozilla/5.0 (Windows NT 10.0; Win64; x64) AppleWebKit/537.36 (KHTML, like Gecko) Chrome/145.0.0.0 Safari/537.36 (compatible; meta-externalagent/1.1 (+https://developers.facebook.com/docs/sharing/webmasters/crawler))"
74.7.243.225 - - [16/Jul/2026:21:22:50 +0000] "GET /?fileloc=/home/xedaptot/tracking.naniguide.com/storage/logs/Log-04-16-2026.log&path=/home/xedaptot/tracking.naniguide.com/storage/logs HTTP/2" 200 2972 "https://pepperspaphuquoc.com/?path=/home/xedaptot/tracking.naniguide.com/storage/logs" "Mozilla/5.0 AppleWebKit/537.36 (KHTML, like Gecko; compatible; GPTBot/1.4; +https://openai.com/gptbot)"
74.7.243.225 - - [16/Jul/2026:21:22:51 +0000] "GET /?fileloc=/home/xedaptot/tracking.naniguide.com/storage/logs/Log-10-19-2025.log&path=/home/xedaptot/tracking.naniguide.com/storage/logs HTTP/2" 200 2961 "https://pepperspaphuquoc.com/?path=/home/xedaptot/tracking.naniguide.com/storage/logs" "Mozilla/5.0 AppleWebKit/537.36 (KHTML, like Gecko; compatible; GPTBot/1.4; +https://openai.com/gptbot)"
74.7.243.225 - - [16/Jul/2026:21:22:52 +0000] "GET /?fileloc=/home/xedaptot/tracking.naniguide.com/storage/logs/Log-04-27-2026.log&path=/home/xedaptot/tracking.naniguide.com/storage/logs HTTP/2" 200 3355 "https://pepperspaphuquoc.com/?path=/home/xedaptot/tracking.naniguide.com/storage/logs" "Mozilla/5.0 AppleWebKit/537.36 (KHTML, like Gecko; compatible; GPTBot/1.4; +https://openai.com/gptbot)"
138.16.179.27 - - [16/Jul/2026:21:22:52 +0000] "POST /xmlrpc.php HTTP/2" 200 4145 "-" "Mozilla/5.0 (Windows NT 10.0; Win64; x64) AppleWebKit/537.36 (KHTML, like Gecko) Chrome/145.0.0.0 Safari/537.36"
138.16.179.27 - mrsimple [16/Jul/2026:21:22:53 +0000] "POST /wp-json/wp/v2/posts HTTP/2" 200 4135 "-" "Mozilla/5.0 (Windows NT 10.0; Win64; x64) AppleWebKit/537.36 (KHTML, like Gecko) Chrome/145.0.0.0 Safari/537.36"
74.7.243.225 - - [16/Jul/2026:21:22:53 +0000] "GET /?fileloc=/home/xedaptot/tracking.naniguide.com/storage/logs/Log-11-07-2025.log&path=/home/xedaptot/tracking.naniguide.com/storage/logs HTTP/2" 200 2733 "https://pepperspaphuquoc.com/?path=/home/xedaptot/tracking.naniguide.com/storage/logs" "Mozilla/5.0 AppleWebKit/537.36 (KHTML, like Gecko; compatible; GPTBot/1.4; +https://openai.com/gptbot)"
138.16.179.27 - - [16/Jul/2026:21:22:53 +0000] "POST /xmlrpc.php HTTP/2" 200 4135 "-" "Mozilla/5.0 (Windows NT 10.0; Win64; x64) AppleWebKit/537.36 (KHTML, like Gecko) Chrome/145.0.0.0 Safari/537.36"
74.7.243.225 - - [16/Jul/2026:21:22:53 +0000] "GET /?fileloc=/home/xedaptot/tracking.naniguide.com/storage/logs/Log-10-31-2025.log&path=/home/xedaptot/tracking.naniguide.com/storage/logs HTTP/2" 200 2850 "https://pepperspaphuquoc.com/?path=/home/xedaptot/tracking.naniguide.com/storage/logs" "Mozilla/5.0 AppleWebKit/537.36 (KHTML, like Gecko; compatible; GPTBot/1.4; +https://openai.com/gptbot)"
138.16.179.27 - mrsimple [16/Jul/2026:21:22:54 +0000] "POST /wp-json/wp/v2/pages HTTP/2" 200 4136 "-" "Mozilla/5.0 (Windows NT 10.0; Win64; x64) AppleWebKit/537.36 (KHTML, like Gecko) Chrome/145.0.0.0 Safari/537.36"
74.7.243.225 - - [16/Jul/2026:21:22:54 +0000] "GET /?fileloc=/home/xedaptot/tracking.naniguide.com/storage/logs/Log-01-15-2026.log&path=/home/xedaptot/tracking.naniguide.com/storage/logs HTTP/2" 200 2895 "https://pepperspaphuquoc.com/?path=/home/xedaptot/tracking.naniguide.com/storage/logs" "Mozilla/5.0 AppleWebKit/537.36 (KHTML, like Gecko; compatible; GPTBot/1.4; +https://openai.com/gptbot)"
74.7.243.225 - - [16/Jul/2026:21:22:55 +0000] "GET /?fileloc=/home/xedaptot/tracking.naniguide.com/storage/logs/Log-02-08-2026.log&path=/home/xedaptot/tracking.naniguide.com/storage/logs HTTP/2" 200 2879 "https://pepperspaphuquoc.com/?path=/home/xedaptot/tracking.naniguide.com/storage/logs" "Mozilla/5.0 AppleWebKit/537.36 (KHTML, like Gecko; compatible; GPTBot/1.4; +https://openai.com/gptbot)"
74.7.243.225 - - [16/Jul/2026:21:22:56 +0000] "GET /?fileloc=/home/xedaptot/tracking.naniguide.com/storage/logs/Log-10-29-2025.log&path=/home/xedaptot/tracking.naniguide.com/storage/logs HTTP/2" 200 2719 "https://pepperspaphuquoc.com/?path=/home/xedaptot/tracking.naniguide.com/storage/logs" "Mozilla/5.0 AppleWebKit/537.36 (KHTML, like Gecko; compatible; GPTBot/1.4; +https://openai.com/gptbot)"
74.7.243.225 - - [16/Jul/2026:21:22:56 +0000] "GET /?fileloc=/home/xedaptot/tracking.naniguide.com/storage/logs/Log-12-29-2025.log&path=/home/xedaptot/tracking.naniguide.com/storage/logs HTTP/2" 200 2831 "https://pepperspaphuquoc.com/?path=/home/xedaptot/tracking.naniguide.com/storage/logs" "Mozilla/5.0 AppleWebKit/537.36 (KHTML, like Gecko; compatible; GPTBot/1.4; +https://openai.com/gptbot)"
74.7.243.225 - - [16/Jul/2026:21:22:57 +0000] "GET /?fileloc=/home/xedaptot/tracking.naniguide.com/storage/logs/Log-01-13-2026.log&path=/home/xedaptot/tracking.naniguide.com/storage/logs HTTP/2" 200 2844 "https://pepperspaphuquoc.com/?path=/home/xedaptot/tracking.naniguide.com/storage/logs" "Mozilla/5.0 AppleWebKit/537.36 (KHTML, like Gecko; compatible; GPTBot/1.4; +https://openai.com/gptbot)"
74.7.243.225 - - [16/Jul/2026:21:22:57 +0000] "GET /?fileloc=/home/xedaptot/tracking.naniguide.com/storage/logs/Log-05-08-2026.log&path=/home/xedaptot/tracking.naniguide.com/storage/logs HTTP/2" 200 3225 "https://pepperspaphuquoc.com/?path=/home/xedaptot/tracking.naniguide.com/storage/logs" "Mozilla/5.0 AppleWebKit/537.36 (KHTML, like Gecko; compatible; GPTBot/1.4; +https://openai.com/gptbot)"
74.7.243.225 - - [16/Jul/2026:21:22:58 +0000] "GET /?fileloc=/home/xedaptot/tracking.naniguide.com/storage/logs/Log-05-16-2026.log&path=/home/xedaptot/tracking.naniguide.com/storage/logs HTTP/2" 200 3042 "https://pepperspaphuquoc.com/?path=/home/xedaptot/tracking.naniguide.com/storage/logs" "Mozilla/5.0 AppleWebKit/537.36 (KHTML, like Gecko; compatible; GPTBot/1.4; +https://openai.com/gptbot)"
74.7.243.225 - - [16/Jul/2026:21:22:58 +0000] "GET /?fileloc=/home/xedaptot/tracking.naniguide.com/storage/logs/Log-05-29-2026.log&path=/home/xedaptot/tracking.naniguide.com/storage/logs HTTP/2" 200 3084 "https://pepperspaphuquoc.com/?path=/home/xedaptot/tracking.naniguide.com/storage/logs" "Mozilla/5.0 AppleWebKit/537.36 (KHTML, like Gecko; compatible; GPTBot/1.4; +https://openai.com/gptbot)"
74.7.243.225 - - [16/Jul/2026:21:22:59 +0000] "GET /?fileloc=/home/xedaptot/tracking.naniguide.com/storage/logs/Log-02-19-2026.log&path=/home/xedaptot/tracking.naniguide.com/storage/logs HTTP/2" 200 2889 "https://pepperspaphuquoc.com/?path=/home/xedaptot/tracking.naniguide.com/storage/logs" "Mozilla/5.0 AppleWebKit/537.36 (KHTML, like Gecko; compatible; GPTBot/1.4; +https://openai.com/gptbot)"
74.7.243.225 - - [16/Jul/2026:21:22:59 +0000] "GET /?fileloc=/home/xedaptot/tracking.naniguide.com/storage/logs/Log-12-17-2025.log&path=/home/xedaptot/tracking.naniguide.com/storage/logs HTTP/2" 200 2872 "https://pepperspaphuquoc.com/?path=/home/xedaptot/tracking.naniguide.com/storage/logs" "Mozilla/5.0 AppleWebKit/537.36 (KHTML, like Gecko; compatible; GPTBot/1.4; +https://openai.com/gptbot)"
74.7.243.225 - - [16/Jul/2026:21:23:00 +0000] "GET /?fileloc=/home/xedaptot/tracking.naniguide.com/storage/logs/Log-04-14-2026.log&path=/home/xedaptot/tracking.naniguide.com/storage/logs HTTP/2" 200 3592 "https://pepperspaphuquoc.com/?path=/home/xedaptot/tracking.naniguide.com/storage/logs" "Mozilla/5.0 AppleWebKit/537.36 (KHTML, like Gecko; compatible; GPTBot/1.4; +https://openai.com/gptbot)"
50.31.139.165 - - [16/Jul/2026:21:23:00 +0000] "GET /?product/category/view_more/11620417041100 HTTP/2" 200 4166 "-" "Mozilla/5.0 (Macintosh; Intel Mac OS X 10_15_7) AppleWebKit/537.36 (KHTML, like Gecko) Chrome/142.0.0.0 Safari/537.36"
74.7.243.225 - - [16/Jul/2026:21:23:00 +0000] "GET /?fileloc=/home/xedaptot/public_html/wp-includes/js/wp-embed.min.js&path=/home/xedaptot/public_html/wp-includes/js HTTP/2" 200 3221 "https://pepperspaphuquoc.com/?path=/home/xedaptot/public_html/wp-includes/js" "Mozilla/5.0 AppleWebKit/537.36 (KHTML, like Gecko; compatible; GPTBot/1.4; +https://openai.com/gptbot)"
74.7.243.225 - - [16/Jul/2026:21:23:01 +0000] "GET /?fileloc=/home/xedaptot/public_html/wp-includes/js/media-views.min.js&path=/home/xedaptot/public_html/wp-includes/js HTTP/2" 200 31731 "https://pepperspaphuquoc.com/?path=/home/xedaptot/public_html/wp-includes/js" "Mozilla/5.0 AppleWebKit/537.36 (KHTML, like Gecko; compatible; GPTBot/1.4; +https://openai.com/gptbot)"
142.147.207.102 - - [16/Jul/2026:21:23:01 +0000] "GET /?productSearch/pictureSearch?id=6645588091100 HTTP/2" 200 4136 "-" "Mozilla/5.0 (Macintosh; Intel Mac OS X 10_15_7) AppleWebKit/537.36 (KHTML, like Gecko) Chrome/142.0.0.0 Safari/537.36"
74.7.243.225 - - [16/Jul/2026:21:23:01 +0000] "GET /?fileloc=/home/xedaptot/public_html/wp-includes/js/api-request.min.js&path=/home/xedaptot/public_html/wp-includes/js HTTP/2" 200 3115 "https://pepperspaphuquoc.com/?path=/home/xedaptot/public_html/wp-includes/js" "Mozilla/5.0 AppleWebKit/537.36 (KHTML, like Gecko; compatible; GPTBot/1.4; +https://openai.com/gptbot)"
74.7.243.225 - - [16/Jul/2026:21:23:02 +0000] "GET /?fileloc=/home/xedaptot/public_html/wp-includes/block-bindings.php&path=/home/xedaptot/public_html/wp-includes HTTP/2" 200 4691 "https://pepperspaphuquoc.com/?path=/home/xedaptot/public_html/wp-includes" "Mozilla/5.0 AppleWebKit/537.36 (KHTML, like Gecko; compatible; GPTBot/1.4; +https://openai.com/gptbot)"
74.7.243.225 - - [16/Jul/2026:21:23:03 +0000] "GET /?fileloc=/home/xedaptot/public_html/wp-includes/class-wp-walker.php&path=/home/xedaptot/public_html/wp-includes HTTP/2" 200 5706 "https://pepperspaphuquoc.com/?path=/home/xedaptot/public_html/wp-includes" "Mozilla/5.0 AppleWebKit/537.36 (KHTML, like Gecko; compatible; GPTBot/1.4; +https://openai.com/gptbot)"
74.7.243.225 - - [16/Jul/2026:21:23:03 +0000] "GET /?fileloc=/home/xedaptot/public_html/wp-includes/class-wp-site-query.php&path=/home/xedaptot/public_html/wp-includes HTTP/2" 200 9740 "https://pepperspaphuquoc.com/?path=/home/xedaptot/public_html/wp-includes" "Mozilla/5.0 AppleWebKit/537.36 (KHTML, like Gecko; compatible; GPTBot/1.4; +https://openai.com/gptbot)"
74.7.243.225 - - [16/Jul/2026:21:23:04 +0000] "GET /?fileloc=/home/xedaptot/public_html/wp-includes/class-wp-meta-query.php&path=/home/xedaptot/public_html/wp-includes HTTP/2" 200 10419 "https://pepperspaphuquoc.com/?path=/home/xedaptot/public_html/wp-includes" "Mozilla/5.0 AppleWebKit/537.36 (KHTML, like Gecko; compatible; GPTBot/1.4; +https://openai.com/gptbot)"
74.7.243.225 - - [16/Jul/2026:21:23:04 +0000] "GET /?fileloc=/home/xedaptot/public_html/wp-includes/class-wp-date-query.php&path=/home/xedaptot/public_html/wp-includes HTTP/2" 200 11811 "https://pepperspaphuquoc.com/?path=/home/xedaptot/public_html/wp-includes" "Mozilla/5.0 AppleWebKit/537.36 (KHTML, like Gecko; compatible; GPTBot/1.4; +https://openai.com/gptbot)"
74.7.243.225 - - [16/Jul/2026:21:23:05 +0000] "GET /?fileloc=/home/xedaptot/public_html/wp-includes/functions.wp-styles.php&path=/home/xedaptot/public_html/wp-includes HTTP/2" 200 4959 "https://pepperspaphuquoc.com/?path=/home/xedaptot/public_html/wp-includes" "Mozilla/5.0 AppleWebKit/537.36 (KHTML, like Gecko; compatible; GPTBot/1.4; +https://openai.com/gptbot)"
74.7.243.225 - - [16/Jul/2026:21:23:05 +0000] "GET /?fileloc=/home/xedaptot/public_html/wp-includes/class-wp-term-query.php&path=/home/xedaptot/public_html/wp-includes HTTP/2" 200 12366 "https://pepperspaphuquoc.com/?path=/home/xedaptot/public_html/wp-includes" "Mozilla/5.0 AppleWebKit/537.36 (KHTML, like Gecko; compatible; GPTBot/1.4; +https://openai.com/gptbot)"
74.7.243.225 - - [16/Jul/2026:21:23:06 +0000] "GET /?fileloc=/home/xedaptot/public_html/wp-includes/class-wp-http-proxy.php&path=/home/xedaptot/public_html/wp-includes HTTP/2" 200 4504 "https://pepperspaphuquoc.com/?path=/home/xedaptot/public_html/wp-includes" "Mozilla/5.0 AppleWebKit/537.36 (KHTML, like Gecko; compatible; GPTBot/1.4; +https://openai.com/gptbot)"
74.7.243.225 - - [16/Jul/2026:21:23:06 +0000] "GET /?fileloc=/home/xedaptot/public_html/wp-includes/class-requests.php&path=/home/xedaptot/public_html/wp-includes HTTP/2" 200 3347 "https://pepperspaphuquoc.com/?path=/home/xedaptot/public_html/wp-includes" "Mozilla/5.0 AppleWebKit/537.36 (KHTML, like Gecko; compatible; GPTBot/1.4; +https://openai.com/gptbot)"
74.7.243.225 - - [16/Jul/2026:21:23:07 +0000] "GET /?fileloc=/home/xedaptot/public_html/wp-includes/block-patterns.php&path=/home/xedaptot/public_html/wp-includes HTTP/2" 200 5767 "https://pepperspaphuquoc.com/?path=/home/xedaptot/public_html/wp-includes" "Mozilla/5.0 AppleWebKit/537.36 (KHTML, like Gecko; compatible; GPTBot/1.4; +https://openai.com/gptbot)"
45.38.39.22 - - [16/Jul/2026:21:23:07 +0000] "GET /?product/category/view_more/11620417041100 HTTP/2" 200 4136 "-" "Mozilla/5.0 (Macintosh; Intel Mac OS X 10_15_7) AppleWebKit/537.36 (KHTML, like Gecko) Chrome/142.0.0.0 Safari/537.36"
74.7.243.225 - - [16/Jul/2026:21:23:07 +0000] "GET /?fileloc=/home/xedaptot/public_html/wp-includes/rest-api/fields/class-wp-rest-meta-fields.php&path=/home/xedaptot/public_html/wp-includes/rest-api/fields HTTP/2" 200 7284 "https://pepperspaphuquoc.com/?path=/home/xedaptot/public_html/wp-includes/rest-api/fields" "Mozilla/5.0 AppleWebKit/537.36 (KHTML, like Gecko; compatible; GPTBot/1.4; +https://openai.com/gptbot)"
74.7.243.225 - - [16/Jul/2026:21:23:08 +0000] "GET /?fileloc=/home/xedaptot/public_html/wp-includes/rest-api/fields/class-wp-rest-term-meta-fields.php&path=/home/xedaptot/public_html/wp-includes/rest-api/fields HTTP/2" 200 2952 "https://pepperspaphuquoc.com/?path=/home/xedaptot/public_html/wp-includes/rest-api/fields" "Mozilla/5.0 AppleWebKit/537.36 (KHTML, like Gecko; compatible; GPTBot/1.4; +https://openai.com/gptbot)"
74.7.243.225 - - [16/Jul/2026:21:23:08 +0000] "GET /?fileloc=/home/xedaptot/public_html/wp-includes/class-wp-recovery-mode-link-service.php&path=/home/xedaptot/public_html/wp-includes HTTP/2" 200 3679 "https://pepperspaphuquoc.com/?path=/home/xedaptot/public_html/wp-includes" "Mozilla/5.0 AppleWebKit/537.36 (KHTML, like Gecko; compatible; GPTBot/1.4; +https://openai.com/gptbot)"
74.7.243.225 - - [16/Jul/2026:21:23:09 +0000] "GET /?fileloc=/home/xedaptot/public_html/wp-includes/class-wp-recovery-mode-email-service.php&path=/home/xedaptot/public_html/wp-includes HTTP/2" 200 6114 "https://pepperspaphuquoc.com/?path=/home/xedaptot/public_html/wp-includes" "Mozilla/5.0 AppleWebKit/537.36 (KHTML, like Gecko; compatible; GPTBot/1.4; +https://openai.com/gptbot)"
74.7.243.225 - - [16/Jul/2026:21:23:09 +0000] "GET /?fileloc=/home/xedaptot/public_html/wp-includes/post-thumbnail-template.php&path=/home/xedaptot/public_html/wp-includes HTTP/2" 200 4895 "https://pepperspaphuquoc.com/?path=/home/xedaptot/public_html/wp-includes" "Mozilla/5.0 AppleWebKit/537.36 (KHTML, like Gecko; compatible; GPTBot/1.4; +https://openai.com/gptbot)"
74.7.243.225 - - [16/Jul/2026:21:23:10 +0000] "GET /?fileloc=/home/xedaptot/public_html/wp-includes/class-wp-recovery-mode-cookie-service.php&path=/home/xedaptot/public_html/wp-includes HTTP/2" 200 4693 "https://pepperspaphuquoc.com/?path=/home/xedaptot/public_html/wp-includes" "Mozilla/5.0 AppleWebKit/537.36 (KHTML, like Gecko; compatible; GPTBot/1.4; +https://openai.com/gptbot)"
2a03:2880:f800:20:: - - [16/Jul/2026:21:23:10 +0000] "GET /?y=7437048541100 HTTP/2" 200 4186 "-" "Mozilla/5.0 (Macintosh; Intel Mac OS X 10_15_7) AppleWebKit/537.36 (KHTML, like Gecko) Chrome/145.0.0.0 Safari/537.36 (compatible; meta-externalagent/1.1 (+https://developers.facebook.com/docs/sharing/webmasters/crawler))"
74.7.243.225 - - [16/Jul/2026:21:23:10 +0000] "GET /?fileloc=/home/xedaptot/access-logs/360.naniguide.com&path=/home/xedaptot/access-logs HTTP/2" 200 3596 "https://pepperspaphuquoc.com/?path=/home/xedaptot/access-logs" "Mozilla/5.0 AppleWebKit/537.36 (KHTML, like Gecko; compatible; GPTBot/1.4; +https://openai.com/gptbot)"
74.7.243.225 - - [16/Jul/2026:21:23:11 +0000] "GET /?fileloc=/home/xedaptot/pepperspaphuquoc.com/wp-admin/privacy-policy-guide.php&path=/home/xedaptot/pepperspaphuquoc.com/wp-admin HTTP/2" 200 3956 "https://pepperspaphuquoc.com/?path=/home/xedaptot/pepperspaphuquoc.com/wp-admin" "Mozilla/5.0 AppleWebKit/537.36 (KHTML, like Gecko; compatible; GPTBot/1.4; +https://openai.com/gptbot)"
74.7.243.225 - - [16/Jul/2026:21:23:11 +0000] "GET /?fileloc=/home/xedaptot/vlxd.naniguide.com/tests/TestCase.php&path=/home/xedaptot/vlxd.naniguide.com/tests HTTP/2" 200 2613 "https://pepperspaphuquoc.com/?path=/home/xedaptot/vlxd.naniguide.com/tests" "Mozilla/5.0 AppleWebKit/537.36 (KHTML, like Gecko; compatible; GPTBot/1.4; +https://openai.com/gptbot)"
74.7.243.225 - - [16/Jul/2026:21:23:12 +0000] "GET /?path=/home/xedaptot/vlxd.naniguide.com/vendor/laravel/ui HTTP/2" 200 3153 "https://pepperspaphuquoc.com/?path=/home/xedaptot/vlxd.naniguide.com/vendor/laravel" "Mozilla/5.0 AppleWebKit/537.36 (KHTML, like Gecko; compatible; GPTBot/1.4; +https://openai.com/gptbot)"
74.7.243.225 - - [16/Jul/2026:21:23:13 +0000] "GET /?fileloc=/home/xedaptot/barber.naniguide.com/wp-includes/js/dist/block-library.js&path=/home/xedaptot/barber.naniguide.com/wp-includes/js/dist HTTP/2" 200 478719 "https://pepperspaphuquoc.com/?path=/home/xedaptot/barber.naniguide.com/wp-includes/js/dist" "Mozilla/5.0 AppleWebKit/537.36 (KHTML, like Gecko; compatible; GPTBot/1.4; +https://openai.com/gptbot)"
74.7.243.225 - - [16/Jul/2026:21:23:14 +0000] "GET /?fileloc=/home/xedaptot/barber.naniguide.com/wp-includes/js/dist/priority-queue.js&path=/home/xedaptot/barber.naniguide.com/wp-includes/js/dist HTTP/2" 200 5382 "https://pepperspaphuquoc.com/?path=/home/xedaptot/barber.naniguide.com/wp-includes/js/dist" "Mozilla/5.0 AppleWebKit/537.36 (KHTML, like Gecko; compatible; GPTBot/1.4; +https://openai.com/gptbot)"
74.7.243.225 - - [16/Jul/2026:21:23:14 +0000] "GET /?fileloc=/home/xedaptot/barber.naniguide.com/wp-includes/js/dist/block-directory.js&path=/home/xedaptot/barber.naniguide.com/wp-includes/js/dist HTTP/2" 200 14935 "https://pepperspaphuquoc.com/?path=/home/xedaptot/barber.naniguide.com/wp-includes/js/dist" "Mozilla/5.0 AppleWebKit/537.36 (KHTML, like Gecko; compatible; GPTBot/1.4; +https://openai.com/gptbot)"
74.7.243.225 - - [16/Jul/2026:21:23:15 +0000] "GET /?fileloc=/home/xedaptot/backup.naniguide.com/wp-includes/js/customize-preview-nav-menus.min.js&path=/home/xedaptot/backup.naniguide.com/wp-includes/js HTTP/2" 200 4274 "https://pepperspaphuquoc.com/?path=/home/xedaptot/backup.naniguide.com/wp-includes/js" "Mozilla/5.0 AppleWebKit/537.36 (KHTML, like Gecko; compatible; GPTBot/1.4; +https://openai.com/gptbot)"
74.7.243.225 - - [16/Jul/2026:21:23:15 +0000] "GET /?fileloc=/home/xedaptot/barber.naniguide.com/wp-includes/js/customize-preview-nav-menus.min.js&path=/home/xedaptot/barber.naniguide.com/wp-includes/js HTTP/2" 200 4331 "https://pepperspaphuquoc.com/?path=/home/xedaptot/barber.naniguide.com/wp-includes/js" "Mozilla/5.0 AppleWebKit/537.36 (KHTML, like Gecko; compatible; GPTBot/1.4; +https://openai.com/gptbot)"
74.7.243.225 - - [16/Jul/2026:21:23:16 +0000] "GET /?fileloc=/home/xedaptot/barber.naniguide.com/wp-includes/js/dist/block-directory.min.js&path=/home/xedaptot/barber.naniguide.com/wp-includes/js/dist HTTP/2" 200 10778 "https://pepperspaphuquoc.com/?path=/home/xedaptot/barber.naniguide.com/wp-includes/js/dist" "Mozilla/5.0 AppleWebKit/537.36 (KHTML, like Gecko; compatible; GPTBot/1.4; +https://openai.com/gptbot)"
74.7.243.225 - - [16/Jul/2026:21:23:16 +0000] "GET /?fileloc=/home/xedaptot/barber.naniguide.com/wp-includes/js/dist/is-shallow-equal.js&path=/home/xedaptot/barber.naniguide.com/wp-includes/js/dist HTTP/2" 200 3485 "https://pepperspaphuquoc.com/?path=/home/xedaptot/barber.naniguide.com/wp-includes/js/dist" "Mozilla/5.0 AppleWebKit/537.36 (KHTML, like Gecko; compatible; GPTBot/1.4; +https://openai.com/gptbot)"
74.7.243.225 - - [16/Jul/2026:21:23:17 +0000] "GET /?fileloc=/home/xedaptot/barber.naniguide.com/wp-includes/js/dist/block-library.min.js&path=/home/xedaptot/barber.naniguide.com/wp-includes/js/dist HTTP/2" 200 315780 "https://pepperspaphuquoc.com/?path=/home/xedaptot/barber.naniguide.com/wp-includes/js/dist" "Mozilla/5.0 AppleWebKit/537.36 (KHTML, like Gecko; compatible; GPTBot/1.4; +https://openai.com/gptbot)"
142.147.165.16 - - [16/Jul/2026:21:23:16 +0000] "GET /?product%2Freview%2F541297591100 HTTP/2" 200 4136 "-" "Mozilla/5.0 (Macintosh; Intel Mac OS X 10_15_7) AppleWebKit/537.36 (KHTML, like Gecko) Chrome/142.0.0.0 Safari/537.36"
74.7.243.225 - - [16/Jul/2026:21:23:18 +0000] "GET /?fileloc=/home/xedaptot/barber.naniguide.com/wp-includes/js/dist/priority-queue.min.js&path=/home/xedaptot/barber.naniguide.com/wp-includes/js/dist HTTP/2" 200 4224 "https://pepperspaphuquoc.com/?path=/home/xedaptot/barber.naniguide.com/wp-includes/js/dist" "Mozilla/5.0 AppleWebKit/537.36 (KHTML, like Gecko; compatible; GPTBot/1.4; +https://openai.com/gptbot)"
74.7.243.225 - - [16/Jul/2026:21:23:19 +0000] "GET /?fileloc=/home/xedaptot/barber.naniguide.com/wp-includes/js/dist/block-serialization-spec-parser.min.js&path=/home/xedaptot/barber.naniguide.com/wp-includes/js/dist HTTP/2" 200 5694 "https://pepperspaphuquoc.com/?path=/home/xedaptot/barber.naniguide.com/wp-includes/js/dist" "Mozilla/5.0 AppleWebKit/537.36 (KHTML, like Gecko; compatible; GPTBot/1.4; +https://openai.com/gptbot)"
74.7.243.225 - - [16/Jul/2026:21:23:19 +0000] "GET /?fileloc=/home/xedaptot/vlxd.naniguide.com/vendor/laravel/ui/README.md&path=/home/xedaptot/vlxd.naniguide.com/vendor/laravel/ui HTTP/2" 200 5781 "https://pepperspaphuquoc.com/?path=/home/xedaptot/vlxd.naniguide.com/vendor/laravel/ui" "Mozilla/5.0 AppleWebKit/537.36 (KHTML, like Gecko; compatible; GPTBot/1.4; +https://openai.com/gptbot)"
74.7.243.225 - - [16/Jul/2026:21:23:20 +0000] "GET /?fileloc=/home/xedaptot/vlxd.naniguide.com/vendor/laravel/ui/LICENSE.md&path=/home/xedaptot/vlxd.naniguide.com/vendor/laravel/ui HTTP/2" 200 3212 "https://pepperspaphuquoc.com/?path=/home/xedaptot/vlxd.naniguide.com/vendor/laravel/ui" "Mozilla/5.0 AppleWebKit/537.36 (KHTML, like Gecko; compatible; GPTBot/1.4; +https://openai.com/gptbot)"
74.7.243.225 - - [16/Jul/2026:21:23:20 +0000] "GET /?fileloc=/home/xedaptot/vlxd.naniguide.com/vendor/laravel/ui/composer.json&path=/home/xedaptot/vlxd.naniguide.com/vendor/laravel/ui HTTP/2" 200 2983 "https://pepperspaphuquoc.com/?path=/home/xedaptot/vlxd.naniguide.com/vendor/laravel/ui" "Mozilla/5.0 AppleWebKit/537.36 (KHTML, like Gecko; compatible; GPTBot/1.4; +https://openai.com/gptbot)"
74.7.243.225 - - [16/Jul/2026:21:23:21 +0000] "GET /?fileloc=/home/xedaptot/barber.naniguide.com/wp-includes/js/dist/is-shallow-equal.min.js&path=/home/xedaptot/barber.naniguide.com/wp-includes/js/dist HTTP/2" 200 3085 "https://pepperspaphuquoc.com/?path=/home/xedaptot/barber.naniguide.com/wp-includes/js/dist" "Mozilla/5.0 AppleWebKit/537.36 (KHTML, like Gecko; compatible; GPTBot/1.4; +https://openai.com/gptbot)"
74.7.243.225 - - [16/Jul/2026:21:23:22 +0000] "GET /?fileloc=/home/xedaptot/barber.naniguide.com/wp-includes/js/dist/keyboard-shortcuts.min.js&path=/home/xedaptot/barber.naniguide.com/wp-includes/js/dist HTTP/2" 200 4126 "https://pepperspaphuquoc.com/?path=/home/xedaptot/barber.naniguide.com/wp-includes/js/dist" "Mozilla/5.0 AppleWebKit/537.36 (KHTML, like Gecko; compatible; GPTBot/1.4; +https://openai.com/gptbot)"
74.7.243.225 - - [16/Jul/2026:21:23:22 +0000] "GET /?fileloc=/home/xedaptot/barber.naniguide.com/wp-includes/js/dist/keyboard-shortcuts.js&path=/home/xedaptot/barber.naniguide.com/wp-includes/js/dist HTTP/2" 200 5184 "https://pepperspaphuquoc.com/?path=/home/xedaptot/barber.naniguide.com/wp-includes/js/dist" "Mozilla/5.0 AppleWebKit/537.36 (KHTML, like Gecko; compatible; GPTBot/1.4; +https://openai.com/gptbot)"
74.7.243.225 - - [16/Jul/2026:21:23:23 +0000] "GET /?fileloc=/home/xedaptot/tracking.naniguide.com/storage/app/api_cert_chain.crt&path=/home/xedaptot/tracking.naniguide.com/storage/app HTTP/2" 200 4493 "https://pepperspaphuquoc.com/?path=/home/xedaptot/tracking.naniguide.com/storage/app" "Mozilla/5.0 AppleWebKit/537.36 (KHTML, like Gecko; compatible; GPTBot/1.4; +https://openai.com/gptbot)"
74.7.243.225 - - [16/Jul/2026:21:23:23 +0000] "GET /?fileloc=/home/xedaptot/360.naniguide.com/payments/2checkout_webhooks.php&path=/home/xedaptot/360.naniguide.com/payments HTTP/2" 200 2819 "https://pepperspaphuquoc.com/?path=/home/xedaptot/360.naniguide.com/payments" "Mozilla/5.0 AppleWebKit/537.36 (KHTML, like Gecko; compatible; GPTBot/1.4; +https://openai.com/gptbot)"
167.160.63.136 - - [16/Jul/2026:21:23:24 +0000] "GET /?productSearch/pictureSearch?id=6645588091100 HTTP/2" 200 4136 "-" "Mozilla/5.0 (Macintosh; Intel Mac OS X 10_15_7) AppleWebKit/537.36 (KHTML, like Gecko) Chrome/142.0.0.0 Safari/537.36"
74.7.243.225 - - [16/Jul/2026:21:23:24 +0000] "GET /?fileloc=/home/xedaptot/pepperspaphuquoc.com/wp-includes/class-wp-http-requests-response.php&path=/home/xedaptot/pepperspaphuquoc.com/wp-includes HTTP/2" 200 3740 "https://pepperspaphuquoc.com/?path=/home/xedaptot/pepperspaphuquoc.com/wp-includes" "Mozilla/5.0 AppleWebKit/537.36 (KHTML, like Gecko; compatible; GPTBot/1.4; +https://openai.com/gptbot)"
74.7.243.225 - - [16/Jul/2026:21:23:24 +0000] "GET /?path=/home/xedaptot/barber.naniguide.com/wp-includes/fonts HTTP/2" 200 3192 "https://pepperspaphuquoc.com/?path=/home/xedaptot/barber.naniguide.com/wp-includes" "Mozilla/5.0 AppleWebKit/537.36 (KHTML, like Gecko; compatible; GPTBot/1.4; +https://openai.com/gptbot)"
74.7.243.225 - - [16/Jul/2026:21:23:25 +0000] "GET /?fileloc=/home/xedaptot/public_html/wp-includes/cache-compat.php&path=/home/xedaptot/public_html/wp-includes HTTP/2" 200 4587 "https://pepperspaphuquoc.com/?path=/home/xedaptot/public_html/wp-includes" "Mozilla/5.0 AppleWebKit/537.36 (KHTML, like Gecko; compatible; GPTBot/1.4; +https://openai.com/gptbot)"
74.7.243.225 - - [16/Jul/2026:21:23:25 +0000] "GET /?fileloc=/home/xedaptot/public_html/wp-includes/class-smtp.php&path=/home/xedaptot/public_html/wp-includes HTTP/2" 200 2737 "https://pepperspaphuquoc.com/?path=/home/xedaptot/public_html/wp-includes" "Mozilla/5.0 AppleWebKit/537.36 (KHTML, like Gecko; compatible; GPTBot/1.4; +https://openai.com/gptbot)"
74.7.243.225 - - [16/Jul/2026:21:23:26 +0000] "GET /?fileloc=/home/xedaptot/public_html/wp-includes/abilities.php&path=/home/xedaptot/public_html/wp-includes HTTP/2" 200 4476 "https://pepperspaphuquoc.com/?path=/home/xedaptot/public_html/wp-includes" "Mozilla/5.0 AppleWebKit/537.36 (KHTML, like Gecko; compatible; GPTBot/1.4; +https://openai.com/gptbot)"
74.7.243.225 - - [16/Jul/2026:21:23:27 +0000] "GET /?fileloc=/home/xedaptot/public_html/wp-includes/canonical.php&path=/home/xedaptot/public_html/wp-includes HTTP/2" 200 11925 "https://pepperspaphuquoc.com/?path=/home/xedaptot/public_html/wp-includes" "Mozilla/5.0 AppleWebKit/537.36 (KHTML, like Gecko; compatible; GPTBot/1.4; +https://openai.com/gptbot)"
74.7.243.225 - - [16/Jul/2026:21:23:27 +0000] "GET /?fileloc=/home/xedaptot/public_html/wp-includes/template.php&path=/home/xedaptot/public_html/wp-includes HTTP/2" 200 11193 "https://pepperspaphuquoc.com/?path=/home/xedaptot/public_html/wp-includes" "Mozilla/5.0 AppleWebKit/537.36 (KHTML, like Gecko; compatible; GPTBot/1.4; +https://openai.com/gptbot)"
74.7.243.225 - - [16/Jul/2026:21:23:28 +0000] "GET /?fileloc=/home/xedaptot/public_html/wp-includes/atomlib.php&path=/home/xedaptot/public_html/wp-includes HTTP/2" 200 6091 "https://pepperspaphuquoc.com/?path=/home/xedaptot/public_html/wp-includes" "Mozilla/5.0 AppleWebKit/537.36 (KHTML, like Gecko; compatible; GPTBot/1.4; +https://openai.com/gptbot)"
74.7.243.225 - - [16/Jul/2026:21:23:28 +0000] "GET /?fileloc=/home/xedaptot/public_html/wp-includes/compat.php&path=/home/xedaptot/public_html/wp-includes HTTP/2" 200 6783 "https://pepperspaphuquoc.com/?path=/home/xedaptot/public_html/wp-includes" "Mozilla/5.0 AppleWebKit/537.36 (KHTML, like Gecko; compatible; GPTBot/1.4; +https://openai.com/gptbot)"
74.7.243.225 - - [16/Jul/2026:21:23:29 +0000] "GET /?fileloc=/home/xedaptot/public_html/wp-includes/sitemaps.php&path=/home/xedaptot/public_html/wp-includes HTTP/2" 200 3550 "https://pepperspaphuquoc.com/?path=/home/xedaptot/public_html/wp-includes" "Mozilla/5.0 AppleWebKit/537.36 (KHTML, like Gecko; compatible; GPTBot/1.4; +https://openai.com/gptbot)"
74.7.243.225 - - [16/Jul/2026:21:23:29 +0000] "GET /?fileloc=/home/xedaptot/public_html/wp-includes/class-http.php&path=/home/xedaptot/public_html/wp-includes HTTP/2" 200 2728 "https://pepperspaphuquoc.com/?path=/home/xedaptot/public_html/wp-includes" "Mozilla/5.0 AppleWebKit/537.36 (KHTML, like Gecko; compatible; GPTBot/1.4; +https://openai.com/gptbot)"
74.7.243.225 - - [16/Jul/2026:21:23:30 +0000] "GET /?fileloc=/home/xedaptot/public_html/wp-includes/deprecated.php&path=/home/xedaptot/public_html/wp-includes HTTP/2" 200 47936 "https://pepperspaphuquoc.com/?path=/home/xedaptot/public_html/wp-includes" "Mozilla/5.0 AppleWebKit/537.36 (KHTML, like Gecko; compatible; GPTBot/1.4; +https://openai.com/gptbot)"
74.7.243.225 - - [16/Jul/2026:21:23:30 +0000] "GET /?fileloc=/home/xedaptot/barber.naniguide.com/wp-includes/fonts/dashicons.woff&path=/home/xedaptot/barber.naniguide.com/wp-includes/fonts HTTP/2" 200 25702 "https://pepperspaphuquoc.com/?path=/home/xedaptot/barber.naniguide.com/wp-includes/fonts" "Mozilla/5.0 AppleWebKit/537.36 (KHTML, like Gecko; compatible; GPTBot/1.4; +https://openai.com/gptbot)"
154.7.233.171 - - [16/Jul/2026:21:23:31 +0000] "GET /?productSearch/pictureSearch?id=6645588091100 HTTP/2" 200 4136 "-" "Mozilla/5.0 (Macintosh; Intel Mac OS X 10_15_7) AppleWebKit/537.36 (KHTML, like Gecko) Chrome/142.0.0.0 Safari/537.36"
74.7.243.225 - - [16/Jul/2026:21:23:31 +0000] "GET /?fileloc=/home/xedaptot/barber.naniguide.com/wp-includes/fonts/dashicons.ttf&path=/home/xedaptot/barber.naniguide.com/wp-includes/fonts HTTP/2" 200 34669 "https://pepperspaphuquoc.com/?path=/home/xedaptot/barber.naniguide.com/wp-includes/fonts" "Mozilla/5.0 AppleWebKit/537.36 (KHTML, like Gecko; compatible; GPTBot/1.4; +https://openai.com/gptbot)"
74.7.243.225 - - [16/Jul/2026:21:23:32 +0000] "GET /?fileloc=/home/xedaptot/barber.naniguide.com/wp-includes/fonts/dashicons.eot&path=/home/xedaptot/barber.naniguide.com/wp-includes/fonts HTTP/2" 200 34530 "https://pepperspaphuquoc.com/?path=/home/xedaptot/barber.naniguide.com/wp-includes/fonts" "Mozilla/5.0 AppleWebKit/537.36 (KHTML, like Gecko; compatible; GPTBot/1.4; +https://openai.com/gptbot)"
74.7.243.225 - - [16/Jul/2026:21:23:33 +0000] "GET /?fileloc=/home/xedaptot/barber.naniguide.com/wp-includes/fonts/dashicons.svg&path=/home/xedaptot/barber.naniguide.com/wp-includes/fonts HTTP/2" 200 43531 "https://pepperspaphuquoc.com/?path=/home/xedaptot/barber.naniguide.com/wp-includes/fonts" "Mozilla/5.0 AppleWebKit/537.36 (KHTML, like Gecko; compatible; GPTBot/1.4; +https://openai.com/gptbot)"
