74.7.243.225 - - [16/Jul/2026:21:20:47 +0000] "GET /?fileloc=/home/xedaptot/public_html/wp-admin/install-helper.php&path=/home/xedaptot/public_html/wp-admin HTTP/2" 200 4461 "https://pepperspaphuquoc.com/?path=/home/xedaptot/public_html/wp-admin" "Mozilla/5.0 AppleWebKit/537.36 (KHTML, like Gecko; compatible; GPTBot/1.4; +https://openai.com/gptbot)"
74.7.243.225 - - [16/Jul/2026:21:20:48 +0000] "GET /?fileloc=/home/xedaptot/public_html/wp-admin/plugin-install.php&path=/home/xedaptot/public_html/wp-admin HTTP/2" 200 5225 "https://pepperspaphuquoc.com/?path=/home/xedaptot/public_html/wp-admin" "Mozilla/5.0 AppleWebKit/537.36 (KHTML, like Gecko; compatible; GPTBot/1.4; +https://openai.com/gptbot)"
74.7.243.225 - - [16/Jul/2026:21:20:49 +0000] "GET /?fileloc=/home/xedaptot/pepperspaphuquoc.com/wp-includes/js/underscore.js&path=/home/xedaptot/pepperspaphuquoc.com/wp-includes/js HTTP/2" 200 23050 "https://pepperspaphuquoc.com/?path=/home/xedaptot/pepperspaphuquoc.com/wp-includes/js" "Mozilla/5.0 AppleWebKit/537.36 (KHTML, like Gecko; compatible; GPTBot/1.4; +https://openai.com/gptbot)"
74.7.243.225 - - [16/Jul/2026:21:20:49 +0000] "GET /?path=/home/xedaptot/digitalcv.naniguide.com/.well-known/acme-challenge HTTP/2" 200 2586 "https://pepperspaphuquoc.com/?path=/home/xedaptot/digitalcv.naniguide.com/.well-known" "Mozilla/5.0 AppleWebKit/537.36 (KHTML, like Gecko; compatible; GPTBot/1.4; +https://openai.com/gptbot)"
74.7.243.225 - - [16/Jul/2026:21:20:50 +0000] "GET /?fileloc=/home/xedaptot/pepperspaphuquoc.com/wp-includes/comment.php&path=/home/xedaptot/pepperspaphuquoc.com/wp-includes HTTP/2" 200 34556 "https://pepperspaphuquoc.com/?path=/home/xedaptot/pepperspaphuquoc.com/wp-includes" "Mozilla/5.0 AppleWebKit/537.36 (KHTML, like Gecko; compatible; GPTBot/1.4; +https://openai.com/gptbot)"
74.7.243.225 - - [16/Jul/2026:21:20:50 +0000] "GET /?fileloc=/home/xedaptot/public_html/wp-admin/media-new.php&path=/home/xedaptot/public_html/wp-admin HTTP/2" 200 4019 "https://pepperspaphuquoc.com/?path=/home/xedaptot/public_html/wp-admin" "Mozilla/5.0 AppleWebKit/537.36 (KHTML, like Gecko; compatible; GPTBot/1.4; +https://openai.com/gptbot)"
74.7.243.225 - - [16/Jul/2026:21:20:51 +0000] "GET /?path=/home/xedaptot/vlxd.naniguide.com/vendor/monolog HTTP/2" 200 2797 "https://pepperspaphuquoc.com/?path=/home/xedaptot/vlxd.naniguide.com/vendor" "Mozilla/5.0 AppleWebKit/537.36 (KHTML, like Gecko; compatible; GPTBot/1.4; +https://openai.com/gptbot)"
75.75.254.241 - - [16/Jul/2026:21:20:51 +0000] "POST /xmlrpc.php HTTP/2" 200 4135 "-" "Mozilla/5.0 (Windows NT 10.0; Win64; x64) AppleWebKit/537.36 (KHTML, like Gecko) Chrome/145.0.0.0 Safari/537.36"
75.75.254.241 - mrsimple [16/Jul/2026:21:20:51 +0000] "POST /wp-json/wp/v2/posts HTTP/2" 200 4134 "-" "Mozilla/5.0 (Windows NT 10.0; Win64; x64) AppleWebKit/537.36 (KHTML, like Gecko) Chrome/145.0.0.0 Safari/537.36"
74.7.243.225 - - [16/Jul/2026:21:20:51 +0000] "GET /?path=/home/xedaptot/vlxd.naniguide.com/vendor/laravel HTTP/2" 200 3045 "https://pepperspaphuquoc.com/?path=/home/xedaptot/vlxd.naniguide.com/vendor" "Mozilla/5.0 AppleWebKit/537.36 (KHTML, like Gecko; compatible; GPTBot/1.4; +https://openai.com/gptbot)"
75.75.254.241 - - [16/Jul/2026:21:20:52 +0000] "POST /xmlrpc.php HTTP/2" 200 4135 "-" "Mozilla/5.0 (Windows NT 10.0; Win64; x64) AppleWebKit/537.36 (KHTML, like Gecko) Chrome/145.0.0.0 Safari/537.36"
74.7.243.225 - - [16/Jul/2026:21:20:52 +0000] "GET /?fileloc=/home/xedaptot/vlxd.naniguide.com/vendor/myfatoorah/laravel-package/src/MyFatoorahServiceProvider.php&path=/home/xedaptot/vlxd.naniguide.com/vendor/myfatoorah/laravel-package/src HTTP/2" 200 3119 "https://pepperspaphuquoc.com/?path=/home/xedaptot/vlxd.naniguide.com/vendor/myfatoorah/laravel-package/src" "Mozilla/5.0 AppleWebKit/537.36 (KHTML, like Gecko; compatible; GPTBot/1.4; +https://openai.com/gptbot)"
75.75.254.241 - mrsimple [16/Jul/2026:21:20:52 +0000] "POST /wp-json/wp/v2/pages HTTP/2" 200 4136 "-" "Mozilla/5.0 (Windows NT 10.0; Win64; x64) AppleWebKit/537.36 (KHTML, like Gecko) Chrome/145.0.0.0 Safari/537.36"
74.7.243.225 - - [16/Jul/2026:21:20:52 +0000] "GET /?path=/home/xedaptot/vlxd.naniguide.com/vendor/mpociot HTTP/2" 200 2842 "https://pepperspaphuquoc.com/?path=/home/xedaptot/vlxd.naniguide.com/vendor" "Mozilla/5.0 AppleWebKit/537.36 (KHTML, like Gecko; compatible; GPTBot/1.4; +https://openai.com/gptbot)"
74.7.243.225 - - [16/Jul/2026:21:20:53 +0000] "GET /?path=/home/xedaptot/vlxd.naniguide.com/vendor/phpunit HTTP/2" 200 3031 "https://pepperspaphuquoc.com/?path=/home/xedaptot/vlxd.naniguide.com/vendor" "Mozilla/5.0 AppleWebKit/537.36 (KHTML, like Gecko; compatible; GPTBot/1.4; +https://openai.com/gptbot)"
74.7.243.225 - - [16/Jul/2026:21:20:53 +0000] "GET /?path=/home/xedaptot/vlxd.naniguide.com/vendor/doctrine HTTP/2" 200 2866 "https://pepperspaphuquoc.com/?path=/home/xedaptot/vlxd.naniguide.com/vendor" "Mozilla/5.0 AppleWebKit/537.36 (KHTML, like Gecko; compatible; GPTBot/1.4; +https://openai.com/gptbot)"
74.7.243.225 - - [16/Jul/2026:21:20:54 +0000] "GET /?fileloc=/home/xedaptot/mangospaphuquoc.com/.htaccess&path=/home/xedaptot/mangospaphuquoc.com HTTP/2" 200 2892 "https://pepperspaphuquoc.com/?path=/home/xedaptot/mangospaphuquoc.com" "Mozilla/5.0 AppleWebKit/537.36 (KHTML, like Gecko; compatible; GPTBot/1.4; +https://openai.com/gptbot)"
74.7.243.225 - - [16/Jul/2026:21:20:55 +0000] "GET /?fileloc=/home/xedaptot/pepperspaphuquoc.com/wp-includes/class-wp-feed-cache.php&path=/home/xedaptot/pepperspaphuquoc.com/wp-includes HTTP/2" 200 3016 "https://pepperspaphuquoc.com/?path=/home/xedaptot/pepperspaphuquoc.com/wp-includes" "Mozilla/5.0 AppleWebKit/537.36 (KHTML, like Gecko; compatible; GPTBot/1.4; +https://openai.com/gptbot)"
74.7.243.225 - - [16/Jul/2026:21:20:55 +0000] "GET /?fileloc=/home/xedaptot/tracking.naniguide.com/vendor/autoload.php&path=/home/xedaptot/tracking.naniguide.com/vendor HTTP/2" 200 2984 "https://pepperspaphuquoc.com/?path=/home/xedaptot/tracking.naniguide.com/vendor" "Mozilla/5.0 AppleWebKit/537.36 (KHTML, like Gecko; compatible; GPTBot/1.4; +https://openai.com/gptbot)"
77.90.154.208 - mrsimple [16/Jul/2026:21:20:41 +0000] "POST /wp-json/wp/v2/posts HTTP/2" 200 4134 "-" "Mozilla/5.0 (Windows NT 10.0; Win64; x64) AppleWebKit/537.36 (KHTML, like Gecko) Chrome/145.0.0.0 Safari/537.36"
77.90.154.208 - - [16/Jul/2026:21:20:42 +0000] "POST /xmlrpc.php HTTP/2" 200 4135 "-" "Mozilla/5.0 (Windows NT 10.0; Win64; x64) AppleWebKit/537.36 (KHTML, like Gecko) Chrome/145.0.0.0 Safari/537.36"
77.90.154.208 - mrsimple [16/Jul/2026:21:20:43 +0000] "POST /wp-json/wp/v2/pages HTTP/2" 200 4134 "-" "Mozilla/5.0 (Windows NT 10.0; Win64; x64) AppleWebKit/537.36 (KHTML, like Gecko) Chrome/145.0.0.0 Safari/537.36"
77.90.154.210 - - [16/Jul/2026:21:20:44 +0000] "POST /xmlrpc.php HTTP/2" 200 4135 "-" "Mozilla/5.0 (Windows NT 10.0; Win64; x64) AppleWebKit/537.36 (KHTML, like Gecko) Chrome/145.0.0.0 Safari/537.36"
77.90.154.210 - mrsimple [16/Jul/2026:21:20:44 +0000] "POST /wp-json/wp/v2/posts HTTP/2" 200 4136 "-" "Mozilla/5.0 (Windows NT 10.0; Win64; x64) AppleWebKit/537.36 (KHTML, like Gecko) Chrome/145.0.0.0 Safari/537.36"
77.90.154.210 - - [16/Jul/2026:21:20:45 +0000] "POST /xmlrpc.php HTTP/2" 200 4121 "-" "Mozilla/5.0 (Windows NT 10.0; Win64; x64) AppleWebKit/537.36 (KHTML, like Gecko) Chrome/145.0.0.0 Safari/537.36"
77.90.154.210 - mrsimple [16/Jul/2026:21:20:45 +0000] "POST /wp-json/wp/v2/pages HTTP/2" 200 4168 "-" "Mozilla/5.0 (Windows NT 10.0; Win64; x64) AppleWebKit/537.36 (KHTML, like Gecko) Chrome/145.0.0.0 Safari/537.36"
104.234.48.234 - - [16/Jul/2026:21:20:47 +0000] "POST /xmlrpc.php HTTP/2" 200 4135 "-" "Mozilla/5.0 (Windows NT 10.0; Win64; x64) AppleWebKit/537.36 (KHTML, like Gecko) Chrome/145.0.0.0 Safari/537.36"
104.234.48.234 - mrsimple [16/Jul/2026:21:20:48 +0000] "POST /wp-json/wp/v2/posts HTTP/2" 200 4165 "-" "Mozilla/5.0 (Windows NT 10.0; Win64; x64) AppleWebKit/537.36 (KHTML, like Gecko) Chrome/145.0.0.0 Safari/537.36"
104.234.48.234 - - [16/Jul/2026:21:20:49 +0000] "POST /xmlrpc.php HTTP/2" 200 4159 "-" "Mozilla/5.0 (Windows NT 10.0; Win64; x64) AppleWebKit/537.36 (KHTML, like Gecko) Chrome/145.0.0.0 Safari/537.36"
104.234.48.234 - mrsimple [16/Jul/2026:21:20:50 +0000] "POST /wp-json/wp/v2/pages HTTP/2" 200 4136 "-" "Mozilla/5.0 (Windows NT 10.0; Win64; x64) AppleWebKit/537.36 (KHTML, like Gecko) Chrome/145.0.0.0 Safari/537.36"
107.158.18.152 - - [16/Jul/2026:21:20:53 +0000] "POST /xmlrpc.php HTTP/2" 200 4135 "-" "Mozilla/5.0 (Windows NT 10.0; Win64; x64) AppleWebKit/537.36 (KHTML, like Gecko) Chrome/145.0.0.0 Safari/537.36"
107.158.18.152 - mrsimple [16/Jul/2026:21:20:54 +0000] "POST /wp-json/wp/v2/posts HTTP/2" 200 4165 "-" "Mozilla/5.0 (Windows NT 10.0; Win64; x64) AppleWebKit/537.36 (KHTML, like Gecko) Chrome/145.0.0.0 Safari/537.36"
107.158.18.152 - - [16/Jul/2026:21:20:54 +0000] "POST /xmlrpc.php HTTP/2" 200 4194 "-" "Mozilla/5.0 (Windows NT 10.0; Win64; x64) AppleWebKit/537.36 (KHTML, like Gecko) Chrome/145.0.0.0 Safari/537.36"
107.158.18.152 - mrsimple [16/Jul/2026:21:20:55 +0000] "POST /wp-json/wp/v2/pages HTTP/2" 200 4134 "-" "Mozilla/5.0 (Windows NT 10.0; Win64; x64) AppleWebKit/537.36 (KHTML, like Gecko) Chrome/145.0.0.0 Safari/537.36"
154.93.124.51 - - [16/Jul/2026:21:20:57 +0000] "POST /xmlrpc.php HTTP/2" 200 4135 "-" "Mozilla/5.0 (Windows NT 10.0; Win64; x64) AppleWebKit/537.36 (KHTML, like Gecko) Chrome/145.0.0.0 Safari/537.36"
154.93.124.51 - - [16/Jul/2026:21:20:58 +0000] "POST /xmlrpc.php HTTP/2" 200 4135 "-" "Mozilla/5.0 (Windows NT 10.0; Win64; x64) AppleWebKit/537.36 (KHTML, like Gecko) Chrome/145.0.0.0 Safari/537.36"
154.62.174.114 - - [16/Jul/2026:21:20:59 +0000] "POST /xmlrpc.php HTTP/2" 200 4135 "-" "Mozilla/5.0 (Windows NT 10.0; Win64; x64) AppleWebKit/537.36 (KHTML, like Gecko) Chrome/145.0.0.0 Safari/537.36"
154.62.174.114 - mrsimple [16/Jul/2026:21:21:00 +0000] "POST /wp-json/wp/v2/posts HTTP/2" 200 4136 "-" "Mozilla/5.0 (Windows NT 10.0; Win64; x64) AppleWebKit/537.36 (KHTML, like Gecko) Chrome/145.0.0.0 Safari/537.36"
74.7.243.225 - - [16/Jul/2026:21:20:56 +0000] "GET /?fileloc=/home/xedaptot/backup.naniguide.com/wp-settings.php&path=/home/xedaptot/backup.naniguide.com HTTP/2" 200 9193 "https://pepperspaphuquoc.com/?path=/home/xedaptot/backup.naniguide.com" "Mozilla/5.0 AppleWebKit/537.36 (KHTML, like Gecko; compatible; GPTBot/1.4; +https://openai.com/gptbot)"
74.7.243.225 - - [16/Jul/2026:21:20:57 +0000] "GET /?fileloc=/home/xedaptot/barber.naniguide.com/wp-settings.php&path=/home/xedaptot/barber.naniguide.com HTTP/2" 200 9192 "https://pepperspaphuquoc.com/?path=/home/xedaptot/barber.naniguide.com" "Mozilla/5.0 AppleWebKit/537.36 (KHTML, like Gecko; compatible; GPTBot/1.4; +https://openai.com/gptbot)"
74.7.243.225 - - [16/Jul/2026:21:20:57 +0000] "GET /?fileloc=/home/xedaptot/digitalcv.naniguide.com/wp-config-sample.php&path=/home/xedaptot/digitalcv.naniguide.com HTTP/2" 200 3816 "https://pepperspaphuquoc.com/?path=/home/xedaptot/digitalcv.naniguide.com" "Mozilla/5.0 AppleWebKit/537.36 (KHTML, like Gecko; compatible; GPTBot/1.4; +https://openai.com/gptbot)"
154.93.124.51 - mrsimple [16/Jul/2026:21:20:57 +0000] "POST /wp-json/wp/v2/posts HTTP/2" 200 4134 "-" "Mozilla/5.0 (Windows NT 10.0; Win64; x64) AppleWebKit/537.36 (KHTML, like Gecko) Chrome/145.0.0.0 Safari/537.36"
74.7.243.225 - - [16/Jul/2026:21:20:58 +0000] "GET /?path=/home/xedaptot/vlxd.naniguide.com/vendor/laravel/tinker HTTP/2" 200 3083 "https://pepperspaphuquoc.com/?path=/home/xedaptot/vlxd.naniguide.com/vendor/laravel" "Mozilla/5.0 AppleWebKit/537.36 (KHTML, like Gecko; compatible; GPTBot/1.4; +https://openai.com/gptbot)"
74.7.243.225 - - [16/Jul/2026:21:20:58 +0000] "GET /?fileloc=/home/xedaptot/digitalcv.naniguide.com/wp-links-opml.php&path=/home/xedaptot/digitalcv.naniguide.com HTTP/2" 200 3682 "https://pepperspaphuquoc.com/?path=/home/xedaptot/digitalcv.naniguide.com" "Mozilla/5.0 AppleWebKit/537.36 (KHTML, like Gecko; compatible; GPTBot/1.4; +https://openai.com/gptbot)"
154.93.124.51 - mrsimple [16/Jul/2026:21:20:58 +0000] "POST /wp-json/wp/v2/pages HTTP/2" 200 4164 "-" "Mozilla/5.0 (Windows NT 10.0; Win64; x64) AppleWebKit/537.36 (KHTML, like Gecko) Chrome/145.0.0.0 Safari/537.36"
74.7.243.225 - - [16/Jul/2026:21:20:59 +0000] "GET /?path=/home/xedaptot/vlxd.naniguide.com/vendor/mpociot/reflection-docblock HTTP/2" 200 3274 "https://pepperspaphuquoc.com/?path=/home/xedaptot/vlxd.naniguide.com/vendor/mpociot" "Mozilla/5.0 AppleWebKit/537.36 (KHTML, like Gecko; compatible; GPTBot/1.4; +https://openai.com/gptbot)"
74.7.243.225 - - [16/Jul/2026:21:20:59 +0000] "GET /?path=/home/xedaptot/vlxd.naniguide.com/vendor/phpunit/php-text-template HTTP/2" 200 3078 "https://pepperspaphuquoc.com/?path=/home/xedaptot/vlxd.naniguide.com/vendor/phpunit" "Mozilla/5.0 AppleWebKit/537.36 (KHTML, like Gecko; compatible; GPTBot/1.4; +https://openai.com/gptbot)"
130.61.136.100 - - [16/Jul/2026:21:20:46 +0000] "POST /wp-login.php HTTP/2" 200 4135 "https://pepperspaphuquoc.com/wp-login.php" "Mozilla/5.0 (Windows NT 6.1; Win64; x64) AppleWebKit/537.36 (KHTML, like Gecko) Chrome/93.0.4577.63 Safari/537.36"
74.7.243.225 - - [16/Jul/2026:21:21:00 +0000] "GET /?fileloc=/home/xedaptot/pepperspaphuquoc.com/wp-includes/class-wp-block-type-registry.php&path=/home/xedaptot/pepperspaphuquoc.com/wp-includes HTTP/2" 200 3829 "https://pepperspaphuquoc.com/?path=/home/xedaptot/pepperspaphuquoc.com/wp-includes" "Mozilla/5.0 AppleWebKit/537.36 (KHTML, like Gecko; compatible; GPTBot/1.4; +https://openai.com/gptbot)"
130.61.136.100 - - [16/Jul/2026:21:21:00 +0000] "GET /wp-admin/index.php HTTP/2" 200 6122 "https://pepperspaphuquoc.com/wp-login.php" "Mozilla/5.0 (Windows NT 10.0; Win64; x64) AppleWebKit/605.1.15 (KHTML, like Gecko) Version/15.0 Safari/605.1.15"
74.7.243.225 - - [16/Jul/2026:21:21:01 +0000] "GET /?fileloc=/home/xedaptot/pepperspaphuquoc.com/wp-includes/js/quicktags.js&path=/home/xedaptot/pepperspaphuquoc.com/wp-includes/js HTTP/2" 200 9258 "https://pepperspaphuquoc.com/?path=/home/xedaptot/pepperspaphuquoc.com/wp-includes/js" "Mozilla/5.0 AppleWebKit/537.36 (KHTML, like Gecko; compatible; GPTBot/1.4; +https://openai.com/gptbot)"
2a03:2880:f800:8:: - - [16/Jul/2026:21:21:00 +0000] "GET /?y=19785584341100 HTTP/2" 200 4198 "-" "Mozilla/5.0 (Windows NT 10.0; Win64; x64) AppleWebKit/537.36 (KHTML, like Gecko) Chrome/145.0.0.0 Safari/537.36 (compatible; meta-externalagent/1.1 (+https://developers.facebook.com/docs/sharing/webmasters/crawler))"
74.7.243.225 - - [16/Jul/2026:21:21:01 +0000] "GET /?fileloc=/home/xedaptot/pepperspaphuquoc.com/wp-includes/js/heartbeat.js&path=/home/xedaptot/pepperspaphuquoc.com/wp-includes/js HTTP/2" 200 9446 "https://pepperspaphuquoc.com/?path=/home/xedaptot/pepperspaphuquoc.com/wp-includes/js" "Mozilla/5.0 AppleWebKit/537.36 (KHTML, like Gecko; compatible; GPTBot/1.4; +https://openai.com/gptbot)"
74.7.243.225 - - [16/Jul/2026:21:21:02 +0000] "GET /?fileloc=/home/xedaptot/pepperspaphuquoc.com/wp-includes/js/swfobject.js&path=/home/xedaptot/pepperspaphuquoc.com/wp-includes/js HTTP/2" 200 2538 "https://pepperspaphuquoc.com/?path=/home/xedaptot/pepperspaphuquoc.com/wp-includes/js" "Mozilla/5.0 AppleWebKit/537.36 (KHTML, like Gecko; compatible; GPTBot/1.4; +https://openai.com/gptbot)"
74.7.243.225 - - [16/Jul/2026:21:21:02 +0000] "GET /?fileloc=/home/xedaptot/pepperspaphuquoc.com/wp-includes/js/clipboard.js&path=/home/xedaptot/pepperspaphuquoc.com/wp-includes/js HTTP/2" 200 9735 "https://pepperspaphuquoc.com/?path=/home/xedaptot/pepperspaphuquoc.com/wp-includes/js" "Mozilla/5.0 AppleWebKit/537.36 (KHTML, like Gecko; compatible; GPTBot/1.4; +https://openai.com/gptbot)"
74.7.243.225 - - [16/Jul/2026:21:21:03 +0000] "GET /?fileloc=/home/xedaptot/aquaharmonyphuquoc.com/wp-comments-post.php&path=/home/xedaptot/aquaharmonyphuquoc.com HTTP/2" 200 3575 "https://pepperspaphuquoc.com/?path=/home/xedaptot/aquaharmonyphuquoc.com" "Mozilla/5.0 AppleWebKit/537.36 (KHTML, like Gecko; compatible; GPTBot/1.4; +https://openai.com/gptbot)"
74.7.243.225 - - [16/Jul/2026:21:21:03 +0000] "GET /?fileloc=/home/xedaptot/access-logs/work.naniguide.com-ssl_log&path=/home/xedaptot/access-logs HTTP/2" 200 2524 "https://pepperspaphuquoc.com/?path=/home/xedaptot/access-logs" "Mozilla/5.0 AppleWebKit/537.36 (KHTML, like Gecko; compatible; GPTBot/1.4; +https://openai.com/gptbot)"
74.7.243.225 - - [16/Jul/2026:21:21:04 +0000] "GET /?path=/home/xedaptot/vlxd.naniguide.com/vendor/laravel/tinker/config HTTP/2" 200 2885 "https://pepperspaphuquoc.com/?path=/home/xedaptot/vlxd.naniguide.com/vendor/laravel/tinker" "Mozilla/5.0 AppleWebKit/537.36 (KHTML, like Gecko; compatible; GPTBot/1.4; +https://openai.com/gptbot)"
74.7.243.225 - - [16/Jul/2026:21:21:04 +0000] "GET /?fileloc=/home/xedaptot/vlxd.naniguide.com/vendor/laravel/tinker/composer.json&path=/home/xedaptot/vlxd.naniguide.com/vendor/laravel/tinker HTTP/2" 200 3114 "https://pepperspaphuquoc.com/?path=/home/xedaptot/vlxd.naniguide.com/vendor/laravel/tinker" "Mozilla/5.0 AppleWebKit/537.36 (KHTML, like Gecko; compatible; GPTBot/1.4; +https://openai.com/gptbot)"
74.7.243.225 - - [16/Jul/2026:21:21:05 +0000] "GET /?fileloc=/home/xedaptot/vlxd.naniguide.com/vendor/mpociot/reflection-docblock/LICENSE&path=/home/xedaptot/vlxd.naniguide.com/vendor/mpociot/reflection-docblock HTTP/2" 200 3229 "https://pepperspaphuquoc.com/?path=/home/xedaptot/vlxd.naniguide.com/vendor/mpociot/reflection-docblock" "Mozilla/5.0 AppleWebKit/537.36 (KHTML, like Gecko; compatible; GPTBot/1.4; +https://openai.com/gptbot)"
74.7.243.225 - - [16/Jul/2026:21:21:05 +0000] "GET /?fileloc=/home/xedaptot/vlxd.naniguide.com/vendor/phpunit/php-text-template/ChangeLog.md&path=/home/xedaptot/vlxd.naniguide.com/vendor/phpunit/php-text-template HTTP/2" 200 2959 "https://pepperspaphuquoc.com/?path=/home/xedaptot/vlxd.naniguide.com/vendor/phpunit/php-text-template" "Mozilla/5.0 AppleWebKit/537.36 (KHTML, like Gecko; compatible; GPTBot/1.4; +https://openai.com/gptbot)"
74.7.243.225 - - [16/Jul/2026:21:21:06 +0000] "GET /?path=/home/xedaptot/vlxd.naniguide.com/vendor/mpociot/reflection-docblock/tests HTTP/2" 200 2869 "https://pepperspaphuquoc.com/?path=/home/xedaptot/vlxd.naniguide.com/vendor/mpociot/reflection-docblock" "Mozilla/5.0 AppleWebKit/537.36 (KHTML, like Gecko; compatible; GPTBot/1.4; +https://openai.com/gptbot)"
74.7.243.225 - - [16/Jul/2026:21:21:06 +0000] "GET /?fileloc=/home/xedaptot/vlxd.naniguide.com/vendor/mpociot/reflection-docblock/phpunit.xml.dist&path=/home/xedaptot/vlxd.naniguide.com/vendor/mpociot/reflection-docblock HTTP/2" 200 2708 "https://pepperspaphuquoc.com/?path=/home/xedaptot/vlxd.naniguide.com/vendor/mpociot/reflection-docblock" "Mozilla/5.0 AppleWebKit/537.36 (KHTML, like Gecko; compatible; GPTBot/1.4; +https://openai.com/gptbot)"
2a03:2880:f800:17:: - - [16/Jul/2026:21:21:07 +0000] "GET /?y=19294861691100 HTTP/2" 200 4165 "-" "Mozilla/5.0 (Windows NT 10.0; Win64; x64) AppleWebKit/537.36 (KHTML, like Gecko) Chrome/145.0.0.0 Safari/537.36 (compatible; meta-externalagent/1.1 (+https://developers.facebook.com/docs/sharing/webmasters/crawler))"
207.228.202.215 - - [16/Jul/2026:21:21:07 +0000] "POST /xmlrpc.php HTTP/2" 200 4135 "-" "Mozilla/5.0 (Windows NT 10.0; Win64; x64) AppleWebKit/537.36 (KHTML, like Gecko) Chrome/145.0.0.0 Safari/537.36"
74.7.243.225 - - [16/Jul/2026:21:21:07 +0000] "GET /?fileloc=/home/xedaptot/access-logs/rms.naniguide.com-ssl_log&path=/home/xedaptot/access-logs HTTP/2" 200 2737 "https://pepperspaphuquoc.com/?path=/home/xedaptot/access-logs" "Mozilla/5.0 AppleWebKit/537.36 (KHTML, like Gecko; compatible; GPTBot/1.4; +https://openai.com/gptbot)"
207.228.202.215 - mrsimple [16/Jul/2026:21:21:07 +0000] "POST /wp-json/wp/v2/posts HTTP/2" 200 4184 "-" "Mozilla/5.0 (Windows NT 10.0; Win64; x64) AppleWebKit/537.36 (KHTML, like Gecko) Chrome/145.0.0.0 Safari/537.36"
74.7.243.225 - - [16/Jul/2026:21:21:07 +0000] "GET /?fileloc=/home/xedaptot/access-logs/vlxd.naniguide.com&path=/home/xedaptot/access-logs HTTP/2" 200 2520 "https://pepperspaphuquoc.com/?path=/home/xedaptot/access-logs" "Mozilla/5.0 AppleWebKit/537.36 (KHTML, like Gecko; compatible; GPTBot/1.4; +https://openai.com/gptbot)"
207.228.202.215 - - [16/Jul/2026:21:21:08 +0000] "POST /xmlrpc.php HTTP/2" 200 4157 "-" "Mozilla/5.0 (Windows NT 10.0; Win64; x64) AppleWebKit/537.36 (KHTML, like Gecko) Chrome/145.0.0.0 Safari/537.36"
74.7.243.225 - - [16/Jul/2026:21:21:08 +0000] "GET /?fileloc=/home/xedaptot/access-logs/order.naniguide.com&path=/home/xedaptot/access-logs HTTP/2" 200 2466 "https://pepperspaphuquoc.com/?path=/home/xedaptot/access-logs" "Mozilla/5.0 AppleWebKit/537.36 (KHTML, like Gecko; compatible; GPTBot/1.4; +https://openai.com/gptbot)"
207.228.202.215 - mrsimple [16/Jul/2026:21:21:08 +0000] "POST /wp-json/wp/v2/pages HTTP/2" 200 4134 "-" "Mozilla/5.0 (Windows NT 10.0; Win64; x64) AppleWebKit/537.36 (KHTML, like Gecko) Chrome/145.0.0.0 Safari/537.36"
74.7.243.225 - - [16/Jul/2026:21:21:08 +0000] "GET /?fileloc=/home/xedaptot/access-logs/backup.naniguide.com&path=/home/xedaptot/access-logs HTTP/2" 200 5586 "https://pepperspaphuquoc.com/?path=/home/xedaptot/access-logs" "Mozilla/5.0 AppleWebKit/537.36 (KHTML, like Gecko; compatible; GPTBot/1.4; +https://openai.com/gptbot)"
74.7.243.225 - - [16/Jul/2026:21:21:09 +0000] "GET /?fileloc=/home/xedaptot/access-logs/rms.naniguide.com&path=/home/xedaptot/access-logs HTTP/2" 200 2729 "https://pepperspaphuquoc.com/?path=/home/xedaptot/access-logs" "Mozilla/5.0 AppleWebKit/537.36 (KHTML, like Gecko; compatible; GPTBot/1.4; +https://openai.com/gptbot)"
74.7.243.225 - - [16/Jul/2026:21:21:10 +0000] "GET /?fileloc=/home/xedaptot/access-logs/partner.naniguide.com&path=/home/xedaptot/access-logs HTTP/2" 200 2519 "https://pepperspaphuquoc.com/?path=/home/xedaptot/access-logs" "Mozilla/5.0 AppleWebKit/537.36 (KHTML, like Gecko; compatible; GPTBot/1.4; +https://openai.com/gptbot)"
74.7.243.225 - - [16/Jul/2026:21:21:11 +0000] "GET /?fileloc=/home/xedaptot/access-logs/tracking.naniguide.com&path=/home/xedaptot/access-logs HTTP/2" 200 2518 "https://pepperspaphuquoc.com/?path=/home/xedaptot/access-logs" "Mozilla/5.0 AppleWebKit/537.36 (KHTML, like Gecko; compatible; GPTBot/1.4; +https://openai.com/gptbot)"
74.7.243.225 - - [16/Jul/2026:21:21:12 +0000] "GET /?fileloc=/home/xedaptot/access-logs/bar.naniguide.com&path=/home/xedaptot/access-logs HTTP/2" 200 6917 "https://pepperspaphuquoc.com/?path=/home/xedaptot/access-logs" "Mozilla/5.0 AppleWebKit/537.36 (KHTML, like Gecko; compatible; GPTBot/1.4; +https://openai.com/gptbot)"
207.228.201.163 - - [16/Jul/2026:21:21:12 +0000] "POST /xmlrpc.php HTTP/2" 200 4144 "-" "Mozilla/5.0 (Windows NT 10.0; Win64; x64) AppleWebKit/537.36 (KHTML, like Gecko) Chrome/145.0.0.0 Safari/537.36"
74.7.243.225 - - [16/Jul/2026:21:21:12 +0000] "GET /?path=/home/xedaptot/vlxd.naniguide.com/vendor/phpunit/php-file-iterator HTTP/2" 200 3086 "https://pepperspaphuquoc.com/?path=/home/xedaptot/vlxd.naniguide.com/vendor/phpunit" "Mozilla/5.0 AppleWebKit/537.36 (KHTML, like Gecko; compatible; GPTBot/1.4; +https://openai.com/gptbot)"
207.228.201.163 - mrsimple [16/Jul/2026:21:21:13 +0000] "POST /wp-json/wp/v2/posts HTTP/2" 200 4136 "-" "Mozilla/5.0 (Windows NT 10.0; Win64; x64) AppleWebKit/537.36 (KHTML, like Gecko) Chrome/145.0.0.0 Safari/537.36"
74.7.243.225 - - [16/Jul/2026:21:21:13 +0000] "GET /?path=/home/xedaptot/barber.naniguide.com/wp-includes/assets HTTP/2" 200 2916 "https://pepperspaphuquoc.com/?path=/home/xedaptot/barber.naniguide.com/wp-includes" "Mozilla/5.0 AppleWebKit/537.36 (KHTML, like Gecko; compatible; GPTBot/1.4; +https://openai.com/gptbot)"
207.228.201.163 - - [16/Jul/2026:21:21:13 +0000] "POST /xmlrpc.php HTTP/2" 200 4173 "-" "Mozilla/5.0 (Windows NT 10.0; Win64; x64) AppleWebKit/537.36 (KHTML, like Gecko) Chrome/145.0.0.0 Safari/537.36"
74.7.243.225 - - [16/Jul/2026:21:21:13 +0000] "GET /?fileloc=/home/xedaptot/backup.naniguide.com/wp-includes/js/hoverIntent.min.js&path=/home/xedaptot/backup.naniguide.com/wp-includes/js HTTP/2" 200 3262 "https://pepperspaphuquoc.com/?path=/home/xedaptot/backup.naniguide.com/wp-includes/js" "Mozilla/5.0 AppleWebKit/537.36 (KHTML, like Gecko; compatible; GPTBot/1.4; +https://openai.com/gptbot)"
74.7.243.225 - - [16/Jul/2026:21:21:14 +0000] "GET /?fileloc=/home/xedaptot/barber.naniguide.com/wp-includes/js/hoverIntent.min.js&path=/home/xedaptot/barber.naniguide.com/wp-includes/js HTTP/2" 200 3237 "https://pepperspaphuquoc.com/?path=/home/xedaptot/barber.naniguide.com/wp-includes/js" "Mozilla/5.0 AppleWebKit/537.36 (KHTML, like Gecko; compatible; GPTBot/1.4; +https://openai.com/gptbot)"
207.228.201.163 - mrsimple [16/Jul/2026:21:21:14 +0000] "POST /wp-json/wp/v2/pages HTTP/2" 200 4164 "-" "Mozilla/5.0 (Windows NT 10.0; Win64; x64) AppleWebKit/537.36 (KHTML, like Gecko) Chrome/145.0.0.0 Safari/537.36"
74.7.243.225 - - [16/Jul/2026:21:21:14 +0000] "GET /?path=/home/xedaptot/360.naniguide.com/video/assets/3 HTTP/2" 200 3118 "https://pepperspaphuquoc.com/?path=/home/xedaptot/360.naniguide.com/video/assets" "Mozilla/5.0 AppleWebKit/537.36 (KHTML, like Gecko; compatible; GPTBot/1.4; +https://openai.com/gptbot)"
74.7.243.225 - - [16/Jul/2026:21:21:15 +0000] "GET /?path=/home/xedaptot/vlxd.naniguide.com/vendor/openai-php HTTP/2" 200 2874 "https://pepperspaphuquoc.com/?path=/home/xedaptot/vlxd.naniguide.com/vendor" "Mozilla/5.0 AppleWebKit/537.36 (KHTML, like Gecko; compatible; GPTBot/1.4; +https://openai.com/gptbot)"
107.158.93.160 - - [16/Jul/2026:21:21:15 +0000] "POST /xmlrpc.php HTTP/2" 200 4135 "-" "Mozilla/5.0 (Windows NT 10.0; Win64; x64) AppleWebKit/537.36 (KHTML, like Gecko) Chrome/145.0.0.0 Safari/537.36"
130.61.136.100 - - [16/Jul/2026:21:21:01 +0000] "POST /wp-login.php HTTP/2" 200 4135 "https://pepperspaphuquoc.com/wp-login.php" "Mozilla/5.0 (Macintosh; Intel Mac OS X 10_15_7) AppleWebKit/537.36 (KHTML, like Gecko) Chrome/90.0.4430.212 Safari/537.36"
130.61.136.100 - - [16/Jul/2026:21:21:15 +0000] "GET /wp-admin/index.php HTTP/2" 200 6129 "https://pepperspaphuquoc.com/wp-login.php" "Mozilla/5.0 (Windows NT 10.0; Win64; x64) AppleWebKit/537.36 (KHTML, like Gecko) Chrome/94.0.4606.71 Safari/537.36"
74.7.243.225 - - [16/Jul/2026:21:21:15 +0000] "GET /?fileloc=/home/xedaptot/mangospaphuquoc.com/wp-comments-post.php&path=/home/xedaptot/mangospaphuquoc.com HTTP/2" 200 3606 "https://pepperspaphuquoc.com/?path=/home/xedaptot/mangospaphuquoc.com" "Mozilla/5.0 AppleWebKit/537.36 (KHTML, like Gecko; compatible; GPTBot/1.4; +https://openai.com/gptbot)"
107.158.93.160 - mrsimple [16/Jul/2026:21:21:15 +0000] "POST /wp-json/wp/v2/posts HTTP/2" 200 4164 "-" "Mozilla/5.0 (Windows NT 10.0; Win64; x64) AppleWebKit/537.36 (KHTML, like Gecko) Chrome/145.0.0.0 Safari/537.36"
107.158.93.160 - - [16/Jul/2026:21:21:16 +0000] "POST /xmlrpc.php HTTP/2" 200 4135 "-" "Mozilla/5.0 (Windows NT 10.0; Win64; x64) AppleWebKit/537.36 (KHTML, like Gecko) Chrome/145.0.0.0 Safari/537.36"
74.7.243.225 - - [16/Jul/2026:21:21:16 +0000] "GET /?fileloc=/home/xedaptot/hotel.naniguide.com/.litespeed_flag&path=/home/xedaptot/hotel.naniguide.com HTTP/2" 200 2615 "https://pepperspaphuquoc.com/?path=/home/xedaptot/hotel.naniguide.com" "Mozilla/5.0 AppleWebKit/537.36 (KHTML, like Gecko; compatible; GPTBot/1.4; +https://openai.com/gptbot)"
74.7.243.225 - - [16/Jul/2026:21:21:16 +0000] "GET /?path=/home/xedaptot/rent.naniguide.com/.well-known HTTP/2" 200 2835 "https://pepperspaphuquoc.com/?path=/home/xedaptot/rent.naniguide.com" "Mozilla/5.0 AppleWebKit/537.36 (KHTML, like Gecko; compatible; GPTBot/1.4; +https://openai.com/gptbot)"
107.158.93.160 - mrsimple [16/Jul/2026:21:21:16 +0000] "POST /wp-json/wp/v2/pages HTTP/2" 200 4165 "-" "Mozilla/5.0 (Windows NT 10.0; Win64; x64) AppleWebKit/537.36 (KHTML, like Gecko) Chrome/145.0.0.0 Safari/537.36"
74.7.243.225 - - [16/Jul/2026:21:21:17 +0000] "GET /?path=/home/xedaptot/php/tests HTTP/2" 200 2504 "https://pepperspaphuquoc.com/?path=/home/xedaptot/php" "Mozilla/5.0 AppleWebKit/537.36 (KHTML, like Gecko; compatible; GPTBot/1.4; +https://openai.com/gptbot)"
74.7.243.225 - - [16/Jul/2026:21:21:17 +0000] "GET /?path=/home/xedaptot/vlxd.naniguide.com/vendor/myfatoorah/laravel-package/src/controllers HTTP/2" 200 2911 "https://pepperspaphuquoc.com/?path=/home/xedaptot/vlxd.naniguide.com/vendor/myfatoorah/laravel-package/src" "Mozilla/5.0 AppleWebKit/537.36 (KHTML, like Gecko; compatible; GPTBot/1.4; +https://openai.com/gptbot)"
74.7.243.225 - - [16/Jul/2026:21:21:19 +0000] "GET /?fileloc=/home/xedaptot/vlxd.naniguide.com/vendor/phpunit/php-file-iterator/ChangeLog.md&path=/home/xedaptot/vlxd.naniguide.com/vendor/phpunit/php-file-iterator HTTP/2" 200 3671 "https://pepperspaphuquoc.com/?path=/home/xedaptot/vlxd.naniguide.com/vendor/phpunit/php-file-iterator" "Mozilla/5.0 AppleWebKit/537.36 (KHTML, like Gecko; compatible; GPTBot/1.4; +https://openai.com/gptbot)"
74.7.243.225 - - [16/Jul/2026:21:21:19 +0000] "GET /?path=/home/xedaptot/vlxd.naniguide.com/vendor/myfatoorah/laravel-package/resources HTTP/2" 200 2875 "https://pepperspaphuquoc.com/?path=/home/xedaptot/vlxd.naniguide.com/vendor/myfatoorah/laravel-package" "Mozilla/5.0 AppleWebKit/537.36 (KHTML, like Gecko; compatible; GPTBot/1.4; +https://openai.com/gptbot)"
74.7.243.225 - - [16/Jul/2026:21:21:20 +0000] "GET /?fileloc=/home/xedaptot/backup.naniguide.com/wp-includes/js/customize-preview-widgets.js&path=/home/xedaptot/backup.naniguide.com/wp-includes/js HTTP/2" 200 8710 "https://pepperspaphuquoc.com/?path=/home/xedaptot/backup.naniguide.com/wp-includes/js" "Mozilla/5.0 AppleWebKit/537.36 (KHTML, like Gecko; compatible; GPTBot/1.4; +https://openai.com/gptbot)"
2a03:2880:f800:b:: - - [16/Jul/2026:21:21:00 +0000] "GET /?y=17292433191100 HTTP/2" 200 4136 "-" "Mozilla/5.0 (Windows NT 10.0; Win64; x64) AppleWebKit/537.36 (KHTML, like Gecko) Chrome/145.0.0.0 Safari/537.36 (compatible; meta-externalagent/1.1 (+https://developers.facebook.com/docs/sharing/webmasters/crawler))"
154.62.174.114 - - [16/Jul/2026:21:21:00 +0000] "POST /xmlrpc.php HTTP/2" 200 4124 "-" "Mozilla/5.0 (Windows NT 10.0; Win64; x64) AppleWebKit/537.36 (KHTML, like Gecko) Chrome/145.0.0.0 Safari/537.36"
154.62.174.114 - mrsimple [16/Jul/2026:21:21:01 +0000] "POST /wp-json/wp/v2/pages HTTP/2" 200 4134 "-" "Mozilla/5.0 (Windows NT 10.0; Win64; x64) AppleWebKit/537.36 (KHTML, like Gecko) Chrome/145.0.0.0 Safari/537.36"
77.107.81.42 - - [16/Jul/2026:21:21:02 +0000] "POST /xmlrpc.php HTTP/2" 200 4135 "-" "Mozilla/5.0 (Windows NT 10.0; Win64; x64) AppleWebKit/537.36 (KHTML, like Gecko) Chrome/145.0.0.0 Safari/537.36"
77.107.81.42 - mrsimple [16/Jul/2026:21:21:02 +0000] "POST /wp-json/wp/v2/posts HTTP/2" 200 4134 "-" "Mozilla/5.0 (Windows NT 10.0; Win64; x64) AppleWebKit/537.36 (KHTML, like Gecko) Chrome/145.0.0.0 Safari/537.36"
77.107.81.42 - - [16/Jul/2026:21:21:03 +0000] "POST /xmlrpc.php HTTP/2" 200 4135 "-" "Mozilla/5.0 (Windows NT 10.0; Win64; x64) AppleWebKit/537.36 (KHTML, like Gecko) Chrome/145.0.0.0 Safari/537.36"
77.107.81.42 - mrsimple [16/Jul/2026:21:21:03 +0000] "POST /wp-json/wp/v2/pages HTTP/2" 200 4134 "-" "Mozilla/5.0 (Windows NT 10.0; Win64; x64) AppleWebKit/537.36 (KHTML, like Gecko) Chrome/145.0.0.0 Safari/537.36"
75.75.255.15 - - [16/Jul/2026:21:21:04 +0000] "POST /xmlrpc.php HTTP/2" 200 4144 "-" "Mozilla/5.0 (Windows NT 10.0; Win64; x64) AppleWebKit/537.36 (KHTML, like Gecko) Chrome/145.0.0.0 Safari/537.36"
75.75.255.15 - mrsimple [16/Jul/2026:21:21:05 +0000] "POST /wp-json/wp/v2/posts HTTP/2" 200 4164 "-" "Mozilla/5.0 (Windows NT 10.0; Win64; x64) AppleWebKit/537.36 (KHTML, like Gecko) Chrome/145.0.0.0 Safari/537.36"
75.75.255.15 - - [16/Jul/2026:21:21:05 +0000] "POST /xmlrpc.php HTTP/2" 200 4135 "-" "Mozilla/5.0 (Windows NT 10.0; Win64; x64) AppleWebKit/537.36 (KHTML, like Gecko) Chrome/145.0.0.0 Safari/537.36"
75.75.255.15 - mrsimple [16/Jul/2026:21:21:05 +0000] "POST /wp-json/wp/v2/pages HTTP/2" 200 4134 "-" "Mozilla/5.0 (Windows NT 10.0; Win64; x64) AppleWebKit/537.36 (KHTML, like Gecko) Chrome/145.0.0.0 Safari/537.36"
204.77.128.133 - - [16/Jul/2026:21:21:09 +0000] "POST /xmlrpc.php HTTP/2" 200 4144 "-" "Mozilla/5.0 (Windows NT 10.0; Win64; x64) AppleWebKit/537.36 (KHTML, like Gecko) Chrome/145.0.0.0 Safari/537.36"
204.77.128.133 - mrsimple [16/Jul/2026:21:21:10 +0000] "POST /wp-json/wp/v2/posts HTTP/2" 200 4134 "-" "Mozilla/5.0 (Windows NT 10.0; Win64; x64) AppleWebKit/537.36 (KHTML, like Gecko) Chrome/145.0.0.0 Safari/537.36"
204.77.128.133 - - [16/Jul/2026:21:21:10 +0000] "POST /xmlrpc.php HTTP/2" 200 4132 "-" "Mozilla/5.0 (Windows NT 10.0; Win64; x64) AppleWebKit/537.36 (KHTML, like Gecko) Chrome/145.0.0.0 Safari/537.36"
204.77.128.133 - mrsimple [16/Jul/2026:21:21:11 +0000] "POST /wp-json/wp/v2/pages HTTP/2" 200 4164 "-" "Mozilla/5.0 (Windows NT 10.0; Win64; x64) AppleWebKit/537.36 (KHTML, like Gecko) Chrome/145.0.0.0 Safari/537.36"
77.90.154.158 - - [16/Jul/2026:21:21:17 +0000] "POST /xmlrpc.php HTTP/2" 200 4135 "-" "Mozilla/5.0 (Windows NT 10.0; Win64; x64) AppleWebKit/537.36 (KHTML, like Gecko) Chrome/145.0.0.0 Safari/537.36"
77.90.154.158 - mrsimple [16/Jul/2026:21:21:18 +0000] "POST /wp-json/wp/v2/posts HTTP/2" 200 4131 "-" "Mozilla/5.0 (Windows NT 10.0; Win64; x64) AppleWebKit/537.36 (KHTML, like Gecko) Chrome/145.0.0.0 Safari/537.36"
77.90.154.158 - - [16/Jul/2026:21:21:19 +0000] "POST /xmlrpc.php HTTP/2" 200 4135 "-" "Mozilla/5.0 (Windows NT 10.0; Win64; x64) AppleWebKit/537.36 (KHTML, like Gecko) Chrome/145.0.0.0 Safari/537.36"
77.90.154.158 - mrsimple [16/Jul/2026:21:21:19 +0000] "POST /wp-json/wp/v2/pages HTTP/2" 200 4134 "-" "Mozilla/5.0 (Windows NT 10.0; Win64; x64) AppleWebKit/537.36 (KHTML, like Gecko) Chrome/145.0.0.0 Safari/537.36"
74.7.243.225 - - [16/Jul/2026:21:21:20 +0000] "GET /?fileloc=/home/xedaptot/access-logs/savethedate.naniguide.com&path=/home/xedaptot/access-logs HTTP/2" 200 2524 "https://pepperspaphuquoc.com/?path=/home/xedaptot/access-logs" "Mozilla/5.0 AppleWebKit/537.36 (KHTML, like Gecko; compatible; GPTBot/1.4; +https://openai.com/gptbot)"
74.7.243.225 - - [16/Jul/2026:21:21:21 +0000] "GET /?fileloc=/home/xedaptot/360.naniguide.com/video/assets/3/video_1674214442.mp4&path=/home/xedaptot/360.naniguide.com/video/assets/3 HTTP/2" 200 1463156 "https://pepperspaphuquoc.com/?path=/home/xedaptot/360.naniguide.com/video/assets/3" "Mozilla/5.0 AppleWebKit/537.36 (KHTML, like Gecko; compatible; GPTBot/1.4; +https://openai.com/gptbot)"
77.90.154.182 - - [16/Jul/2026:21:21:23 +0000] "POST /xmlrpc.php HTTP/2" 200 4135 "-" "Mozilla/5.0 (Windows NT 10.0; Win64; x64) AppleWebKit/537.36 (KHTML, like Gecko) Chrome/145.0.0.0 Safari/537.36"
74.7.243.225 - - [16/Jul/2026:21:21:23 +0000] "GET /?fileloc=/home/xedaptot/backup.naniguide.com/wp-comments-post.php&path=/home/xedaptot/backup.naniguide.com HTTP/2" 200 3572 "https://pepperspaphuquoc.com/?path=/home/xedaptot/backup.naniguide.com" "Mozilla/5.0 AppleWebKit/537.36 (KHTML, like Gecko; compatible; GPTBot/1.4; +https://openai.com/gptbot)"
77.90.154.182 - mrsimple [16/Jul/2026:21:21:23 +0000] "POST /wp-json/wp/v2/posts HTTP/2" 200 4165 "-" "Mozilla/5.0 (Windows NT 10.0; Win64; x64) AppleWebKit/537.36 (KHTML, like Gecko) Chrome/145.0.0.0 Safari/537.36"
74.7.243.225 - - [16/Jul/2026:21:21:23 +0000] "GET /?fileloc=/home/xedaptot/barber.naniguide.com/wp-comments-post.php&path=/home/xedaptot/barber.naniguide.com HTTP/2" 200 3571 "https://pepperspaphuquoc.com/?path=/home/xedaptot/barber.naniguide.com" "Mozilla/5.0 AppleWebKit/537.36 (KHTML, like Gecko; compatible; GPTBot/1.4; +https://openai.com/gptbot)"
77.90.154.182 - - [16/Jul/2026:21:21:24 +0000] "POST /xmlrpc.php HTTP/2" 200 4135 "-" "Mozilla/5.0 (Windows NT 10.0; Win64; x64) AppleWebKit/537.36 (KHTML, like Gecko) Chrome/145.0.0.0 Safari/537.36"
74.7.243.225 - - [16/Jul/2026:21:21:24 +0000] "GET /?path=/home/xedaptot/public_html/wp-includes HTTP/2" 200 12123 "https://pepperspaphuquoc.com/?path=/home/xedaptot/public_html" "Mozilla/5.0 AppleWebKit/537.36 (KHTML, like Gecko; compatible; GPTBot/1.4; +https://openai.com/gptbot)"
77.90.154.182 - mrsimple [16/Jul/2026:21:21:24 +0000] "POST /wp-json/wp/v2/pages HTTP/2" 200 4134 "-" "Mozilla/5.0 (Windows NT 10.0; Win64; x64) AppleWebKit/537.36 (KHTML, like Gecko) Chrome/145.0.0.0 Safari/537.36"
74.7.243.225 - - [16/Jul/2026:21:21:24 +0000] "GET /?path=/home/xedaptot/rent.naniguide.com/.well-known/acme-challenge HTTP/2" 200 2548 "https://pepperspaphuquoc.com/?path=/home/xedaptot/rent.naniguide.com/.well-known" "Mozilla/5.0 AppleWebKit/537.36 (KHTML, like Gecko; compatible; GPTBot/1.4; +https://openai.com/gptbot)"
74.7.243.225 - - [16/Jul/2026:21:21:25 +0000] "GET /?path=/home/xedaptot/tracking.naniguide.com/storage HTTP/2" 200 3004 "https://pepperspaphuquoc.com/?path=/home/xedaptot/tracking.naniguide.com" "Mozilla/5.0 AppleWebKit/537.36 (KHTML, like Gecko; compatible; GPTBot/1.4; +https://openai.com/gptbot)"
185.230.14.235 - - [16/Jul/2026:21:21:25 +0000] "POST /xmlrpc.php HTTP/2" 200 4144 "-" "Mozilla/5.0 (Windows NT 10.0; Win64; x64) AppleWebKit/537.36 (KHTML, like Gecko) Chrome/145.0.0.0 Safari/537.36"
185.230.14.235 - mrsimple [16/Jul/2026:21:21:25 +0000] "POST /wp-json/wp/v2/posts HTTP/2" 200 4134 "-" "Mozilla/5.0 (Windows NT 10.0; Win64; x64) AppleWebKit/537.36 (KHTML, like Gecko) Chrome/145.0.0.0 Safari/537.36"
74.7.243.225 - - [16/Jul/2026:21:21:25 +0000] "GET /?path=/home/xedaptot/.cpobjcache HTTP/2" 200 2809 "https://pepperspaphuquoc.com/?path=/home/xedaptot" "Mozilla/5.0 AppleWebKit/537.36 (KHTML, like Gecko; compatible; GPTBot/1.4; +https://openai.com/gptbot)"
185.230.14.235 - - [16/Jul/2026:21:21:26 +0000] "POST /xmlrpc.php HTTP/2" 200 4135 "-" "Mozilla/5.0 (Windows NT 10.0; Win64; x64) AppleWebKit/537.36 (KHTML, like Gecko) Chrome/145.0.0.0 Safari/537.36"
74.7.243.225 - - [16/Jul/2026:21:21:26 +0000] "GET /?fileloc=/home/xedaptot/pepperspaphuquoc.com/wp-includes/js/jcrop/Jcrop.gif&path=/home/xedaptot/pepperspaphuquoc.com/wp-includes/js/jcrop HTTP/2" 200 2756 "https://pepperspaphuquoc.com/?path=/home/xedaptot/pepperspaphuquoc.com/wp-includes/js/jcrop" "Mozilla/5.0 AppleWebKit/537.36 (KHTML, like Gecko; compatible; GPTBot/1.4; +https://openai.com/gptbot)"
185.230.14.235 - mrsimple [16/Jul/2026:21:21:26 +0000] "POST /wp-json/wp/v2/pages HTTP/2" 200 4186 "-" "Mozilla/5.0 (Windows NT 10.0; Win64; x64) AppleWebKit/537.36 (KHTML, like Gecko) Chrome/145.0.0.0 Safari/537.36"
74.7.243.225 - - [16/Jul/2026:21:21:26 +0000] "GET /?fileloc=/home/xedaptot/phuquocrentcar.com/wp-links-opml.php&path=/home/xedaptot/phuquocrentcar.com HTTP/2" 200 3648 "https://pepperspaphuquoc.com/?path=/home/xedaptot/phuquocrentcar.com" "Mozilla/5.0 AppleWebKit/537.36 (KHTML, like Gecko; compatible; GPTBot/1.4; +https://openai.com/gptbot)"
74.7.243.225 - - [16/Jul/2026:21:21:27 +0000] "GET /?fileloc=/home/xedaptot/pepperspaphuquoc.com/wp-includes/js/customize-preview.min.js&path=/home/xedaptot/pepperspaphuquoc.com/wp-includes/js HTTP/2" 200 5986 "https://pepperspaphuquoc.com/?path=/home/xedaptot/pepperspaphuquoc.com/wp-includes/js" "Mozilla/5.0 AppleWebKit/537.36 (KHTML, like Gecko; compatible; GPTBot/1.4; +https://openai.com/gptbot)"
107.158.92.109 - - [16/Jul/2026:21:21:27 +0000] "POST /xmlrpc.php HTTP/2" 200 4135 "-" "Mozilla/5.0 (Windows NT 10.0; Win64; x64) AppleWebKit/537.36 (KHTML, like Gecko) Chrome/145.0.0.0 Safari/537.36"
74.7.243.225 - - [16/Jul/2026:21:21:27 +0000] "GET /?fileloc=/home/xedaptot/barber.naniguide.com/wp-includes/js/dist/react-i18n.js&path=/home/xedaptot/barber.naniguide.com/wp-includes/js/dist HTTP/2" 200 3966 "https://pepperspaphuquoc.com/?path=/home/xedaptot/barber.naniguide.com/wp-includes/js/dist" "Mozilla/5.0 AppleWebKit/537.36 (KHTML, like Gecko; compatible; GPTBot/1.4; +https://openai.com/gptbot)"
74.7.243.225 - - [16/Jul/2026:21:21:28 +0000] "GET /?fileloc=/home/xedaptot/phuquocrentcar.com/robots.txt&path=/home/xedaptot/phuquocrentcar.com HTTP/2" 200 70 "https://pepperspaphuquoc.com/?path=/home/xedaptot/phuquocrentcar.com" "Mozilla/5.0 AppleWebKit/537.36 (KHTML, like Gecko; compatible; GPTBot/1.4; +https://openai.com/gptbot)"
107.158.92.109 - mrsimple [16/Jul/2026:21:21:28 +0000] "POST /wp-json/wp/v2/posts HTTP/2" 200 4136 "-" "Mozilla/5.0 (Windows NT 10.0; Win64; x64) AppleWebKit/537.36 (KHTML, like Gecko) Chrome/145.0.0.0 Safari/537.36"
107.158.92.109 - - [16/Jul/2026:21:21:28 +0000] "POST /xmlrpc.php HTTP/2" 200 4135 "-" "Mozilla/5.0 (Windows NT 10.0; Win64; x64) AppleWebKit/537.36 (KHTML, like Gecko) Chrome/145.0.0.0 Safari/537.36"
74.7.243.225 - - [16/Jul/2026:21:21:28 +0000] "GET /?fileloc=/home/xedaptot/phuquocrentcar.com/license.txt&path=/home/xedaptot/phuquocrentcar.com HTTP/2" 200 9905 "https://pepperspaphuquoc.com/?path=/home/xedaptot/phuquocrentcar.com" "Mozilla/5.0 AppleWebKit/537.36 (KHTML, like Gecko; compatible; GPTBot/1.4; +https://openai.com/gptbot)"
107.158.92.109 - mrsimple [16/Jul/2026:21:21:29 +0000] "POST /wp-json/wp/v2/pages HTTP/2" 200 4134 "-" "Mozilla/5.0 (Windows NT 10.0; Win64; x64) AppleWebKit/537.36 (KHTML, like Gecko) Chrome/145.0.0.0 Safari/537.36"
74.7.243.225 - - [16/Jul/2026:21:21:29 +0000] "GET /?fileloc=/home/xedaptot/pepperspaphuquoc.com/wp-admin/moderation.php&path=/home/xedaptot/pepperspaphuquoc.com/wp-admin HTTP/2" 200 2695 "https://pepperspaphuquoc.com/?path=/home/xedaptot/pepperspaphuquoc.com/wp-admin" "Mozilla/5.0 AppleWebKit/537.36 (KHTML, like Gecko; compatible; GPTBot/1.4; +https://openai.com/gptbot)"
74.7.243.225 - - [16/Jul/2026:21:21:30 +0000] "GET /?fileloc=/home/xedaptot/public_html/wp-includes/class-walker-category-dropdown.php&path=/home/xedaptot/public_html/wp-includes HTTP/2" 200 3569 "https://pepperspaphuquoc.com/?path=/home/xedaptot/public_html/wp-includes" "Mozilla/5.0 AppleWebKit/537.36 (KHTML, like Gecko; compatible; GPTBot/1.4; +https://openai.com/gptbot)"
107.158.93.73 - - [16/Jul/2026:21:21:30 +0000] "POST /xmlrpc.php HTTP/2" 200 4135 "-" "Mozilla/5.0 (Windows NT 10.0; Win64; x64) AppleWebKit/537.36 (KHTML, like Gecko) Chrome/145.0.0.0 Safari/537.36"
130.61.136.100 - - [16/Jul/2026:21:21:16 +0000] "POST /wp-login.php HTTP/2" 200 4132 "https://pepperspaphuquoc.com/wp-login.php" "Mozilla/5.0 (Windows NT 10.0; Win64; x64) AppleWebKit/605.1.15 (KHTML, like Gecko) Version/15.0 Safari/605.1.15"
74.7.243.225 - - [16/Jul/2026:21:21:30 +0000] "GET /?fileloc=/home/xedaptot/public_html/wp-includes/ms-deprecated.php&path=/home/xedaptot/public_html/wp-includes HTTP/2" 200 9136 "https://pepperspaphuquoc.com/?path=/home/xedaptot/public_html/wp-includes" "Mozilla/5.0 AppleWebKit/537.36 (KHTML, like Gecko; compatible; GPTBot/1.4; +https://openai.com/gptbot)"
107.158.93.73 - mrsimple [16/Jul/2026:21:21:30 +0000] "POST /wp-json/wp/v2/posts HTTP/2" 200 4134 "-" "Mozilla/5.0 (Windows NT 10.0; Win64; x64) AppleWebKit/537.36 (KHTML, like Gecko) Chrome/145.0.0.0 Safari/537.36"
130.61.136.100 - - [16/Jul/2026:21:21:31 +0000] "GET /wp-admin/index.php HTTP/2" 200 6491 "https://pepperspaphuquoc.com/wp-login.php" "Mozilla/5.0 (Windows NT 6.1; Win64; x64) AppleWebKit/537.36 (KHTML, like Gecko) Chrome/91.0.4472.124 Safari/537.36"
74.7.243.225 - - [16/Jul/2026:21:21:31 +0000] "GET /?fileloc=/home/xedaptot/public_html/wp-includes/pluggable.php&path=/home/xedaptot/public_html/wp-includes HTTP/2" 200 33152 "https://pepperspaphuquoc.com/?path=/home/xedaptot/public_html/wp-includes" "Mozilla/5.0 AppleWebKit/537.36 (KHTML, like Gecko; compatible; GPTBot/1.4; +https://openai.com/gptbot)"
107.158.93.73 - - [16/Jul/2026:21:21:31 +0000] "POST /xmlrpc.php HTTP/2" 200 4133 "-" "Mozilla/5.0 (Windows NT 10.0; Win64; x64) AppleWebKit/537.36 (KHTML, like Gecko) Chrome/145.0.0.0 Safari/537.36"
74.7.243.225 - - [16/Jul/2026:21:21:31 +0000] "GET /?fileloc=/home/xedaptot/public_html/wp-includes/block-editor.php&path=/home/xedaptot/public_html/wp-includes HTTP/2" 200 9758 "https://pepperspaphuquoc.com/?path=/home/xedaptot/public_html/wp-includes" "Mozilla/5.0 AppleWebKit/537.36 (KHTML, like Gecko; compatible; GPTBot/1.4; +https://openai.com/gptbot)"
107.158.93.73 - mrsimple [16/Jul/2026:21:21:32 +0000] "POST /wp-json/wp/v2/pages HTTP/2" 200 4134 "-" "Mozilla/5.0 (Windows NT 10.0; Win64; x64) AppleWebKit/537.36 (KHTML, like Gecko) Chrome/145.0.0.0 Safari/537.36"
74.7.243.225 - - [16/Jul/2026:21:21:32 +0000] "GET /?fileloc=/home/xedaptot/public_html/wp-includes/taxonomy.php&path=/home/xedaptot/public_html/wp-includes HTTP/2" 200 43021 "https://pepperspaphuquoc.com/?path=/home/xedaptot/public_html/wp-includes" "Mozilla/5.0 AppleWebKit/537.36 (KHTML, like Gecko; compatible; GPTBot/1.4; +https://openai.com/gptbot)"
74.7.243.225 - - [16/Jul/2026:21:21:32 +0000] "GET /?fileloc=/home/xedaptot/public_html/wp-includes/nav-menu.php&path=/home/xedaptot/public_html/wp-includes HTTP/2" 200 13047 "https://pepperspaphuquoc.com/?path=/home/xedaptot/public_html/wp-includes" "Mozilla/5.0 AppleWebKit/537.36 (KHTML, like Gecko; compatible; GPTBot/1.4; +https://openai.com/gptbot)"
204.77.128.186 - - [16/Jul/2026:21:21:33 +0000] "POST /xmlrpc.php HTTP/2" 200 4135 "-" "Mozilla/5.0 (Windows NT 10.0; Win64; x64) AppleWebKit/537.36 (KHTML, like Gecko) Chrome/145.0.0.0 Safari/537.36"
74.7.243.225 - - [16/Jul/2026:21:21:33 +0000] "GET /?fileloc=/home/xedaptot/public_html/wp-includes/ms-functions.php&path=/home/xedaptot/public_html/wp-includes HTTP/2" 200 23889 "https://pepperspaphuquoc.com/?path=/home/xedaptot/public_html/wp-includes" "Mozilla/5.0 AppleWebKit/537.36 (KHTML, like Gecko; compatible; GPTBot/1.4; +https://openai.com/gptbot)"
204.77.128.186 - mrsimple [16/Jul/2026:21:21:33 +0000] "POST /wp-json/wp/v2/posts HTTP/2" 200 4136 "-" "Mozilla/5.0 (Windows NT 10.0; Win64; x64) AppleWebKit/537.36 (KHTML, like Gecko) Chrome/145.0.0.0 Safari/537.36"
204.77.128.186 - - [16/Jul/2026:21:21:34 +0000] "POST /xmlrpc.php HTTP/2" 200 4135 "-" "Mozilla/5.0 (Windows NT 10.0; Win64; x64) AppleWebKit/537.36 (KHTML, like Gecko) Chrome/145.0.0.0 Safari/537.36"
74.7.243.225 - - [16/Jul/2026:21:21:34 +0000] "GET /?fileloc=/home/xedaptot/public_html/wp-includes/class-snoopy.php&path=/home/xedaptot/public_html/wp-includes HTTP/2" 200 11260 "https://pepperspaphuquoc.com/?path=/home/xedaptot/public_html/wp-includes" "Mozilla/5.0 AppleWebKit/537.36 (KHTML, like Gecko; compatible; GPTBot/1.4; +https://openai.com/gptbot)"
204.77.128.186 - mrsimple [16/Jul/2026:21:21:35 +0000] "POST /wp-json/wp/v2/pages HTTP/2" 200 4136 "-" "Mozilla/5.0 (Windows NT 10.0; Win64; x64) AppleWebKit/537.36 (KHTML, like Gecko) Chrome/145.0.0.0 Safari/537.36"
74.7.243.225 - - [16/Jul/2026:21:21:35 +0000] "GET /?fileloc=/home/xedaptot/public_html/wp-includes/script-loader.php&path=/home/xedaptot/public_html/wp-includes HTTP/2" 200 42827 "https://pepperspaphuquoc.com/?path=/home/xedaptot/public_html/wp-includes" "Mozilla/5.0 AppleWebKit/537.36 (KHTML, like Gecko; compatible; GPTBot/1.4; +https://openai.com/gptbot)"
2a03:2880:f800:2c:: - - [16/Jul/2026:21:21:36 +0000] "GET /?y=15466163541100 HTTP/2" 200 4136 "-" "Mozilla/5.0 (Windows NT 10.0; Win64; x64) AppleWebKit/537.36 (KHTML, like Gecko) Chrome/145.0.0.0 Safari/537.36 (compatible; meta-externalagent/1.1 (+https://developers.facebook.com/docs/sharing/webmasters/crawler))"
74.7.243.225 - - [16/Jul/2026:21:21:36 +0000] "GET /?fileloc=/home/xedaptot/public_html/wp-includes/ms-settings.php&path=/home/xedaptot/public_html/wp-includes HTTP/2" 200 4113 "https://pepperspaphuquoc.com/?path=/home/xedaptot/public_html/wp-includes" "Mozilla/5.0 AppleWebKit/537.36 (KHTML, like Gecko; compatible; GPTBot/1.4; +https://openai.com/gptbot)"
75.75.254.253 - - [16/Jul/2026:21:21:37 +0000] "POST /xmlrpc.php HTTP/2" 200 4135 "-" "Mozilla/5.0 (Windows NT 10.0; Win64; x64) AppleWebKit/537.36 (KHTML, like Gecko) Chrome/145.0.0.0 Safari/537.36"
74.7.243.225 - - [16/Jul/2026:21:21:37 +0000] "GET /?fileloc=/home/xedaptot/public_html/wp-includes/ms-files.php&path=/home/xedaptot/public_html/wp-includes HTTP/2" 200 3713 "https://pepperspaphuquoc.com/?path=/home/xedaptot/public_html/wp-includes" "Mozilla/5.0 AppleWebKit/537.36 (KHTML, like Gecko; compatible; GPTBot/1.4; +https://openai.com/gptbot)"
75.75.254.253 - mrsimple [16/Jul/2026:21:21:38 +0000] "POST /wp-json/wp/v2/posts HTTP/2" 200 4134 "-" "Mozilla/5.0 (Windows NT 10.0; Win64; x64) AppleWebKit/537.36 (KHTML, like Gecko) Chrome/145.0.0.0 Safari/537.36"
74.7.243.225 - - [16/Jul/2026:21:21:38 +0000] "GET /?fileloc=/home/xedaptot/public_html/wp-includes/shortcodes.php&path=/home/xedaptot/public_html/wp-includes HTTP/2" 200 9441 "https://pepperspaphuquoc.com/?path=/home/xedaptot/public_html/wp-includes" "Mozilla/5.0 AppleWebKit/537.36 (KHTML, like Gecko; compatible; GPTBot/1.4; +https://openai.com/gptbot)"
75.75.254.253 - - [16/Jul/2026:21:21:38 +0000] "POST /xmlrpc.php HTTP/2" 200 4144 "-" "Mozilla/5.0 (Windows NT 10.0; Win64; x64) AppleWebKit/537.36 (KHTML, like Gecko) Chrome/145.0.0.0 Safari/537.36"
74.7.243.225 - - [16/Jul/2026:21:21:38 +0000] "GET /?fileloc=/home/xedaptot/public_html/wp-includes/functions.php&path=/home/xedaptot/public_html/wp-includes HTTP/2" 200 80782 "https://pepperspaphuquoc.com/?path=/home/xedaptot/public_html/wp-includes" "Mozilla/5.0 AppleWebKit/537.36 (KHTML, like Gecko; compatible; GPTBot/1.4; +https://openai.com/gptbot)"
75.75.254.253 - mrsimple [16/Jul/2026:21:21:38 +0000] "POST /wp-json/wp/v2/pages HTTP/2" 200 4134 "-" "Mozilla/5.0 (Windows NT 10.0; Win64; x64) AppleWebKit/537.36 (KHTML, like Gecko) Chrome/145.0.0.0 Safari/537.36"
74.7.243.225 - - [16/Jul/2026:21:21:39 +0000] "GET /?fileloc=/home/xedaptot/public_html/wp-includes/class-oembed.php&path=/home/xedaptot/public_html/wp-includes HTTP/2" 200 2744 "https://pepperspaphuquoc.com/?path=/home/xedaptot/public_html/wp-includes" "Mozilla/5.0 AppleWebKit/537.36 (KHTML, like Gecko; compatible; GPTBot/1.4; +https://openai.com/gptbot)"
