45.156.129.137 - - [16/Jul/2026:19:56:07 +0000] "GET /wp-content/plugins/optinmonster/readme.txt HTTP/2" 404 1251 "-" "Mozilla/5.0 AppleWebKit/537.36 (KHTML, like Gecko) Chrome/123.0.6312.86 Safari/537.36"
45.156.129.136 - - [16/Jul/2026:19:56:08 +0000] "GET /wp-content/plugins/iwp-client/readme.txt HTTP/2" 404 1251 "-" "Mozilla/5.0 AppleWebKit/537.36 (KHTML, like Gecko) Chrome/123.0.6312.86 Safari/537.36"
45.156.129.139 - - [16/Jul/2026:19:56:12 +0000] "GET /wp-content/plugins/litespeed-cache/readme.txt HTTP/2" 200 17514 "-" "Mozilla/5.0 AppleWebKit/537.36 (KHTML, like Gecko) Chrome/123.0.6312.86 Safari/537.36"
45.156.129.136 - - [16/Jul/2026:19:56:12 +0000] "GET /wp-content/plugins/wordpress-seo/readme.txt HTTP/2" 404 1251 "-" "Mozilla/5.0 AppleWebKit/537.36 (KHTML, like Gecko) Chrome/123.0.6312.86 Safari/537.36"
45.156.129.137 - - [16/Jul/2026:19:56:12 +0000] "GET /wp-content/plugins/wpforms-lite/readme.txt HTTP/2" 404 1251 "-" "Mozilla/5.0 AppleWebKit/537.36 (KHTML, like Gecko) Chrome/123.0.6312.86 Safari/537.36"
45.156.129.138 - - [16/Jul/2026:19:56:12 +0000] "GET /wp-content/plugins/header-footer-elementor/readme.txt HTTP/2" 404 1251 "-" "Mozilla/5.0 AppleWebKit/537.36 (KHTML, like Gecko) Chrome/123.0.6312.86 Safari/537.36"
45.156.129.139 - - [16/Jul/2026:19:56:12 +0000] "GET /wp-content/plugins/google-analytics-for-wordpress/readme.txt HTTP/2" 404 1251 "-" "Mozilla/5.0 AppleWebKit/537.36 (KHTML, like Gecko) Chrome/123.0.6312.86 Safari/537.36"
45.156.129.138 - - [16/Jul/2026:19:56:12 +0000] "GET /wp-content/plugins/wp-fastest-cache/readme.txt HTTP/2" 404 1251 "-" "Mozilla/5.0 AppleWebKit/537.36 (KHTML, like Gecko) Chrome/123.0.6312.86 Safari/537.36"
45.156.129.139 - - [16/Jul/2026:19:56:12 +0000] "GET /wp-content/plugins/hostinger/readme.txt HTTP/2" 404 1251 "-" "Mozilla/5.0 AppleWebKit/537.36 (KHTML, like Gecko) Chrome/123.0.6312.86 Safari/537.36"
45.156.129.138 - - [16/Jul/2026:19:56:12 +0000] "GET /wp-content/plugins/limit-login-attempts-reloaded/readme.txt HTTP/2" 404 1251 "-" "Mozilla/5.0 AppleWebKit/537.36 (KHTML, like Gecko) Chrome/123.0.6312.86 Safari/537.36"
45.156.129.139 - - [16/Jul/2026:19:56:12 +0000] "GET /wp-content/plugins/all-in-one-wp-security-and-firewall/readme.txt HTTP/2" 404 1251 "-" "Mozilla/5.0 AppleWebKit/537.36 (KHTML, like Gecko) Chrome/123.0.6312.86 Safari/537.36"
45.156.129.137 - - [16/Jul/2026:19:56:12 +0000] "GET /wp-content/plugins/wordfence/readme.txt HTTP/2" 404 1251 "-" "Mozilla/5.0 AppleWebKit/537.36 (KHTML, like Gecko) Chrome/123.0.6312.86 Safari/537.36"
45.156.129.138 - - [16/Jul/2026:19:56:12 +0000] "GET /wp-content/plugins/jetpack/readme.txt HTTP/2" 200 12469 "-" "Mozilla/5.0 AppleWebKit/537.36 (KHTML, like Gecko) Chrome/123.0.6312.86 Safari/537.36"
45.156.129.138 - - [16/Jul/2026:19:56:12 +0000] "GET /wp-content/plugins/mailchimp-for-wp/readme.txt HTTP/2" 200 13334 "-" "Mozilla/5.0 AppleWebKit/537.36 (KHTML, like Gecko) Chrome/123.0.6312.86 Safari/537.36"
45.156.129.139 - - [16/Jul/2026:19:56:12 +0000] "GET /wp-content/plugins/really-simple-ssl/readme.txt HTTP/2" 404 1251 "-" "Mozilla/5.0 AppleWebKit/537.36 (KHTML, like Gecko) Chrome/123.0.6312.86 Safari/537.36"
45.156.129.139 - - [16/Jul/2026:19:56:12 +0000] "GET /wp-content/plugins/duplicator/readme.txt HTTP/2" 404 1251 "-" "Mozilla/5.0 AppleWebKit/537.36 (KHTML, like Gecko) Chrome/123.0.6312.86 Safari/537.36"
45.156.129.136 - - [16/Jul/2026:19:56:12 +0000] "GET /wp-content/plugins/advanced-custom-fields/readme.txt HTTP/2" 404 1251 "-" "Mozilla/5.0 AppleWebKit/537.36 (KHTML, like Gecko) Chrome/123.0.6312.86 Safari/537.36"
45.156.129.137 - - [16/Jul/2026:19:56:12 +0000] "GET /wp-content/plugins/duplicate-page/readme.txt HTTP/2" 404 1251 "-" "Mozilla/5.0 AppleWebKit/537.36 (KHTML, like Gecko) Chrome/123.0.6312.86 Safari/537.36"
45.156.129.138 - - [16/Jul/2026:19:56:12 +0000] "GET /wp-content/plugins/astra-sites/readme.txt HTTP/2" 404 1251 "-" "Mozilla/5.0 AppleWebKit/537.36 (KHTML, like Gecko) Chrome/123.0.6312.86 Safari/537.36"
45.156.129.138 - - [16/Jul/2026:19:56:12 +0000] "GET /wp-content/plugins/loginizer/readme.txt HTTP/2" 404 1251 "-" "Mozilla/5.0 AppleWebKit/537.36 (KHTML, like Gecko) Chrome/123.0.6312.86 Safari/537.36"
45.156.129.138 - - [16/Jul/2026:19:56:12 +0000] "GET /wp-content/plugins/svg-support/readme.txt HTTP/2" 404 1251 "-" "Mozilla/5.0 AppleWebKit/537.36 (KHTML, like Gecko) Chrome/123.0.6312.86 Safari/537.36"
45.156.129.136 - - [16/Jul/2026:19:56:12 +0000] "GET /wp-content/plugins/wp-file-manager/readme.txt HTTP/2" 404 1251 "-" "Mozilla/5.0 AppleWebKit/537.36 (KHTML, like Gecko) Chrome/123.0.6312.86 Safari/537.36"
45.156.129.137 - - [16/Jul/2026:19:56:12 +0000] "GET /wp-content/plugins/akismet/readme.txt HTTP/2" 404 1251 "-" "Mozilla/5.0 AppleWebKit/537.36 (KHTML, like Gecko) Chrome/123.0.6312.86 Safari/537.36"
45.156.129.136 - - [16/Jul/2026:19:56:12 +0000] "GET /wp-content/plugins/ultimate-addons-for-gutenberg/readme.txt HTTP/2" 404 1251 "-" "Mozilla/5.0 AppleWebKit/537.36 (KHTML, like Gecko) Chrome/123.0.6312.86 Safari/537.36"
45.156.129.139 - - [16/Jul/2026:19:56:12 +0000] "GET /wp-content/plugins/wp-optimize/readme.txt HTTP/2" 404 1251 "-" "Mozilla/5.0 AppleWebKit/537.36 (KHTML, like Gecko) Chrome/123.0.6312.86 Safari/537.36"
85.208.96.210 - - [16/Jul/2026:19:47:40 +0000] "GET /robots.txt HTTP/2" 304 0 "-" "Mozilla/5.0 (compatible; SemrushBot/7~bl; +http://www.semrush.com/bot.html)"
45.156.129.137 - - [16/Jul/2026:19:55:51 +0000] "GET /license.txt HTTP/2" 200 6865 "-" "Mozilla/5.0 AppleWebKit/537.36 (KHTML, like Gecko) Chrome/123.0.6312.86 Safari/537.36"
45.156.129.136 - - [16/Jul/2026:19:56:05 +0000] "GET /wp-content/plugins/code-snippets/readme.txt HTTP/2" 404 1251 "-" "Mozilla/5.0 AppleWebKit/537.36 (KHTML, like Gecko) Chrome/123.0.6312.86 Safari/537.36"
45.156.129.136 - - [16/Jul/2026:19:56:10 +0000] "GET /wp-content/plugins/kingcomposer/readme.txt HTTP/2" 404 1251 "-" "Mozilla/5.0 AppleWebKit/537.36 (KHTML, like Gecko) Chrome/123.0.6312.86 Safari/537.36"
45.156.129.138 - - [16/Jul/2026:19:56:12 +0000] "GET /wp-content/plugins/updraftplus/readme.txt HTTP/2" 404 1251 "-" "Mozilla/5.0 AppleWebKit/537.36 (KHTML, like Gecko) Chrome/123.0.6312.86 Safari/537.36"
45.156.129.139 - - [16/Jul/2026:19:56:12 +0000] "GET /wp-content/plugins/seo-by-rank-math/readme.txt HTTP/2" 200 8799 "-" "Mozilla/5.0 AppleWebKit/537.36 (KHTML, like Gecko) Chrome/123.0.6312.86 Safari/537.36"
45.156.129.139 - - [16/Jul/2026:19:56:12 +0000] "GET /wp-content/plugins/insert-headers-and-footers/readme.txt HTTP/2" 404 1251 "-" "Mozilla/5.0 AppleWebKit/537.36 (KHTML, like Gecko) Chrome/123.0.6312.86 Safari/537.36"
45.156.129.138 - - [16/Jul/2026:19:56:12 +0000] "GET /wp-content/plugins/woocommerce/readme.txt HTTP/2" 404 1251 "-" "Mozilla/5.0 AppleWebKit/537.36 (KHTML, like Gecko) Chrome/123.0.6312.86 Safari/537.36"
45.156.129.137 - - [16/Jul/2026:19:56:12 +0000] "GET /wp-content/plugins/wps-hide-login/readme.txt HTTP/2" 404 1251 "-" "Mozilla/5.0 AppleWebKit/537.36 (KHTML, like Gecko) Chrome/123.0.6312.86 Safari/537.36"
45.156.129.137 - - [16/Jul/2026:19:56:12 +0000] "GET /wp-content/plugins/all-in-one-seo-pack/readme.txt HTTP/2" 404 1251 "-" "Mozilla/5.0 AppleWebKit/537.36 (KHTML, like Gecko) Chrome/123.0.6312.86 Safari/537.36"
45.156.129.139 - - [16/Jul/2026:19:56:12 +0000] "GET /wp-content/plugins/envato-elements/readme.txt HTTP/2" 404 1251 "-" "Mozilla/5.0 AppleWebKit/537.36 (KHTML, like Gecko) Chrome/123.0.6312.86 Safari/537.36"
45.156.129.138 - - [16/Jul/2026:19:56:12 +0000] "GET /wp-content/plugins/wp-super-cache/readme.txt HTTP/2" 404 1251 "-" "Mozilla/5.0 AppleWebKit/537.36 (KHTML, like Gecko) Chrome/123.0.6312.86 Safari/537.36"
45.156.129.139 - - [16/Jul/2026:19:56:12 +0000] "GET /wp-content/plugins/duplicate-post/readme.txt HTTP/2" 404 1251 "-" "Mozilla/5.0 AppleWebKit/537.36 (KHTML, like Gecko) Chrome/123.0.6312.86 Safari/537.36"
45.156.129.139 - - [16/Jul/2026:19:56:12 +0000] "GET /wp-content/plugins/all-in-one-wp-migration/readme.txt HTTP/2" 404 1251 "-" "Mozilla/5.0 AppleWebKit/537.36 (KHTML, like Gecko) Chrome/123.0.6312.86 Safari/537.36"
45.156.129.139 - - [16/Jul/2026:19:56:12 +0000] "GET /wp-content/plugins/google-site-kit/readme.txt HTTP/2" 404 1251 "-" "Mozilla/5.0 AppleWebKit/537.36 (KHTML, like Gecko) Chrome/123.0.6312.86 Safari/537.36"
45.156.129.136 - - [16/Jul/2026:19:56:12 +0000] "GET /wp-content/plugins/smart-slider-3/readme.txt HTTP/2" 404 1251 "-" "Mozilla/5.0 AppleWebKit/537.36 (KHTML, like Gecko) Chrome/123.0.6312.86 Safari/537.36"
45.156.129.138 - - [16/Jul/2026:19:56:12 +0000] "GET /wp-content/plugins/disable-comments/readme.txt HTTP/2" 404 1251 "-" "Mozilla/5.0 AppleWebKit/537.36 (KHTML, like Gecko) Chrome/123.0.6312.86 Safari/537.36"
45.156.129.139 - - [16/Jul/2026:19:56:12 +0000] "GET /wp-content/plugins/sg-security/readme.txt HTTP/2" 404 1251 "-" "Mozilla/5.0 AppleWebKit/537.36 (KHTML, like Gecko) Chrome/123.0.6312.86 Safari/537.36"
45.156.129.137 - - [16/Jul/2026:19:56:12 +0000] "GET /wp-content/plugins/complianz-gdpr/readme.txt HTTP/2" 404 1251 "-" "Mozilla/5.0 AppleWebKit/537.36 (KHTML, like Gecko) Chrome/123.0.6312.86 Safari/537.36"
45.156.129.136 - - [16/Jul/2026:19:56:12 +0000] "GET /wp-content/plugins/redux-framework/readme.txt HTTP/2" 404 1251 "-" "Mozilla/5.0 AppleWebKit/537.36 (KHTML, like Gecko) Chrome/123.0.6312.86 Safari/537.36"
45.156.129.138 - - [16/Jul/2026:19:56:12 +0000] "GET /wp-content/plugins/contact-form-7/readme.txt HTTP/2" 200 1576 "-" "Mozilla/5.0 AppleWebKit/537.36 (KHTML, like Gecko) Chrome/123.0.6312.86 Safari/537.36"
45.156.129.139 - - [16/Jul/2026:19:56:12 +0000] "GET /wp-content/plugins/ewww-image-optimizer/readme.txt HTTP/2" 404 1251 "-" "Mozilla/5.0 AppleWebKit/537.36 (KHTML, like Gecko) Chrome/123.0.6312.86 Safari/537.36"
45.156.129.136 - - [16/Jul/2026:19:56:12 +0000] "GET /wp-content/plugins/better-wp-security/readme.txt HTTP/2" 404 1251 "-" "Mozilla/5.0 AppleWebKit/537.36 (KHTML, like Gecko) Chrome/123.0.6312.86 Safari/537.36"
45.156.129.136 - - [16/Jul/2026:19:56:12 +0000] "GET /wp-content/plugins/better-search-replace/readme.txt HTTP/2" 404 1251 "-" "Mozilla/5.0 AppleWebKit/537.36 (KHTML, like Gecko) Chrome/123.0.6312.86 Safari/537.36"
45.156.129.138 - - [16/Jul/2026:19:56:12 +0000] "GET /wp-content/plugins/autoptimize/readme.txt HTTP/2" 404 1251 "-" "Mozilla/5.0 AppleWebKit/537.36 (KHTML, like Gecko) Chrome/123.0.6312.86 Safari/537.36"
45.156.129.137 - - [16/Jul/2026:19:56:12 +0000] "GET /wp-content/plugins/w3-total-cache/readme.txt HTTP/2" 404 1251 "-" "Mozilla/5.0 AppleWebKit/537.36 (KHTML, like Gecko) Chrome/123.0.6312.86 Safari/537.36"
45.156.129.136 - - [16/Jul/2026:19:56:12 +0000] "GET /wp-content/plugins/redirection/readme.txt HTTP/2" 404 1251 "-" "Mozilla/5.0 AppleWebKit/537.36 (KHTML, like Gecko) Chrome/123.0.6312.86 Safari/537.36"
45.156.129.136 - - [16/Jul/2026:19:56:15 +0000] "GET /wp-content/plugins/wpschoolpress/readme.txt HTTP/2" 404 1251 "-" "Mozilla/5.0 AppleWebKit/537.36 (KHTML, like Gecko) Chrome/123.0.6312.86 Safari/537.36"
45.156.129.138 - - [16/Jul/2026:19:56:17 +0000] "GET /wp-content/plugins/wp-user-avatar/readme.txt HTTP/2" 404 1251 "-" "Mozilla/5.0 AppleWebKit/537.36 (KHTML, like Gecko) Chrome/123.0.6312.86 Safari/537.36"
65.181.111.155 - - [16/Jul/2026:19:56:24 +0000] "POST /wp-cron.php?doing_wp_cron=1784231783.9785680770874023437500 HTTP/2" 200 0 "-" "WordPress/6.9.4; https://naniguide.com"
45.156.129.136 - - [16/Jul/2026:19:56:22 +0000] "GET /cf_scripts/scripts/ajax/ckeditor/ckeditor.js HTTP/2" 404 24327 "-" "Mozilla/5.0 AppleWebKit/537.36 (KHTML, like Gecko) Chrome/123.0.6312.86 Safari/537.36"
45.156.129.136 - - [16/Jul/2026:19:56:24 +0000] "GET /aspera/faspex/ HTTP/2" 404 24312 "-" "Mozilla/5.0 AppleWebKit/537.36 (KHTML, like Gecko) Chrome/123.0.6312.86 Safari/537.36"
45.156.129.137 - - [16/Jul/2026:19:56:25 +0000] "GET /solr/ HTTP/2" 404 24334 "-" "Mozilla/5.0 AppleWebKit/537.36 (KHTML, like Gecko) Chrome/123.0.6312.86 Safari/537.36"
65.181.111.155 - - [16/Jul/2026:19:56:31 +0000] "POST /wp-cron.php?doing_wp_cron=1784231791.7260959148406982421875 HTTP/2" 200 0 "-" "WordPress/6.9.4; https://naniguide.com"
45.156.129.138 - - [16/Jul/2026:19:56:31 +0000] "GET /admin/ HTTP/2" 302 0 "-" "Mozilla/5.0 AppleWebKit/537.36 (KHTML, like Gecko) Chrome/123.0.6312.86 Safari/537.36"
45.156.129.137 - - [16/Jul/2026:19:56:35 +0000] "GET /WebInterface/ HTTP/2" 404 24311 "-" "Mozilla/5.0 AppleWebKit/537.36 (KHTML, like Gecko) Chrome/123.0.6312.86 Safari/537.36"
45.156.129.136 - - [16/Jul/2026:19:56:46 +0000] "GET / HTTP/2" 200 34380 "-" "Mozilla/5.0 AppleWebKit/537.36 (KHTML, like Gecko) Chrome/123.0.6312.86 Safari/537.36"
45.156.129.139 - - [16/Jul/2026:19:56:46 +0000] "GET / HTTP/2" 200 34380 "-" "Mozilla/5.0 AppleWebKit/537.36 (KHTML, like Gecko) Chrome/123.0.6312.86 Safari/537.36"
45.156.129.139 - - [16/Jul/2026:19:56:46 +0000] "GET /api/session/properties HTTP/2" 404 24315 "-" "Mozilla/5.0 AppleWebKit/537.36 (KHTML, like Gecko) Chrome/123.0.6312.86 Safari/537.36"
45.156.129.136 - - [16/Jul/2026:19:56:50 +0000] "GET /index.jsp HTTP/2" 404 24309 "-" "Mozilla/5.0 AppleWebKit/537.36 (KHTML, like Gecko) Chrome/123.0.6312.86 Safari/537.36"
45.156.129.139 - - [16/Jul/2026:19:56:54 +0000] "GET / HTTP/2" 200 34380 "-" "Mozilla/5.0 AppleWebKit/537.36 (KHTML, like Gecko) Chrome/123.0.6312.86 Safari/537.36"
45.156.129.139 - - [16/Jul/2026:19:56:56 +0000] "GET /identity HTTP/2" 404 24305 "-" "Mozilla/5.0 AppleWebKit/537.36 (KHTML, like Gecko) Chrome/123.0.6312.86 Safari/537.36"
65.181.111.155 - - [16/Jul/2026:19:57:01 +0000] "POST /wp-cron.php?doing_wp_cron=1784231821.7081570625305175781250 HTTP/2" 200 0 "-" "WordPress/6.9.4; https://naniguide.com"
45.156.129.138 - - [16/Jul/2026:19:57:00 +0000] "GET /favicon-32x32.png HTTP/2" 404 24304 "-" "Mozilla/5.0 AppleWebKit/537.36 (KHTML, like Gecko) Chrome/123.0.6312.86 Safari/537.36"
45.156.129.136 - - [16/Jul/2026:19:57:08 +0000] "GET /cgi-bin/authLogin.cgi HTTP/2" 500 73 "-" "Mozilla/5.0 AppleWebKit/537.36 (KHTML, like Gecko) Chrome/123.0.6312.86 Safari/537.36"
45.156.129.139 - - [16/Jul/2026:19:57:14 +0000] "GET /sitecore/shell/sitecore.version.xml HTTP/2" 404 24338 "-" "Mozilla/5.0 AppleWebKit/537.36 (KHTML, like Gecko) Chrome/123.0.6312.86 Safari/537.36"
45.156.129.137 - - [16/Jul/2026:19:57:16 +0000] "GET /console HTTP/2" 404 24320 "-" "Mozilla/5.0 AppleWebKit/537.36 (KHTML, like Gecko) Chrome/123.0.6312.86 Safari/537.36"
65.181.111.155 - - [16/Jul/2026:19:57:31 +0000] "POST /wp-cron.php?doing_wp_cron=1784231851.8278050422668457031250 HTTP/2" 200 0 "-" "WordPress/6.9.4; https://naniguide.com"
65.181.111.155 - - [16/Jul/2026:19:57:39 +0000] "POST /wp-cron.php?doing_wp_cron=1784231859.4779379367828369140625 HTTP/2" 200 0 "-" "WordPress/6.9.4; https://naniguide.com"
45.156.129.139 - - [16/Jul/2026:19:56:12 +0000] "GET /wp-content/plugins/essential-addons-for-elementor-lite/readme.txt HTTP/2" 404 1251 "-" "Mozilla/5.0 AppleWebKit/537.36 (KHTML, like Gecko) Chrome/123.0.6312.86 Safari/537.36"
45.156.129.137 - - [16/Jul/2026:19:56:12 +0000] "GET /wp-content/plugins/coming-soon/readme.txt HTTP/2" 404 1251 "-" "Mozilla/5.0 AppleWebKit/537.36 (KHTML, like Gecko) Chrome/123.0.6312.86 Safari/537.36"
45.156.129.139 - - [16/Jul/2026:19:56:19 +0000] "GET /wp-content/plugins/bbpress/readme.txt HTTP/2" 404 1251 "-" "Mozilla/5.0 AppleWebKit/537.36 (KHTML, like Gecko) Chrome/123.0.6312.86 Safari/537.36"
45.156.129.139 - - [16/Jul/2026:19:56:22 +0000] "GET / HTTP/2" 200 34380 "-" "Mozilla/5.0 AppleWebKit/537.36 (KHTML, like Gecko) Chrome/123.0.6312.86 Safari/537.36"
45.156.129.136 - - [16/Jul/2026:19:56:31 +0000] "GET /login HTTP/2" 302 0 "-" "Mozilla/5.0 AppleWebKit/537.36 (KHTML, like Gecko) Chrome/123.0.6312.86 Safari/537.36"
45.156.129.136 - - [16/Jul/2026:19:56:32 +0000] "GET /wp-login.php HTTP/2" 200 3010 "https://naniguide.com/login" "Mozilla/5.0 AppleWebKit/537.36 (KHTML, like Gecko) Chrome/123.0.6312.86 Safari/537.36"
45.156.129.136 - - [16/Jul/2026:19:56:34 +0000] "GET /js/NewWindow_2_all.js HTTP/2" 404 24324 "-" "Mozilla/5.0 AppleWebKit/537.36 (KHTML, like Gecko) Chrome/123.0.6312.86 Safari/537.36"
45.156.129.137 - - [16/Jul/2026:19:56:38 +0000] "GET /login.do HTTP/2" 404 24308 "-" "Mozilla/5.0 AppleWebKit/537.36 (KHTML, like Gecko) Chrome/123.0.6312.86 Safari/537.36"
45.156.129.136 - - [16/Jul/2026:19:56:41 +0000] "GET /static/historypage.js HTTP/2" 404 24323 "-" "Mozilla/5.0 AppleWebKit/537.36 (KHTML, like Gecko) Chrome/123.0.6312.86 Safari/537.36"
2a10:3c0:100:0:6:20:0:5 - - [16/Jul/2026:19:56:52 +0000] "GET /favicon.ico HTTP/2" 404 1251 "-" "Mozilla/5.0 AppleWebKit/537.36 (KHTML, like Gecko) Chrome/123.0.6312.86 Safari/537.36"
45.156.129.137 - - [16/Jul/2026:19:56:53 +0000] "GET /owa/ HTTP/2" 404 24338 "-" "Mozilla/5.0 AppleWebKit/537.36 (KHTML, like Gecko) Chrome/123.0.6312.86 Safari/537.36"
45.156.129.139 - - [16/Jul/2026:19:56:55 +0000] "GET /favicon.ico HTTP/2" 404 1251 "-" "Mozilla/5.0 AppleWebKit/537.36 (KHTML, like Gecko) Chrome/123.0.6312.86 Safari/537.36"
45.156.129.138 - - [16/Jul/2026:19:57:02 +0000] "GET /sugar_version.json HTTP/2" 404 24317 "-" "Mozilla/5.0 AppleWebKit/537.36 (KHTML, like Gecko) Chrome/123.0.6312.86 Safari/537.36"
45.156.129.138 - - [16/Jul/2026:19:57:04 +0000] "GET /showLogin.cc HTTP/2" 404 24314 "-" "Mozilla/5.0 AppleWebKit/537.36 (KHTML, like Gecko) Chrome/123.0.6312.86 Safari/537.36"
45.156.129.138 - - [16/Jul/2026:19:57:06 +0000] "GET /Telerik.Web.UI.WebResource.axd?type=rau HTTP/2" 404 24346 "-" "Mozilla/5.0 AppleWebKit/537.36 (KHTML, like Gecko) Chrome/123.0.6312.86 Safari/537.36"
45.156.129.136 - - [16/Jul/2026:19:57:13 +0000] "GET /zabbix/favicon.ico HTTP/2" 404 24314 "-" "Mozilla/5.0 AppleWebKit/537.36 (KHTML, like Gecko) Chrome/123.0.6312.86 Safari/537.36"
179.8.176.226 - - [16/Jul/2026:19:57:30 +0000] "GET /city/phu-quoc-island/page/3/ HTTP/2" 200 30835 "-" "Mozilla/5.0 (X11; Linux x86_64) AppleWebKit/537.36 (KHTML, like Gecko) Chrome/150.0.0.0 Safari/537.36"
179.8.176.226 - - [16/Jul/2026:19:57:36 +0000] "POST /wp-content/plugins/litespeed-cache/guest.vary.php HTTP/2" 200 20 "https://naniguide.com/city/phu-quoc-island/page/3/" "Mozilla/5.0 (X11; Linux x86_64) AppleWebKit/537.36 (KHTML, like Gecko) Chrome/150.0.0.0 Safari/537.36"
179.8.176.226 - - [16/Jul/2026:19:57:37 +0000] "GET /city/phu-quoc-island/page/3/ HTTP/2" 200 21734 "https://naniguide.com/city/phu-quoc-island/page/3/" "Mozilla/5.0 (X11; Linux x86_64) AppleWebKit/537.36 (KHTML, like Gecko) Chrome/150.0.0.0 Safari/537.36"
170.106.165.186 - - [16/Jul/2026:20:03:47 +0000] "GET /?s=&post_type=place&category=tour&caid=180 HTTP/2" 200 24626 "-" "Mozilla/5.0 (iPhone; CPU iPhone OS 13_2_3 like Mac OS X) AppleWebKit/605.1.15 (KHTML, like Gecko) Version/13.0.3 Mobile/15E148 Safari/604.1"
65.181.111.155 - - [16/Jul/2026:20:14:48 +0000] "POST /wp-cron.php?doing_wp_cron=1784232888.1178009510040283203125 HTTP/2" 200 0 "-" "WordPress/6.9.4; https://naniguide.com"
4.194.24.143 - - [16/Jul/2026:20:16:23 +0000] "GET /.dj/index.php HTTP/1.1" 404 1251 "-" "Mozilla/5.0 (Windows NT 10.0; Win64; x64) AppleWebKit/537.36 (KHTML, like Gecko) Chrome/120.0.0.0 Safari/537.36"
4.194.24.143 - - [16/Jul/2026:20:16:23 +0000] "GET /.tmb/ HTTP/1.1" 200 0 "-" "Mozilla/5.0 (Windows NT 10.0; Win64; x64) AppleWebKit/537.36 (KHTML, like Gecko) Chrome/120.0.0.0 Safari/537.36"
4.194.24.143 - - [16/Jul/2026:20:16:23 +0000] "GET /.trash7206/index.php HTTP/1.1" 404 1251 "-" "Mozilla/5.0 (Windows NT 10.0; Win64; x64) AppleWebKit/537.36 (KHTML, like Gecko) Chrome/120.0.0.0 Safari/537.36"
4.194.24.143 - - [16/Jul/2026:20:16:24 +0000] "GET /.well-known/ HTTP/1.1" 404 1251 "-" "Mozilla/5.0 (Windows NT 10.0; Win64; x64) AppleWebKit/537.36 (KHTML, like Gecko) Chrome/120.0.0.0 Safari/537.36"
4.194.24.143 - - [16/Jul/2026:20:16:24 +0000] "GET /.well-known/acme-challenge/ HTTP/1.1" 200 0 "-" "Mozilla/5.0 (Windows NT 10.0; Win64; x64) AppleWebKit/537.36 (KHTML, like Gecko) Chrome/120.0.0.0 Safari/537.36"
4.194.24.143 - - [16/Jul/2026:20:16:24 +0000] "GET /.well-known/gecko-litespeed.php HTTP/1.1" 404 1251 "-" "Mozilla/5.0 (Windows NT 10.0; Win64; x64) AppleWebKit/537.36 (KHTML, like Gecko) Chrome/120.0.0.0 Safari/537.36"
4.194.24.143 - - [16/Jul/2026:20:16:24 +0000] "GET /.well-known/logs233/index.php HTTP/1.1" 404 1251 "-" "Mozilla/5.0 (Windows NT 10.0; Win64; x64) AppleWebKit/537.36 (KHTML, like Gecko) Chrome/120.0.0.0 Safari/537.36"
4.194.24.143 - - [16/Jul/2026:20:16:25 +0000] "GET /.well-known/wp-cron.php HTTP/1.1" 404 1251 "-" "Mozilla/5.0 (Windows NT 10.0; Win64; x64) AppleWebKit/537.36 (KHTML, like Gecko) Chrome/120.0.0.0 Safari/537.36"
4.194.24.143 - - [16/Jul/2026:20:16:25 +0000] "GET /0.kb-v3.php HTTP/1.1" 404 1251 "-" "Mozilla/5.0 (Windows NT 10.0; Win64; x64) AppleWebKit/537.36 (KHTML, like Gecko) Chrome/120.0.0.0 Safari/537.36"
4.194.24.143 - - [16/Jul/2026:20:16:25 +0000] "GET /0.php HTTP/1.1" 404 1251 "-" "Mozilla/5.0 (Windows NT 10.0; Win64; x64) AppleWebKit/537.36 (KHTML, like Gecko) Chrome/120.0.0.0 Safari/537.36"
4.194.24.143 - - [16/Jul/2026:20:16:25 +0000] "GET /002.php HTTP/1.1" 404 1251 "-" "Mozilla/5.0 (Windows NT 10.0; Win64; x64) AppleWebKit/537.36 (KHTML, like Gecko) Chrome/120.0.0.0 Safari/537.36"
4.194.24.143 - - [16/Jul/2026:20:16:26 +0000] "GET /01.php HTTP/1.1" 404 1251 "-" "Mozilla/5.0 (Windows NT 10.0; Win64; x64) AppleWebKit/537.36 (KHTML, like Gecko) Chrome/120.0.0.0 Safari/537.36"
4.194.24.143 - - [16/Jul/2026:20:16:26 +0000] "GET /0x.php HTTP/1.1" 404 1251 "-" "Mozilla/5.0 (Windows NT 10.0; Win64; x64) AppleWebKit/537.36 (KHTML, like Gecko) Chrome/120.0.0.0 Safari/537.36"
4.194.24.143 - - [16/Jul/2026:20:16:26 +0000] "GET /1.php HTTP/1.1" 404 1251 "-" "Mozilla/5.0 (Windows NT 10.0; Win64; x64) AppleWebKit/537.36 (KHTML, like Gecko) Chrome/120.0.0.0 Safari/537.36"
4.194.24.143 - - [16/Jul/2026:20:16:26 +0000] "GET /100.php HTTP/1.1" 404 1251 "-" "Mozilla/5.0 (Windows NT 10.0; Win64; x64) AppleWebKit/537.36 (KHTML, like Gecko) Chrome/120.0.0.0 Safari/537.36"
4.194.24.143 - - [16/Jul/2026:20:16:27 +0000] "GET /122.php HTTP/1.1" 404 1251 "-" "Mozilla/5.0 (Windows NT 10.0; Win64; x64) AppleWebKit/537.36 (KHTML, like Gecko) Chrome/120.0.0.0 Safari/537.36"
4.194.24.143 - - [16/Jul/2026:20:16:27 +0000] "GET /123.php HTTP/1.1" 404 1251 "-" "Mozilla/5.0 (Windows NT 10.0; Win64; x64) AppleWebKit/537.36 (KHTML, like Gecko) Chrome/120.0.0.0 Safari/537.36"
4.194.24.143 - - [16/Jul/2026:20:16:27 +0000] "GET /13.php HTTP/1.1" 404 1251 "-" "Mozilla/5.0 (Windows NT 10.0; Win64; x64) AppleWebKit/537.36 (KHTML, like Gecko) Chrome/120.0.0.0 Safari/537.36"
4.194.24.143 - - [16/Jul/2026:20:16:27 +0000] "GET /133.php HTTP/1.1" 404 1251 "-" "Mozilla/5.0 (Windows NT 10.0; Win64; x64) AppleWebKit/537.36 (KHTML, like Gecko) Chrome/120.0.0.0 Safari/537.36"
4.194.24.143 - - [16/Jul/2026:20:16:28 +0000] "GET /155.php HTTP/1.1" 404 1251 "-" "Mozilla/5.0 (Windows NT 10.0; Win64; x64) AppleWebKit/537.36 (KHTML, like Gecko) Chrome/120.0.0.0 Safari/537.36"
4.194.24.143 - - [16/Jul/2026:20:16:28 +0000] "GET /177.php HTTP/1.1" 404 1251 "-" "Mozilla/5.0 (Windows NT 10.0; Win64; x64) AppleWebKit/537.36 (KHTML, like Gecko) Chrome/120.0.0.0 Safari/537.36"
4.194.24.143 - - [16/Jul/2026:20:16:28 +0000] "GET /1index.php HTTP/1.1" 404 1251 "-" "Mozilla/5.0 (Windows NT 10.0; Win64; x64) AppleWebKit/537.36 (KHTML, like Gecko) Chrome/120.0.0.0 Safari/537.36"
4.194.24.143 - - [16/Jul/2026:20:16:28 +0000] "GET /2.php HTTP/1.1" 404 1251 "-" "Mozilla/5.0 (Windows NT 10.0; Win64; x64) AppleWebKit/537.36 (KHTML, like Gecko) Chrome/120.0.0.0 Safari/537.36"
4.194.24.143 - - [16/Jul/2026:20:16:29 +0000] "GET /222.php HTTP/1.1" 404 1251 "-" "Mozilla/5.0 (Windows NT 10.0; Win64; x64) AppleWebKit/537.36 (KHTML, like Gecko) Chrome/120.0.0.0 Safari/537.36"
4.194.24.143 - - [16/Jul/2026:20:16:29 +0000] "GET /2p.update.php HTTP/1.1" 404 1251 "-" "Mozilla/5.0 (Windows NT 10.0; Win64; x64) AppleWebKit/537.36 (KHTML, like Gecko) Chrome/120.0.0.0 Safari/537.36"
4.194.24.143 - - [16/Jul/2026:20:16:29 +0000] "GET /3.php HTTP/1.1" 404 1251 "-" "Mozilla/5.0 (Windows NT 10.0; Win64; x64) AppleWebKit/537.36 (KHTML, like Gecko) Chrome/120.0.0.0 Safari/537.36"
4.194.24.143 - - [16/Jul/2026:20:16:29 +0000] "GET /3pjcpmfsd8b.php HTTP/1.1" 404 1251 "-" "Mozilla/5.0 (Windows NT 10.0; Win64; x64) AppleWebKit/537.36 (KHTML, like Gecko) Chrome/120.0.0.0 Safari/537.36"
4.194.24.143 - - [16/Jul/2026:20:16:30 +0000] "GET /403.php HTTP/1.1" 404 1251 "-" "Mozilla/5.0 (Windows NT 10.0; Win64; x64) AppleWebKit/537.36 (KHTML, like Gecko) Chrome/120.0.0.0 Safari/537.36"
4.194.24.143 - - [16/Jul/2026:20:16:30 +0000] "GET /404.php HTTP/1.1" 404 1251 "-" "Mozilla/5.0 (Windows NT 10.0; Win64; x64) AppleWebKit/537.36 (KHTML, like Gecko) Chrome/120.0.0.0 Safari/537.36"
151.245.71.170 - - [16/Jul/2026:20:16:51 +0000] "GET /wp-content/uploads/2020/11/58992073.jpg HTTP/2" 200 142942 "https://mavink.com/explore/Miagao-Beach-Resort" "Mozilla/5.0 (Macintosh; Intel Mac OS X 10_15_7) AppleWebKit/537.36 (KHTML, like Gecko) Chrome/130.0.0.0 Safari/537.36"
65.181.111.155 - - [16/Jul/2026:20:17:30 +0000] "POST /wp-cron.php?doing_wp_cron=1784233050.2318599224090576171875 HTTP/2" 200 0 "-" "WordPress/6.9.4; https://naniguide.com"
66.249.73.130 - - [16/Jul/2026:20:17:28 +0000] "GET /?s&post_type=place&category=nightlife&caid=159 HTTP/2" 200 24565 "-" "Mozilla/5.0 (Linux; Android 6.0.1; Nexus 5X Build/MMB29P) AppleWebKit/537.36 (KHTML, like Gecko) Chrome/150.0.7871.124 Mobile Safari/537.36 (compatible; Googlebot/2.1; +http://www.google.com/bot.html)"
167.88.167.140 - - [16/Jul/2026:20:18:45 +0000] "GET /wp-content/plugins/custom-api-for-wp/classes/Common/Resources/JS/mo-caw-script.min.js HTTP/2" 404 1251 "-" "Mozilla/5.0 (Windows NT 11.0; Win64; x64) AppleWebKit/537.36 (KHTML, like Gecko) Chrome/131.0.6778.86 Safari/537.36"
65.181.111.155 - - [16/Jul/2026:20:03:48 +0000] "POST /wp-cron.php?doing_wp_cron=1784232228.5280809402465820312500 HTTP/2" 200 0 "-" "WordPress/6.9.4; https://naniguide.com"
2a03:2880:f800:1a:: - - [16/Jul/2026:20:14:47 +0000] "GET /place-sitemap.xml HTTP/2" 200 2406 "-" "Mozilla/5.0 (Windows NT 10.0; Win64; x64) AppleWebKit/537.36 (KHTML, like Gecko) Chrome/145.0.0.0 Safari/537.36 (compatible; meta-externalagent/1.1 (+https://developers.facebook.com/docs/sharing/webmasters/crawler))"
64.89.161.50 - - [16/Jul/2026:20:19:11 +0000] "GET / HTTP/2" 200 34380 "-" "Mozilla/5.0 (Windows NT 10.0; Win64; x64) AppleWebKit/537.36 (KHTML, like Gecko) Chrome/122.0.0.0 Safari/537.36"
91.92.241.196 - - [16/Jul/2026:20:19:26 +0000] "GET /.env.production HTTP/1.1" 200 311 "-" "Mozilla/5.0 (Windows NT 10.0; Win64; x64) AppleWebKit/537.36"
92.168.8.163 - - [16/Jul/2026:20:25:13 +0000] "GET /wp-content/uploads/2020/11/275786915.jpg HTTP/2" 200 90522 "-" "Mozilla/5.0 (X11; Ubuntu; Linux x86_64; rv:72.0) Gecko/20100101 Firefox/72.0"
65.181.111.155 - - [16/Jul/2026:20:35:42 +0000] "POST /wp-cron.php?doing_wp_cron=1784234141.9262340068817138671875 HTTP/2" 200 0 "-" "WordPress/6.9.4; https://naniguide.com"
66.249.73.128 - - [16/Jul/2026:20:35:28 +0000] "GET /place/sailing-club/ HTTP/2" 200 31617 "-" "Mozilla/5.0 (Linux; Android 6.0.1; Nexus 5X Build/MMB29P) AppleWebKit/537.36 (KHTML, like Gecko) Chrome/150.0.7871.124 Mobile Safari/537.36 (compatible; Googlebot/2.1; +http://www.google.com/bot.html)"
66.249.73.128 - - [16/Jul/2026:20:35:42 +0000] "GET /pcmypage?callback=product/detail/93250156 HTTP/2" 404 20907 "-" "Mozilla/5.0 (Linux; Android 6.0.1; Nexus 5X Build/MMB29P) AppleWebKit/537.36 (KHTML, like Gecko) Chrome/150.0.7871.124 Mobile Safari/537.36 (compatible; Googlebot/2.1; +http://www.google.com/bot.html)"
91.92.241.196 - - [16/Jul/2026:20:19:25 +0000] "GET /.env HTTP/1.1" 200 311 "-" "Mozilla/5.0 (Windows NT 10.0; Win64; x64) AppleWebKit/537.36"
91.92.241.196 - - [16/Jul/2026:20:19:27 +0000] "GET /api/.env HTTP/1.1" 200 311 "-" "Mozilla/5.0 (Windows NT 10.0; Win64; x64) AppleWebKit/537.36"
91.92.241.196 - - [16/Jul/2026:20:19:28 +0000] "GET /.aws/credentials HTTP/1.1" 200 311 "-" "Mozilla/5.0 (Windows NT 10.0; Win64; x64) AppleWebKit/537.36"
66.249.73.131 - - [16/Jul/2026:20:20:14 +0000] "POST /wp-content/plugins/litespeed-cache/guest.vary.php HTTP/2" 200 6 "https://naniguide.com/?s&post_type=place&category=nightlife&caid=159" "Mozilla/5.0 (Linux; Android 6.0.1; Nexus 5X Build/MMB29P) AppleWebKit/537.36 (KHTML, like Gecko) Chrome/150.0.7871.124 Mobile Safari/537.36 (compatible; Googlebot/2.1; +http://www.google.com/bot.html)"
216.244.66.230 - - [16/Jul/2026:20:21:31 +0000] "GET /robots.txt HTTP/2" 304 0 "-" "Mozilla/5.0 (compatible; DotBot/1.2; +https://opensiteexplorer.org/dotbot; [email protected])"
211.249.40.9 - - [16/Jul/2026:20:24:14 +0000] "GET /wp-content/uploads/2020/11/228298506.jpg HTTP/2" 200 172343 "-" "Mozilla/5.0 (compatible; iv-data-factory-restore/1.0)"
216.244.66.230 - - [16/Jul/2026:20:30:42 +0000] "GET /wp-content/uploads/2020/11/249101894.jpg HTTP/2" 200 216068 "-" "Mozilla/5.0 (compatible; DotBot/1.2; +https://opensiteexplorer.org/dotbot; [email protected])"
66.249.73.128 - - [16/Jul/2026:20:35:54 +0000] "GET /pcmypage?callback=/product/detail/48155744 HTTP/2" 404 20906 "-" "Mozilla/5.0 (Linux; Android 6.0.1; Nexus 5X Build/MMB29P) AppleWebKit/537.36 (KHTML, like Gecko) Chrome/150.0.7871.124 Mobile Safari/537.36 (compatible; Googlebot/2.1; +http://www.google.com/bot.html)"
66.249.73.130 - - [16/Jul/2026:20:38:42 +0000] "GET /wp-content/litespeed/ucss/1/63b25465c478f1cfd0cde9eccc80abb8.css?ver=ef6e3 HTTP/2" 200 12211 "https://naniguide.com/place/sailing-club/" "Mozilla/5.0 (Linux; Android 6.0.1; Nexus 5X Build/MMB29P) AppleWebKit/537.36 (KHTML, like Gecko) Chrome/150.0.7871.124 Mobile Safari/537.36 (compatible; Googlebot/2.1; +http://www.google.com/bot.html)"
66.249.73.128 - - [16/Jul/2026:20:38:44 +0000] "POST /wp-content/plugins/litespeed-cache/guest.vary.php HTTP/2" 200 6 "https://naniguide.com/place/sailing-club/" "Mozilla/5.0 (Linux; Android 6.0.1; Nexus 5X Build/MMB29P) AppleWebKit/537.36 (KHTML, like Gecko) Chrome/150.0.7871.124 Mobile Safari/537.36 (compatible; Googlebot/2.1; +http://www.google.com/bot.html)"
86.105.104.19 - - [16/Jul/2026:20:43:44 +0000] "GET /wp-content/uploads/2020/11/636564831449619465_1507883233612-1.jpg HTTP/2" 200 155165 "https://naniguide.com/place/sung-hung-co-tu/" "Mozilla/5.0 (Macintosh; Intel Mac OS X 10_15_7) AppleWebKit/537.36 (KHTML, like Gecko) Chrome/130.0.0.0 Safari/537.36"
65.181.111.155 - - [16/Jul/2026:20:45:17 +0000] "POST /wp-cron.php?doing_wp_cron=1784234717.2588191032409667968750 HTTP/2" 200 0 "-" "WordPress/6.9.4; https://naniguide.com"
66.249.73.129 - - [16/Jul/2026:20:45:15 +0000] "GET /pcmypage?callback=/product/detail/32734854 HTTP/2" 404 20907 "-" "Mozilla/5.0 (Linux; Android 6.0.1; Nexus 5X Build/MMB29P) AppleWebKit/537.36 (KHTML, like Gecko) Chrome/150.0.7871.124 Mobile Safari/537.36 (compatible; Googlebot/2.1; +http://www.google.com/bot.html)"
43.162.103.213 - - [16/Jul/2026:20:47:06 +0000] "GET / HTTP/2" 200 34380 "http://www.naniguide.com" "Mozilla/5.0 (iPhone; CPU iPhone OS 13_2_3 like Mac OS X) AppleWebKit/605.1.15 (KHTML, like Gecko) Version/13.0.3 Mobile/15E148 Safari/604.1"
65.181.111.155 - - [16/Jul/2026:20:48:06 +0000] "POST /wp-cron.php?doing_wp_cron=1784234886.8298859596252441406250 HTTP/2" 200 0 "-" "WordPress/6.9.4; https://naniguide.com"
190.60.57.198 - - [16/Jul/2026:20:48:05 +0000] "GET /place/vuon-thu-safari/tel:0365810086 HTTP/2" 404 24360 "-" "Mozilla/5.0 (Windows NT 10.0; Win64; x64) AppleWebKit/537.36 (KHTML, like Gecko) Chrome/141.0.0.0 Safari/537.36"
190.60.57.198 - - [16/Jul/2026:20:48:08 +0000] "POST /wp-content/plugins/litespeed-cache/guest.vary.php HTTP/2" 200 20 "https://naniguide.com/place/vuon-thu-safari/tel:0365810086" "Mozilla/5.0 (Windows NT 10.0; Win64; x64) AppleWebKit/537.36 (KHTML, like Gecko) Chrome/141.0.0.0 Safari/537.36"
190.60.57.198 - - [16/Jul/2026:20:48:08 +0000] "GET /place/vuon-thu-safari/tel:0365810086 HTTP/2" 404 16371 "https://naniguide.com/place/vuon-thu-safari/tel:0365810086" "Mozilla/5.0 (Windows NT 10.0; Win64; x64) AppleWebKit/537.36 (KHTML, like Gecko) Chrome/141.0.0.0 Safari/537.36"
65.109.235.49 - - [16/Jul/2026:20:56:02 +0000] "GET /wp-content/uploads/2020/11/78551151_446592152651378_2148072436476674048_o.jpg HTTP/2" 200 409492 "-" "Mozilla/5.0 (X11; Ubuntu; Linux x86_64; rv:72.0) Gecko/20100101 Firefox/72.0"
65.181.111.155 - - [16/Jul/2026:20:57:47 +0000] "POST /wp-cron.php?doing_wp_cron=1784235467.1811730861663818359375 HTTP/2" 200 0 "-" "WordPress/6.9.4; https://naniguide.com"
43.157.153.236 - - [16/Jul/2026:20:57:45 +0000] "GET /place-categories/tour/?city=phu-quoc-island HTTP/2" 200 25715 "-" "Mozilla/5.0 (iPhone; CPU iPhone OS 13_2_3 like Mac OS X) AppleWebKit/605.1.15 (KHTML, like Gecko) Version/13.0.3 Mobile/15E148 Safari/604.1"
211.249.40.24 - - [16/Jul/2026:21:03:16 +0000] "GET /wp-content/uploads/2020/11/214380167.jpg HTTP/2" 200 125437 "-" "Mozilla/5.0 (compatible; iv-data-factory-restore/1.0)"
43.135.145.77 - - [16/Jul/2026:21:09:46 +0000] "GET /place/tham-quan-bac-dao-cheo-kayak-kham-pha-rach-vem/ HTTP/2" 200 36360 "-" "Mozilla/5.0 (iPhone; CPU iPhone OS 13_2_3 like Mac OS X) AppleWebKit/605.1.15 (KHTML, like Gecko) Version/13.0.3 Mobile/15E148 Safari/604.1"