103.153.174.20 - - [16/Jul/2026:16:19:04 +0000] "GET /author/mrsimple/page/3/ HTTP/2" 404 16334 "https://naniguide.com/author/mrsimple/page/3/" "Mozilla/5.0 (Windows NT 10.0; Win64; x64) AppleWebKit/537.36 (KHTML, like Gecko) Chrome/146.0.0.0 Safari/537.36"
104.248.144.17 - - [16/Jul/2026:16:15:10 +0000] "GET /wp-login.php HTTP/1.1" 302 0 "-" "Mozilla/5.0 (Macintosh; Intel Mac OS X 13_6_1) AppleWebKit/537.36 (KHTML, like Gecko) Chrome/121.0.0.0 Safari/537.36"
103.153.174.20 - - [16/Jul/2026:16:19:08 +0000] "GET /wp-includes/js/jquery/jquery.min.js HTTP/2" 200 29744 "https://naniguide.com/author/mrsimple/page/3/" "Mozilla/5.0 (Windows NT 10.0; Win64; x64) AppleWebKit/537.36 (KHTML, like Gecko) Chrome/146.0.0.0 Safari/537.36"
103.153.174.20 - - [16/Jul/2026:16:19:08 +0000] "GET /wp-content/litespeed/js/1/734ac906d819d5509abd7acde4675234.js?ver=75234 HTTP/2" 200 4680 "https://naniguide.com/author/mrsimple/page/3/" "Mozilla/5.0 (Windows NT 10.0; Win64; x64) AppleWebKit/537.36 (KHTML, like Gecko) Chrome/146.0.0.0 Safari/537.36"
34.104.250.134 - - [16/Jul/2026:16:30:33 +0000] "GET /wp-content/uploads/2020/11/249729219.jpg HTTP/2" 200 207770 "-" "Mozilla/5.0 (X11; Ubuntu; Linux x86_64; rv:72.0) Gecko/20100101 Firefox/72.0"
114.119.157.190 - - [16/Jul/2026:16:31:29 +0000] "GET /wp-includes/sodium_compat/src/Core32/Int32.php HTTP/2" 200 0 "https://naniguide.com/wp-includes/sodium_compat/src/Core32/?ND" "Mozilla/5.0 (Linux; Android 7.0;) AppleWebKit/537.36 (HTML, like Gecko) Mobile Safari/537.36 (compatible; PetalBot;+https://webmaster.petalsearch.com/site/petalbot)"
65.109.160.208 - - [16/Jul/2026:16:33:28 +0000] "GET /wp-content/uploads/2020/11/45760239_2048428608555181_3586961625384484864_o.jpg HTTP/2" 200 93118 "-" "Mozilla/5.0 (X11; Ubuntu; Linux x86_64; rv:72.0) Gecko/20100101 Firefox/72.0"
114.119.137.230 - - [16/Jul/2026:16:34:10 +0000] "GET /wp-includes/widgets/class-wp-widget-block.php HTTP/2" 500 0 "https://naniguide.com/wp-includes/widgets/?DA" "Mozilla/5.0 (Linux; Android 7.0;) AppleWebKit/537.36 (HTML, like Gecko) Mobile Safari/537.36 (compatible; PetalBot;+https://webmaster.petalsearch.com/site/petalbot)"
65.21.6.30 - - [16/Jul/2026:16:35:44 +0000] "GET /wp-content/uploads/2020/11/39363362.jpg HTTP/2" 200 226523 "-" "Mozilla/5.0 (X11; Ubuntu; Linux x86_64; rv:72.0) Gecko/20100101 Firefox/72.0"
65.181.111.155 - - [16/Jul/2026:16:35:27 +0000] "POST /wp-cron.php?doing_wp_cron=1784219727.0401499271392822265625 HTTP/2" 200 0 "-" "WordPress/6.9.4; https://naniguide.com"
177.37.128.247 - - [16/Jul/2026:16:35:25 +0000] "GET /place/bun-ken-ut-luom/tel:0365810086 HTTP/2" 404 24360 "-" "Mozilla/5.0 (Macintosh; Intel Mac OS X 10_15_7) AppleWebKit/537.36 (KHTML, like Gecko) Chrome/88.0.4324.186 Safari/537.36"
65.21.6.30 - - [16/Jul/2026:16:35:44 +0000] "GET /wp-content/uploads/2020/11/119889087.jpg HTTP/2" 200 184210 "-" "Mozilla/5.0 (X11; Ubuntu; Linux x86_64; rv:72.0) Gecko/20100101 Firefox/72.0"
114.119.157.190 - - [16/Jul/2026:16:39:25 +0000] "GET /wp-includes/css/dist/customize-widgets/style.min.css HTTP/2" 200 1326 "https://naniguide.com/wp-includes/css/dist/customize-widgets/?ND" "Mozilla/5.0 (Linux; Android 7.0;) AppleWebKit/537.36 (HTML, like Gecko) Mobile Safari/537.36 (compatible; PetalBot;+https://webmaster.petalsearch.com/site/petalbot)"
114.119.128.39 - - [16/Jul/2026:16:42:07 +0000] "GET /wp-includes/functions.wp-scripts.php HTTP/2" 200 0 "https://naniguide.com/wp-includes/?SD" "Mozilla/5.0 (Linux; Android 7.0;) AppleWebKit/537.36 (HTML, like Gecko) Mobile Safari/537.36 (compatible; PetalBot;+https://webmaster.petalsearch.com/site/petalbot)"
114.119.157.190 - - [16/Jul/2026:16:44:42 +0000] "GET /wp-includes/css/dist/block-library/theme.min.css HTTP/2" 200 636 "https://naniguide.com/wp-includes/css/dist/block-library/" "Mozilla/5.0 (Linux; Android 7.0;) AppleWebKit/537.36 (HTML, like Gecko) Mobile Safari/537.36 (compatible; PetalBot;+https://webmaster.petalsearch.com/site/petalbot)"
65.181.111.155 - - [16/Jul/2026:16:47:27 +0000] "POST /wp-cron.php?doing_wp_cron=1784220447.5147080421447753906250 HTTP/2" 200 0 "-" "WordPress/6.9.4; https://naniguide.com"
114.119.128.39 - - [16/Jul/2026:16:47:22 +0000] "GET /place/famiana-resort-spa/ HTTP/2" 200 31511 "https://naniguide.com/author/mrsimple" "Mozilla/5.0 (Linux; Android 7.0;) AppleWebKit/537.36 (HTML, like Gecko) Mobile Safari/537.36 (compatible; PetalBot;+https://webmaster.petalsearch.com/site/petalbot)"
2.58.56.112 - - [16/Jul/2026:16:58:12 +0000] "GET / HTTP/2" 200 34380 "-" "Mozlila/5.0 (Linux; Android 7.0; SM-G892A Bulid/NRD90M; wv) AppleWebKit/537.36 (KHTML, like Gecko) Version/4.0 Chrome/60.0.3112.107 Moblie Safari/537.36"
2.58.56.112 - - [16/Jul/2026:16:58:12 +0000] "GET /wp-content/plugins/fix/up.php HTTP/2" 404 1251 "-" "Mozilla/5.0 (Windows NT 10.0; Win64; x64) AppleWebKit/537.36 (KHTML, like Gecko) Chrome/85.0.4183.102 Safari/537.36"
2.58.56.112 - - [16/Jul/2026:16:58:13 +0000] "GET /wp-content/themes/seotheme/db.php?u HTTP/2" 404 1251 "www.google.com" "Mozlila/5.0 (Linux; Android 7.0; SM-G892A Bulid/NRD90M; wv) AppleWebKit/537.36 (KHTML, like Gecko) Version/4.0 Chrome/60.0.3112.107 Moblie Safari/537.36"
2.58.56.112 - - [16/Jul/2026:16:58:13 +0000] "GET /rlffjjci.php?Fox=d3wL7 HTTP/2" 404 1251 "www.google.com" "Mozilla/5.0 (Linux; Android 7.0; SM-G892A Bulid/NRD90M; wv) AppleWebKit/537.36 (KHTML, like Gecko) Version/4.0 Chrome/60.0.3112.107 Moblie Safari/537.36"
2.58.56.112 - - [16/Jul/2026:16:58:13 +0000] "GET /wp-content/plugins/apikey/apikey.php?test=hello HTTP/2" 404 1251 "-" "Mozlila/5.0 (Linux; Android 7.0; SM-G892A Bulid/NRD90M; wv) AppleWebKit/537.36 (KHTML, like Gecko) Version/4.0 Chrome/60.0.3112.107 Moblie Safari/537.36"
2.58.56.112 - - [16/Jul/2026:16:58:13 +0000] "GET /wp-content/plugins/apikey/apikey.php.suspected?test=hello HTTP/2" 404 1251 "-" "Mozlila/5.0 (Linux; Android 7.0; SM-G892A Bulid/NRD90M; wv) AppleWebKit/537.36 (KHTML, like Gecko) Version/4.0 Chrome/60.0.3112.107 Moblie Safari/537.36"
2.58.56.112 - - [16/Jul/2026:16:58:12 +0000] "POST /ALFA_DATA/alfacgiapi/perl.alfa HTTP/2" 404 14589 "www.google.com" "Mozlila/5.0 (Linux; Android 7.0; SM-G892A Bulid/NRD90M; wv) AppleWebKit/537.36 (KHTML, like Gecko) Version/4.0 Chrome/60.0.3112.107 Moblie Safari/537.36"
2.58.56.112 - - [16/Jul/2026:16:58:16 +0000] "POST /alfacgiapi/perl.alfa HTTP/2" 404 14585 "www.google.com" "Mozlila/5.0 (Linux; Android 7.0; SM-G892A Bulid/NRD90M; wv) AppleWebKit/537.36 (KHTML, like Gecko) Version/4.0 Chrome/60.0.3112.107 Moblie Safari/537.36"
65.181.111.155 - - [16/Jul/2026:17:00:35 +0000] "POST /wp-cron.php?doing_wp_cron=1784221235.3719460964202880859375 HTTP/2" 200 0 "-" "WordPress/6.9.4; https://naniguide.com"
179.51.3.114 - - [16/Jul/2026:16:54:56 +0000] "GET /wp-content/uploads/2020/11/241473153.jpg HTTP/2" 200 125203 "-" "Mozilla/5.0 (Macintosh; Intel Mac OS X 10_15_7) AppleWebKit/537.36 (KHTML, like Gecko) Chrome/149.0.0.0 Safari/537.36"
2.58.56.112 - - [16/Jul/2026:16:58:12 +0000] "GET /wp-content/themes/seotheme/db.php?u HTTP/2" 404 1251 "www.google.com" "Mozlila/5.0 (Linux; Android 7.0; SM-G892A Bulid/NRD90M; wv) AppleWebKit/537.36 (KHTML, like Gecko) Version/4.0 Chrome/60.0.3112.107 Moblie Safari/537.36"
2.58.56.112 - - [16/Jul/2026:16:58:12 +0000] "POST /wp-plain.php HTTP/2" 404 1251 "www.google.com" "Mozilla/5.0 (Linux; Android 7.0; SM-G892A Bulid/NRD90M; wv) AppleWebKit/537.36 (KHTML, like Gecko) Version/4.0 Chrome/60.0.3112.107 Moblie Safari/537.36"
2.58.56.112 - - [16/Jul/2026:16:58:13 +0000] "GET /plugins/content/apismtp/apismtp.php?test=hello HTTP/2" 404 1251 "-" "Mozlila/5.0 (Linux; Android 7.0; SM-G892A Bulid/NRD90M; wv) AppleWebKit/537.36 (KHTML, like Gecko) Version/4.0 Chrome/60.0.3112.107 Moblie Safari/537.36"
65.181.111.155 - - [16/Jul/2026:16:58:16 +0000] "POST /wp-cron.php?doing_wp_cron=1784221096.4315519332885742187500 HTTP/2" 200 0 "-" "WordPress/6.9.4; https://naniguide.com"
2.58.56.112 - - [16/Jul/2026:16:58:13 +0000] "GET /plugins/content/apismtp/apismtp.php.suspected?test=hello HTTP/2" 404 20891 "-" "Mozlila/5.0 (Linux; Android 7.0; SM-G892A Bulid/NRD90M; wv) AppleWebKit/537.36 (KHTML, like Gecko) Version/4.0 Chrome/60.0.3112.107 Moblie Safari/537.36"
104.248.144.17 - - [16/Jul/2026:17:00:25 +0000] "GET /wp-login.php HTTP/1.1" 200 4339 "-" "Mozilla/5.0 (X11; Linux x86_64) AppleWebKit/537.36 (KHTML, like Gecko) Chrome/119.0.0.0 Safari/537.36"
104.248.144.17 - - [16/Jul/2026:17:00:34 +0000] "GET /wp-admin/ HTTP/1.1" 302 0 "https://www.facebook.com/" "Mozilla/5.0 (Macintosh; Intel Mac OS X 13_6_1) AppleWebKit/537.36 (KHTML, like Gecko) Chrome/121.0.0.0 Safari/537.36"
104.248.144.17 - - [16/Jul/2026:17:00:39 +0000] "GET /wp-login.php?redirect_to=https%3A%2F%2Fwww.naniguide.com%2Fwp-admin%2F&reauth=1 HTTP/2" 200 4372 "https://www.facebook.com/" "Mozilla/5.0 (Macintosh; Intel Mac OS X 13_6_1) AppleWebKit/537.36 (KHTML, like Gecko) Chrome/121.0.0.0 Safari/537.36"
65.109.163.125 - - [16/Jul/2026:17:00:57 +0000] "GET /wp-content/uploads/2020/11/205742623.jpg HTTP/2" 200 189067 "-" "Mozilla/5.0 (X11; Ubuntu; Linux x86_64; rv:72.0) Gecko/20100101 Firefox/72.0"
114.119.136.164 - - [16/Jul/2026:17:03:06 +0000] "GET /wp-includes/css/dist/nux/style.min.css HTTP/2" 200 559 "https://naniguide.com/wp-includes/css/dist/nux/?MA" "Mozilla/5.0 (Linux; Android 8.0.0; SM-G955U Build/R16NW) AppleWebKit/537.36 (KHTML, like Gecko) Chrome/148.0.0.0 Mobile Safari/537.36"
47.82.124.222 - - [16/Jul/2026:17:03:57 +0000] "GET /wp-content/uploads/2020/11/anh-2.jpg HTTP/2" 200 120578 "-" "Go-http-client/2.0"
45.174.92.174 - - [16/Jul/2026:17:08:09 +0000] "GET /place/cau-ca-lan-ngam-san-ho-phia-nam-dao/tel:0365810086 HTTP/2" 404 24332 "-" "Mozilla/5.0 (Macintosh; Intel Mac OS X 10_15_7) AppleWebKit/537.36 (KHTML, like Gecko) Chrome/139.0.0.0 Safari/537.36"
45.174.92.174 - - [16/Jul/2026:17:08:13 +0000] "GET /place/cau-ca-lan-ngam-san-ho-phia-nam-dao/tel:0365810086 HTTP/2" 404 16355 "https://naniguide.com/place/cau-ca-lan-ngam-san-ho-phia-nam-dao/tel:0365810086" "Mozilla/5.0 (Macintosh; Intel Mac OS X 10_15_7) AppleWebKit/537.36 (KHTML, like Gecko) Chrome/139.0.0.0 Safari/537.36"
65.181.111.155 - - [16/Jul/2026:17:08:11 +0000] "POST /wp-cron.php?doing_wp_cron=1784221691.1313068866729736328125 HTTP/2" 200 0 "-" "WordPress/6.9.4; https://naniguide.com"
45.174.92.174 - - [16/Jul/2026:17:08:12 +0000] "POST /wp-content/plugins/litespeed-cache/guest.vary.php HTTP/2" 200 20 "https://naniguide.com/place/cau-ca-lan-ngam-san-ho-phia-nam-dao/tel:0365810086" "Mozilla/5.0 (Macintosh; Intel Mac OS X 10_15_7) AppleWebKit/537.36 (KHTML, like Gecko) Chrome/139.0.0.0 Safari/537.36"
20.63.63.128 - - [16/Jul/2026:17:25:20 +0000] "GET /wp-content/plugins/hellopress/wp_filemanager.php HTTP/1.1" 404 5749 "-" "-"
20.63.63.128 - - [16/Jul/2026:17:25:20 +0000] "GET /this_is_a_new_hello_world.php HTTP/1.1" 404 5749 "-" "-"
20.63.63.128 - - [16/Jul/2026:17:25:20 +0000] "GET /wp-der.php HTTP/1.1" 404 5749 "-" "-"
20.63.63.128 - - [16/Jul/2026:17:25:20 +0000] "GET /wp-slss.php HTTP/1.1" 404 5749 "-" "-"
20.63.63.128 - - [16/Jul/2026:17:25:20 +0000] "GET /min.php HTTP/1.1" 404 5749 "-" "-"
20.63.63.128 - - [16/Jul/2026:17:25:21 +0000] "GET /wp-thi.php HTTP/1.1" 404 5749 "-" "-"
20.63.63.128 - - [16/Jul/2026:17:25:21 +0000] "GET /noe.php HTTP/1.1" 404 5749 "-" "-"
20.63.63.128 - - [16/Jul/2026:17:25:21 +0000] "GET /wp-file.php HTTP/1.1" 404 5749 "-" "-"
20.63.63.128 - - [16/Jul/2026:17:25:21 +0000] "GET /edit-tags.php HTTP/1.1" 404 5749 "-" "-"
20.63.63.128 - - [16/Jul/2026:17:25:21 +0000] "GET /wp-b0rk5oy.php HTTP/1.1" 404 5749 "-" "-"
20.63.63.128 - - [16/Jul/2026:17:25:22 +0000] "GET /bless24.php HTTP/1.1" 404 5749 "-" "-"
20.63.63.128 - - [16/Jul/2026:17:25:22 +0000] "GET /punah.php HTTP/1.1" 404 5749 "-" "-"
20.63.63.128 - - [16/Jul/2026:17:25:22 +0000] "GET /min.php HTTP/1.1" 404 5749 "-" "-"
20.63.63.128 - - [16/Jul/2026:17:25:22 +0000] "GET /dass.php HTTP/1.1" 404 5749 "-" "-"
20.63.63.128 - - [16/Jul/2026:17:25:22 +0000] "GET /wander.php HTTP/1.1" 404 5749 "-" "-"
20.63.63.128 - - [16/Jul/2026:17:25:23 +0000] "GET /cc13.php HTTP/1.1" 404 5749 "-" "-"
20.63.63.128 - - [16/Jul/2026:17:25:23 +0000] "GET /des.php HTTP/1.1" 404 5749 "-" "-"
20.63.63.128 - - [16/Jul/2026:17:25:23 +0000] "GET /avcqlevnbk.php HTTP/1.1" 404 5749 "-" "-"
20.63.63.128 - - [16/Jul/2026:17:25:23 +0000] "GET /wp-ppoxua4.php HTTP/1.1" 404 5749 "-" "-"
20.63.63.128 - - [16/Jul/2026:17:25:23 +0000] "GET /drykl.php HTTP/1.1" 404 5749 "-" "-"
20.63.63.128 - - [16/Jul/2026:17:25:23 +0000] "GET /f35.php HTTP/1.1" 404 5749 "-" "-"
20.63.63.128 - - [16/Jul/2026:17:25:23 +0000] "GET /wp-link-szoppm.php HTTP/1.1" 404 5749 "-" "-"
20.63.63.128 - - [16/Jul/2026:17:25:24 +0000] "GET /x.php HTTP/1.1" 404 5749 "-" "-"
20.63.63.128 - - [16/Jul/2026:17:25:24 +0000] "GET /xa.php HTTP/1.1" 404 5749 "-" "-"
20.63.63.128 - - [16/Jul/2026:17:25:24 +0000] "GET /ms-edit.php HTTP/1.1" 404 5749 "-" "-"
20.63.63.128 - - [16/Jul/2026:17:25:24 +0000] "GET /as.php HTTP/1.1" 404 5749 "-" "-"
20.63.63.128 - - [16/Jul/2026:17:25:24 +0000] "GET /wen.php HTTP/1.1" 404 5749 "-" "-"
20.63.63.128 - - [16/Jul/2026:17:25:24 +0000] "GET /dex.php HTTP/1.1" 404 5749 "-" "-"
20.63.63.128 - - [16/Jul/2026:17:25:24 +0000] "GET /f.php HTTP/1.1" 404 5749 "-" "-"
20.63.63.128 - - [16/Jul/2026:17:25:24 +0000] "GET /shell.php HTTP/1.1" 404 5749 "-" "-"
20.63.63.128 - - [16/Jul/2026:17:25:24 +0000] "GET /333.php HTTP/1.1" 404 5749 "-" "-"
20.63.63.128 - - [16/Jul/2026:17:25:25 +0000] "GET /a4.php HTTP/1.1" 404 5749 "-" "-"
20.63.63.128 - - [16/Jul/2026:17:25:25 +0000] "GET /wp-the.php HTTP/1.1" 404 5749 "-" "-"
20.63.63.128 - - [16/Jul/2026:17:25:25 +0000] "GET /classwithtostring.php HTTP/1.1" 404 5749 "-" "-"
20.63.63.128 - - [16/Jul/2026:17:25:25 +0000] "GET /fun.php HTTP/1.1" 404 5749 "-" "-"
20.63.63.128 - - [16/Jul/2026:17:25:25 +0000] "GET /wp-content/languages/index.php HTTP/1.1" 404 5749 "-" "-"
20.63.63.128 - - [16/Jul/2026:17:25:25 +0000] "GET /file.php HTTP/1.1" 404 5749 "-" "-"
20.63.63.128 - - [16/Jul/2026:17:25:25 +0000] "GET /pass4.php HTTP/1.1" 404 5749 "-" "-"
20.63.63.128 - - [16/Jul/2026:17:25:25 +0000] "GET /666.php HTTP/1.1" 404 5749 "-" "-"
20.63.63.128 - - [16/Jul/2026:17:25:25 +0000] "GET /wp-access.php HTTP/1.1" 404 5749 "-" "-"
20.63.63.128 - - [16/Jul/2026:17:25:25 +0000] "GET /jj.php HTTP/1.1" 404 5749 "-" "-"
20.63.63.128 - - [16/Jul/2026:17:25:25 +0000] "GET /wp-x7.php HTTP/1.1" 404 5749 "-" "-"
20.63.63.128 - - [16/Jul/2026:17:25:26 +0000] "GET /wpxml.php HTTP/1.1" 404 5749 "-" "-"
20.63.63.128 - - [16/Jul/2026:17:25:26 +0000] "GET /inputs.php HTTP/1.1" 404 5749 "-" "-"
20.63.63.128 - - [16/Jul/2026:17:25:26 +0000] "GET /file4.php HTTP/1.1" 404 5749 "-" "-"
20.63.63.128 - - [16/Jul/2026:17:25:26 +0000] "GET /wp-firewall.php HTTP/1.1" 404 5749 "-" "-"
20.63.63.128 - - [16/Jul/2026:17:25:26 +0000] "GET /data.php HTTP/1.1" 404 5749 "-" "-"
20.63.63.128 - - [16/Jul/2026:17:25:26 +0000] "GET /wp-wpbak.php HTTP/1.1" 404 5749 "-" "-"
20.63.63.128 - - [16/Jul/2026:17:25:26 +0000] "GET /002.php HTTP/1.1" 404 5749 "-" "-"
20.63.63.128 - - [16/Jul/2026:17:25:26 +0000] "GET /class-t.api.php HTTP/1.1" 404 5749 "-" "-"
20.63.63.128 - - [16/Jul/2026:17:25:26 +0000] "GET /file5.php HTTP/1.1" 404 5749 "-" "-"
20.63.63.128 - - [16/Jul/2026:17:25:26 +0000] "GET /cache.php HTTP/1.1" 404 5749 "-" "-"
20.63.63.128 - - [16/Jul/2026:17:25:26 +0000] "GET /error.php HTTP/1.1" 404 5749 "-" "-"
20.63.63.128 - - [16/Jul/2026:17:25:27 +0000] "GET /wp-content/themes/about.php HTTP/1.1" 404 5749 "-" "-"
20.63.63.128 - - [16/Jul/2026:17:25:27 +0000] "GET /wp-conflg.php HTTP/1.1" 404 5749 "-" "-"
20.63.63.128 - - [16/Jul/2026:17:25:27 +0000] "GET /f35.php HTTP/1.1" 404 5749 "-" "-"
20.63.63.128 - - [16/Jul/2026:17:25:27 +0000] "GET /test.php HTTP/1.1" 404 5749 "-" "-"
20.63.63.128 - - [16/Jul/2026:17:25:27 +0000] "GET /plugins.php HTTP/1.1" 404 5749 "-" "-"
20.63.63.128 - - [16/Jul/2026:17:25:27 +0000] "GET /wp-signup.php HTTP/1.1" 404 5749 "-" "-"
20.63.63.128 - - [16/Jul/2026:17:25:27 +0000] "GET /la.php HTTP/1.1" 404 5749 "-" "-"
20.63.63.128 - - [16/Jul/2026:17:25:27 +0000] "GET /yas.php HTTP/1.1" 404 5749 "-" "-"
20.63.63.128 - - [16/Jul/2026:17:25:28 +0000] "GET /system.php HTTP/1.1" 404 5749 "-" "-"
20.63.63.128 - - [16/Jul/2026:17:25:28 +0000] "GET /wp-fileesx-449.php HTTP/1.1" 404 5749 "-" "-"
20.63.63.128 - - [16/Jul/2026:17:25:28 +0000] "GET /wp-good.php HTTP/1.1" 404 5749 "-" "-"
20.63.63.128 - - [16/Jul/2026:17:25:28 +0000] "GET /shx.php HTTP/1.1" 404 5749 "-" "-"
20.63.63.128 - - [16/Jul/2026:17:25:28 +0000] "GET /dropdown.php HTTP/1.1" 404 5749 "-" "-"
20.63.63.128 - - [16/Jul/2026:17:25:28 +0000] "GET /revealability.php HTTP/1.1" 404 5749 "-" "-"
20.63.63.128 - - [16/Jul/2026:17:25:28 +0000] "GET /wp.php HTTP/1.1" 404 5749 "-" "-"
20.63.63.128 - - [16/Jul/2026:17:25:28 +0000] "GET /wp-wz.php HTTP/1.1" 404 5749 "-" "-"
20.63.63.128 - - [16/Jul/2026:17:25:28 +0000] "GET /06.php HTTP/1.1" 404 5749 "-" "-"
20.63.63.128 - - [16/Jul/2026:17:25:29 +0000] "GET /chomu.php HTTP/1.1" 404 5749 "-" "-"
20.63.63.128 - - [16/Jul/2026:17:25:29 +0000] "GET /ff.php HTTP/1.1" 404 5749 "-" "-"
20.63.63.128 - - [16/Jul/2026:17:25:29 +0000] "GET /xex.php HTTP/1.1" 404 5749 "-" "-"
20.63.63.128 - - [16/Jul/2026:17:25:29 +0000] "GET /wp-sing.php HTTP/1.1" 404 5749 "-" "-"
20.63.63.128 - - [16/Jul/2026:17:25:29 +0000] "GET /txets.php HTTP/1.1" 404 5749 "-" "-"
20.63.63.128 - - [16/Jul/2026:17:25:29 +0000] "GET /xml.php HTTP/1.1" 404 5749 "-" "-"
20.63.63.128 - - [16/Jul/2026:17:25:29 +0000] "GET /bgymj.php HTTP/1.1" 404 5749 "-" "-"
20.63.63.128 - - [16/Jul/2026:17:25:29 +0000] "GET /t.php HTTP/1.1" 404 5749 "-" "-"
20.63.63.128 - - [16/Jul/2026:17:25:29 +0000] "GET /wp.php HTTP/1.1" 404 5749 "-" "-"
20.63.63.128 - - [16/Jul/2026:17:25:29 +0000] "GET /mini.php HTTP/1.1" 404 5749 "-" "-"
20.63.63.128 - - [16/Jul/2026:17:25:29 +0000] "GET /19.php HTTP/1.1" 404 5749 "-" "-"
20.63.63.128 - - [16/Jul/2026:17:25:29 +0000] "GET /db.php HTTP/1.1" 404 5749 "-" "-"
20.63.63.128 - - [16/Jul/2026:17:25:30 +0000] "GET /wmore1.php HTTP/1.1" 404 5749 "-" "-"
20.63.63.128 - - [16/Jul/2026:17:25:30 +0000] "GET /amax.php HTTP/1.1" 404 5749 "-" "-"
20.63.63.128 - - [16/Jul/2026:17:25:30 +0000] "GET /wp-admin/index.php HTTP/1.1" 404 5749 "-" "-"
20.63.63.128 - - [16/Jul/2026:17:25:30 +0000] "GET /b.php HTTP/1.1" 404 5749 "-" "-"
20.63.63.128 - - [16/Jul/2026:17:25:30 +0000] "GET /8.php HTTP/1.1" 404 5749 "-" "-"
20.63.63.128 - - [16/Jul/2026:17:25:30 +0000] "GET /wp-is.php HTTP/1.1" 404 5749 "-" "-"
20.63.63.128 - - [16/Jul/2026:17:25:30 +0000] "GET /wp-rss2.php HTTP/1.1" 404 5749 "-" "-"
114.119.131.28 - - [16/Jul/2026:17:27:14 +0000] "GET /wp-includes/js/autosave.js HTTP/2" 200 5611 "https://naniguide.com/wp-includes/js/" "Mozilla/5.0 (Linux; Android 7.0;) AppleWebKit/537.36 (HTML, like Gecko) Mobile Safari/537.36 (compatible; PetalBot;+https://webmaster.petalsearch.com/site/petalbot)"
200.204.219.36 - - [16/Jul/2026:17:29:22 +0000] "GET /place/son-tra-hills-1973-bistro-lounge/tel:0365810086 HTTP/2" 404 24346 "-" "Mozilla/5.0 (Windows NT 10.0; WOW64) AppleWebKit/537.36 (KHTML, like Gecko) Chrome/75.0.3770.100 ADG/11.0.2566 AOLBUILD/11.0.2566 Safari/537.36"
20.63.63.128 - - [16/Jul/2026:17:25:30 +0000] "GET /yanz.php HTTP/1.1" 404 5749 "-" "-"
20.63.63.128 - - [16/Jul/2026:17:25:30 +0000] "GET /term.php HTTP/1.1" 404 5749 "-" "-"
20.63.63.128 - - [16/Jul/2026:17:25:31 +0000] "GET /wp-block.php HTTP/1.1" 404 5749 "-" "-"
20.63.63.128 - - [16/Jul/2026:17:25:31 +0000] "GET /file88.php HTTP/1.1" 404 5749 "-" "-"
20.63.63.128 - - [16/Jul/2026:17:25:31 +0000] "GET /wp-content/uploads/admin.php HTTP/1.1" 404 5749 "-" "-"
20.63.63.128 - - [16/Jul/2026:17:25:31 +0000] "GET /sid3.php HTTP/1.1" 404 5749 "-" "-"
20.63.63.128 - - [16/Jul/2026:17:25:31 +0000] "GET /wp-blink.php HTTP/1.1" 404 5749 "-" "-"
20.63.63.128 - - [16/Jul/2026:17:25:31 +0000] "GET /i.php HTTP/1.1" 404 5749 "-" "-"
20.63.63.128 - - [16/Jul/2026:17:25:31 +0000] "GET /wp-admin/zoko.php HTTP/1.1" 404 5749 "-" "-"
20.63.63.128 - - [16/Jul/2026:17:25:32 +0000] "GET /wp-tivate.php HTTP/1.1" 404 5749 "-" "-"
20.63.63.128 - - [16/Jul/2026:17:25:32 +0000] "GET /samll.php HTTP/1.1" 404 5749 "-" "-"
20.63.63.128 - - [16/Jul/2026:17:25:32 +0000] "GET /new.php HTTP/1.1" 404 5749 "-" "-"
20.63.63.128 - - [16/Jul/2026:17:25:32 +0000] "GET /lp6.php HTTP/1.1" 404 5749 "-" "-"
20.63.63.128 - - [16/Jul/2026:17:25:32 +0000] "GET /dex.php HTTP/1.1" 404 5749 "-" "-"
20.63.63.128 - - [16/Jul/2026:17:25:32 +0000] "GET /wp-term.php HTTP/1.1" 404 5749 "-" "-"
20.63.63.128 - - [16/Jul/2026:17:25:32 +0000] "GET /wp-xx.php HTTP/1.1" 404 5749 "-" "-"
20.63.63.128 - - [16/Jul/2026:17:25:32 +0000] "GET /cilus.php HTTP/1.1" 404 5749 "-" "-"
20.63.63.128 - - [16/Jul/2026:17:25:32 +0000] "GET /ccou.php HTTP/1.1" 404 5749 "-" "-"
20.63.63.128 - - [16/Jul/2026:17:25:32 +0000] "GET /edit.php HTTP/1.1" 404 5749 "-" "-"
20.63.63.128 - - [16/Jul/2026:17:25:32 +0000] "GET /shell20211028.php HTTP/1.1" 404 5749 "-" "-"
20.63.63.128 - - [16/Jul/2026:17:25:33 +0000] "GET /ccc.php HTTP/1.1" 404 5749 "-" "-"
20.63.63.128 - - [16/Jul/2026:17:25:33 +0000] "GET /wp-links-opml.php HTTP/1.1" 404 5749 "-" "-"
20.63.63.128 - - [16/Jul/2026:17:25:33 +0000] "GET /atkno.php HTTP/1.1" 404 5749 "-" "-"
20.63.63.128 - - [16/Jul/2026:17:25:33 +0000] "GET /1.php HTTP/1.1" 404 5749 "-" "-"
20.63.63.128 - - [16/Jul/2026:17:25:33 +0000] "GET /sql.php HTTP/1.1" 404 5749 "-" "-"
20.63.63.128 - - [16/Jul/2026:17:25:33 +0000] "GET /xxx.php HTTP/1.1" 404 5749 "-" "-"
20.63.63.128 - - [16/Jul/2026:17:25:33 +0000] "GET /shell.php HTTP/1.1" 404 5749 "-" "-"
20.63.63.128 - - [16/Jul/2026:17:25:33 +0000] "GET /r.php HTTP/1.1" 404 5749 "-" "-"
20.63.63.128 - - [16/Jul/2026:17:25:33 +0000] "GET /wso.php HTTP/1.1" 404 5749 "-" "-"
20.63.63.128 - - [16/Jul/2026:17:25:33 +0000] "GET /wp-ws68.php HTTP/1.1" 404 5749 "-" "-"
20.63.63.128 - - [16/Jul/2026:17:25:34 +0000] "GET /x.php HTTP/1.1" 404 5749 "-" "-"
20.63.63.128 - - [16/Jul/2026:17:25:34 +0000] "GET /v2.php HTTP/1.1" 404 5749 "-" "-"
20.63.63.128 - - [16/Jul/2026:17:25:34 +0000] "GET /atomlib.php HTTP/1.1" 404 5749 "-" "-"
20.63.63.128 - - [16/Jul/2026:17:25:34 +0000] "GET /wp-ver.php HTTP/1.1" 404 5749 "-" "-"
20.63.63.128 - - [16/Jul/2026:17:25:34 +0000] "GET /z.php HTTP/1.1" 404 5749 "-" "-"
20.63.63.128 - - [16/Jul/2026:17:25:34 +0000] "GET /thoms.php HTTP/1.1" 404 5749 "-" "-"
20.63.63.128 - - [16/Jul/2026:17:25:34 +0000] "GET /bthil.php HTTP/1.1" 404 5749 "-" "-"
20.63.63.128 - - [16/Jul/2026:17:25:34 +0000] "GET /crgio.php HTTP/1.1" 404 5749 "-" "-"
20.63.63.128 - - [16/Jul/2026:17:25:34 +0000] "GET /file11.php HTTP/1.1" 404 5749 "-" "-"
65.181.111.155 - - [16/Jul/2026:17:29:24 +0000] "POST /wp-cron.php?doing_wp_cron=1784222963.9481949806213378906250 HTTP/2" 200 0 "-" "WordPress/6.9.4; https://naniguide.com"
67.209.140.217 - - [16/Jul/2026:17:39:46 +0000] "GET /about-us/ HTTP/2" 200 26863 "-" "Mozilla/5.0 (X11; Linux x86_64) AppleWebKit/537.36 (KHTML, like Gecko) Chrome/150.0.0.0 Safari/537.36"
170.244.68.54 - - [16/Jul/2026:17:40:59 +0000] "GET /place/intercontinental-phu-quoc-long-beach-resort/tel:0365810086 HTTP/2" 404 24341 "-" "Mozilla/5.0 (Windows NT 6.1; Win64; x64) AppleWebKit/537.36 (KHTML, like Gecko) Chrome/72.0.3626.109 Safari/537.36"
65.181.111.155 - - [16/Jul/2026:17:43:52 +0000] "POST /wp-cron.php?doing_wp_cron=1784223832.3211259841918945312500 HTTP/2" 200 0 "-" "WordPress/6.9.4; https://naniguide.com"
175.107.236.188 - - [16/Jul/2026:17:43:50 +0000] "GET /place/on-the-rocks-mango-bay-resort/tel:0365810086 HTTP/2" 404 24333 "-" "Mozilla/5.0 (Windows NT 10.0; Win64; x64) AppleWebKit/537.36 (KHTML, like Gecko) Chrome/143.0.0.0 Safari/537.36"
175.107.236.188 - - [16/Jul/2026:17:43:54 +0000] "POST /wp-content/plugins/litespeed-cache/guest.vary.php HTTP/2" 200 20 "https://naniguide.com/place/on-the-rocks-mango-bay-resort/tel:0365810086" "Mozilla/5.0 (Windows NT 10.0; Win64; x64) AppleWebKit/537.36 (KHTML, like Gecko) Chrome/143.0.0.0 Safari/537.36"
175.107.236.188 - - [16/Jul/2026:17:43:55 +0000] "GET /place/on-the-rocks-mango-bay-resort/tel:0365810086 HTTP/2" 404 16340 "https://naniguide.com/place/on-the-rocks-mango-bay-resort/tel:0365810086" "Mozilla/5.0 (Windows NT 10.0; Win64; x64) AppleWebKit/537.36 (KHTML, like Gecko) Chrome/143.0.0.0 Safari/537.36"
175.107.236.188 - - [16/Jul/2026:17:43:58 +0000] "GET /wp-content/litespeed/js/1/a09234f8cfab42fb7e6496f6d43dbfc5.js?ver=dbfc5 HTTP/2" 200 34978 "https://naniguide.com/place/on-the-rocks-mango-bay-resort/tel:0365810086" "Mozilla/5.0 (Windows NT 10.0; Win64; x64) AppleWebKit/537.36 (KHTML, like Gecko) Chrome/143.0.0.0 Safari/537.36"
175.107.236.188 - - [16/Jul/2026:17:43:58 +0000] "GET /wp-content/litespeed/js/1/9fae5dee3c82e29e7776c4c9645112c4.js?ver=112c4 HTTP/2" 200 2121 "https://naniguide.com/place/on-the-rocks-mango-bay-resort/tel:0365810086" "Mozilla/5.0 (Windows NT 10.0; Win64; x64) AppleWebKit/537.36 (KHTML, like Gecko) Chrome/143.0.0.0 Safari/537.36"
175.107.236.188 - - [16/Jul/2026:17:43:58 +0000] "GET /wp-content/litespeed/js/1/86e4251f712fa7c215b64540a0a6a93b.js?ver=6a93b HTTP/2" 200 2706 "https://naniguide.com/place/on-the-rocks-mango-bay-resort/tel:0365810086" "Mozilla/5.0 (Windows NT 10.0; Win64; x64) AppleWebKit/537.36 (KHTML, like Gecko) Chrome/143.0.0.0 Safari/537.36"
175.107.236.188 - - [16/Jul/2026:17:43:58 +0000] "GET /wp-content/litespeed/js/1/22513ddc043efe460f0e649e5f782382.js?ver=82382 HTTP/2" 200 4011 "https://naniguide.com/place/on-the-rocks-mango-bay-resort/tel:0365810086" "Mozilla/5.0 (Windows NT 10.0; Win64; x64) AppleWebKit/537.36 (KHTML, like Gecko) Chrome/143.0.0.0 Safari/537.36"
175.107.236.188 - - [16/Jul/2026:17:43:58 +0000] "GET /wp-content/litespeed/js/1/2fb43c60f7f3901c260e8427de01d909.js?ver=1d909 HTTP/2" 200 5531 "https://naniguide.com/place/on-the-rocks-mango-bay-resort/tel:0365810086" "Mozilla/5.0 (Windows NT 10.0; Win64; x64) AppleWebKit/537.36 (KHTML, like Gecko) Chrome/143.0.0.0 Safari/537.36"
2a03:2880:10ff:54:: - - [16/Jul/2026:17:45:19 +0000] "GET /robots.txt HTTP/2" 304 0 "-" "facebookexternalhit/1.1 (+http://www.facebook.com/externalhit_uatext.php)"
103.137.6.44 - - [16/Jul/2026:17:40:07 +0000] "POST /wp-content/plugins/litespeed-cache/guest.vary.php HTTP/2" 200 20 "https://naniguide.com/about-us/" "Mozilla/5.0 (X11; Linux x86_64) AppleWebKit/537.36 (KHTML, like Gecko) Chrome/150.0.0.0 Safari/537.36"
65.181.111.155 - - [16/Jul/2026:17:41:01 +0000] "POST /wp-cron.php?doing_wp_cron=1784223661.2085690498352050781250 HTTP/2" 200 0 "-" "WordPress/6.9.4; https://naniguide.com"
175.107.236.188 - - [16/Jul/2026:17:43:58 +0000] "GET /wp-content/litespeed/js/1/219e0fb725afa8091d52dc0c05c8fbee.js?ver=8fbee HTTP/2" 200 1853 "https://naniguide.com/place/on-the-rocks-mango-bay-resort/tel:0365810086" "Mozilla/5.0 (Windows NT 10.0; Win64; x64) AppleWebKit/537.36 (KHTML, like Gecko) Chrome/143.0.0.0 Safari/537.36"
175.107.236.188 - - [16/Jul/2026:17:43:58 +0000] "GET /wp-content/litespeed/js/1/22b4b8202d0382110c86e9d7789a7c2a.js?ver=a7c2a HTTP/2" 200 3372 "https://naniguide.com/place/on-the-rocks-mango-bay-resort/tel:0365810086" "Mozilla/5.0 (Windows NT 10.0; Win64; x64) AppleWebKit/537.36 (KHTML, like Gecko) Chrome/143.0.0.0 Safari/537.36"
175.107.236.188 - - [16/Jul/2026:17:43:58 +0000] "GET /wp-content/litespeed/js/1/d22615ba4fe19d850e446662a4b84b9a.js?ver=84b9a HTTP/2" 200 10098 "https://naniguide.com/place/on-the-rocks-mango-bay-resort/tel:0365810086" "Mozilla/5.0 (Windows NT 10.0; Win64; x64) AppleWebKit/537.36 (KHTML, like Gecko) Chrome/143.0.0.0 Safari/537.36"
2a03:2880:18ff:10:: - - [16/Jul/2026:17:45:19 +0000] "GET /wp-content/uploads/2022/05/Hon-Mong-Tay-Phu-Quoc.jpg HTTP/2" 200 204924 "-" "meta-externalagent/1.1 (+https://developers.facebook.com/docs/sharing/webmasters/crawler)"
216.73.217.22 - - [16/Jul/2026:17:50:59 +0000] "GET /sitemap.xml HTTP/2" 301 0 "-" "Mozilla/5.0 AppleWebKit/537.36 (KHTML, like Gecko; compatible; ClaudeBot/1.0; [email protected])"
216.73.217.22 - - [16/Jul/2026:17:51:00 +0000] "GET /sitemap_index.xml HTTP/2" 200 355 "https://naniguide.com/sitemap.xml" "Mozilla/5.0 AppleWebKit/537.36 (KHTML, like Gecko; compatible; ClaudeBot/1.0; [email protected])"
62.238.60.89 - - [16/Jul/2026:17:51:55 +0000] "GET /wp-content/uploads/2020/11/247999351-540x480.jpg HTTP/2" 200 70440 "-" "Mozilla/5.0 (X11; Ubuntu; Linux x86_64; rv:72.0) Gecko/20100101 Firefox/72.0"
177.148.139.16 - - [16/Jul/2026:17:54:31 +0000] "GET /place/hon-mong-tay-hoac-hon-gam-ghi-va-hon-may-rut/tel:0365810086 HTTP/2" 404 24348 "-" "Mozilla/5.0 (Macintosh; Intel Mac OS X 10_15_7) AppleWebKit/537.36 (KHTML, like Gecko) Chrome/142.0.0.0 Safari/537.36"
177.148.139.16 - - [16/Jul/2026:17:54:34 +0000] "POST /wp-content/plugins/litespeed-cache/guest.vary.php HTTP/2" 200 20 "https://naniguide.com/place/hon-mong-tay-hoac-hon-gam-ghi-va-hon-may-rut/tel:0365810086" "Mozilla/5.0 (Macintosh; Intel Mac OS X 10_15_7) AppleWebKit/537.36 (KHTML, like Gecko) Chrome/142.0.0.0 Safari/537.36"
65.181.111.155 - - [16/Jul/2026:17:48:12 +0000] "POST /wp-cron.php?doing_wp_cron=1784224092.5208570957183837890625 HTTP/2" 200 0 "-" "WordPress/6.9.4; https://naniguide.com"
66.249.73.130 - - [16/Jul/2026:17:48:10 +0000] "GET /pcmypage?callback=/product/detail/79745440 HTTP/2" 404 20909 "-" "Mozilla/5.0 (Linux; Android 6.0.1; Nexus 5X Build/MMB29P) AppleWebKit/537.36 (KHTML, like Gecko) Chrome/150.0.7871.124 Mobile Safari/537.36 (compatible; Googlebot/2.1; +http://www.google.com/bot.html)"
216.73.217.22 - - [16/Jul/2026:17:50:57 +0000] "GET /robots.txt HTTP/2" 304 0 "-" "Mozilla/5.0 AppleWebKit/537.36 (KHTML, like Gecko; compatible; ClaudeBot/1.0; [email protected])"
65.181.111.155 - - [16/Jul/2026:17:51:00 +0000] "POST /wp-cron.php?doing_wp_cron=1784224260.1293919086456298828125 HTTP/2" 200 0 "-" "WordPress/6.9.4; https://naniguide.com"
65.181.111.155 - - [16/Jul/2026:17:54:33 +0000] "POST /wp-cron.php?doing_wp_cron=1784224473.2059550285339355468750 HTTP/2" 200 0 "-" "WordPress/6.9.4; https://naniguide.com"
177.148.139.16 - - [16/Jul/2026:17:54:36 +0000] "GET /place/hon-mong-tay-hoac-hon-gam-ghi-va-hon-may-rut/tel:0365810086 HTTP/2" 404 16373 "https://naniguide.com/place/hon-mong-tay-hoac-hon-gam-ghi-va-hon-may-rut/tel:0365810086" "Mozilla/5.0 (Macintosh; Intel Mac OS X 10_15_7) AppleWebKit/537.36 (KHTML, like Gecko) Chrome/142.0.0.0 Safari/537.36"
65.181.111.155 - - [16/Jul/2026:17:59:14 +0000] "POST /wp-cron.php?doing_wp_cron=1784224754.6996579170227050781250 HTTP/2" 200 0 "-" "WordPress/6.9.4; https://naniguide.com"
66.249.73.131 - - [16/Jul/2026:17:59:13 +0000] "GET /pcmypage?callback=product/detail/74202563 HTTP/2" 404 20908 "-" "Mozilla/5.0 (Linux; Android 6.0.1; Nexus 5X Build/MMB29P) AppleWebKit/537.36 (KHTML, like Gecko) Chrome/150.0.7871.124 Mobile Safari/537.36 (compatible; Googlebot/2.1; +http://www.google.com/bot.html)"
45.148.10.64 - - [16/Jul/2026:18:00:56 +0000] "GET / HTTP/2" 401 36 "-" "Mozilla/5.0 (X11; Linux x86_64; rv:138.0) Gecko/20100101 Firefox/138.0"
45.148.10.64 - - [16/Jul/2026:18:00:56 +0000] "GET / HTTP/2" 401 36 "http://webdisk.naniguide.com" "Mozilla/5.0 (X11; Linux x86_64) AppleWebKit/537.36 (KHTML, like Gecko) Chrome/150.0.0.0 Safari/537.36"
65.181.111.155 - - [16/Jul/2026:18:02:21 +0000] "POST /wp-cron.php?doing_wp_cron=1784224941.1530139446258544921875 HTTP/2" 200 0 "-" "WordPress/6.9.4; https://naniguide.com"
43.231.210.92 - - [16/Jul/2026:18:02:18 +0000] "GET /place/the-palmy-phu-quoc-resort-spa/tel:0365810086 HTTP/2" 404 24332 "-" "Mozilla/5.0 (Macintosh; Intel Mac OS X 10_15_2) AppleWebKit/537.36 (KHTML, like Gecko) Brave Chrome/78.0.3904.97 Safari/537.36"
20.206.89.130 - - [16/Jul/2026:18:06:40 +0000] "GET /.well-known/about.php HTTP/2" 404 1251 "-" "-"
65.181.111.155 - - [16/Jul/2026:18:11:16 +0000] "POST /wp-cron.php?doing_wp_cron=1784225476.4258561134338378906250 HTTP/2" 200 0 "-" "WordPress/6.9.4; https://naniguide.com"
66.249.73.128 - - [16/Jul/2026:18:11:15 +0000] "GET /pcmypage?callback=product/detail/22981137 HTTP/2" 404 20906 "-" "Mozilla/5.0 (Linux; Android 6.0.1; Nexus 5X Build/MMB29P) AppleWebKit/537.36 (KHTML, like Gecko) Chrome/150.0.7871.124 Mobile Safari/537.36 (compatible; Googlebot/2.1; +http://www.google.com/bot.html)"
112.144.35.182 - - [16/Jul/2026:18:17:59 +0000] "GET /wp-content/uploads/2020/11/251284190.jpg HTTP/2" 200 120612 "-" "Mozilla/5.0 (X11; Ubuntu; Linux x86_64; rv:72.0) Gecko/20100101 Firefox/72.0"
220.181.108.165 - - [16/Jul/2026:18:26:31 +0000] "GET /wp-login.php?action=lostpassword HTTP/2" 200 1400 "-" "Mozilla/5.0 (compatible; Baiduspider/2.0; +http://www.baidu.com/search/spider.html)"
45.146.54.119 - - [16/Jul/2026:18:21:16 +0000] "GET /wp-includes/css/buttons.css HTTP/2" 200 2279 "http://naniguide.com/wp-includes/css/buttons.css" "Go-http-client/2.0"
43.164.133.138 - - [16/Jul/2026:18:22:29 +0000] "GET / HTTP/2" 200 34380 "http://naniguide.com" "Mozilla/5.0 (iPhone; CPU iPhone OS 13_2_3 like Mac OS X) AppleWebKit/605.1.15 (KHTML, like Gecko) Version/13.0.3 Mobile/15E148 Safari/604.1"
65.181.111.155 - - [16/Jul/2026:18:26:32 +0000] "POST /wp-cron.php?doing_wp_cron=1784226392.8244390487670898437500 HTTP/2" 200 0 "-" "WordPress/6.9.4; https://naniguide.com"
116.179.37.79 - - [16/Jul/2026:18:26:37 +0000] "GET /wp-includes/css/dashicons.min.css?ver=6.9.4 HTTP/2" 200 35101 "https://naniguide.com/wp-login.php?action=lostpassword" "Mozilla/5.0 (compatible; Baiduspider-render/2.0; +http://www.baidu.com/search/spider.html)"
2a03:2880:18ff:57:: - - [16/Jul/2026:18:29:41 +0000] "GET /wp-content/uploads/2022/05/Cap-treo.png HTTP/2" 200 1358836 "-" "meta-externalagent/1.1 (+https://developers.facebook.com/docs/sharing/webmasters/crawler)"
65.181.111.155 - - [16/Jul/2026:18:35:59 +0000] "POST /wp-cron.php?doing_wp_cron=1784226959.5981860160827636718750 HTTP/2" 200 0 "-" "WordPress/6.9.4; https://naniguide.com"
2a03:2880:f800:f:: - - [16/Jul/2026:18:35:58 +0000] "GET /news-sitemap.xml HTTP/2" 200 272 "-" "Mozilla/5.0 (Macintosh; Intel Mac OS X 10_15_7) AppleWebKit/537.36 (KHTML, like Gecko) Chrome/145.0.0.0 Safari/537.36 (compatible; meta-externalagent/1.1 (+https://developers.facebook.com/docs/sharing/webmasters/crawler))"
65.181.111.155 - - [16/Jul/2026:18:45:41 +0000] "POST /wp-cron.php?doing_wp_cron=1784227541.2959430217742919921875 HTTP/2" 200 0 "-" "WordPress/6.9.4; https://naniguide.com"
51.161.65.9 - - [16/Jul/2026:18:45:38 +0000] "GET /sitemap_index.xml HTTP/2" 200 355 "-" "Mozilla/5.0 (compatible; AhrefsBot/7.0; +http://ahrefs.com/robot/)"
167.114.139.179 - - [16/Jul/2026:18:45:48 +0000] "GET /category-sitemap.xml HTTP/2" 200 383 "-" "Mozilla/5.0 (compatible; AhrefsBot/7.0; +http://ahrefs.com/robot/)"
51.222.168.158 - - [16/Jul/2026:18:45:50 +0000] "GET /place-type-sitemap.xml HTTP/2" 200 624 "-" "Mozilla/5.0 (compatible; AhrefsBot/7.0; +http://ahrefs.com/robot/)"
51.161.37.168 - - [16/Jul/2026:18:45:54 +0000] "GET /place-city-sitemap.xml HTTP/2" 200 350 "-" "Mozilla/5.0 (compatible; AhrefsBot/7.0; +http://ahrefs.com/robot/)"
54.39.203.40 - - [16/Jul/2026:18:45:56 +0000] "GET /local-sitemap.xml HTTP/2" 200 259 "-" "Mozilla/5.0 (compatible; AhrefsBot/7.0; +http://ahrefs.com/robot/)"
65.181.111.155 - - [16/Jul/2026:18:46:55 +0000] "POST /wp-cron.php?doing_wp_cron=1784227615.3603129386901855468750 HTTP/2" 200 0 "-" "WordPress/6.9.4; https://naniguide.com"
58.19.82.197 - - [16/Jul/2026:18:47:04 +0000] "GET / HTTP/2" 200 34380 "-" "Mozilla/5.0 (Windows NT 10.0; Win64; x64) Chrome/120.0.0.0"
58.19.82.197 - - [16/Jul/2026:18:47:04 +0000] "GET /aaabbbccc HTTP/2" 404 24311 "-" "Mozilla/5.0 (Windows NT 10.0; Win64; x64) Chrome/120.0.0.0"
58.19.82.197 - - [16/Jul/2026:18:47:06 +0000] "GET /1 HTTP/2" 301 0 "-" "Mozilla/5.0 (Windows NT 10.0; Win64; x64) Chrome/120.0.0.0"
58.19.82.197 - - [16/Jul/2026:18:47:07 +0000] "GET / HTTP/2" 200 34380 "-" "Mozilla/5.0 (Windows NT 10.0; Win64; x64) Chrome/120.0.0.0"
58.19.82.197 - - [16/Jul/2026:18:47:07 +0000] "GET /fb HTTP/2" 404 24319 "-" "Mozilla/5.0 (Windows NT 10.0; Win64; x64) Chrome/120.0.0.0"
58.19.82.197 - - [16/Jul/2026:18:47:09 +0000] "GET /fwc HTTP/2" 404 24323 "-" "Mozilla/5.0 (Windows NT 10.0; Win64; x64) Chrome/120.0.0.0"
58.19.82.197 - - [16/Jul/2026:18:47:11 +0000] "GET /news5c/assets/images/logo.svg HTTP/2" 404 24316 "-" "Mozilla/5.0 (Windows NT 10.0; Win64; x64) Chrome/120.0.0.0"
123.245.85.10 - - [16/Jul/2026:18:47:13 +0000] "GET /main.c6d13be3ea6fc9cb.js HTTP/2" 404 24310 "-" "Mozilla/5.0 (Windows NT 10.0; Win64; x64) Chrome/120.0.0.0"
58.19.82.197 - - [16/Jul/2026:18:47:15 +0000] "GET /wp-content/uploads/2023/02/1677572030-814390417fe413b.png HTTP/2" 404 1251 "-" "Mozilla/5.0 (Windows NT 10.0; Win64; x64) Chrome/120.0.0.0"
123.245.85.10 - - [16/Jul/2026:18:47:17 +0000] "GET /wp-content/uploads/2023/08/logo-gold.png HTTP/2" 404 1251 "-" "Mozilla/5.0 (Windows NT 10.0; Win64; x64) Chrome/120.0.0.0"
58.19.82.197 - - [16/Jul/2026:18:47:18 +0000] "GET / HTTP/2" 200 34380 "-" "Mozilla/5.0 (Windows NT 10.0; Win64; x64) Chrome/120.0.0.0"
58.19.82.197 - - [16/Jul/2026:18:47:20 +0000] "GET / HTTP/2" 200 34380 "-" "Mozilla/5.0 (Windows NT 10.0; Win64; x64) Chrome/120.0.0.0"
182.88.6.191 - - [16/Jul/2026:18:47:27 +0000] "GET / HTTP/2" 200 34380 "-" "Mozilla/5.0 (Windows NT 10.0; Win64; x64) Chrome/120.0.0.0"
182.88.6.191 - - [16/Jul/2026:18:47:28 +0000] "GET /aaabbbccc HTTP/2" 404 24311 "-" "Mozilla/5.0 (Windows NT 10.0; Win64; x64) Chrome/120.0.0.0"
182.88.6.191 - - [16/Jul/2026:18:47:30 +0000] "GET /1 HTTP/2" 301 0 "-" "Mozilla/5.0 (Windows NT 10.0; Win64; x64) Chrome/120.0.0.0"
182.88.6.191 - - [16/Jul/2026:18:47:30 +0000] "GET / HTTP/2" 200 34380 "-" "Mozilla/5.0 (Windows NT 10.0; Win64; x64) Chrome/120.0.0.0"
65.181.111.155 - - [16/Jul/2026:18:47:31 +0000] "POST /wp-cron.php?doing_wp_cron=1784227651.2016830444335937500000 HTTP/2" 200 0 "-" "WordPress/6.9.4; https://naniguide.com"
191.82.236.71 - - [16/Jul/2026:18:47:29 +0000] "GET /place/bun-quay-kien-xay/tel:0365810086 HTTP/2" 404 24348 "-" "Mozilla/5.0 (Macintosh; Intel Mac OS X 10_13_3) AppleWebKit/537.36 (KHTML, like Gecko) Chrome/67.0.3396.2 Safari/537.36"
182.88.6.191 - - [16/Jul/2026:18:47:33 +0000] "GET /fb HTTP/2" 404 24319 "-" "Mozilla/5.0 (Windows NT 10.0; Win64; x64) Chrome/120.0.0.0"
198.244.242.209 - - [16/Jul/2026:18:45:36 +0000] "GET /robots.txt HTTP/2" 304 0 "-" "Mozilla/5.0 (compatible; AhrefsBot/7.0; +http://ahrefs.com/robot/)"
51.161.65.9 - - [16/Jul/2026:18:45:38 +0000] "GET /sitemap.xml HTTP/2" 301 0 "-" "Mozilla/5.0 (compatible; AhrefsBot/7.0; +http://ahrefs.com/robot/)"
15.235.27.75 - - [16/Jul/2026:18:45:42 +0000] "GET /post-sitemap.xml HTTP/2" 200 811 "-" "Mozilla/5.0 (compatible; AhrefsBot/7.0; +http://ahrefs.com/robot/)"
51.161.65.203 - - [16/Jul/2026:18:45:44 +0000] "GET /page-sitemap.xml HTTP/2" 200 1280 "-" "Mozilla/5.0 (compatible; AhrefsBot/7.0; +http://ahrefs.com/robot/)"
51.161.65.216 - - [16/Jul/2026:18:45:46 +0000] "GET /place-sitemap.xml HTTP/2" 200 2406 "-" "Mozilla/5.0 (compatible; AhrefsBot/7.0; +http://ahrefs.com/robot/)"
15.235.27.179 - - [16/Jul/2026:18:45:52 +0000] "GET /place-categories-sitemap.xml HTTP/2" 200 470 "-" "Mozilla/5.0 (compatible; AhrefsBot/7.0; +http://ahrefs.com/robot/)"
186.136.250.104 - - [16/Jul/2026:18:46:42 +0000] "GET /booking-cua-toi/ HTTP/2" 200 23067 "-" "Mozilla/5.0 (X11; Linux x86_64) AppleWebKit/537.36 (KHTML, like Gecko) Chrome/150.0.0.0 Safari/537.36"
186.136.250.104 - - [16/Jul/2026:18:46:49 +0000] "POST /wp-content/plugins/litespeed-cache/guest.vary.php HTTP/2" 200 20 "https://naniguide.com/booking-cua-toi/" "Mozilla/5.0 (X11; Linux x86_64) AppleWebKit/537.36 (KHTML, like Gecko) Chrome/150.0.0.0 Safari/537.36"
186.136.250.104 - - [16/Jul/2026:18:46:53 +0000] "GET /booking-cua-toi/ HTTP/2" 200 17118 "https://naniguide.com/booking-cua-toi/" "Mozilla/5.0 (X11; Linux x86_64) AppleWebKit/537.36 (KHTML, like Gecko) Chrome/150.0.0.0 Safari/537.36"
186.136.250.104 - - [16/Jul/2026:18:47:00 +0000] "GET /wp-includes/js/jquery/jquery.min.js HTTP/2" 200 29744 "https://naniguide.com/booking-cua-toi/" "Mozilla/5.0 (X11; Linux x86_64) AppleWebKit/537.36 (KHTML, like Gecko) Chrome/150.0.0.0 Safari/537.36"
58.19.82.197 - - [16/Jul/2026:18:47:03 +0000] "GET /favicon.ico HTTP/2" 404 1251 "-" "Mozilla/5.0 (Windows NT 10.0; Win64; x64) Chrome/120.0.0.0"
123.245.85.10 - - [16/Jul/2026:18:47:09 +0000] "GET / HTTP/2" 200 34380 "-" "Mozilla/5.0 (Windows NT 10.0; Win64; x64) Chrome/120.0.0.0"
123.245.85.10 - - [16/Jul/2026:18:47:10 +0000] "GET /fzh HTTP/2" 404 24810 "-" "Mozilla/5.0 (Windows NT 10.0; Win64; x64) Chrome/120.0.0.0"
123.245.85.10 - - [16/Jul/2026:18:47:11 +0000] "GET /res/favicon.ico HTTP/2" 404 24825 "-" "Mozilla/5.0 (Windows NT 10.0; Win64; x64) Chrome/120.0.0.0"
58.19.82.197 - - [16/Jul/2026:18:47:13 +0000] "GET /assets/favicon-aOK6_042.ico HTTP/2" 404 24843 "-" "Mozilla/5.0 (Windows NT 10.0; Win64; x64) Chrome/120.0.0.0"
58.19.82.197 - - [16/Jul/2026:18:47:15 +0000] "GET /wp-content/uploads/2020/10/official-logo-512x512.png HTTP/2" 404 1251 "-" "Mozilla/5.0 (Windows NT 10.0; Win64; x64) Chrome/120.0.0.0"
58.19.82.197 - - [16/Jul/2026:18:47:15 +0000] "GET /favicon.ico HTTP/2" 404 1251 "-" "Mozilla/5.0 (Windows NT 10.0; Win64; x64) Chrome/120.0.0.0"
123.245.85.10 - - [16/Jul/2026:18:47:15 +0000] "GET /images/01.jpg HTTP/2" 404 24312 "-" "Mozilla/5.0 (Windows NT 10.0; Win64; x64) Chrome/120.0.0.0"
58.19.82.197 - - [16/Jul/2026:18:47:16 +0000] "GET /icons/favicon.ico HTTP/2" 404 24302 "-" "Mozilla/5.0 (Windows NT 10.0; Win64; x64) Chrome/120.0.0.0"
123.245.85.10 - - [16/Jul/2026:18:47:17 +0000] "GET /favicon-32x32.png?v=e0e3ed8f59d769b053c145391db63c0d HTTP/2" 404 24353 "-" "Mozilla/5.0 (Windows NT 10.0; Win64; x64) Chrome/120.0.0.0"
58.19.82.197 - - [16/Jul/2026:18:47:18 +0000] "GET /assets/GanjingAbout-Cb73sJYd.js HTTP/2" 404 24334 "-" "Mozilla/5.0 (Windows NT 10.0; Win64; x64) Chrome/120.0.0.0"
182.88.6.191 - - [16/Jul/2026:18:47:25 +0000] "GET /favicon.ico HTTP/2" 404 1251 "-" "Mozilla/5.0 (Windows NT 10.0; Win64; x64) Chrome/120.0.0.0"
202.101.73.86 - - [16/Jul/2026:18:47:33 +0000] "GET / HTTP/2" 200 34380 "-" "Mozilla/5.0 (Windows NT 10.0; Win64; x64) Chrome/120.0.0.0"
182.88.6.191 - - [16/Jul/2026:18:47:39 +0000] "GET /assets/favicon-aOK6_042.ico HTTP/2" 404 24843 "-" "Mozilla/5.0 (Windows NT 10.0; Win64; x64) Chrome/120.0.0.0"
182.88.6.191 - - [16/Jul/2026:18:47:34 +0000] "GET /fwc HTTP/2" 404 24323 "-" "Mozilla/5.0 (Windows NT 10.0; Win64; x64) Chrome/120.0.0.0"
182.88.6.191 - - [16/Jul/2026:18:47:35 +0000] "GET /fzh HTTP/2" 404 24810 "-" "Mozilla/5.0 (Windows NT 10.0; Win64; x64) Chrome/120.0.0.0"
182.88.6.191 - - [16/Jul/2026:18:47:36 +0000] "GET /news5c/assets/images/logo.svg HTTP/2" 404 24316 "-" "Mozilla/5.0 (Windows NT 10.0; Win64; x64) Chrome/120.0.0.0"
182.88.6.191 - - [16/Jul/2026:18:47:37 +0000] "GET /res/favicon.ico HTTP/2" 404 24825 "-" "Mozilla/5.0 (Windows NT 10.0; Win64; x64) Chrome/120.0.0.0"
202.101.73.86 - - [16/Jul/2026:18:47:39 +0000] "GET /main.c6d13be3ea6fc9cb.js HTTP/2" 404 24310 "-" "Mozilla/5.0 (Windows NT 10.0; Win64; x64) Chrome/120.0.0.0"
202.101.73.86 - - [16/Jul/2026:18:47:44 +0000] "GET /icons/favicon.ico HTTP/2" 404 24302 "-" "Mozilla/5.0 (Windows NT 10.0; Win64; x64) Chrome/120.0.0.0"
182.88.6.191 - - [16/Jul/2026:18:47:46 +0000] "GET /favicon-32x32.png?v=e0e3ed8f59d769b053c145391db63c0d HTTP/2" 404 24353 "-" "Mozilla/5.0 (Windows NT 10.0; Win64; x64) Chrome/120.0.0.0"
182.88.6.191 - - [16/Jul/2026:18:47:48 +0000] "GET / HTTP/2" 200 34380 "-" "Mozilla/5.0 (Windows NT 10.0; Win64; x64) Chrome/120.0.0.0"
182.88.6.191 - - [16/Jul/2026:18:47:50 +0000] "GET / HTTP/2" 200 34380 "-" "Mozilla/5.0 (Windows NT 10.0; Win64; x64) Chrome/120.0.0.0"
65.181.111.155 - - [16/Jul/2026:18:48:19 +0000] "POST /wp-cron.php?doing_wp_cron=1784227699.1772730350494384765625 HTTP/2" 200 0 "-" "WordPress/6.9.4; https://naniguide.com"
202.101.73.86 - - [16/Jul/2026:18:47:41 +0000] "GET /wp-content/uploads/2020/10/official-logo-512x512.png HTTP/2" 404 1251 "-" "Mozilla/5.0 (Windows NT 10.0; Win64; x64) Chrome/120.0.0.0"
202.101.73.86 - - [16/Jul/2026:18:47:41 +0000] "GET /images/01.jpg HTTP/2" 404 24312 "-" "Mozilla/5.0 (Windows NT 10.0; Win64; x64) Chrome/120.0.0.0"
202.101.73.86 - - [16/Jul/2026:18:47:43 +0000] "GET /wp-content/uploads/2023/02/1677572030-814390417fe413b.png HTTP/2" 404 1251 "-" "Mozilla/5.0 (Windows NT 10.0; Win64; x64) Chrome/120.0.0.0"
182.88.6.191 - - [16/Jul/2026:18:47:45 +0000] "GET /favicon.ico HTTP/2" 404 1251 "-" "Mozilla/5.0 (Windows NT 10.0; Win64; x64) Chrome/120.0.0.0"
182.88.6.191 - - [16/Jul/2026:18:47:47 +0000] "GET /wp-content/uploads/2023/08/logo-gold.png HTTP/2" 404 1251 "-" "Mozilla/5.0 (Windows NT 10.0; Win64; x64) Chrome/120.0.0.0"
182.88.6.191 - - [16/Jul/2026:18:47:49 +0000] "GET /assets/GanjingAbout-Cb73sJYd.js HTTP/2" 404 24334 "-" "Mozilla/5.0 (Windows NT 10.0; Win64; x64) Chrome/120.0.0.0"
66.249.73.130 - - [16/Jul/2026:18:48:16 +0000] "GET /pcmypage?callback=/product/detail/53577827 HTTP/2" 404 20909 "-" "Mozilla/5.0 (Linux; Android 6.0.1; Nexus 5X Build/MMB29P) AppleWebKit/537.36 (KHTML, like Gecko) Chrome/150.0.7871.124 Mobile Safari/537.36 (compatible; Googlebot/2.1; +http://www.google.com/bot.html)"
1.13.158.23 - - [16/Jul/2026:19:00:59 +0000] "GET / HTTP/2" 200 34380 "http://naniguide.com" "Mozilla/5.0 (iPhone; CPU iPhone OS 13_2_3 like Mac OS X) AppleWebKit/605.1.15 (KHTML, like Gecko) Version/13.0.3 Mobile/15E148 Safari/604.1"
2a03:2880:18ff:51:: - - [16/Jul/2026:19:01:00 +0000] "GET /wp-content/uploads/2020/11/120966045_1281888232148461_4370807398669331413_o.jpg HTTP/2" 200 284492 "-" "meta-externalagent/1.1 (+https://developers.facebook.com/docs/sharing/webmasters/crawler)"
102.91.133.71 - - [16/Jul/2026:19:13:18 +0000] "GET /place/ngam-hoang-hon-va-cau-muc-dem/tel:0365810086 HTTP/2" 404 24334 "-" "Mozilla/5.0 (Macintosh; Intel Mac OS X 10_14_6) AppleWebKit/537.36 (KHTML, like Gecko) Chrome/94.0.4606.81 Safari/537.36"
65.181.111.155 - - [16/Jul/2026:19:13:20 +0000] "POST /wp-cron.php?doing_wp_cron=1784229200.7812700271606445312500 HTTP/2" 200 0 "-" "WordPress/6.9.4; https://naniguide.com"
74.7.228.63 - - [16/Jul/2026:19:20:48 +0000] "GET /robots.txt HTTP/2" 304 0 "http://naniguide.com/robots.txt" "Mozilla/5.0 (Macintosh; Intel Mac OS X 10_15_7) AppleWebKit/537.36 (KHTML, like Gecko) Chrome/131.0.0.0 Safari/537.36; compatible; OAI-SearchBot/1.4; robots.txt; +https://openai.com/searchbot"
65.181.111.155 - - [16/Jul/2026:19:40:57 +0000] "POST /wp-cron.php?doing_wp_cron=1784230857.7207460403442382812500 HTTP/2" 200 0 "-" "WordPress/6.9.4; https://naniguide.com"
216.73.217.22 - - [16/Jul/2026:19:40:56 +0000] "GET /sitemap.xml HTTP/2" 301 0 "-" "Mozilla/5.0 AppleWebKit/537.36 (KHTML, like Gecko; compatible; ClaudeBot/1.0; [email protected])"
216.73.217.22 - - [16/Jul/2026:19:40:57 +0000] "GET /sitemap_index.xml HTTP/2" 200 355 "https://naniguide.com/sitemap.xml" "Mozilla/5.0 AppleWebKit/537.36 (KHTML, like Gecko; compatible; ClaudeBot/1.0; [email protected])"
216.73.217.22 - - [16/Jul/2026:19:45:57 +0000] "GET / HTTP/2" 200 34380 "-" "Mozilla/5.0 AppleWebKit/537.36 (KHTML, like Gecko; compatible; ClaudeBot/1.0; [email protected])"
216.38.230.121 - - [16/Jul/2026:19:47:24 +0000] "GET / HTTP/2" 200 34380 "-" "Mozilla/5.0 (Windows NT 10.0; Win64; x64) AppleWebKit/537.36 (KHTML, like Gecko) Chrome/120.0.0.0 Safari/537.36"
216.38.230.123 - - [16/Jul/2026:19:47:24 +0000] "HEAD /sitemap.xml HTTP/2" 301 0 "-" "Mozilla/5.0 (Windows NT 10.0; Win64; x64) AppleWebKit/537.36 (KHTML, like Gecko) Chrome/120.0.0.0 Safari/537.36"
65.181.111.155 - - [16/Jul/2026:19:47:25 +0000] "POST /wp-cron.php?doing_wp_cron=1784231245.3216118812561035156250 HTTP/2" 200 0 "-" "WordPress/6.9.4; https://naniguide.com"
216.38.230.121 - - [16/Jul/2026:19:47:24 +0000] "HEAD /sitemap_index.xml HTTP/2" 200 0 "-" "Mozilla/5.0 (Windows NT 10.0; Win64; x64) AppleWebKit/537.36 (KHTML, like Gecko) Chrome/120.0.0.0 Safari/537.36"
85.208.96.195 - - [16/Jul/2026:19:47:41 +0000] "GET /about-us/ HTTP/2" 200 26863 "-" "Mozilla/5.0 (compatible; SemrushBot/7~bl; +http://www.semrush.com/bot.html)"
65.109.175.177 - - [16/Jul/2026:19:48:52 +0000] "GET /wp-content/uploads/2020/11/207514205.jpg HTTP/2" 200 92684 "-" "Mozilla/5.0 (X11; Ubuntu; Linux x86_64; rv:72.0) Gecko/20100101 Firefox/72.0"
45.156.129.138 - - [16/Jul/2026:19:55:49 +0000] "GET / HTTP/2" 200 34380 "-" "Mozilla/5.0 AppleWebKit/537.36 (KHTML, like Gecko) Chrome/123.0.6312.86 Safari/537.36"
45.156.129.137 - - [16/Jul/2026:19:55:52 +0000] "GET /wp-content/plugins/wp-time-capsule/readme.txt HTTP/2" 404 1251 "-" "Mozilla/5.0 AppleWebKit/537.36 (KHTML, like Gecko) Chrome/123.0.6312.86 Safari/537.36"
45.156.129.138 - - [16/Jul/2026:19:55:54 +0000] "GET /wp-content/plugins/elementor/readme.txt HTTP/2" 200 10382 "-" "Mozilla/5.0 AppleWebKit/537.36 (KHTML, like Gecko) Chrome/123.0.6312.86 Safari/537.36"
45.156.129.136 - - [16/Jul/2026:19:55:56 +0000] "GET /wp-content/plugins/fancy-product-designer/readme.txt HTTP/2" 404 1251 "-" "Mozilla/5.0 AppleWebKit/537.36 (KHTML, like Gecko) Chrome/123.0.6312.86 Safari/537.36"
45.156.129.136 - - [16/Jul/2026:19:55:59 +0000] "GET /wp-content/plugins/wordpress-database-reset/readme.txt HTTP/2" 404 1251 "-" "Mozilla/5.0 AppleWebKit/537.36 (KHTML, like Gecko) Chrome/123.0.6312.86 Safari/537.36"
45.156.129.137 - - [16/Jul/2026:19:56:01 +0000] "GET /wp-content/plugins/wp-central/readme.txt HTTP/2" 404 1251 "-" "Mozilla/5.0 AppleWebKit/537.36 (KHTML, like Gecko) Chrome/123.0.6312.86 Safari/537.36"
45.156.129.136 - - [16/Jul/2026:19:56:03 +0000] "GET /wp-content/plugins/wp-video-lightbox/readme.txt HTTP/2" 404 1251 "-" "Mozilla/5.0 AppleWebKit/537.36 (KHTML, like Gecko) Chrome/123.0.6312.86 Safari/537.36"
