20.206.89.130 - - [16/Jul/2026:13:41:32 +0000] "GET /blurbs.php HTTP/1.1" 401 36 "-" "-"
20.206.89.130 - - [16/Jul/2026:13:41:33 +0000] "GET /v543.php HTTP/1.1" 401 36 "-" "-"
20.206.89.130 - - [16/Jul/2026:13:41:33 +0000] "GET /w3lls.php HTTP/1.1" 401 36 "-" "-"
20.206.89.130 - - [16/Jul/2026:13:41:33 +0000] "GET /wp-ws68.php HTTP/1.1" 401 36 "-" "-"
20.206.89.130 - - [16/Jul/2026:13:41:34 +0000] "GET /xyn.php HTTP/1.1" 401 36 "-" "-"
20.206.89.130 - - [16/Jul/2026:13:41:34 +0000] "GET /green3.php HTTP/1.1" 401 36 "-" "-"
20.206.89.130 - - [16/Jul/2026:13:41:34 +0000] "GET /ccc.php HTTP/1.1" 401 36 "-" "-"
20.206.89.130 - - [16/Jul/2026:13:41:35 +0000] "GET /get.php HTTP/1.1" 401 36 "-" "-"
20.206.89.130 - - [16/Jul/2026:13:41:35 +0000] "GET /images.php HTTP/1.1" 401 36 "-" "-"
20.206.89.130 - - [16/Jul/2026:13:41:35 +0000] "GET /alls.php HTTP/1.1" 401 36 "-" "-"
20.206.89.130 - - [16/Jul/2026:13:41:36 +0000] "GET /coffexium.php HTTP/1.1" 401 36 "-" "-"
20.206.89.130 - - [16/Jul/2026:13:41:36 +0000] "GET /red.php HTTP/1.1" 401 36 "-" "-"
20.206.89.130 - - [16/Jul/2026:13:41:36 +0000] "GET /wp-includes/sodium_compat/ HTTP/1.1" 401 36 "-" "-"
20.206.89.130 - - [16/Jul/2026:13:41:37 +0000] "GET /wp-admin/css/colors/coffee/wp-adochan.php HTTP/1.1" 401 36 "-" "-"
20.206.89.130 - - [16/Jul/2026:13:41:37 +0000] "GET /wp-includes/Text/ HTTP/1.1" 401 36 "-" "-"
20.206.89.130 - - [16/Jul/2026:13:41:37 +0000] "GET /footer.php HTTP/1.1" 401 36 "-" "-"
20.206.89.130 - - [16/Jul/2026:13:41:38 +0000] "GET /wp-content/uploads/ HTTP/1.1" 401 36 "-" "-"
20.206.89.130 - - [16/Jul/2026:13:41:38 +0000] "GET /wp-content/index.php HTTP/1.1" 401 36 "-" "-"
20.206.89.130 - - [16/Jul/2026:13:41:38 +0000] "GET /zoro.php HTTP/1.1" 401 36 "-" "-"
20.206.89.130 - - [16/Jul/2026:13:41:39 +0000] "GET /admin.php HTTP/1.1" 401 36 "-" "-"
20.206.89.130 - - [16/Jul/2026:13:41:39 +0000] "GET /177.php HTTP/1.1" 401 36 "-" "-"
20.206.89.130 - - [16/Jul/2026:13:41:39 +0000] "GET /199.php HTTP/1.1" 401 36 "-" "-"
20.206.89.130 - - [16/Jul/2026:13:41:40 +0000] "GET /file52.php HTTP/1.1" 401 36 "-" "-"
20.206.89.130 - - [16/Jul/2026:13:41:40 +0000] "GET /geck.php HTTP/1.1" 401 36 "-" "-"
20.206.89.130 - - [16/Jul/2026:13:41:40 +0000] "GET /biufile.php HTTP/1.1" 401 36 "-" "-"
20.206.89.130 - - [16/Jul/2026:13:41:41 +0000] "GET /mosty.php HTTP/1.1" 401 36 "-" "-"
20.206.89.130 - - [16/Jul/2026:13:41:41 +0000] "GET /dejavu.php HTTP/1.1" 401 36 "-" "-"
20.206.89.130 - - [16/Jul/2026:13:41:41 +0000] "GET /aaf.php HTTP/1.1" 401 36 "-" "-"
20.206.89.130 - - [16/Jul/2026:13:41:42 +0000] "GET /term.php HTTP/1.1" 401 36 "-" "-"
20.206.89.130 - - [16/Jul/2026:13:41:42 +0000] "GET /ha.php HTTP/1.1" 401 36 "-" "-"
20.206.89.130 - - [16/Jul/2026:13:41:42 +0000] "GET /hur.php HTTP/1.1" 401 36 "-" "-"
20.206.89.130 - - [16/Jul/2026:13:41:43 +0000] "GET /h02ugyh.php HTTP/1.1" 401 36 "-" "-"
20.206.89.130 - - [16/Jul/2026:13:41:43 +0000] "GET /155.php HTTP/1.1" 401 36 "-" "-"
20.206.89.130 - - [16/Jul/2026:13:41:43 +0000] "GET /pp.php HTTP/1.1" 401 36 "-" "-"
20.206.89.130 - - [16/Jul/2026:13:41:44 +0000] "GET /201.php HTTP/1.1" 401 36 "-" "-"
20.206.89.130 - - [16/Jul/2026:13:41:44 +0000] "GET /ops.php HTTP/1.1" 401 36 "-" "-"
20.206.89.130 - - [16/Jul/2026:13:41:44 +0000] "GET /ingfo.php HTTP/1.1" 401 36 "-" "-"
20.206.89.130 - - [16/Jul/2026:13:41:45 +0000] "GET /error_log.php HTTP/1.1" 401 36 "-" "-"
20.206.89.130 - - [16/Jul/2026:13:41:45 +0000] "GET /test10.php HTTP/1.1" 401 36 "-" "-"
20.206.89.130 - - [16/Jul/2026:13:41:45 +0000] "GET /koala.php HTTP/1.1" 401 36 "-" "-"
20.206.89.130 - - [16/Jul/2026:13:41:46 +0000] "GET /mac.php HTTP/1.1" 401 36 "-" "-"
20.206.89.130 - - [16/Jul/2026:13:41:46 +0000] "GET /wefile.php HTTP/1.1" 401 36 "-" "-"
20.206.89.130 - - [16/Jul/2026:13:41:46 +0000] "GET /wp-includes/blocks/post-comments-form/ HTTP/1.1" 401 36 "-" "-"
20.206.89.130 - - [16/Jul/2026:13:41:47 +0000] "GET /wp-admin/js/ HTTP/1.1" 401 36 "-" "-"
20.206.89.130 - - [16/Jul/2026:13:41:47 +0000] "GET /makeasmtp.php HTTP/1.1" 401 36 "-" "-"
20.206.89.130 - - [16/Jul/2026:13:41:47 +0000] "GET /2P.php HTTP/1.1" 401 36 "-" "-"
20.206.89.130 - - [16/Jul/2026:13:41:48 +0000] "GET /.well-known/about.php HTTP/1.1" 401 36 "-" "-"
20.206.89.130 - - [16/Jul/2026:13:41:48 +0000] "GET /wp-includes/ID3/about.php HTTP/1.1" 401 36 "-" "-"
20.206.89.130 - - [16/Jul/2026:13:41:48 +0000] "GET /system_log.php HTTP/1.1" 401 36 "-" "-"
20.206.89.130 - - [16/Jul/2026:13:41:49 +0000] "GET /wp-admin/css/ HTTP/1.1" 401 36 "-" "-"
20.206.89.130 - - [16/Jul/2026:13:41:49 +0000] "GET /wp-admin/css/colors/modern/ HTTP/1.1" 401 36 "-" "-"
20.206.89.130 - - [16/Jul/2026:13:41:49 +0000] "GET /crgio.php HTTP/1.1" 401 36 "-" "-"
20.206.89.130 - - [16/Jul/2026:13:41:50 +0000] "GET /pucci.php HTTP/1.1" 401 36 "-" "-"
20.206.89.130 - - [16/Jul/2026:13:41:50 +0000] "GET /wp-includes/blocks/details/ HTTP/1.1" 401 36 "-" "-"
20.206.89.130 - - [16/Jul/2026:13:41:50 +0000] "GET /wp-includes/blocks/audio/ HTTP/1.1" 401 36 "-" "-"
20.206.89.130 - - [16/Jul/2026:13:41:51 +0000] "GET /wp-temp.php HTTP/1.1" 401 36 "-" "-"
20.206.89.130 - - [16/Jul/2026:13:41:51 +0000] "GET /wp-includes/blocks/buttons/ HTTP/1.1" 401 36 "-" "-"
20.206.89.130 - - [16/Jul/2026:13:41:51 +0000] "GET /wp-admin/js/index.php HTTP/1.1" 401 36 "-" "-"
20.206.89.130 - - [16/Jul/2026:13:41:52 +0000] "GET /puc.php HTTP/1.1" 401 36 "-" "-"
20.206.89.130 - - [16/Jul/2026:13:41:52 +0000] "GET /dx.php HTTP/1.1" 401 36 "-" "-"
20.206.89.130 - - [16/Jul/2026:13:41:52 +0000] "GET /wp-includes/Requests/ HTTP/1.1" 401 36 "-" "-"
20.206.89.130 - - [16/Jul/2026:13:41:53 +0000] "GET /bthil.php HTTP/1.1" 401 36 "-" "-"
20.206.89.130 - - [16/Jul/2026:13:41:53 +0000] "GET /7.php HTTP/1.1" 401 36 "-" "-"
20.206.89.130 - - [16/Jul/2026:13:41:53 +0000] "GET /8.php HTTP/1.1" 401 36 "-" "-"
20.206.89.130 - - [16/Jul/2026:13:41:54 +0000] "GET /1.php HTTP/1.1" 401 36 "-" "-"
20.206.89.130 - - [16/Jul/2026:13:41:54 +0000] "GET /100.php HTTP/1.1" 401 36 "-" "-"
20.206.89.130 - - [16/Jul/2026:13:41:54 +0000] "GET /about.php HTTP/1.1" 401 36 "-" "-"
20.206.89.130 - - [16/Jul/2026:13:41:55 +0000] "GET /admin.php HTTP/1.1" 401 36 "-" "-"
20.206.89.130 - - [16/Jul/2026:13:41:55 +0000] "GET /edit.php HTTP/1.1" 401 36 "-" "-"
20.206.89.130 - - [16/Jul/2026:13:41:55 +0000] "GET /wp-content/admin.php HTTP/1.1" 401 36 "-" "-"
20.206.89.130 - - [16/Jul/2026:13:41:56 +0000] "GET /ss.php HTTP/1.1" 401 36 "-" "-"
20.206.89.130 - - [16/Jul/2026:13:41:56 +0000] "GET /inputs.php HTTP/1.1" 401 36 "-" "-"
20.206.89.130 - - [16/Jul/2026:13:41:56 +0000] "GET /av.php HTTP/1.1" 401 36 "-" "-"
20.206.89.130 - - [16/Jul/2026:13:41:57 +0000] "GET /classwithtostring.php HTTP/1.1" 401 36 "-" "-"
20.206.89.130 - - [16/Jul/2026:13:41:57 +0000] "GET /wp-content/themes/index.php HTTP/1.1" 401 36 "-" "-"
20.206.89.130 - - [16/Jul/2026:13:41:57 +0000] "GET /wp-blog.php HTTP/1.1" 401 36 "-" "-"
20.206.89.130 - - [16/Jul/2026:13:41:58 +0000] "GET /wp-includes/js/jquery/ HTTP/1.1" 401 36 "-" "-"
20.206.89.130 - - [16/Jul/2026:13:41:58 +0000] "GET /wp-content/admin.php HTTP/1.1" 401 36 "-" "-"
20.206.89.130 - - [16/Jul/2026:13:41:58 +0000] "GET /adminfuns.php HTTP/1.1" 401 36 "-" "-"
20.206.89.130 - - [16/Jul/2026:13:41:59 +0000] "GET /goods.php HTTP/1.1" 401 36 "-" "-"
20.206.89.130 - - [16/Jul/2026:13:41:59 +0000] "GET /ms-edit.php HTTP/1.1" 401 36 "-" "-"
20.206.89.130 - - [16/Jul/2026:13:41:59 +0000] "GET /222.php HTTP/1.1" 401 36 "-" "-"
20.206.89.130 - - [16/Jul/2026:13:42:00 +0000] "GET /cgi-bin/index.php HTTP/1.1" 401 36 "-" "-"
20.206.89.130 - - [16/Jul/2026:13:42:00 +0000] "GET /wp-includes/css/dist/ HTTP/1.1" 401 36 "-" "-"
20.206.89.130 - - [16/Jul/2026:13:42:00 +0000] "GET /BDKR28WP.php HTTP/1.1" 401 36 "-" "-"
20.206.89.130 - - [16/Jul/2026:13:42:01 +0000] "GET /wp-includes/l10n/ HTTP/1.1" 401 36 "-" "-"
20.206.89.130 - - [16/Jul/2026:13:42:01 +0000] "GET /wp-content/uploads/ HTTP/1.1" 401 36 "-" "-"
20.206.89.130 - - [16/Jul/2026:13:42:01 +0000] "GET /wp.php HTTP/1.1" 401 36 "-" "-"
20.206.89.130 - - [16/Jul/2026:13:42:02 +0000] "GET /abcd.php HTTP/1.1" 401 36 "-" "-"
20.206.89.130 - - [16/Jul/2026:13:42:02 +0000] "GET /a1.php HTTP/1.1" 401 36 "-" "-"
20.206.89.130 - - [16/Jul/2026:13:42:02 +0000] "GET /wp-includes/Text/Diff/Engine/about.php HTTP/1.1" 401 36 "-" "-"
20.206.89.130 - - [16/Jul/2026:13:42:03 +0000] "GET /cgi-bin/admin.php HTTP/1.1" 401 36 "-" "-"
20.206.89.130 - - [16/Jul/2026:13:42:03 +0000] "GET /gettest.php HTTP/1.1" 401 36 "-" "-"
20.206.89.130 - - [16/Jul/2026:13:42:03 +0000] "GET /wp-content/ HTTP/1.1" 401 36 "-" "-"
20.206.89.130 - - [16/Jul/2026:13:42:04 +0000] "GET /simple.php HTTP/1.1" 401 36 "-" "-"
20.206.89.130 - - [16/Jul/2026:13:42:04 +0000] "GET /xxx.php HTTP/1.1" 401 36 "-" "-"
20.206.89.130 - - [16/Jul/2026:13:42:04 +0000] "GET /hypo.php HTTP/1.1" 401 36 "-" "-"
20.206.89.130 - - [16/Jul/2026:13:42:05 +0000] "GET /wp-admin/css/colors/blue/ HTTP/1.1" 401 36 "-" "-"
20.206.89.130 - - [16/Jul/2026:13:42:05 +0000] "GET /chosen.php HTTP/1.1" 401 36 "-" "-"
20.206.89.130 - - [16/Jul/2026:13:42:05 +0000] "GET /wp-includes/block-bindings/ HTTP/1.1" 401 36 "-" "-"
20.206.89.130 - - [16/Jul/2026:13:42:06 +0000] "GET /als.php HTTP/1.1" 401 36 "-" "-"
20.206.89.130 - - [16/Jul/2026:13:42:06 +0000] "GET /pol.php HTTP/1.1" 401 36 "-" "-"
20.206.89.130 - - [16/Jul/2026:13:42:07 +0000] "GET /file5.php HTTP/1.1" 401 36 "-" "-"
20.206.89.130 - - [16/Jul/2026:13:42:07 +0000] "GET /file.php HTTP/1.1" 401 36 "-" "-"
20.206.89.130 - - [16/Jul/2026:13:42:07 +0000] "GET /cfile.php HTTP/1.1" 401 36 "-" "-"
20.206.89.130 - - [16/Jul/2026:13:42:08 +0000] "GET /admin.php HTTP/1.1" 401 36 "-" "-"
20.206.89.130 - - [16/Jul/2026:13:42:08 +0000] "GET /aa2.php HTTP/1.1" 401 36 "-" "-"
20.206.89.130 - - [16/Jul/2026:13:42:08 +0000] "GET /ccou.php HTTP/1.1" 401 36 "-" "-"
20.206.89.130 - - [16/Jul/2026:13:42:09 +0000] "GET /dr.php HTTP/1.1" 401 36 "-" "-"
20.206.89.130 - - [16/Jul/2026:13:42:09 +0000] "GET /xamp.php HTTP/1.1" 401 36 "-" "-"
20.206.89.130 - - [16/Jul/2026:13:42:09 +0000] "GET /bless.php HTTP/1.1" 401 36 "-" "-"
20.206.89.130 - - [16/Jul/2026:13:42:10 +0000] "GET /file25.php HTTP/1.1" 401 36 "-" "-"
20.206.89.130 - - [16/Jul/2026:13:42:10 +0000] "GET /file6.php HTTP/1.1" 401 36 "-" "-"
20.206.89.130 - - [16/Jul/2026:13:42:10 +0000] "GET /a2.php HTTP/1.1" 401 36 "-" "-"
20.206.89.130 - - [16/Jul/2026:13:42:11 +0000] "GET /file15.php HTTP/1.1" 401 36 "-" "-"
20.206.89.130 - - [16/Jul/2026:13:42:11 +0000] "GET /f35.php HTTP/1.1" 401 36 "-" "-"
20.206.89.130 - - [16/Jul/2026:13:42:11 +0000] "GET /wp-load.php HTTP/1.1" 401 36 "-" "-"
20.206.89.130 - - [16/Jul/2026:13:42:12 +0000] "GET /xwpg.php HTTP/1.1" 401 36 "-" "-"
20.206.89.130 - - [16/Jul/2026:13:42:12 +0000] "GET /wp-includes/assets/ HTTP/1.1" 401 36 "-" "-"
20.206.89.130 - - [16/Jul/2026:13:42:12 +0000] "GET /wp-admin/css/colors/sunrise/ HTTP/1.1" 401 36 "-" "-"
20.206.89.130 - - [16/Jul/2026:13:42:13 +0000] "GET /xstelth.php HTTP/1.1" 401 36 "-" "-"
20.206.89.130 - - [16/Jul/2026:13:42:13 +0000] "GET /wp-admin/network/plugins.php HTTP/1.1" 401 36 "-" "-"
20.206.89.130 - - [16/Jul/2026:13:42:13 +0000] "GET /aaa.php HTTP/1.1" 401 36 "-" "-"
20.206.89.130 - - [16/Jul/2026:13:42:14 +0000] "GET /gecko.php HTTP/1.1" 401 36 "-" "-"
20.206.89.130 - - [16/Jul/2026:13:42:14 +0000] "GET /sh3ll.php HTTP/1.1" 401 36 "-" "-"
20.206.89.130 - - [16/Jul/2026:13:42:14 +0000] "GET /wp-includes/Requests/library/ HTTP/1.1" 401 36 "-" "-"
20.206.89.130 - - [16/Jul/2026:13:42:15 +0000] "GET /pbck.php HTTP/1.1" 401 36 "-" "-"
20.206.89.130 - - [16/Jul/2026:13:42:15 +0000] "GET /xiugai.php HTTP/1.1" 401 36 "-" "-"
20.206.89.130 - - [16/Jul/2026:13:42:15 +0000] "GET /son1.php HTTP/1.1" 401 36 "-" "-"
20.206.89.130 - - [16/Jul/2026:13:42:16 +0000] "GET /e.php HTTP/1.1" 401 36 "-" "-"
20.206.89.130 - - [16/Jul/2026:13:42:16 +0000] "GET /hg.php HTTP/1.1" 401 36 "-" "-"
20.206.89.130 - - [16/Jul/2026:13:42:16 +0000] "GET /ah25.php HTTP/1.1" 401 36 "-" "-"
20.206.89.130 - - [16/Jul/2026:13:42:17 +0000] "GET /mg2.php HTTP/1.1" 401 36 "-" "-"
20.206.89.130 - - [16/Jul/2026:13:42:17 +0000] "GET /for.php HTTP/1.1" 401 36 "-" "-"
2a03:2880:18ff:5d:: - - [16/Jul/2026:13:43:48 +0000] "GET /wp-content/uploads/2020/11/74e16ca82781d9df8090.jpg HTTP/2" 200 150614 "-" "meta-externalagent/1.1 (+https://developers.facebook.com/docs/sharing/webmasters/crawler)"
114.119.137.230 - - [16/Jul/2026:13:33:17 +0000] "GET /local-sitemap.xml HTTP/2" 200 259 "https://naniguide.com/local-sitemap.xml" "Mozilla/5.0 (Linux; Android 7.0;) AppleWebKit/537.36 (HTML, like Gecko) Mobile Safari/537.36 (compatible; PetalBot;+https://webmaster.petalsearch.com/site/petalbot)"
8.234.159.119 - - [16/Jul/2026:13:41:26 +0000] "GET //wp-includes/ID3/license.txt HTTP/2" 200 414 "-" "Mozilla/5.0 (Windows NT 10.0; Win64; x64) AppleWebKit/537.36 (KHTML, like Gecko) Chrome/95.0.4638.69 Safari/537.36"
65.181.111.155 - - [16/Jul/2026:13:41:27 +0000] "POST /wp-cron.php?doing_wp_cron=1784209287.6544411182403564453125 HTTP/2" 200 0 "-" "WordPress/6.9.4; https://naniguide.com"
8.234.159.119 - - [16/Jul/2026:13:41:26 +0000] "GET //feed/ HTTP/2" 301 0 "-" "Mozilla/5.0 (Windows NT 10.0; Win64; x64) AppleWebKit/537.36 (KHTML, like Gecko) Chrome/95.0.4638.69 Safari/537.36"
8.234.159.119 - - [16/Jul/2026:13:41:27 +0000] "GET //xmlrpc.php?rsd HTTP/2" 403 1242 "-" "Mozilla/5.0 (Windows NT 10.0; Win64; x64) AppleWebKit/537.36 (KHTML, like Gecko) Chrome/95.0.4638.69 Safari/537.36"
8.234.159.119 - - [16/Jul/2026:13:41:28 +0000] "GET //blog/wp-includes/wlwmanifest.xml HTTP/2" 404 1251 "-" "Mozilla/5.0 (Windows NT 10.0; Win64; x64) AppleWebKit/537.36 (KHTML, like Gecko) Chrome/95.0.4638.69 Safari/537.36"
8.234.159.119 - - [16/Jul/2026:13:41:28 +0000] "GET //web/wp-includes/wlwmanifest.xml HTTP/2" 404 1251 "-" "Mozilla/5.0 (Windows NT 10.0; Win64; x64) AppleWebKit/537.36 (KHTML, like Gecko) Chrome/95.0.4638.69 Safari/537.36"
8.234.159.119 - - [16/Jul/2026:13:41:28 +0000] "GET //wordpress/wp-includes/wlwmanifest.xml HTTP/2" 404 1251 "-" "Mozilla/5.0 (Windows NT 10.0; Win64; x64) AppleWebKit/537.36 (KHTML, like Gecko) Chrome/95.0.4638.69 Safari/537.36"
8.234.159.119 - - [16/Jul/2026:13:41:28 +0000] "GET //wp/wp-includes/wlwmanifest.xml HTTP/2" 404 1251 "-" "Mozilla/5.0 (Windows NT 10.0; Win64; x64) AppleWebKit/537.36 (KHTML, like Gecko) Chrome/95.0.4638.69 Safari/537.36"
8.234.159.119 - - [16/Jul/2026:13:41:28 +0000] "GET //2020/wp-includes/wlwmanifest.xml HTTP/2" 404 1251 "-" "Mozilla/5.0 (Windows NT 10.0; Win64; x64) AppleWebKit/537.36 (KHTML, like Gecko) Chrome/95.0.4638.69 Safari/537.36"
8.234.159.119 - - [16/Jul/2026:13:41:28 +0000] "GET //2019/wp-includes/wlwmanifest.xml HTTP/2" 404 1251 "-" "Mozilla/5.0 (Windows NT 10.0; Win64; x64) AppleWebKit/537.36 (KHTML, like Gecko) Chrome/95.0.4638.69 Safari/537.36"
8.234.159.119 - - [16/Jul/2026:13:41:28 +0000] "GET //2021/wp-includes/wlwmanifest.xml HTTP/2" 404 1251 "-" "Mozilla/5.0 (Windows NT 10.0; Win64; x64) AppleWebKit/537.36 (KHTML, like Gecko) Chrome/95.0.4638.69 Safari/537.36"
8.234.159.119 - - [16/Jul/2026:13:41:28 +0000] "GET //shop/wp-includes/wlwmanifest.xml HTTP/2" 404 1251 "-" "Mozilla/5.0 (Windows NT 10.0; Win64; x64) AppleWebKit/537.36 (KHTML, like Gecko) Chrome/95.0.4638.69 Safari/537.36"
8.234.159.119 - - [16/Jul/2026:13:41:28 +0000] "GET //wp1/wp-includes/wlwmanifest.xml HTTP/2" 404 1251 "-" "Mozilla/5.0 (Windows NT 10.0; Win64; x64) AppleWebKit/537.36 (KHTML, like Gecko) Chrome/95.0.4638.69 Safari/537.36"
8.234.159.119 - - [16/Jul/2026:13:41:28 +0000] "GET //test/wp-includes/wlwmanifest.xml HTTP/2" 404 1251 "-" "Mozilla/5.0 (Windows NT 10.0; Win64; x64) AppleWebKit/537.36 (KHTML, like Gecko) Chrome/95.0.4638.69 Safari/537.36"
8.234.159.119 - - [16/Jul/2026:13:41:28 +0000] "GET //site/wp-includes/wlwmanifest.xml HTTP/2" 404 1251 "-" "Mozilla/5.0 (Windows NT 10.0; Win64; x64) AppleWebKit/537.36 (KHTML, like Gecko) Chrome/95.0.4638.69 Safari/537.36"
8.234.159.119 - - [16/Jul/2026:13:41:28 +0000] "GET //cms/wp-includes/wlwmanifest.xml HTTP/2" 404 1251 "-" "Mozilla/5.0 (Windows NT 10.0; Win64; x64) AppleWebKit/537.36 (KHTML, like Gecko) Chrome/95.0.4638.69 Safari/537.36"
65.181.111.155 - - [16/Jul/2026:13:49:33 +0000] "POST /wp-cron.php?doing_wp_cron=1784209773.6715929508209228515625 HTTP/2" 200 0 "-" "WordPress/6.9.4; https://naniguide.com"
77.90.185.5 - - [16/Jul/2026:13:49:31 +0000] "GET /contact/ HTTP/2" 200 25094 "https://naniguide.com/contact/" "Mozilla/5.0 (Windows NT 10.0; Win64; x64) AppleWebKit/537.36 (KHTML, like Gecko) Chrome/130.0.0.0 Safari/537.36"
65.181.111.155 - - [16/Jul/2026:13:50:52 +0000] "POST /wp-cron.php?doing_wp_cron=1784209851.9665729999542236328125 HTTP/2" 200 0 "-" "WordPress/6.9.4; https://naniguide.com"
114.119.157.190 - - [16/Jul/2026:13:53:00 +0000] "GET /wp-includes/ms-default-constants.php HTTP/2" 200 0 "https://naniguide.com/wp-includes/?SD" "Mozilla/5.0 (Linux; Android 7.0;) AppleWebKit/537.36 (HTML, like Gecko) Mobile Safari/537.36 (compatible; PetalBot;+https://webmaster.petalsearch.com/site/petalbot)"
65.181.111.155 - - [16/Jul/2026:14:03:50 +0000] "POST /wp-cron.php?doing_wp_cron=1784210630.5709900856018066406250 HTTP/2" 200 0 "-" "WordPress/6.9.4; https://naniguide.com"
185.244.155.48 - - [16/Jul/2026:14:03:48 +0000] "GET /place/dinh-than-nguyen-trung-truc/tel:0365810086 HTTP/2" 404 24320 "-" "Mozilla/5.0 (Windows NT 10.0; Win64; x64) AppleWebKit/537.36 (KHTML, like Gecko) Chrome/139.0.0.0 Safari/537.36"
185.244.155.48 - - [16/Jul/2026:14:03:51 +0000] "POST /wp-content/plugins/litespeed-cache/guest.vary.php HTTP/2" 200 20 "https://naniguide.com/place/dinh-than-nguyen-trung-truc/tel:0365810086" "Mozilla/5.0 (Windows NT 10.0; Win64; x64) AppleWebKit/537.36 (KHTML, like Gecko) Chrome/139.0.0.0 Safari/537.36"
185.244.155.48 - - [16/Jul/2026:14:03:52 +0000] "GET /place/dinh-than-nguyen-trung-truc/tel:0365810086 HTTP/2" 404 16352 "https://naniguide.com/place/dinh-than-nguyen-trung-truc/tel:0365810086" "Mozilla/5.0 (Windows NT 10.0; Win64; x64) AppleWebKit/537.36 (KHTML, like Gecko) Chrome/139.0.0.0 Safari/537.36"
185.244.155.48 - - [16/Jul/2026:14:03:55 +0000] "GET /wp-includes/js/jquery/jquery.min.js HTTP/2" 200 29744 "https://naniguide.com/place/dinh-than-nguyen-trung-truc/tel:0365810086" "Mozilla/5.0 (Windows NT 10.0; Win64; x64) AppleWebKit/537.36 (KHTML, like Gecko) Chrome/139.0.0.0 Safari/537.36"
185.244.155.48 - - [16/Jul/2026:14:03:56 +0000] "GET /wp-content/litespeed/js/1/a09234f8cfab42fb7e6496f6d43dbfc5.js?ver=dbfc5 HTTP/2" 200 34978 "https://naniguide.com/place/dinh-than-nguyen-trung-truc/tel:0365810086" "Mozilla/5.0 (Windows NT 10.0; Win64; x64) AppleWebKit/537.36 (KHTML, like Gecko) Chrome/139.0.0.0 Safari/537.36"
185.244.155.48 - - [16/Jul/2026:14:03:57 +0000] "GET /wp-content/litespeed/js/1/219e0fb725afa8091d52dc0c05c8fbee.js?ver=8fbee HTTP/2" 200 1853 "https://naniguide.com/place/dinh-than-nguyen-trung-truc/tel:0365810086" "Mozilla/5.0 (Windows NT 10.0; Win64; x64) AppleWebKit/537.36 (KHTML, like Gecko) Chrome/139.0.0.0 Safari/537.36"
185.244.155.48 - - [16/Jul/2026:14:03:57 +0000] "GET /wp-content/litespeed/js/1/d22615ba4fe19d850e446662a4b84b9a.js?ver=84b9a HTTP/2" 200 10098 "https://naniguide.com/place/dinh-than-nguyen-trung-truc/tel:0365810086" "Mozilla/5.0 (Windows NT 10.0; Win64; x64) AppleWebKit/537.36 (KHTML, like Gecko) Chrome/139.0.0.0 Safari/537.36"
185.244.155.48 - - [16/Jul/2026:14:03:57 +0000] "GET /wp-content/litespeed/js/1/22513ddc043efe460f0e649e5f782382.js?ver=82382 HTTP/2" 200 4011 "https://naniguide.com/place/dinh-than-nguyen-trung-truc/tel:0365810086" "Mozilla/5.0 (Windows NT 10.0; Win64; x64) AppleWebKit/537.36 (KHTML, like Gecko) Chrome/139.0.0.0 Safari/537.36"
185.244.155.48 - - [16/Jul/2026:14:03:57 +0000] "GET /wp-content/litespeed/js/1/22b4b8202d0382110c86e9d7789a7c2a.js?ver=a7c2a HTTP/2" 200 3372 "https://naniguide.com/place/dinh-than-nguyen-trung-truc/tel:0365810086" "Mozilla/5.0 (Windows NT 10.0; Win64; x64) AppleWebKit/537.36 (KHTML, like Gecko) Chrome/139.0.0.0 Safari/537.36"
185.244.155.48 - - [16/Jul/2026:14:03:57 +0000] "GET /wp-content/litespeed/js/1/9fae5dee3c82e29e7776c4c9645112c4.js?ver=112c4 HTTP/2" 200 2121 "https://naniguide.com/place/dinh-than-nguyen-trung-truc/tel:0365810086" "Mozilla/5.0 (Windows NT 10.0; Win64; x64) AppleWebKit/537.36 (KHTML, like Gecko) Chrome/139.0.0.0 Safari/537.36"
77.90.185.5 - - [16/Jul/2026:13:49:31 +0000] "GET / HTTP/2" 200 34380 "https://naniguide.com/" "Mozilla/5.0 (Windows NT 10.0; Win64; x64) AppleWebKit/537.36 (KHTML, like Gecko) Chrome/130.0.0.0 Safari/537.36"
66.249.73.132 - - [16/Jul/2026:13:49:34 +0000] "GET /robots.txt HTTP/2" 304 0 "-" "Mozilla/5.0 (compatible; Googlebot/2.1; +http://www.google.com/bot.html)"
66.249.73.131 - - [16/Jul/2026:13:49:34 +0000] "GET /wp-content/uploads/2019/12/icon_stay.png HTTP/2" 200 1977 "-" "Googlebot-Image/1.0"
114.119.128.44 - - [16/Jul/2026:13:50:44 +0000] "GET /wp-includes/block-supports/align.php HTTP/2" 500 0 "https://naniguide.com/wp-includes/block-supports/?DA" "Mozilla/5.0 (Linux; Android 7.0;) AppleWebKit/537.36 (HTML, like Gecko) Mobile Safari/537.36 (compatible; PetalBot;+https://webmaster.petalsearch.com/site/petalbot)"
93.123.109.152 - - [16/Jul/2026:13:50:49 +0000] "GET /app.zip HTTP/2" 404 24839 "-" "Mozilla/5.0 (Windows NT 10.0; Win64; x64) AppleWebKit/537.36 (KHTML, like Gecko) Chrome/123.0.0.0 Safari/537.36"
93.123.109.152 - - [16/Jul/2026:13:50:49 +0000] "GET /app/app.zip HTTP/2" 404 24850 "-" "Mozilla/5.0 (Windows NT 10.0; Win64; x64) AppleWebKit/537.36 (KHTML, like Gecko) Chrome/123.0.0.0 Safari/537.36"
93.123.109.152 - - [16/Jul/2026:13:50:49 +0000] "GET /home.zip HTTP/2" 404 24832 "-" "Mozilla/5.0 (Windows NT 10.0; Win64; x64) AppleWebKit/537.36 (KHTML, like Gecko) Chrome/123.0.0.0 Safari/537.36"
93.123.109.152 - - [16/Jul/2026:13:50:49 +0000] "GET /application/application.zip HTTP/2" 404 24839 "-" "Mozilla/5.0 (Windows NT 10.0; Win64; x64) AppleWebKit/537.36 (KHTML, like Gecko) Chrome/123.0.0.0 Safari/537.36"
93.123.109.152 - - [16/Jul/2026:13:50:49 +0000] "GET /application.zip HTTP/2" 404 24314 "-" "Mozilla/5.0 (Windows NT 10.0; Win64; x64) AppleWebKit/537.36 (KHTML, like Gecko) Chrome/123.0.0.0 Safari/537.36"
157.180.82.58 - - [16/Jul/2026:13:53:07 +0000] "GET /wp-content/uploads/2020/11/249101894-540x480.jpg HTTP/2" 200 81305 "-" "Mozilla/5.0 (X11; Ubuntu; Linux x86_64; rv:72.0) Gecko/20100101 Firefox/72.0"
185.244.155.48 - - [16/Jul/2026:14:03:56 +0000] "GET /wp-content/litespeed/js/1/734ac906d819d5509abd7acde4675234.js?ver=75234 HTTP/2" 200 4680 "https://naniguide.com/place/dinh-than-nguyen-trung-truc/tel:0365810086" "Mozilla/5.0 (Windows NT 10.0; Win64; x64) AppleWebKit/537.36 (KHTML, like Gecko) Chrome/139.0.0.0 Safari/537.36"
185.244.155.48 - - [16/Jul/2026:14:03:57 +0000] "GET /wp-content/litespeed/js/1/86e4251f712fa7c215b64540a0a6a93b.js?ver=6a93b HTTP/2" 200 2706 "https://naniguide.com/place/dinh-than-nguyen-trung-truc/tel:0365810086" "Mozilla/5.0 (Windows NT 10.0; Win64; x64) AppleWebKit/537.36 (KHTML, like Gecko) Chrome/139.0.0.0 Safari/537.36"
185.244.155.48 - - [16/Jul/2026:14:03:57 +0000] "GET /wp-content/litespeed/js/1/d7630bbffe6c3c812b772cefe3a868ad.js?ver=868ad HTTP/2" 200 3009 "https://naniguide.com/place/dinh-than-nguyen-trung-truc/tel:0365810086" "Mozilla/5.0 (Windows NT 10.0; Win64; x64) AppleWebKit/537.36 (KHTML, like Gecko) Chrome/139.0.0.0 Safari/537.36"
103.240.205.42 - - [16/Jul/2026:14:11:14 +0000] "GET /place/hon-gham-ghi-hon-dam-ngang/ HTTP/2" 200 34720 "-" "Mozilla/5.0 (Linux; Android 6.0; Nexus 5 Build/MRA58N) AppleWebKit/537.36 (KHTML, like Gecko) Chrome/44.0.6213.1794 Mobile Safari/537.36"
112.144.35.182 - - [16/Jul/2026:14:16:23 +0000] "GET /wp-content/uploads/2020/11/163220212.jpg HTTP/2" 200 148126 "-" "Mozilla/5.0 (X11; Ubuntu; Linux x86_64; rv:72.0) Gecko/20100101 Firefox/72.0"
65.181.111.155 - - [16/Jul/2026:14:16:54 +0000] "POST /wp-cron.php?doing_wp_cron=1784211414.6814920902252197265625 HTTP/2" 200 0 "-" "WordPress/6.9.4; https://naniguide.com"
38.171.132.114 - - [16/Jul/2026:14:16:52 +0000] "GET /place/chuon-chuon-bistro-skybar/tel:0365810086 HTTP/2" 404 24330 "-" "Mozilla/5.0 (Macintosh; Intel Mac OS X 10_7_3) AppleWebKit/537.36 (KHTML, like Gecko, Mediapartners-Google) Chrome/85.0.4183.122 Safari/537.36"
65.181.111.155 - - [16/Jul/2026:14:20:22 +0000] "POST /wp-cron.php?doing_wp_cron=1784211622.1150360107421875000000 HTTP/2" 200 0 "-" "WordPress/6.9.4; https://naniguide.com"
151.245.248.212 - - [16/Jul/2026:14:11:20 +0000] "GET /wp-content/litespeed/ucss/1/995021e2aa8352fff989f4efb3007e40.css?ver=ef6e3 HTTP/2" 200 11798 "https://naniguide.com/place/hon-gham-ghi-hon-dam-ngang/" "Mozilla/5.0 (Linux; Android 6.0; Nexus 5 Build/MRA58N) AppleWebKit/537.36 (KHTML, like Gecko) Chrome/44.0.6213.1794 Mobile Safari/537.36"
151.245.248.212 - - [16/Jul/2026:14:11:20 +0000] "GET /wp-content/uploads/2020/11/123435225_3630936286949751_7815181878385538684_o.jpg HTTP/2" 200 308300 "https://naniguide.com/place/hon-gham-ghi-hon-dam-ngang/" "Mozilla/5.0 (Linux; Android 6.0; Nexus 5 Build/MRA58N) AppleWebKit/537.36 (KHTML, like Gecko) Chrome/44.0.6213.1794 Mobile Safari/537.36"
151.245.248.212 - - [16/Jul/2026:14:11:20 +0000] "GET /wp-content/uploads/2020/11/123591883_3636489946394385_6491180575626019520_n.jpg HTTP/2" 200 272572 "https://naniguide.com/place/hon-gham-ghi-hon-dam-ngang/" "Mozilla/5.0 (Linux; Android 6.0; Nexus 5 Build/MRA58N) AppleWebKit/537.36 (KHTML, like Gecko) Chrome/44.0.6213.1794 Mobile Safari/537.36"
151.245.248.212 - - [16/Jul/2026:14:11:20 +0000] "GET /wp-content/uploads/2020/11/123518393_3625555237487856_3920938334256092411_o.jpg HTTP/2" 200 519627 "https://naniguide.com/place/hon-gham-ghi-hon-dam-ngang/" "Mozilla/5.0 (Linux; Android 6.0; Nexus 5 Build/MRA58N) AppleWebKit/537.36 (KHTML, like Gecko) Chrome/44.0.6213.1794 Mobile Safari/537.36"
151.245.248.212 - - [16/Jul/2026:14:11:20 +0000] "GET /wp-content/uploads/2020/11/123306723_3620579224652124_7803054398427247629_o.jpg HTTP/2" 200 892019 "https://naniguide.com/place/hon-gham-ghi-hon-dam-ngang/" "Mozilla/5.0 (Linux; Android 6.0; Nexus 5 Build/MRA58N) AppleWebKit/537.36 (KHTML, like Gecko) Chrome/44.0.6213.1794 Mobile Safari/537.36"
14.171.25.50 - - [16/Jul/2026:14:20:20 +0000] "GET /place/istanbul-beach-club/tel:0365810086 HTTP/2" 404 24327 "-" "Mozilla/5.0 (Macintosh; Intel Mac OS X 10_11_6) AppleWebKit/537.36 (KHTML, like Gecko) Chrome/101.0.4951.64 Safari/537.36"
114.119.137.230 - - [16/Jul/2026:14:21:29 +0000] "GET /wp-includes/rest-api/fields/class-wp-rest-meta-fields.php HTTP/2" 200 0 "https://naniguide.com/wp-includes/rest-api/fields/?DA" "Mozilla/5.0 (Linux; Android 7.0;) AppleWebKit/537.36 (HTML, like Gecko) Mobile Safari/537.36 (compatible; PetalBot;+https://webmaster.petalsearch.com/site/petalbot)"
114.119.128.39 - - [16/Jul/2026:14:26:02 +0000] "GET /wp-includes/class-wp-block-template.php HTTP/2" 200 0 "https://naniguide.com/wp-includes/?SD" "Mozilla/5.0 (Linux; Android 7.0;) AppleWebKit/537.36 (HTML, like Gecko) Mobile Safari/537.36 (compatible; PetalBot;+https://webmaster.petalsearch.com/site/petalbot)"
65.181.111.155 - - [16/Jul/2026:14:30:40 +0000] "POST /wp-cron.php?doing_wp_cron=1784212240.8225769996643066406250 HTTP/2" 200 0 "-" "WordPress/6.9.4; https://naniguide.com"
114.119.129.205 - - [16/Jul/2026:14:23:46 +0000] "GET /wp-includes/fonts/dashicons.woff2 HTTP/2" 200 26132 "https://naniguide.com/wp-includes/fonts/?ND" "Mozilla/5.0 (Linux; Android 7.0;) AppleWebKit/537.36 (HTML, like Gecko) Mobile Safari/537.36 (compatible; PetalBot;+https://webmaster.petalsearch.com/site/petalbot)"
65.181.111.155 - - [16/Jul/2026:14:24:36 +0000] "POST /wp-cron.php?doing_wp_cron=1784211876.4229819774627685546875 HTTP/2" 200 0 "-" "WordPress/6.9.4; https://naniguide.com"
92.38.51.66 - - [16/Jul/2026:14:24:34 +0000] "GET /place/rock-island-club/tel:0365810086 HTTP/2" 404 24355 "-" "Mozilla/5.0 (Macintosh; Intel Mac OS X 10_15_7) AppleWebKit/537.36 (KHTML, like Gecko) Chrome/99.0.4844.84 Safari/537.36"
37.131.106.61 - - [16/Jul/2026:14:30:39 +0000] "GET /place/cong-vien-san-ho-namaste/tel:0365810086 HTTP/2" 404 24325 "-" "Mozilla/5.0 (Windows NT 10.0; Win64; x64) AppleWebKit/537.36 (KHTML, like Gecko) Chrome/83.0.4103.61 Safari/537.36"
65.108.86.92 - - [16/Jul/2026:14:43:20 +0000] "GET /wp-content/uploads/2020/11/122859695_3522331854476625_97245626073722972_o.jpg HTTP/2" 200 435118 "-" "Mozilla/5.0 (X11; Ubuntu; Linux x86_64; rv:72.0) Gecko/20100101 Firefox/72.0"
65.181.111.155 - - [16/Jul/2026:14:50:21 +0000] "POST /wp-cron.php?doing_wp_cron=1784213421.0762619972229003906250 HTTP/2" 200 0 "-" "WordPress/6.9.4; https://naniguide.com"
186.132.17.185 - - [16/Jul/2026:14:50:19 +0000] "GET /place/dinh-ba-thuy-long-thanh-mau/tel:0365810086 HTTP/2" 404 24318 "-" "Mozilla/5.0 (Windows NT 5.1) AppleWebKit/537.36 (KHTML, like Gecko) Chrome/35.0.2309.372 Safari/537.36"
65.181.111.155 - - [16/Jul/2026:14:50:47 +0000] "POST /wp-cron.php?doing_wp_cron=1784213447.9138689041137695312500 HTTP/2" 200 0 "-" "WordPress/6.9.4; https://naniguide.com"
38.248.168.25 - - [16/Jul/2026:14:50:46 +0000] "GET /place/ocsen-beach-bar-club/tel:0365810086 HTTP/2" 404 24326 "-" "Mozilla/5.0 (Macintosh; Intel Mac OS X 10_15_7) AppleWebKit/537.36 (KHTML, like Gecko) Chrome/137.0.0.0 Safari/537.36"
38.248.168.25 - - [16/Jul/2026:14:50:48 +0000] "POST /wp-content/plugins/litespeed-cache/guest.vary.php HTTP/2" 200 20 "https://naniguide.com/place/ocsen-beach-bar-club/tel:0365810086" "Mozilla/5.0 (Macintosh; Intel Mac OS X 10_15_7) AppleWebKit/537.36 (KHTML, like Gecko) Chrome/137.0.0.0 Safari/537.36"
38.248.168.25 - - [16/Jul/2026:14:50:49 +0000] "GET /place/ocsen-beach-bar-club/tel:0365810086 HTTP/2" 404 16363 "https://naniguide.com/place/ocsen-beach-bar-club/tel:0365810086" "Mozilla/5.0 (Macintosh; Intel Mac OS X 10_15_7) AppleWebKit/537.36 (KHTML, like Gecko) Chrome/137.0.0.0 Safari/537.36"
114.119.131.28 - - [16/Jul/2026:14:50:54 +0000] "GET /wp-includes/kses.php HTTP/2" 200 0 "https://naniguide.com/wp-includes/?SD" "Mozilla/5.0 (Linux; Android 7.0;) AppleWebKit/537.36 (HTML, like Gecko) Mobile Safari/537.36 (compatible; PetalBot;+https://webmaster.petalsearch.com/site/petalbot)"
103.131.71.29 - - [16/Jul/2026:14:53:31 +0000] "GET /wp-content/uploads/2020/11/225600952.jpg HTTP/2" 200 166904 "-" "Mozilla/5.0 (compatible; coccocbot-image/1.0; +http://help.coccoc.com/searchengine)"
186.33.44.72 - - [16/Jul/2026:14:49:42 +0000] "GET /wp-content/uploads/2020/11/107521492.jpg HTTP/2" 200 156540 "-" "Mozilla/5.0 (Macintosh; Intel Mac OS X 10_15_7) AppleWebKit/537.36 (KHTML, like Gecko) Chrome/149.0.0.0 Safari/537.36"
114.119.130.99 - - [16/Jul/2026:14:53:09 +0000] "GET /wp-includes/css/classic-themes.css HTTP/2" 200 366 "https://naniguide.com/wp-includes/css/?SD" "Mozilla/5.0 (Linux; Android 7.0;) AppleWebKit/537.36 (HTML, like Gecko) Mobile Safari/537.36 (compatible; PetalBot;+https://webmaster.petalsearch.com/site/petalbot)"
103.131.71.44 - - [16/Jul/2026:14:53:29 +0000] "GET /robots.txt HTTP/2" 304 0 "-" "Mozilla/5.0 (compatible; coccocbot-image/1.0; +http://help.coccoc.com/searchengine)"
114.119.137.230 - - [16/Jul/2026:14:55:26 +0000] "GET /wp-includes/class-wp-customize-control.php HTTP/2" 200 6 "https://naniguide.com/wp-includes/?SD" "Mozilla/5.0 (Linux; Android 7.0;) AppleWebKit/537.36 (HTML, like Gecko) Mobile Safari/537.36 (compatible; PetalBot;+https://webmaster.petalsearch.com/site/petalbot)"
37.27.51.139 - - [16/Jul/2026:14:56:03 +0000] "GET /robots.txt HTTP/2" 304 0 "-" "Mozilla/5.0 (compatible; SERankingBacklinksBot/1.0; +https://seranking.com/backlinks-crawler)"
114.119.128.44 - - [16/Jul/2026:14:57:43 +0000] "GET /wp-includes/js/codemirror/htmlhint.js HTTP/2" 200 5464 "https://naniguide.com/wp-includes/js/codemirror/" "Mozilla/5.0 (Linux; Android 7.0;) AppleWebKit/537.36 (HTML, like Gecko) Mobile Safari/537.36 (compatible; PetalBot;+https://webmaster.petalsearch.com/site/petalbot)"
65.181.111.155 - - [16/Jul/2026:15:10:15 +0000] "POST /wp-cron.php?doing_wp_cron=1784214615.0982370376586914062500 HTTP/2" 200 0 "-" "WordPress/6.9.4; https://naniguide.com"
114.119.136.164 - - [16/Jul/2026:15:07:13 +0000] "GET /wp-includes/style-engine.php HTTP/2" 200 0 "https://naniguide.com/wp-includes/?SD" "Mozilla/5.0 (Linux; Android 7.0;) AppleWebKit/537.36 (HTML, like Gecko) Mobile Safari/537.36 (compatible; PetalBot;+https://webmaster.petalsearch.com/site/petalbot)"
198.89.120.153 - - [16/Jul/2026:15:10:14 +0000] "GET /wp-content/uploads/2020/11/safari-2-540x480.jpg HTTP/2" 200 84570 "https://naniguide.com/?s=&post_type=place&category=ticket&caid=179" "Mozilla/5.0 (Macintosh; Intel Mac OS X 10_15_7) AppleWebKit/537.36 (KHTML, like Gecko) Chrome/131.0.0.0 Safari/537.36"
190.151.143.181 - - [16/Jul/2026:15:10:13 +0000] "GET /place/cho-duong-dong/tel:0365810086 HTTP/2" 404 24341 "-" "Mozilla/5.0 (Windows NT 10.0; WOW64) AppleWebKit/537.36 (KHTML, like Gecko) Chrome/89.0.4389.90 Safari/537.36"
191.237.250.106 - - [16/Jul/2026:15:11:07 +0000] "GET /wp-admin/network/plugins.php HTTP/1.1" 302 0 "-" "-"
65.181.111.155 - - [16/Jul/2026:15:17:31 +0000] "POST /wp-cron.php?doing_wp_cron=1784215050.9923450946807861328125 HTTP/2" 200 0 "-" "WordPress/6.9.4; https://naniguide.com"
114.119.157.190 - - [16/Jul/2026:15:18:22 +0000] "GET /wp-includes/js/jquery/ui/mouse.js HTTP/2" 200 1855 "https://naniguide.com/wp-includes/js/jquery/ui/" "Mozilla/5.0 (Linux; Android 7.0;) AppleWebKit/537.36 (HTML, like Gecko) Mobile Safari/537.36 (compatible; PetalBot;+https://webmaster.petalsearch.com/site/petalbot)"
74.7.227.58 - - [16/Jul/2026:15:15:03 +0000] "GET / HTTP/2" 200 34380 "https://www.ycm.info" "Mozilla/5.0 AppleWebKit/537.36 (KHTML, like Gecko; compatible; GPTBot/1.4; +https://openai.com/gptbot)"
65.181.111.155 - - [16/Jul/2026:15:15:08 +0000] "POST /wp-cron.php?doing_wp_cron=1784214907.9654240608215332031250 HTTP/2" 200 0 "-" "WordPress/6.9.4; https://naniguide.com"
74.7.227.58 - - [16/Jul/2026:15:15:06 +0000] "GET /?caid=159&category=nightlife&post_type=place&s= HTTP/2" 200 24624 "https://naniguide.com/" "Mozilla/5.0 AppleWebKit/537.36 (KHTML, like Gecko; compatible; GPTBot/1.4; +https://openai.com/gptbot)"
74.7.227.58 - - [16/Jul/2026:15:15:09 +0000] "GET /?caid=168&category=shopping&post_type=place&s= HTTP/2" 200 23440 "https://naniguide.com/" "Mozilla/5.0 AppleWebKit/537.36 (KHTML, like Gecko; compatible; GPTBot/1.4; +https://openai.com/gptbot)"
74.7.227.58 - - [16/Jul/2026:15:15:11 +0000] "GET /?caid=170&category=stay&post_type=place&s= HTTP/2" 200 24770 "https://naniguide.com/" "Mozilla/5.0 AppleWebKit/537.36 (KHTML, like Gecko; compatible; GPTBot/1.4; +https://openai.com/gptbot)"
74.7.227.58 - - [16/Jul/2026:15:15:13 +0000] "GET /?caid=133&category=automotive&post_type=place&s= HTTP/2" 200 23218 "https://naniguide.com/" "Mozilla/5.0 AppleWebKit/537.36 (KHTML, like Gecko; compatible; GPTBot/1.4; +https://openai.com/gptbot)"
74.7.227.58 - - [16/Jul/2026:15:15:15 +0000] "GET /?caid=163&category=restaurant&post_type=place&s= HTTP/2" 200 25023 "https://naniguide.com/" "Mozilla/5.0 AppleWebKit/537.36 (KHTML, like Gecko; compatible; GPTBot/1.4; +https://openai.com/gptbot)"
74.7.227.58 - - [16/Jul/2026:15:15:17 +0000] "GET /?caid=180&category=tour&post_type=place&s= HTTP/2" 200 24626 "https://naniguide.com/" "Mozilla/5.0 AppleWebKit/537.36 (KHTML, like Gecko; compatible; GPTBot/1.4; +https://openai.com/gptbot)"
74.7.227.58 - - [16/Jul/2026:15:15:19 +0000] "GET /?caid=179&category=ticket&post_type=place&s= HTTP/2" 200 24017 "https://naniguide.com/" "Mozilla/5.0 AppleWebKit/537.36 (KHTML, like Gecko; compatible; GPTBot/1.4; +https://openai.com/gptbot)"
66.249.73.129 - - [16/Jul/2026:15:17:29 +0000] "GET /pcmypage?callback=product/detail/62256299 HTTP/2" 404 20904 "-" "Mozilla/5.0 (Linux; Android 6.0.1; Nexus 5X Build/MMB29P) AppleWebKit/537.36 (KHTML, like Gecko) Chrome/150.0.7871.124 Mobile Safari/537.36 (compatible; Googlebot/2.1; +http://www.google.com/bot.html)"
65.181.111.155 - - [16/Jul/2026:15:19:13 +0000] "POST /wp-cron.php?doing_wp_cron=1784215153.8996078968048095703125 HTTP/2" 200 0 "-" "WordPress/6.9.4; https://naniguide.com"
202.165.250.231 - - [16/Jul/2026:15:19:12 +0000] "GET /place/bai-khem/tel:0365810086 HTTP/2" 404 24318 "-" "Mozilla/5.0 (Windows NT 10.0; Win64; x64) AppleWebKit/537.36 (KHTML, like Gecko) Chrome/76.0.3790.0 Safari/537.36"
114.119.157.190 - - [16/Jul/2026:15:21:28 +0000] "GET /wp-includes/css/dist/edit-post/style.css HTTP/2" 200 3221 "https://naniguide.com/wp-includes/css/dist/edit-post/?SD" "Mozilla/5.0 (Linux; Android 7.0;) AppleWebKit/537.36 (HTML, like Gecko) Mobile Safari/537.36 (compatible; PetalBot;+https://webmaster.petalsearch.com/site/petalbot)"
65.181.111.155 - - [16/Jul/2026:15:22:06 +0000] "POST /wp-cron.php?doing_wp_cron=1784215326.4010400772094726562500 HTTP/2" 200 0 "-" "WordPress/6.9.4; https://naniguide.com"
65.181.111.155 - - [16/Jul/2026:15:22:50 +0000] "POST /wp-cron.php?doing_wp_cron=1784215370.4530398845672607421875 HTTP/2" 200 0 "-" "WordPress/6.9.4; https://naniguide.com"
178.128.57.200 - - [16/Jul/2026:15:22:48 +0000] "GET /wp-admin/install.php HTTP/2" 200 486 "-" "Mozilla/5.0 (Macintosh; Intel Mac OS X 10_10_1) AppleWebKit/537.36 (KHTML, like Gecko) Chrome/39.0.2171.95 Safari/537.36"
66.249.73.129 - - [16/Jul/2026:15:22:04 +0000] "GET /pcmypage?callback=product/detail/25105011 HTTP/2" 404 20905 "-" "Mozilla/5.0 (Linux; Android 6.0.1; Nexus 5X Build/MMB29P) AppleWebKit/537.36 (KHTML, like Gecko) Chrome/150.0.7871.124 Mobile Safari/537.36 (compatible; Googlebot/2.1; +http://www.google.com/bot.html)"
65.181.111.155 - - [16/Jul/2026:15:23:10 +0000] "POST /wp-cron.php?doing_wp_cron=1784215390.7450730800628662109375 HTTP/2" 200 0 "-" "WordPress/6.9.4; https://naniguide.com"
178.128.57.200 - - [16/Jul/2026:15:23:09 +0000] "GET /wp/wp-admin/install.php HTTP/2" 200 486 "-" "Mozilla/5.0 (Macintosh; Intel Mac OS X 10_10_1) AppleWebKit/537.36 (KHTML, like Gecko) Chrome/39.0.2171.95 Safari/537.36"
178.128.57.200 - - [16/Jul/2026:15:24:22 +0000] "GET /wordpress/wp-admin/install.php HTTP/2" 200 486 "-" "Mozilla/5.0 (Macintosh; Intel Mac OS X 10_10_1) AppleWebKit/537.36 (KHTML, like Gecko) Chrome/39.0.2171.95 Safari/537.36"
178.128.57.200 - - [16/Jul/2026:15:24:47 +0000] "GET /blog/wp-admin/install.php HTTP/2" 200 486 "-" "Mozilla/5.0 (Macintosh; Intel Mac OS X 10_10_1) AppleWebKit/537.36 (KHTML, like Gecko) Chrome/39.0.2171.95 Safari/537.36"
178.128.57.200 - - [16/Jul/2026:15:25:23 +0000] "GET /backup/wp-admin/install.php HTTP/2" 200 486 "-" "Mozilla/5.0 (Macintosh; Intel Mac OS X 10_10_1) AppleWebKit/537.36 (KHTML, like Gecko) Chrome/39.0.2171.95 Safari/537.36"
178.128.57.200 - - [16/Jul/2026:15:25:47 +0000] "GET /site/wp-admin/install.php HTTP/2" 200 486 "-" "Mozilla/5.0 (Macintosh; Intel Mac OS X 10_10_1) AppleWebKit/537.36 (KHTML, like Gecko) Chrome/39.0.2171.95 Safari/537.36"
92.38.50.155 - - [16/Jul/2026:15:26:51 +0000] "GET /place/sao-bien-quan-ham-ninh/tel:0365810086 HTTP/2" 404 24333 "-" "Mozilla/5.0 (Macintosh; Intel Mac OS X 11_2_0) AppleWebKit/537.36 (KHTML, like Gecko) Chrome/88.0.4324.96 Safari/537.36"
65.181.111.155 - - [16/Jul/2026:15:28:08 +0000] "POST /wp-cron.php?doing_wp_cron=1784215688.5009350776672363281250 HTTP/2" 200 0 "-" "WordPress/6.9.4; https://naniguide.com"
66.249.73.131 - - [16/Jul/2026:15:28:06 +0000] "GET /pcmypage?callback=product/detail/99410238 HTTP/2" 404 20907 "-" "Mozilla/5.0 (Linux; Android 6.0.1; Nexus 5X Build/MMB29P) AppleWebKit/537.36 (KHTML, like Gecko) Chrome/150.0.7871.124 Mobile Safari/537.36 (compatible; Googlebot/2.1; +http://www.google.com/bot.html)"
65.181.111.155 - - [16/Jul/2026:15:23:59 +0000] "POST /wp-cron.php?doing_wp_cron=1784215439.0449349880218505859375 HTTP/2" 200 0 "-" "WordPress/6.9.4; https://naniguide.com"
178.128.57.200 - - [16/Jul/2026:15:23:58 +0000] "GET /old/wp-admin/install.php HTTP/2" 200 486 "-" "Mozilla/5.0 (Macintosh; Intel Mac OS X 10_10_1) AppleWebKit/537.36 (KHTML, like Gecko) Chrome/39.0.2171.95 Safari/537.36"
65.181.111.155 - - [16/Jul/2026:15:24:22 +0000] "POST /wp-cron.php?doing_wp_cron=1784215462.7627708911895751953125 HTTP/2" 200 0 "-" "WordPress/6.9.4; https://naniguide.com"
65.181.111.155 - - [16/Jul/2026:15:24:35 +0000] "POST /wp-cron.php?doing_wp_cron=1784215474.9779191017150878906250 HTTP/2" 200 0 "-" "WordPress/6.9.4; https://naniguide.com"
178.128.57.200 - - [16/Jul/2026:15:24:34 +0000] "GET /test/wp-admin/install.php HTTP/2" 200 486 "-" "Mozilla/5.0 (Macintosh; Intel Mac OS X 10_10_1) AppleWebKit/537.36 (KHTML, like Gecko) Chrome/39.0.2171.95 Safari/537.36"
65.181.111.155 - - [16/Jul/2026:15:24:48 +0000] "POST /wp-cron.php?doing_wp_cron=1784215488.1673610210418701171875 HTTP/2" 200 0 "-" "WordPress/6.9.4; https://naniguide.com"
65.181.111.155 - - [16/Jul/2026:15:25:00 +0000] "POST /wp-cron.php?doing_wp_cron=1784215499.9792459011077880859375 HTTP/2" 200 0 "-" "WordPress/6.9.4; https://naniguide.com"
178.128.57.200 - - [16/Jul/2026:15:24:59 +0000] "GET /cms/wp-admin/install.php HTTP/2" 200 486 "-" "Mozilla/5.0 (Macintosh; Intel Mac OS X 10_10_1) AppleWebKit/537.36 (KHTML, like Gecko) Chrome/39.0.2171.95 Safari/537.36"
65.181.111.155 - - [16/Jul/2026:15:25:17 +0000] "POST /wp-cron.php?doing_wp_cron=1784215517.2127950191497802734375 HTTP/2" 200 0 "-" "WordPress/6.9.4; https://naniguide.com"
178.128.57.200 - - [16/Jul/2026:15:25:16 +0000] "GET /web/wp-admin/install.php HTTP/2" 200 486 "-" "Mozilla/5.0 (Macintosh; Intel Mac OS X 10_10_1) AppleWebKit/537.36 (KHTML, like Gecko) Chrome/39.0.2171.95 Safari/537.36"
65.181.111.155 - - [16/Jul/2026:15:25:23 +0000] "POST /wp-cron.php?doing_wp_cron=1784215523.9133799076080322265625 HTTP/2" 200 0 "-" "WordPress/6.9.4; https://naniguide.com"
65.181.111.155 - - [16/Jul/2026:15:25:48 +0000] "POST /wp-cron.php?doing_wp_cron=1784215548.8079319000244140625000 HTTP/2" 200 0 "-" "WordPress/6.9.4; https://naniguide.com"
65.181.111.155 - - [16/Jul/2026:15:25:59 +0000] "POST /wp-cron.php?doing_wp_cron=1784215559.6878759860992431640625 HTTP/2" 200 0 "-" "WordPress/6.9.4; https://naniguide.com"
178.128.57.200 - - [16/Jul/2026:15:25:59 +0000] "GET /oldsite/wp-admin/install.php HTTP/2" 200 486 "-" "Mozilla/5.0 (Macintosh; Intel Mac OS X 10_10_1) AppleWebKit/537.36 (KHTML, like Gecko) Chrome/39.0.2171.95 Safari/537.36"
65.181.111.155 - - [16/Jul/2026:15:26:53 +0000] "POST /wp-cron.php?doing_wp_cron=1784215613.3358950614929199218750 HTTP/2" 200 0 "-" "WordPress/6.9.4; https://naniguide.com"
2a03:2880:18ff:4f:: - - [16/Jul/2026:15:30:13 +0000] "GET /wp-content/uploads/2020/11/TRIP-1-CAU-CA-NGAM-SAN-HO-NAM-DAO-TRIP-1-SNORKELING-FISHING-IN-THE-SOUTH-2.jpg HTTP/2" 200 210132 "-" "meta-externalagent/1.1 (+https://developers.facebook.com/docs/sharing/webmasters/crawler)"
34.11.117.4 - - [16/Jul/2026:15:31:55 +0000] "GET / HTTP/2" 200 34380 "http://naniguide.com" "Mozilla/5.0 (compatible; CMS-Checker/1.0; +https://example.com)"
216.73.217.22 - - [16/Jul/2026:15:42:59 +0000] "GET /robots.txt HTTP/2" 304 0 "-" "Mozilla/5.0 AppleWebKit/537.36 (KHTML, like Gecko; compatible; ClaudeBot/1.0; [email protected])"
65.181.111.155 - - [16/Jul/2026:15:47:20 +0000] "POST /wp-cron.php?doing_wp_cron=1784216840.1502559185028076171875 HTTP/2" 200 0 "-" "WordPress/6.9.4; https://naniguide.com"
114.119.128.39 - - [16/Jul/2026:15:31:29 +0000] "GET /wp-includes/css/dist/block-editor/default-editor-styles.min.css HTTP/2" 200 178 "https://naniguide.com/wp-includes/css/dist/block-editor/?ND" "Mozilla/5.0 (Linux; Android 7.0;) AppleWebKit/537.36 (HTML, like Gecko) Mobile Safari/537.36 (compatible; PetalBot;+https://webmaster.petalsearch.com/site/petalbot)"
129.254.77.11 - - [16/Jul/2026:15:40:41 +0000] "GET /wp-content/uploads/2020/11/122859695_3522331854476625_97245626073722972_o-540x480.jpg HTTP/2" 200 56370 "-" "Mozilla/5.0 (X11; Ubuntu; Linux x86_64; rv:72.0) Gecko/20100101 Firefox/72.0"
2602:fa59:10:10b5::1 - - [16/Jul/2026:15:41:46 +0000] "GET /.git/config HTTP/2" 403 1242 "-" "Mozilla/5.0 (X11; Linux x86_64)"
65.181.111.155 - - [16/Jul/2026:15:43:00 +0000] "POST /wp-cron.php?doing_wp_cron=1784216580.0092980861663818359375 HTTP/2" 200 0 "-" "WordPress/6.9.4; https://naniguide.com"
216.73.217.22 - - [16/Jul/2026:15:42:59 +0000] "GET /sitemap.xml HTTP/2" 301 0 "-" "Mozilla/5.0 AppleWebKit/537.36 (KHTML, like Gecko; compatible; ClaudeBot/1.0; [email protected])"
216.73.217.22 - - [16/Jul/2026:15:43:00 +0000] "GET /sitemap_index.xml HTTP/2" 200 355 "https://naniguide.com/sitemap.xml" "Mozilla/5.0 AppleWebKit/537.36 (KHTML, like Gecko; compatible; ClaudeBot/1.0; [email protected])"
123.253.223.10 - - [16/Jul/2026:15:47:07 +0000] "GET /canh-sac-thanh-binh-yen-a-tai-phu-quoc/ HTTP/2" 200 27710 "-" "Mozilla/5.0 (X11; Linux x86_64) AppleWebKit/537.36 (KHTML, like Gecko) Chrome/150.0.0.0 Safari/537.36"
65.108.81.161 - - [16/Jul/2026:16:00:52 +0000] "GET /wp-content/uploads/2020/11/248000130.jpg HTTP/2" 200 138458 "-" "Mozilla/5.0 (X11; Ubuntu; Linux x86_64; rv:72.0) Gecko/20100101 Firefox/72.0"
65.108.81.161 - - [16/Jul/2026:16:00:53 +0000] "GET /wp-content/uploads/2020/11/201864858.jpg HTTP/2" 200 188844 "-" "Mozilla/5.0 (X11; Ubuntu; Linux x86_64; rv:72.0) Gecko/20100101 Firefox/72.0"
114.119.131.28 - - [16/Jul/2026:15:49:17 +0000] "GET /wp-includes/wp-db.php HTTP/2" 200 0 "https://naniguide.com/wp-includes/?SD" "Mozilla/5.0 (Linux; Android 7.0;) AppleWebKit/537.36 (HTML, like Gecko) Mobile Safari/537.36 (compatible; PetalBot;+https://webmaster.petalsearch.com/site/petalbot)"
65.181.111.155 - - [16/Jul/2026:15:59:31 +0000] "POST /wp-cron.php?doing_wp_cron=1784217571.4015169143676757812500 HTTP/2" 200 0 "-" "WordPress/6.9.4; https://naniguide.com"
181.189.244.251 - - [16/Jul/2026:15:59:28 +0000] "GET /place/ngam-hoang-hon-va-cau-muc-dem/tel:0365810086 HTTP/2" 404 24332 "-" "Mozilla/5.0 (Macintosh; Intel Mac OS X 10_10_5) AppleWebKit/537.36 (KHTML, like Gecko) Chrome/87.0.4280.88 Safari/537.36"
65.108.81.161 - - [16/Jul/2026:16:00:52 +0000] "GET /wp-content/uploads/2020/11/249101928.jpg HTTP/2" 200 202348 "-" "Mozilla/5.0 (X11; Ubuntu; Linux x86_64; rv:72.0) Gecko/20100101 Firefox/72.0"
65.109.162.42 - - [16/Jul/2026:16:03:59 +0000] "GET /wp-content/uploads/2020/11/259475024.jpg HTTP/2" 200 145990 "-" "Mozilla/5.0 (X11; Ubuntu; Linux x86_64; rv:72.0) Gecko/20100101 Firefox/72.0"
82.22.83.75 - - [16/Jul/2026:16:12:14 +0000] "GET /wp-content/uploads/2020/11/123594673_3625554077487972_7220242031823375299_o.jpg HTTP/2" 200 472411 "-" "Mozilla/5.0 (compatible; crawler)"
34.11.117.4 - - [16/Jul/2026:16:13:20 +0000] "GET / HTTP/2" 200 34380 "-" "Mozilla/5.0 (Windows NT 10.0; Win64; x64) AppleWebKit/537.36 (KHTML, like Gecko) Chrome/78.0.3904.108 Safari/537.36"
34.11.117.4 - - [16/Jul/2026:16:13:21 +0000] "GET //wp-includes/wlwmanifest.xml HTTP/2" 404 1251 "-" "Mozilla/5.0 (Windows NT 10.0; Win64; x64) AppleWebKit/537.36 (KHTML, like Gecko) Chrome/78.0.3904.108 Safari/537.36"
34.11.117.4 - - [16/Jul/2026:16:13:21 +0000] "GET //xmlrpc.php?rsd HTTP/2" 403 1242 "-" "Mozilla/5.0 (Windows NT 10.0; Win64; x64) AppleWebKit/537.36 (KHTML, like Gecko) Chrome/78.0.3904.108 Safari/537.36"
34.11.117.4 - - [16/Jul/2026:16:13:21 +0000] "GET / HTTP/2" 200 34380 "-" "Mozilla/5.0 (Windows NT 10.0; Win64; x64) AppleWebKit/537.36 (KHTML, like Gecko) Chrome/78.0.3904.108 Safari/537.36"
34.11.117.4 - - [16/Jul/2026:16:13:21 +0000] "GET //?author=1 HTTP/2" 301 0 "-" "Mozilla/5.0 (Windows NT 10.0; Win64; x64) AppleWebKit/537.36 (KHTML, like Gecko) Chrome/78.0.3904.108 Safari/537.36"
65.181.111.155 - - [16/Jul/2026:16:13:22 +0000] "POST /wp-cron.php?doing_wp_cron=1784218402.4293839931488037109375 HTTP/2" 200 0 "-" "WordPress/6.9.4; https://naniguide.com"
34.11.117.4 - - [16/Jul/2026:16:13:21 +0000] "GET //?author=2 HTTP/2" 301 0 "-" "Mozilla/5.0 (Windows NT 10.0; Win64; x64) AppleWebKit/537.36 (KHTML, like Gecko) Chrome/78.0.3904.108 Safari/537.36"
34.11.117.4 - - [16/Jul/2026:16:13:22 +0000] "GET //wp-json/wp/v2/users/ HTTP/2" 200 754 "-" "Mozilla/5.0 (Windows NT 10.0; Win64; x64) AppleWebKit/537.36 (KHTML, like Gecko) Chrome/78.0.3904.108 Safari/537.36"
34.11.117.4 - - [16/Jul/2026:16:13:24 +0000] "POST //xmlrpc.php HTTP/2" 403 1242 "-" "Mozilla/5.0 (Windows NT 10.0; Win64; x64) AppleWebKit/537.36 (KHTML, like Gecko) Chrome/78.0.3904.108 Safari/537.36"
104.248.144.17 - - [16/Jul/2026:16:15:15 +0000] "GET / HTTP/2" 200 34380 "-" "Mozilla/5.0 (Macintosh; Intel Mac OS X 13_6_1) AppleWebKit/537.36 (KHTML, like Gecko) Chrome/121.0.0.0 Safari/537.36"
104.248.144.17 - - [16/Jul/2026:16:15:32 +0000] "GET / HTTP/2" 200 34380 "-" "Mozilla/5.0 (Windows NT 10.0; Win64; x64) AppleWebKit/537.36 (KHTML, like Gecko) Chrome/119.0.0.0 Safari/537.36"
104.248.144.17 - - [16/Jul/2026:16:15:36 +0000] "GET /wp-admin/ HTTP/1.1" 302 0 "-" "Mozilla/5.0 (Windows NT 10.0; Win64; x64) AppleWebKit/537.36 (KHTML, like Gecko) Chrome/119.0.0.0 Safari/537.36"
104.248.144.17 - - [16/Jul/2026:16:15:41 +0000] "GET / HTTP/2" 200 34380 "-" "Mozilla/5.0 (Windows NT 10.0; Win64; x64) AppleWebKit/537.36 (KHTML, like Gecko) Chrome/119.0.0.0 Safari/537.36"
65.181.111.155 - - [16/Jul/2026:16:19:00 +0000] "POST /wp-cron.php?doing_wp_cron=1784218740.8516631126403808593750 HTTP/2" 200 0 "-" "WordPress/6.9.4; https://naniguide.com"
103.153.174.20 - - [16/Jul/2026:16:18:58 +0000] "GET /author/mrsimple/page/3/ HTTP/2" 404 24322 "-" "Mozilla/5.0 (Windows NT 10.0; Win64; x64) AppleWebKit/537.36 (KHTML, like Gecko) Chrome/146.0.0.0 Safari/537.36"
103.153.174.20 - - [16/Jul/2026:16:19:04 +0000] "POST /wp-content/plugins/litespeed-cache/guest.vary.php HTTP/2" 200 20 "https://naniguide.com/author/mrsimple/page/3/" "Mozilla/5.0 (Windows NT 10.0; Win64; x64) AppleWebKit/537.36 (KHTML, like Gecko) Chrome/146.0.0.0 Safari/537.36"
