66.249.74.43 - - [17/Jul/2026:00:37:25 +0000] "POST /?wc-ajax=get_refreshed_fragments HTTP/1.1" 200 316 "https://gift.naniguide.com/cua-hang/" "Mozilla/5.0 (Linux; Android 6.0.1; Nexus 5X Build/MMB29P) AppleWebKit/537.36 (KHTML, like Gecko) Chrome/150.0.7871.124 Mobile Safari/537.36 (compatible; GoogleOther)"
66.249.74.43 - - [17/Jul/2026:00:37:09 +0000] "GET /wp-content/plugins/elementor/assets/lib/animations/styles/e-animation-grow.min.css?ver=3.32.3 HTTP/1.1" 200 198 "https://gift.naniguide.com/cua-hang/" "Mozilla/5.0 (Linux; Android 6.0.1; Nexus 5X Build/MMB29P) AppleWebKit/537.36 (KHTML, like Gecko) Chrome/150.0.7871.124 Mobile Safari/537.36 (compatible; GoogleOther)"
66.249.74.33 - - [17/Jul/2026:00:37:09 +0000] "GET /wp-content/plugins/kliken-ads-pixel-for-meta/assets/kk-fb-script.js?ver=1.2.2 HTTP/1.1" 200 571 "https://gift.naniguide.com/cua-hang/" "Mozilla/5.0 (Linux; Android 6.0.1; Nexus 5X Build/MMB29P) AppleWebKit/537.36 (KHTML, like Gecko) Chrome/150.0.7871.124 Mobile Safari/537.36 (compatible; GoogleOther)"
66.249.74.43 - - [17/Jul/2026:00:37:10 +0000] "GET /wp-content/plugins/elementor-pro/assets/css/widget-woocommerce-products-archive.min.css?ver=3.32.2 HTTP/1.1" 200 184 "https://gift.naniguide.com/cua-hang/" "Mozilla/5.0 (Linux; Android 6.0.1; Nexus 5X Build/MMB29P) AppleWebKit/537.36 (KHTML, like Gecko) Chrome/150.0.7871.124 Mobile Safari/537.36 (compatible; GoogleOther)"
66.249.74.43 - - [17/Jul/2026:00:37:11 +0000] "GET /wp-content/uploads/elementor/css/post-28.css?ver=1783296000 HTTP/1.1" 200 2748 "https://gift.naniguide.com/cua-hang/" "Mozilla/5.0 (Linux; Android 6.0.1; Nexus 5X Build/MMB29P) AppleWebKit/537.36 (KHTML, like Gecko) Chrome/150.0.7871.124 Mobile Safari/537.36 (compatible; GoogleOther)"
66.249.74.43 - - [17/Jul/2026:00:37:12 +0000] "GET /wp-content/plugins/elementor-pro/assets/css/widget-form.min.css?ver=3.32.2 HTTP/1.1" 200 1408 "https://gift.naniguide.com/cua-hang/" "Mozilla/5.0 (Linux; Android 6.0.1; Nexus 5X Build/MMB29P) AppleWebKit/537.36 (KHTML, like Gecko) Chrome/150.0.7871.124 Mobile Safari/537.36 (compatible; GoogleOther)"
66.249.74.43 - - [17/Jul/2026:00:37:13 +0000] "GET /wp-content/plugins/elementor/assets/css/widget-image-box.min.css?ver=3.32.3 HTTP/1.1" 200 308 "https://gift.naniguide.com/cua-hang/" "Mozilla/5.0 (Linux; Android 6.0.1; Nexus 5X Build/MMB29P) AppleWebKit/537.36 (KHTML, like Gecko) Chrome/150.0.7871.124 Mobile Safari/537.36 (compatible; GoogleOther)"
66.249.74.43 - - [17/Jul/2026:00:37:15 +0000] "GET /wp-content/plugins/elementor/assets/lib/animations/styles/fadeInDown.min.css?ver=3.32.3 HTTP/1.1" 200 137 "https://gift.naniguide.com/cua-hang/" "Mozilla/5.0 (Linux; Android 6.0.1; Nexus 5X Build/MMB29P) AppleWebKit/537.36 (KHTML, like Gecko) Chrome/150.0.7871.124 Mobile Safari/537.36 (compatible; GoogleOther)"
66.249.74.43 - - [17/Jul/2026:00:37:16 +0000] "GET /wp-content/plugins/elementor/assets/js/webpack.runtime.min.js?ver=3.32.3 HTTP/1.1" 200 2320 "https://gift.naniguide.com/cua-hang/" "Mozilla/5.0 (Linux; Android 6.0.1; Nexus 5X Build/MMB29P) AppleWebKit/537.36 (KHTML, like Gecko) Chrome/150.0.7871.124 Mobile Safari/537.36 (compatible; GoogleOther)"
66.249.74.43 - - [17/Jul/2026:00:37:18 +0000] "GET /wp-content/plugins/elementor/assets/css/widget-heading.min.css?ver=3.32.3 HTTP/1.1" 200 154 "https://gift.naniguide.com/cua-hang/" "Mozilla/5.0 (Linux; Android 6.0.1; Nexus 5X Build/MMB29P) AppleWebKit/537.36 (KHTML, like Gecko) Chrome/150.0.7871.124 Mobile Safari/537.36 (compatible; GoogleOther)"
66.249.74.43 - - [17/Jul/2026:00:37:18 +0000] "GET /wp-content/themes/hello-elementor/assets/js/hello-frontend.js?ver=3.4.4 HTTP/1.1" 200 496 "https://gift.naniguide.com/cua-hang/" "Mozilla/5.0 (Linux; Android 6.0.1; Nexus 5X Build/MMB29P) AppleWebKit/537.36 (KHTML, like Gecko) Chrome/150.0.7871.124 Mobile Safari/537.36 (compatible; GoogleOther)"
65.181.111.155 - - [17/Jul/2026:00:37:48 +0000] "POST /wp-cron.php?doing_wp_cron=1784248668.2050290107727050781250 HTTP/1.1" 200 0 "-" "WordPress/7.0.1; https://gift.naniguide.com"
65.181.111.155 - - [17/Jul/2026:00:38:57 +0000] "POST /wp-cron.php?doing_wp_cron=1784248737.5628929138183593750000 HTTP/1.1" 200 0 "-" "WordPress/7.0.1; https://gift.naniguide.com"
65.181.111.155 - - [17/Jul/2026:00:43:05 +0000] "POST /wp-cron.php?doing_wp_cron=1784248985.8751659393310546875000 HTTP/1.1" 200 0 "-" "WordPress/7.0.1; https://gift.naniguide.com"
216.73.217.22 - - [17/Jul/2026:00:45:03 +0000] "GET /robots.txt HTTP/2" 200 216 "-" "Mozilla/5.0 AppleWebKit/537.36 (KHTML, like Gecko; compatible; ClaudeBot/1.0; [email protected])"
216.73.217.22 - - [17/Jul/2026:00:45:06 +0000] "GET /ru/sitemap_index.xml HTTP/2" 200 318 "-" "Mozilla/5.0 AppleWebKit/537.36 (KHTML, like Gecko; compatible; ClaudeBot/1.0; [email protected])"
216.73.217.22 - - [17/Jul/2026:00:47:29 +0000] "GET /news-sitemap.xml HTTP/2" 200 289 "-" "Mozilla/5.0 AppleWebKit/537.36 (KHTML, like Gecko; compatible; ClaudeBot/1.0; [email protected])"
65.181.111.155 - - [17/Jul/2026:00:48:06 +0000] "POST /wp-cron.php?doing_wp_cron=1784249286.6839840412139892578125 HTTP/1.1" 200 0 "-" "WordPress/7.0.1; https://gift.naniguide.com"
216.73.217.22 - - [17/Jul/2026:00:49:45 +0000] "GET /cn/sitemap_index.xml HTTP/2" 200 338 "-" "Mozilla/5.0 AppleWebKit/537.36 (KHTML, like Gecko; compatible; ClaudeBot/1.0; [email protected])"
66.249.74.43 - - [17/Jul/2026:00:37:26 +0000] "GET /wp-content/plugins/elementor-pro/assets/js/popup.f7b15b2ca565b152bf98.bundle.min.js HTTP/1.1" 200 394 "https://gift.naniguide.com/cua-hang/" "Mozilla/5.0 (Linux; Android 6.0.1; Nexus 5X Build/MMB29P) AppleWebKit/537.36 (KHTML, like Gecko) Chrome/150.0.7871.124 Mobile Safari/537.36 (compatible; GoogleOther)"
66.249.74.43 - - [17/Jul/2026:00:37:27 +0000] "GET /wp-content/plugins/elementor/assets/js/text-editor.abc8f59c62f2820dc25a.bundle.min.js HTTP/1.1" 200 618 "https://gift.naniguide.com/cua-hang/" "Mozilla/5.0 (Linux; Android 6.0.1; Nexus 5X Build/MMB29P) AppleWebKit/537.36 (KHTML, like Gecko) Chrome/150.0.7871.124 Mobile Safari/537.36 (compatible; GoogleOther)"
66.249.74.43 - - [17/Jul/2026:00:37:28 +0000] "POST /wp-admin/admin-ajax.php HTTP/1.1" 200 766 "https://gift.naniguide.com/cua-hang/" "Mozilla/5.0 (Linux; Android 6.0.1; Nexus 5X Build/MMB29P) AppleWebKit/537.36 (KHTML, like Gecko) Chrome/150.0.7871.124 Mobile Safari/537.36 (compatible; GoogleOther)"
66.249.74.43 - - [17/Jul/2026:00:37:31 +0000] "POST /wp-admin/admin-ajax.php HTTP/1.1" 200 766 "https://gift.naniguide.com/cua-hang/" "Mozilla/5.0 (Linux; Android 6.0.1; Nexus 5X Build/MMB29P) AppleWebKit/537.36 (KHTML, like Gecko) Chrome/150.0.7871.124 Mobile Safari/537.36 (compatible; GoogleOther)"
66.249.74.43 - - [17/Jul/2026:00:37:35 +0000] "POST /wp-admin/admin-ajax.php HTTP/1.1" 200 0 "https://gift.naniguide.com/cua-hang/" "Mozilla/5.0 (Linux; Android 6.0.1; Nexus 5X Build/MMB29P) AppleWebKit/537.36 (KHTML, like Gecko) Chrome/150.0.7871.124 Mobile Safari/537.36 (compatible; GoogleOther)"
192.0.84.117 - - [17/Jul/2026:00:38:08 +0000] "HEAD / HTTP/1.1" 200 0 "-" "jetmon/1.0 (Jetpack Site Uptime Monitor by WordPress.com)"
54.80.241.33 - ck_831fe10649ecdda547684cea446490e20c1ad07a [17/Jul/2026:00:38:53 +0000] "GET /wp-json/wc/v2/orders?after=2026-07-15T00%3a38%3a38&before=2026-07-18T00%3a38%3a53&page=1&per_page=100 HTTP/1.1" 200 22 "-" "RestSharp/106.15.0.0"
54.80.241.33 - ck_831fe10649ecdda547684cea446490e20c1ad07a [17/Jul/2026:00:38:57 +0000] "GET /wp-json/wc-kliken/v1/orders/modified?after=2026-07-15T00%3a38%3a38&before=2026-07-18T00%3a38%3a53&page=1&per_page=100 HTTP/1.1" 200 22 "-" "RestSharp/106.15.0.0"
192.0.84.117 - - [17/Jul/2026:00:43:03 +0000] "HEAD / HTTP/1.1" 200 0 "-" "jetmon/1.0 (Jetpack Site Uptime Monitor by WordPress.com)"
65.181.111.155 - - [17/Jul/2026:00:45:06 +0000] "POST /wp-cron.php?doing_wp_cron=1784249106.0903489589691162109375 HTTP/1.1" 200 0 "-" "WordPress/7.0.1; https://gift.naniguide.com"
65.181.111.155 - - [17/Jul/2026:00:45:10 +0000] "POST /ru/wp-cron.php?doing_wp_cron=1784249109.9762980937957763671875 HTTP/1.1" 200 0 "-" "WordPress/7.0.1; https://gift.naniguide.com/ru"
65.181.111.155 - - [17/Jul/2026:00:47:31 +0000] "POST /wp-cron.php?doing_wp_cron=1784249251.3627629280090332031250 HTTP/1.1" 200 0 "-" "WordPress/7.0.1; https://gift.naniguide.com"
192.0.84.117 - - [17/Jul/2026:00:48:03 +0000] "HEAD / HTTP/1.1" 200 0 "-" "jetmon/1.0 (Jetpack Site Uptime Monitor by WordPress.com)"
65.181.111.155 - - [17/Jul/2026:00:49:48 +0000] "POST /cn/wp-cron.php?doing_wp_cron=1784249388.3617939949035644531250 HTTP/1.1" 200 0 "-" "WordPress/7.0.1; https://gift.naniguide.com/cn"
65.181.111.155 - - [17/Jul/2026:00:53:06 +0000] "POST /wp-cron.php?doing_wp_cron=1784249586.1703128814697265625000 HTTP/1.1" 200 0 "-" "WordPress/7.0.1; https://gift.naniguide.com"
192.0.84.117 - - [17/Jul/2026:00:53:02 +0000] "HEAD / HTTP/1.1" 200 0 "-" "jetmon/1.0 (Jetpack Site Uptime Monitor by WordPress.com)"
216.73.217.22 - - [17/Jul/2026:00:53:05 +0000] "GET /sitemap_index.xml HTTP/2" 200 292 "-" "Mozilla/5.0 AppleWebKit/537.36 (KHTML, like Gecko; compatible; ClaudeBot/1.0; [email protected])"
65.181.111.155 - - [17/Jul/2026:00:53:50 +0000] "POST /en/wp-cron.php?doing_wp_cron=1784249630.5863060951232910156250 HTTP/1.1" 200 0 "-" "WordPress/7.0.1; https://gift.naniguide.com/en"
65.181.111.155 - - [17/Jul/2026:00:55:53 +0000] "POST /ru/wp-cron.php?doing_wp_cron=1784249753.0750880241394042968750 HTTP/1.1" 200 0 "-" "WordPress/7.0.1; https://gift.naniguide.com/ru"
57.141.0.16 - - [17/Jul/2026:00:55:50 +0000] "GET /ru/post-sitemap.xml HTTP/2" 200 744 "-" "Mozilla/5.0 (Windows NT 10.0; Win64; x64) AppleWebKit/537.36 (KHTML, like Gecko) Chrome/145.0.0.0 Safari/537.36 (compatible; meta-externalagent/1.1 (+https://developers.facebook.com/docs/sharing/webmasters/crawler))"
216.73.217.22 - - [17/Jul/2026:00:56:17 +0000] "GET /kr/sitemap_index.xml HTTP/2" 200 342 "-" "Mozilla/5.0 AppleWebKit/537.36 (KHTML, like Gecko; compatible; ClaudeBot/1.0; [email protected])"
216.73.217.22 - - [17/Jul/2026:00:56:32 +0000] "GET /sitemap.xml HTTP/2" 200 276 "-" "Mozilla/5.0 AppleWebKit/537.36 (KHTML, like Gecko; compatible; ClaudeBot/1.0; [email protected])"
192.0.84.117 - - [17/Jul/2026:00:58:02 +0000] "HEAD / HTTP/1.1" 200 0 "-" "jetmon/1.0 (Jetpack Site Uptime Monitor by WordPress.com)"
65.181.111.155 - - [17/Jul/2026:01:08:08 +0000] "POST /wp-cron.php?doing_wp_cron=1784250488.7839329242706298828125 HTTP/1.1" 200 0 "-" "WordPress/7.0.1; https://gift.naniguide.com"
216.73.217.22 - - [17/Jul/2026:00:53:46 +0000] "GET /en/sitemap_index.xml HTTP/2" 200 296 "-" "Mozilla/5.0 AppleWebKit/537.36 (KHTML, like Gecko; compatible; ClaudeBot/1.0; [email protected])"
65.181.111.155 - - [17/Jul/2026:00:56:22 +0000] "POST /kr/wp-cron.php?doing_wp_cron=1784249782.2910640239715576171875 HTTP/1.1" 200 0 "-" "WordPress/7.0.1; https://gift.naniguide.com/kr"
65.181.111.155 - - [17/Jul/2026:00:56:35 +0000] "POST /wp-cron.php?doing_wp_cron=1784249795.4655699729919433593750 HTTP/1.1" 200 0 "-" "WordPress/7.0.1; https://gift.naniguide.com"
65.181.111.155 - - [17/Jul/2026:00:58:06 +0000] "POST /wp-cron.php?doing_wp_cron=1784249886.1230928897857666015625 HTTP/1.1" 200 0 "-" "WordPress/7.0.1; https://gift.naniguide.com"
65.181.111.155 - - [17/Jul/2026:01:01:32 +0000] "POST /cn/wp-cron.php?doing_wp_cron=1784250091.9249470233917236328125 HTTP/1.1" 200 0 "-" "WordPress/7.0.1; https://gift.naniguide.com/cn"
57.141.0.14 - - [17/Jul/2026:01:01:23 +0000] "GET /cn/sitemap_index.xml HTTP/2" 200 1080 "-" "Mozilla/5.0 (Windows NT 10.0; Win64; x64) AppleWebKit/537.36 (KHTML, like Gecko) Chrome/145.0.0.0 Safari/537.36 (compatible; meta-externalagent/1.1 (+https://developers.facebook.com/docs/sharing/webmasters/crawler))"
65.181.111.155 - - [17/Jul/2026:01:03:07 +0000] "POST /wp-cron.php?doing_wp_cron=1784250186.9796080589294433593750 HTTP/1.1" 200 0 "-" "WordPress/7.0.1; https://gift.naniguide.com"
192.0.84.117 - - [17/Jul/2026:01:03:04 +0000] "HEAD / HTTP/1.1" 200 0 "-" "jetmon/1.0 (Jetpack Site Uptime Monitor by WordPress.com)"
192.0.84.117 - - [17/Jul/2026:01:08:05 +0000] "HEAD / HTTP/1.1" 200 0 "-" "jetmon/1.0 (Jetpack Site Uptime Monitor by WordPress.com)"