65.181.111.155 - - [16/Jul/2026:19:28:08 +0000] "POST /wp-cron.php?doing_wp_cron=1784230088.3793890476226806640625 HTTP/1.1" 200 0 "-" "WordPress/7.0.1; https://gift.naniguide.com"
65.181.111.155 - - [16/Jul/2026:19:33:04 +0000] "POST /wp-cron.php?doing_wp_cron=1784230384.7259891033172607421875 HTTP/1.1" 200 0 "-" "WordPress/7.0.1; https://gift.naniguide.com"
65.181.111.155 - - [16/Jul/2026:19:43:04 +0000] "POST /wp-cron.php?doing_wp_cron=1784230984.2664499282836914062500 HTTP/1.1" 200 0 "-" "WordPress/7.0.1; https://gift.naniguide.com"
192.0.84.117 - - [16/Jul/2026:19:43:03 +0000] "HEAD / HTTP/1.1" 200 0 "-" "jetmon/1.0 (Jetpack Site Uptime Monitor by WordPress.com)"
192.0.84.117 - - [16/Jul/2026:19:33:03 +0000] "HEAD / HTTP/1.1" 200 0 "-" "jetmon/1.0 (Jetpack Site Uptime Monitor by WordPress.com)"
65.181.111.155 - - [16/Jul/2026:19:38:09 +0000] "POST /wp-cron.php?doing_wp_cron=1784230689.5648500919342041015625 HTTP/1.1" 200 0 "-" "WordPress/7.0.1; https://gift.naniguide.com"
192.0.84.117 - - [16/Jul/2026:19:38:08 +0000] "HEAD / HTTP/1.1" 200 0 "-" "jetmon/1.0 (Jetpack Site Uptime Monitor by WordPress.com)"
65.181.111.155 - - [16/Jul/2026:19:48:06 +0000] "POST /wp-cron.php?doing_wp_cron=1784231286.6001329421997070312500 HTTP/1.1" 200 0 "-" "WordPress/7.0.1; https://gift.naniguide.com"
192.0.84.117 - - [16/Jul/2026:19:53:02 +0000] "HEAD / HTTP/1.1" 200 0 "-" "jetmon/1.0 (Jetpack Site Uptime Monitor by WordPress.com)"
65.181.111.155 - - [16/Jul/2026:19:58:14 +0000] "POST /wp-cron.php?doing_wp_cron=1784231894.6719911098480224609375 HTTP/1.1" 200 0 "-" "WordPress/7.0.1; https://gift.naniguide.com"
192.0.84.117 - - [16/Jul/2026:19:58:09 +0000] "HEAD / HTTP/1.1" 200 0 "-" "jetmon/1.0 (Jetpack Site Uptime Monitor by WordPress.com)"
192.0.84.117 - - [16/Jul/2026:19:48:05 +0000] "HEAD / HTTP/1.1" 200 0 "-" "jetmon/1.0 (Jetpack Site Uptime Monitor by WordPress.com)"
65.181.111.155 - - [16/Jul/2026:19:53:04 +0000] "POST /wp-cron.php?doing_wp_cron=1784231584.0015120506286621093750 HTTP/1.1" 200 0 "-" "WordPress/7.0.1; https://gift.naniguide.com"
65.181.111.155 - - [16/Jul/2026:20:08:11 +0000] "POST /wp-cron.php?doing_wp_cron=1784232491.4881169795989990234375 HTTP/1.1" 200 0 "-" "WordPress/7.0.1; https://gift.naniguide.com"
192.0.84.117 - - [16/Jul/2026:20:08:10 +0000] "HEAD / HTTP/1.1" 200 0 "-" "jetmon/1.0 (Jetpack Site Uptime Monitor by WordPress.com)"
192.0.84.117 - - [16/Jul/2026:20:13:04 +0000] "HEAD / HTTP/1.1" 200 0 "-" "jetmon/1.0 (Jetpack Site Uptime Monitor by WordPress.com)"
65.181.111.155 - - [16/Jul/2026:20:18:08 +0000] "POST /wp-cron.php?doing_wp_cron=1784233088.7901151180267333984375 HTTP/1.1" 200 0 "-" "WordPress/7.0.1; https://gift.naniguide.com"
65.181.111.155 - - [16/Jul/2026:20:03:04 +0000] "POST /wp-cron.php?doing_wp_cron=1784232184.5624461174011230468750 HTTP/1.1" 200 0 "-" "WordPress/7.0.1; https://gift.naniguide.com"
192.0.84.117 - - [16/Jul/2026:20:03:03 +0000] "HEAD / HTTP/1.1" 200 0 "-" "jetmon/1.0 (Jetpack Site Uptime Monitor by WordPress.com)"
65.181.111.155 - - [16/Jul/2026:20:13:05 +0000] "POST /wp-cron.php?doing_wp_cron=1784232785.0960690975189208984375 HTTP/1.1" 200 0 "-" "WordPress/7.0.1; https://gift.naniguide.com"
192.0.84.117 - - [16/Jul/2026:20:18:08 +0000] "HEAD / HTTP/1.1" 200 0 "-" "jetmon/1.0 (Jetpack Site Uptime Monitor by WordPress.com)"
65.181.111.155 - - [16/Jul/2026:20:23:08 +0000] "POST /wp-cron.php?doing_wp_cron=1784233388.8201839923858642578125 HTTP/1.1" 200 0 "-" "WordPress/7.0.1; https://gift.naniguide.com"
192.0.84.117 - - [16/Jul/2026:20:23:07 +0000] "HEAD / HTTP/1.1" 200 0 "-" "jetmon/1.0 (Jetpack Site Uptime Monitor by WordPress.com)"
57.141.0.68 - - [16/Jul/2026:20:26:23 +0000] "GET /line1-png/ HTTP/2" 301 0 "-" "Mozilla/5.0 (X11; Linux x86_64) AppleWebKit/537.36 (KHTML, like Gecko) Chrome/145.0.0.0 Safari/537.36 (compatible; meta-externalagent/1.1 (+https://developers.facebook.com/docs/sharing/webmasters/crawler))"
65.181.111.155 - - [16/Jul/2026:20:28:06 +0000] "POST /wp-cron.php?doing_wp_cron=1784233686.5753560066223144531250 HTTP/1.1" 200 0 "-" "WordPress/7.0.1; https://gift.naniguide.com"
192.0.84.117 - - [16/Jul/2026:20:28:05 +0000] "HEAD / HTTP/1.1" 200 0 "-" "jetmon/1.0 (Jetpack Site Uptime Monitor by WordPress.com)"
65.181.111.155 - - [16/Jul/2026:20:26:24 +0000] "POST /wp-cron.php?doing_wp_cron=1784233584.1211869716644287109375 HTTP/1.1" 200 0 "-" "WordPress/7.0.1; https://gift.naniguide.com"
65.181.111.155 - - [16/Jul/2026:20:33:04 +0000] "POST /wp-cron.php?doing_wp_cron=1784233984.2960720062255859375000 HTTP/1.1" 200 0 "-" "WordPress/7.0.1; https://gift.naniguide.com"
192.0.84.117 - - [16/Jul/2026:20:33:01 +0000] "HEAD / HTTP/1.1" 200 0 "-" "jetmon/1.0 (Jetpack Site Uptime Monitor by WordPress.com)"
65.181.111.155 - - [16/Jul/2026:20:38:11 +0000] "POST /wp-cron.php?doing_wp_cron=1784234291.4338378906250000000000 HTTP/1.1" 200 0 "-" "WordPress/7.0.1; https://gift.naniguide.com"
192.0.84.117 - - [16/Jul/2026:20:38:07 +0000] "HEAD / HTTP/1.1" 200 0 "-" "jetmon/1.0 (Jetpack Site Uptime Monitor by WordPress.com)"
57.141.0.55 - - [16/Jul/2026:20:38:31 +0000] "GET /basil2-png/ HTTP/2" 301 0 "-" "Mozilla/5.0 (X11; Linux x86_64) AppleWebKit/537.36 (KHTML, like Gecko) Chrome/145.0.0.0 Safari/537.36 (compatible; meta-externalagent/1.1 (+https://developers.facebook.com/docs/sharing/webmasters/crawler))"
65.181.111.155 - - [16/Jul/2026:20:43:10 +0000] "POST /wp-cron.php?doing_wp_cron=1784234590.0355920791625976562500 HTTP/1.1" 200 0 "-" "WordPress/7.0.1; https://gift.naniguide.com"
192.0.84.117 - - [16/Jul/2026:20:43:04 +0000] "HEAD / HTTP/1.1" 200 0 "-" "jetmon/1.0 (Jetpack Site Uptime Monitor by WordPress.com)"
65.181.111.155 - - [16/Jul/2026:20:44:00 +0000] "POST /cn/wp-cron.php?doing_wp_cron=1784234640.8135929107666015625000 HTTP/1.1" 200 0 "-" "WordPress/7.0.1; https://gift.naniguide.com/cn"
57.141.0.14 - - [16/Jul/2026:20:43:58 +0000] "GET /cn/post-sitemap.xml HTTP/2" 200 744 "-" "Mozilla/5.0 (Macintosh; Intel Mac OS X 10_15_7) AppleWebKit/537.36 (KHTML, like Gecko) Chrome/145.0.0.0 Safari/537.36 (compatible; meta-externalagent/1.1 (+https://developers.facebook.com/docs/sharing/webmasters/crawler))"
216.73.217.22 - - [16/Jul/2026:20:46:26 +0000] "GET /robots.txt HTTP/2" 200 216 "-" "Mozilla/5.0 AppleWebKit/537.36 (KHTML, like Gecko; compatible; ClaudeBot/1.0; [email protected])"
216.73.217.22 - - [16/Jul/2026:20:46:29 +0000] "GET /news-sitemap.xml HTTP/2" 200 289 "-" "Mozilla/5.0 AppleWebKit/537.36 (KHTML, like Gecko; compatible; ClaudeBot/1.0; [email protected])"
216.73.217.22 - - [16/Jul/2026:20:46:30 +0000] "GET /sitemap_index.xml HTTP/2" 200 292 "-" "Mozilla/5.0 AppleWebKit/537.36 (KHTML, like Gecko; compatible; ClaudeBot/1.0; [email protected])"
216.73.217.22 - - [16/Jul/2026:20:47:28 +0000] "GET /kr/sitemap_index.xml HTTP/2" 200 342 "-" "Mozilla/5.0 AppleWebKit/537.36 (KHTML, like Gecko; compatible; ClaudeBot/1.0; [email protected])"
65.181.111.155 - - [16/Jul/2026:20:48:05 +0000] "POST /wp-cron.php?doing_wp_cron=1784234885.5860359668731689453125 HTTP/1.1" 200 0 "-" "WordPress/7.0.1; https://gift.naniguide.com"
192.0.84.117 - - [16/Jul/2026:20:48:04 +0000] "HEAD / HTTP/1.1" 200 0 "-" "jetmon/1.0 (Jetpack Site Uptime Monitor by WordPress.com)"
216.73.217.22 - - [16/Jul/2026:20:48:33 +0000] "GET /en/sitemap_index.xml HTTP/2" 200 296 "-" "Mozilla/5.0 AppleWebKit/537.36 (KHTML, like Gecko; compatible; ClaudeBot/1.0; [email protected])"
65.181.111.155 - - [16/Jul/2026:20:48:48 +0000] "POST /ru/wp-cron.php?doing_wp_cron=1784234928.2762610912322998046875 HTTP/1.1" 200 0 "-" "WordPress/7.0.1; https://gift.naniguide.com/ru"
216.73.217.22 - - [16/Jul/2026:20:48:46 +0000] "GET /ru/sitemap_index.xml HTTP/2" 200 318 "-" "Mozilla/5.0 AppleWebKit/537.36 (KHTML, like Gecko; compatible; ClaudeBot/1.0; [email protected])"
65.181.111.155 - - [16/Jul/2026:20:50:37 +0000] "POST /cn/wp-cron.php?doing_wp_cron=1784235037.2369320392608642578125 HTTP/1.1" 200 0 "-" "WordPress/7.0.1; https://gift.naniguide.com/cn"
65.181.111.155 - - [16/Jul/2026:20:46:29 +0000] "POST /wp-cron.php?doing_wp_cron=1784234789.1245439052581787109375 HTTP/1.1" 200 0 "-" "WordPress/7.0.1; https://gift.naniguide.com"
65.181.111.155 - - [16/Jul/2026:20:47:29 +0000] "POST /kr/wp-cron.php?doing_wp_cron=1784234849.4671380519866943359375 HTTP/1.1" 200 0 "-" "WordPress/7.0.1; https://gift.naniguide.com/kr"
65.181.111.155 - - [16/Jul/2026:20:48:35 +0000] "POST /en/wp-cron.php?doing_wp_cron=1784234915.8067259788513183593750 HTTP/1.1" 200 0 "-" "WordPress/7.0.1; https://gift.naniguide.com/en"
216.73.217.22 - - [16/Jul/2026:20:50:36 +0000] "GET /cn/sitemap_index.xml HTTP/2" 200 338 "-" "Mozilla/5.0 AppleWebKit/537.36 (KHTML, like Gecko; compatible; ClaudeBot/1.0; [email protected])"
65.181.111.155 - - [16/Jul/2026:20:53:03 +0000] "POST /wp-cron.php?doing_wp_cron=1784235183.2896859645843505859375 HTTP/1.1" 200 0 "-" "WordPress/7.0.1; https://gift.naniguide.com"
216.73.217.22 - - [16/Jul/2026:20:53:28 +0000] "GET /sitemap.xml HTTP/2" 200 276 "-" "Mozilla/5.0 AppleWebKit/537.36 (KHTML, like Gecko; compatible; ClaudeBot/1.0; [email protected])"
65.181.111.155 - - [16/Jul/2026:20:58:08 +0000] "POST /wp-cron.php?doing_wp_cron=1784235488.4966409206390380859375 HTTP/1.1" 200 0 "-" "WordPress/7.0.1; https://gift.naniguide.com"
192.0.84.117 - - [16/Jul/2026:20:58:07 +0000] "HEAD / HTTP/1.1" 200 0 "-" "jetmon/1.0 (Jetpack Site Uptime Monitor by WordPress.com)"
192.0.84.117 - - [16/Jul/2026:20:53:01 +0000] "HEAD / HTTP/1.1" 200 0 "-" "jetmon/1.0 (Jetpack Site Uptime Monitor by WordPress.com)"
65.181.111.155 - - [16/Jul/2026:20:53:30 +0000] "POST /wp-cron.php?doing_wp_cron=1784235210.5518569946289062500000 HTTP/1.1" 200 0 "-" "WordPress/7.0.1; https://gift.naniguide.com"
65.181.111.155 - - [16/Jul/2026:21:00:20 +0000] "POST /wp-cron.php?doing_wp_cron=1784235620.7314260005950927734375 HTTP/1.1" 200 0 "-" "WordPress/7.0.1; https://gift.naniguide.com"
66.249.74.32 - - [16/Jul/2026:21:00:18 +0000] "GET /san-pham/dich-vu-khac-anh-chan-dung-tren-la-tinh-te-doc-quyen-sang-trong/ HTTP/1.1" 200 27561 "-" "Mozilla/5.0 (Linux; Android 6.0.1; Nexus 5X Build/MMB29P) AppleWebKit/537.36 (KHTML, like Gecko) Chrome/150.0.7871.124 Mobile Safari/537.36 (compatible; GoogleOther)"
65.181.111.155 - - [16/Jul/2026:21:03:05 +0000] "POST /wp-cron.php?doing_wp_cron=1784235785.6004800796508789062500 HTTP/1.1" 200 0 "-" "WordPress/7.0.1; https://gift.naniguide.com"
192.0.84.117 - - [16/Jul/2026:21:03:04 +0000] "HEAD / HTTP/1.1" 200 0 "-" "jetmon/1.0 (Jetpack Site Uptime Monitor by WordPress.com)"
66.249.74.43 - - [16/Jul/2026:21:03:30 +0000] "GET /wp-content/plugins/elementor-pro/assets/css/modules/sticky.min.css?ver=3.32.2 HTTP/1.1" 200 162 "https://gift.naniguide.com/san-pham/dich-vu-khac-anh-chan-dung-tren-la-tinh-te-doc-quyen-sang-trong/" "Mozilla/5.0 (Linux; Android 6.0.1; Nexus 5X Build/MMB29P) AppleWebKit/537.36 (KHTML, like Gecko) Chrome/150.0.7871.124 Mobile Safari/537.36 (compatible; GoogleOther)"
66.249.74.33 - - [16/Jul/2026:21:03:30 +0000] "GET /wp-content/plugins/elementor-pro/assets/css/widget-nav-menu.min.css?ver=3.32.2 HTTP/1.1" 200 3244 "https://gift.naniguide.com/san-pham/dich-vu-khac-anh-chan-dung-tren-la-tinh-te-doc-quyen-sang-trong/" "Mozilla/5.0 (Linux; Android 6.0.1; Nexus 5X Build/MMB29P) AppleWebKit/537.36 (KHTML, like Gecko) Chrome/150.0.7871.124 Mobile Safari/537.36 (compatible; GoogleOther)"
66.249.74.43 - - [16/Jul/2026:21:03:36 +0000] "GET /wp-content/uploads/elementor/css/post-43.css?ver=1783296000 HTTP/1.1" 200 2805 "https://gift.naniguide.com/san-pham/dich-vu-khac-anh-chan-dung-tren-la-tinh-te-doc-quyen-sang-trong/" "Mozilla/5.0 (Linux; Android 6.0.1; Nexus 5X Build/MMB29P) AppleWebKit/537.36 (KHTML, like Gecko) Chrome/150.0.7871.124 Mobile Safari/537.36 (compatible; GoogleOther)"
66.249.74.43 - - [16/Jul/2026:21:03:38 +0000] "GET /wp-content/plugins/elementor/assets/css/widget-image-box.min.css?ver=3.32.3 HTTP/1.1" 200 308 "https://gift.naniguide.com/san-pham/dich-vu-khac-anh-chan-dung-tren-la-tinh-te-doc-quyen-sang-trong/" "Mozilla/5.0 (Linux; Android 6.0.1; Nexus 5X Build/MMB29P) AppleWebKit/537.36 (KHTML, like Gecko) Chrome/150.0.7871.124 Mobile Safari/537.36 (compatible; GoogleOther)"
66.249.74.43 - - [16/Jul/2026:21:03:39 +0000] "GET /wp-content/plugins/elementor-pro/assets/css/widget-woocommerce-menu-cart.min.css?ver=3.32.2 HTTP/1.1" 200 2329 "https://gift.naniguide.com/san-pham/dich-vu-khac-anh-chan-dung-tren-la-tinh-te-doc-quyen-sang-trong/" "Mozilla/5.0 (Linux; Android 6.0.1; Nexus 5X Build/MMB29P) AppleWebKit/537.36 (KHTML, like Gecko) Chrome/150.0.7871.124 Mobile Safari/537.36 (compatible; GoogleOther)"
66.249.74.43 - - [16/Jul/2026:21:03:40 +0000] "GET /wp-content/themes/hello-elementor/assets/css/header-footer.css?ver=3.4.4 HTTP/1.1" 200 1261 "https://gift.naniguide.com/san-pham/dich-vu-khac-anh-chan-dung-tren-la-tinh-te-doc-quyen-sang-trong/" "Mozilla/5.0 (Linux; Android 6.0.1; Nexus 5X Build/MMB29P) AppleWebKit/537.36 (KHTML, like Gecko) Chrome/150.0.7871.124 Mobile Safari/537.36 (compatible; GoogleOther)"
66.249.74.43 - - [16/Jul/2026:21:03:41 +0000] "GET /wp-content/plugins/elementor/assets/js/webpack.runtime.min.js?ver=3.32.3 HTTP/1.1" 200 2320 "https://gift.naniguide.com/san-pham/dich-vu-khac-anh-chan-dung-tren-la-tinh-te-doc-quyen-sang-trong/" "Mozilla/5.0 (Linux; Android 6.0.1; Nexus 5X Build/MMB29P) AppleWebKit/537.36 (KHTML, like Gecko) Chrome/150.0.7871.124 Mobile Safari/537.36 (compatible; GoogleOther)"
66.249.74.43 - - [16/Jul/2026:21:03:41 +0000] "GET /wp-content/plugins/elementor/assets/js/frontend-modules.min.js?ver=3.32.3 HTTP/1.1" 200 17962 "https://gift.naniguide.com/san-pham/dich-vu-khac-anh-chan-dung-tren-la-tinh-te-doc-quyen-sang-trong/" "Mozilla/5.0 (Linux; Android 6.0.1; Nexus 5X Build/MMB29P) AppleWebKit/537.36 (KHTML, like Gecko) Chrome/150.0.7871.124 Mobile Safari/537.36 (compatible; GoogleOther)"
66.249.74.43 - - [16/Jul/2026:21:03:42 +0000] "GET /wp-content/plugins/elementor/assets/js/frontend.min.js?ver=3.32.3 HTTP/1.1" 200 10165 "https://gift.naniguide.com/san-pham/dich-vu-khac-anh-chan-dung-tren-la-tinh-te-doc-quyen-sang-trong/" "Mozilla/5.0 (Linux; Android 6.0.1; Nexus 5X Build/MMB29P) AppleWebKit/537.36 (KHTML, like Gecko) Chrome/150.0.7871.124 Mobile Safari/537.36 (compatible; GoogleOther)"
66.249.74.43 - - [16/Jul/2026:21:03:43 +0000] "GET /wp-content/plugins/elementor-pro/assets/js/webpack-pro.runtime.min.js?ver=3.32.2 HTTP/1.1" 200 2622 "https://gift.naniguide.com/san-pham/dich-vu-khac-anh-chan-dung-tren-la-tinh-te-doc-quyen-sang-trong/" "Mozilla/5.0 (Linux; Android 6.0.1; Nexus 5X Build/MMB29P) AppleWebKit/537.36 (KHTML, like Gecko) Chrome/150.0.7871.124 Mobile Safari/537.36 (compatible; GoogleOther)"
66.249.74.43 - - [16/Jul/2026:21:03:44 +0000] "GET /wp-content/plugins/elementor-pro/assets/js/frontend.min.js?ver=3.32.2 HTTP/1.1" 200 6319 "https://gift.naniguide.com/san-pham/dich-vu-khac-anh-chan-dung-tren-la-tinh-te-doc-quyen-sang-trong/" "Mozilla/5.0 (Linux; Android 6.0.1; Nexus 5X Build/MMB29P) AppleWebKit/537.36 (KHTML, like Gecko) Chrome/150.0.7871.124 Mobile Safari/537.36 (compatible; GoogleOther)"
66.249.74.43 - - [16/Jul/2026:21:03:45 +0000] "GET /wp-content/plugins/elementor-pro/assets/lib/smartmenus/jquery.smartmenus.min.js?ver=1.2.1 HTTP/1.1" 200 6867 "https://gift.naniguide.com/san-pham/dich-vu-khac-anh-chan-dung-tren-la-tinh-te-doc-quyen-sang-trong/" "Mozilla/5.0 (Linux; Android 6.0.1; Nexus 5X Build/MMB29P) AppleWebKit/537.36 (KHTML, like Gecko) Chrome/150.0.7871.124 Mobile Safari/537.36 (compatible; GoogleOther)"
66.249.74.43 - - [16/Jul/2026:21:03:46 +0000] "GET /wp-content/plugins/klaviyo/includes/js/wck-viewed-product.js?ver=3.7.1 HTTP/1.1" 200 744 "https://gift.naniguide.com/san-pham/dich-vu-khac-anh-chan-dung-tren-la-tinh-te-doc-quyen-sang-trong/" "Mozilla/5.0 (Linux; Android 6.0.1; Nexus 5X Build/MMB29P) AppleWebKit/537.36 (KHTML, like Gecko) Chrome/150.0.7871.124 Mobile Safari/537.36 (compatible; GoogleOther)"
66.249.74.43 - - [16/Jul/2026:21:03:47 +0000] "GET /wp-content/plugins/elementor-pro/assets/lib/sticky/jquery.sticky.min.js?ver=3.32.2 HTTP/1.1" 200 1442 "https://gift.naniguide.com/san-pham/dich-vu-khac-anh-chan-dung-tren-la-tinh-te-doc-quyen-sang-trong/" "Mozilla/5.0 (Linux; Android 6.0.1; Nexus 5X Build/MMB29P) AppleWebKit/537.36 (KHTML, like Gecko) Chrome/150.0.7871.124 Mobile Safari/537.36 (compatible; GoogleOther)"
66.249.74.43 - - [16/Jul/2026:21:03:48 +0000] "GET /wp-content/plugins/send-app/assets/js/send-app-elementor-form-tracker.js?ver=1.6.2 HTTP/1.1" 200 1171 "https://gift.naniguide.com/san-pham/dich-vu-khac-anh-chan-dung-tren-la-tinh-te-doc-quyen-sang-trong/" "Mozilla/5.0 (Linux; Android 6.0.1; Nexus 5X Build/MMB29P) AppleWebKit/537.36 (KHTML, like Gecko) Chrome/150.0.7871.124 Mobile Safari/537.36 (compatible; GoogleOther)"
66.249.74.43 - - [16/Jul/2026:21:03:48 +0000] "GET /wp-content/plugins/elementor-pro/assets/js/elements-handlers.min.js?ver=3.32.2 HTTP/1.1" 200 10180 "https://gift.naniguide.com/san-pham/dich-vu-khac-anh-chan-dung-tren-la-tinh-te-doc-quyen-sang-trong/" "Mozilla/5.0 (Linux; Android 6.0.1; Nexus 5X Build/MMB29P) AppleWebKit/537.36 (KHTML, like Gecko) Chrome/150.0.7871.124 Mobile Safari/537.36 (compatible; GoogleOther)"
66.249.74.43 - - [16/Jul/2026:21:03:50 +0000] "GET /wp-content/plugins/elementor/assets/css/conditionals/dialog.min.css?ver=3.32.3 HTTP/1.1" 200 1430 "https://gift.naniguide.com/san-pham/dich-vu-khac-anh-chan-dung-tren-la-tinh-te-doc-quyen-sang-trong/" "Mozilla/5.0 (Linux; Android 6.0.1; Nexus 5X Build/MMB29P) AppleWebKit/537.36 (KHTML, like Gecko) Chrome/150.0.7871.124 Mobile Safari/537.36 (compatible; GoogleOther)"
66.249.74.43 - - [16/Jul/2026:21:03:50 +0000] "GET /wp-content/plugins/elementor/assets/css/conditionals/lightbox.min.css?ver=3.32.3 HTTP/1.1" 200 1752 "https://gift.naniguide.com/san-pham/dich-vu-khac-anh-chan-dung-tren-la-tinh-te-doc-quyen-sang-trong/" "Mozilla/5.0 (Linux; Android 6.0.1; Nexus 5X Build/MMB29P) AppleWebKit/537.36 (KHTML, like Gecko) Chrome/150.0.7871.124 Mobile Safari/537.36 (compatible; GoogleOther)"
66.249.74.32 - - [16/Jul/2026:21:03:29 +0000] "GET /wp-content/plugins/elementor/assets/css/conditionals/shapes.min.css?ver=3.32.3 HTTP/1.1" 200 221 "https://gift.naniguide.com/san-pham/dich-vu-khac-anh-chan-dung-tren-la-tinh-te-doc-quyen-sang-trong/" "Mozilla/5.0 (Linux; Android 6.0.1; Nexus 5X Build/MMB29P) AppleWebKit/537.36 (KHTML, like Gecko) Chrome/150.0.7871.124 Mobile Safari/537.36 (compatible; GoogleOther)"
66.249.74.32 - - [16/Jul/2026:21:03:31 +0000] "GET /wp-content/plugins/elementor/assets/css/frontend.min.css?ver=3.32.3 HTTP/1.1" 200 6538 "https://gift.naniguide.com/san-pham/dich-vu-khac-anh-chan-dung-tren-la-tinh-te-doc-quyen-sang-trong/" "Mozilla/5.0 (Linux; Android 6.0.1; Nexus 5X Build/MMB29P) AppleWebKit/537.36 (KHTML, like Gecko) Chrome/150.0.7871.124 Mobile Safari/537.36 (compatible; GoogleOther)"
66.249.74.32 - - [16/Jul/2026:21:03:32 +0000] "GET /wp-content/plugins/elementor-pro/assets/css/widget-woocommerce-product-add-to-cart.min.css?ver=3.32.2 HTTP/1.1" 200 2089 "https://gift.naniguide.com/san-pham/dich-vu-khac-anh-chan-dung-tren-la-tinh-te-doc-quyen-sang-trong/" "Mozilla/5.0 (Linux; Android 6.0.1; Nexus 5X Build/MMB29P) AppleWebKit/537.36 (KHTML, like Gecko) Chrome/150.0.7871.124 Mobile Safari/537.36 (compatible; GoogleOther)"
66.249.74.32 - - [16/Jul/2026:21:03:34 +0000] "GET /wp-content/themes/hello-elementor/assets/js/hello-frontend.js?ver=3.4.4 HTTP/1.1" 200 496 "https://gift.naniguide.com/san-pham/dich-vu-khac-anh-chan-dung-tren-la-tinh-te-doc-quyen-sang-trong/" "Mozilla/5.0 (Linux; Android 6.0.1; Nexus 5X Build/MMB29P) AppleWebKit/537.36 (KHTML, like Gecko) Chrome/150.0.7871.124 Mobile Safari/537.36 (compatible; GoogleOther)"
66.249.74.32 - - [16/Jul/2026:21:03:34 +0000] "GET /wp-content/plugins/elementor/assets/css/widget-image.min.css?ver=3.32.3 HTTP/1.1" 200 119 "https://gift.naniguide.com/san-pham/dich-vu-khac-anh-chan-dung-tren-la-tinh-te-doc-quyen-sang-trong/" "Mozilla/5.0 (Linux; Android 6.0.1; Nexus 5X Build/MMB29P) AppleWebKit/537.36 (KHTML, like Gecko) Chrome/150.0.7871.124 Mobile Safari/537.36 (compatible; GoogleOther)"
66.249.74.32 - - [16/Jul/2026:21:03:35 +0000] "GET /wp-content/plugins/elementor/assets/lib/animations/styles/e-animation-grow.min.css?ver=3.32.3 HTTP/1.1" 200 198 "https://gift.naniguide.com/san-pham/dich-vu-khac-anh-chan-dung-tren-la-tinh-te-doc-quyen-sang-trong/" "Mozilla/5.0 (Linux; Android 6.0.1; Nexus 5X Build/MMB29P) AppleWebKit/537.36 (KHTML, like Gecko) Chrome/150.0.7871.124 Mobile Safari/537.36 (compatible; GoogleOther)"
66.249.74.32 - - [16/Jul/2026:21:03:37 +0000] "GET /wp-content/plugins/elementor-pro/assets/css/widget-form.min.css?ver=3.32.2 HTTP/1.1" 200 1408 "https://gift.naniguide.com/san-pham/dich-vu-khac-anh-chan-dung-tren-la-tinh-te-doc-quyen-sang-trong/" "Mozilla/5.0 (Linux; Android 6.0.1; Nexus 5X Build/MMB29P) AppleWebKit/537.36 (KHTML, like Gecko) Chrome/150.0.7871.124 Mobile Safari/537.36 (compatible; GoogleOther)"
66.249.74.43 - - [16/Jul/2026:21:03:51 +0000] "GET /wp-content/plugins/elementor/assets/js/lightbox.408665be3d65f6ab17f0.bundle.min.js HTTP/1.1" 200 9031 "https://gift.naniguide.com/san-pham/dich-vu-khac-anh-chan-dung-tren-la-tinh-te-doc-quyen-sang-trong/" "Mozilla/5.0 (Linux; Android 6.0.1; Nexus 5X Build/MMB29P) AppleWebKit/537.36 (KHTML, like Gecko) Chrome/150.0.7871.124 Mobile Safari/537.36 (compatible; GoogleOther)"
66.249.74.43 - - [16/Jul/2026:21:03:52 +0000] "GET /wp-content/plugins/elementor/assets/lib/dialog/dialog.min.js?ver=4.9.3 HTTP/1.1" 200 3593 "https://gift.naniguide.com/san-pham/dich-vu-khac-anh-chan-dung-tren-la-tinh-te-doc-quyen-sang-trong/" "Mozilla/5.0 (Linux; Android 6.0.1; Nexus 5X Build/MMB29P) AppleWebKit/537.36 (KHTML, like Gecko) Chrome/150.0.7871.124 Mobile Safari/537.36 (compatible; GoogleOther)"
66.249.74.43 - - [16/Jul/2026:21:03:53 +0000] "GET /wp-content/plugins/elementor/assets/lib/swiper/v8/css/swiper.min.css?ver=8.4.5 HTTP/1.1" 200 4248 "https://gift.naniguide.com/san-pham/dich-vu-khac-anh-chan-dung-tren-la-tinh-te-doc-quyen-sang-trong/" "Mozilla/5.0 (Linux; Android 6.0.1; Nexus 5X Build/MMB29P) AppleWebKit/537.36 (KHTML, like Gecko) Chrome/150.0.7871.124 Mobile Safari/537.36 (compatible; GoogleOther)"
66.249.74.43 - - [16/Jul/2026:21:03:55 +0000] "GET /wp-content/plugins/elementor/assets/lib/share-link/share-link.min.js?ver=3.32.3 HTTP/1.1" 200 1072 "https://gift.naniguide.com/san-pham/dich-vu-khac-anh-chan-dung-tren-la-tinh-te-doc-quyen-sang-trong/" "Mozilla/5.0 (Linux; Android 6.0.1; Nexus 5X Build/MMB29P) AppleWebKit/537.36 (KHTML, like Gecko) Chrome/150.0.7871.124 Mobile Safari/537.36 (compatible; GoogleOther)"
65.181.111.155 - - [16/Jul/2026:21:03:57 +0000] "POST /wp-cron.php?doing_wp_cron=1784235837.3028740882873535156250 HTTP/1.1" 200 0 "-" "WordPress/7.0.1; https://gift.naniguide.com"
66.249.74.43 - - [16/Jul/2026:21:03:56 +0000] "POST /?wc-ajax=get_refreshed_fragments HTTP/1.1" 200 316 "https://gift.naniguide.com/san-pham/dich-vu-khac-anh-chan-dung-tren-la-tinh-te-doc-quyen-sang-trong/" "Mozilla/5.0 (Linux; Android 6.0.1; Nexus 5X Build/MMB29P) AppleWebKit/537.36 (KHTML, like Gecko) Chrome/150.0.7871.124 Mobile Safari/537.36 (compatible; GoogleOther)"
66.249.74.43 - - [16/Jul/2026:21:03:58 +0000] "GET /wp-content/plugins/elementor/assets/js/text-editor.abc8f59c62f2820dc25a.bundle.min.js HTTP/1.1" 200 618 "https://gift.naniguide.com/san-pham/dich-vu-khac-anh-chan-dung-tren-la-tinh-te-doc-quyen-sang-trong/" "Mozilla/5.0 (Linux; Android 6.0.1; Nexus 5X Build/MMB29P) AppleWebKit/537.36 (KHTML, like Gecko) Chrome/150.0.7871.124 Mobile Safari/537.36 (compatible; GoogleOther)"
66.249.74.43 - - [16/Jul/2026:21:04:01 +0000] "GET /wp-content/uploads/2022/03/wiss-logo.svg HTTP/1.1" 200 4523 "https://gift.naniguide.com/san-pham/dich-vu-khac-anh-chan-dung-tren-la-tinh-te-doc-quyen-sang-trong/" "Mozilla/5.0 (Linux; Android 6.0.1; Nexus 5X Build/MMB29P) AppleWebKit/537.36 (KHTML, like Gecko) Chrome/150.0.7871.124 Mobile Safari/537.36 (compatible; GoogleOther)"
66.249.74.43 - - [16/Jul/2026:21:04:02 +0000] "POST /wp-admin/admin-ajax.php HTTP/1.1" 200 0 "https://gift.naniguide.com/san-pham/dich-vu-khac-anh-chan-dung-tren-la-tinh-te-doc-quyen-sang-trong/" "Mozilla/5.0 (Linux; Android 6.0.1; Nexus 5X Build/MMB29P) AppleWebKit/537.36 (KHTML, like Gecko) Chrome/150.0.7871.124 Mobile Safari/537.36 (compatible; GoogleOther)"
65.181.111.155 - - [16/Jul/2026:21:08:08 +0000] "POST /wp-cron.php?doing_wp_cron=1784236088.8641688823699951171875 HTTP/1.1" 200 0 "-" "WordPress/7.0.1; https://gift.naniguide.com"
192.0.84.117 - - [16/Jul/2026:21:08:07 +0000] "HEAD / HTTP/1.1" 200 0 "-" "jetmon/1.0 (Jetpack Site Uptime Monitor by WordPress.com)"
65.181.111.155 - - [16/Jul/2026:21:13:07 +0000] "POST /wp-cron.php?doing_wp_cron=1784236387.8781569004058837890625 HTTP/1.1" 200 0 "-" "WordPress/7.0.1; https://gift.naniguide.com"
192.0.84.117 - - [16/Jul/2026:21:13:04 +0000] "HEAD / HTTP/1.1" 200 0 "-" "jetmon/1.0 (Jetpack Site Uptime Monitor by WordPress.com)"
192.0.84.117 - - [16/Jul/2026:21:18:08 +0000] "HEAD / HTTP/1.1" 200 0 "-" "jetmon/1.0 (Jetpack Site Uptime Monitor by WordPress.com)"
65.181.111.155 - - [16/Jul/2026:21:23:07 +0000] "POST /wp-cron.php?doing_wp_cron=1784236987.1104838848114013671875 HTTP/1.1" 200 0 "-" "WordPress/7.0.1; https://gift.naniguide.com"
65.181.111.155 - - [16/Jul/2026:21:18:15 +0000] "POST /wp-cron.php?doing_wp_cron=1784236695.0104370117187500000000 HTTP/1.1" 200 0 "-" "WordPress/7.0.1; https://gift.naniguide.com"
65.181.111.155 - - [16/Jul/2026:21:20:27 +0000] "POST /wp-cron.php?doing_wp_cron=1784236827.3206830024719238281250 HTTP/1.1" 200 0 "-" "WordPress/7.0.1; https://gift.naniguide.com"
57.141.0.38 - - [16/Jul/2026:21:20:24 +0000] "GET /?elementor_library=tuy-chinh HTTP/2" 301 0 "-" "Mozilla/5.0 (Macintosh; Intel Mac OS X 10_15_7) AppleWebKit/537.36 (KHTML, like Gecko) Chrome/145.0.0.0 Safari/537.36 (compatible; meta-externalagent/1.1 (+https://developers.facebook.com/docs/sharing/webmasters/crawler))"
192.0.84.117 - - [16/Jul/2026:21:23:05 +0000] "HEAD / HTTP/1.1" 200 0 "-" "jetmon/1.0 (Jetpack Site Uptime Monitor by WordPress.com)"
192.0.84.117 - - [16/Jul/2026:21:33:05 +0000] "HEAD / HTTP/1.1" 200 0 "-" "jetmon/1.0 (Jetpack Site Uptime Monitor by WordPress.com)"
57.141.0.1 - - [16/Jul/2026:21:36:24 +0000] "GET /placeholder-png-10/ HTTP/2" 301 0 "-" "Mozilla/5.0 (Windows NT 10.0; Win64; x64) AppleWebKit/537.36 (KHTML, like Gecko) Chrome/145.0.0.0 Safari/537.36 (compatible; meta-externalagent/1.1 (+https://developers.facebook.com/docs/sharing/webmasters/crawler))"
65.181.111.155 - - [16/Jul/2026:21:43:14 +0000] "POST /wp-cron.php?doing_wp_cron=1784238193.8946239948272705078125 HTTP/1.1" 200 0 "-" "WordPress/7.0.1; https://gift.naniguide.com"
192.0.84.117 - - [16/Jul/2026:21:43:08 +0000] "HEAD / HTTP/1.1" 200 0 "-" "jetmon/1.0 (Jetpack Site Uptime Monitor by WordPress.com)"
65.181.111.155 - - [16/Jul/2026:21:28:11 +0000] "POST /wp-cron.php?doing_wp_cron=1784237291.5872340202331542968750 HTTP/1.1" 200 0 "-" "WordPress/7.0.1; https://gift.naniguide.com"
192.0.84.117 - - [16/Jul/2026:21:28:07 +0000] "HEAD / HTTP/1.1" 200 0 "-" "jetmon/1.0 (Jetpack Site Uptime Monitor by WordPress.com)"
65.181.111.155 - - [16/Jul/2026:21:33:06 +0000] "POST /wp-cron.php?doing_wp_cron=1784237586.8939599990844726562500 HTTP/1.1" 200 0 "-" "WordPress/7.0.1; https://gift.naniguide.com"
65.181.111.155 - - [16/Jul/2026:21:36:26 +0000] "POST /wp-cron.php?doing_wp_cron=1784237786.0707690715789794921875 HTTP/1.1" 200 0 "-" "WordPress/7.0.1; https://gift.naniguide.com"
65.181.111.155 - - [16/Jul/2026:21:38:09 +0000] "POST /wp-cron.php?doing_wp_cron=1784237889.1961500644683837890625 HTTP/1.1" 200 0 "-" "WordPress/7.0.1; https://gift.naniguide.com"
192.0.84.117 - - [16/Jul/2026:21:38:07 +0000] "HEAD / HTTP/1.1" 200 0 "-" "jetmon/1.0 (Jetpack Site Uptime Monitor by WordPress.com)"
65.181.111.155 - - [16/Jul/2026:21:48:13 +0000] "POST /wp-cron.php?doing_wp_cron=1784238493.0924530029296875000000 HTTP/1.1" 200 0 "-" "WordPress/7.0.1; https://gift.naniguide.com"
192.0.84.117 - - [16/Jul/2026:21:48:08 +0000] "HEAD / HTTP/1.1" 200 0 "-" "jetmon/1.0 (Jetpack Site Uptime Monitor by WordPress.com)"
57.141.0.42 - - [16/Jul/2026:21:58:59 +0000] "GET /juice-2-png-2/ HTTP/2" 301 0 "-" "Mozilla/5.0 (Windows NT 10.0; Win64; x64) AppleWebKit/537.36 (KHTML, like Gecko) Chrome/145.0.0.0 Safari/537.36 (compatible; meta-externalagent/1.1 (+https://developers.facebook.com/docs/sharing/webmasters/crawler))"
136.113.9.105 - - [16/Jul/2026:21:52:31 +0000] "POST / HTTP/1.1" 200 0 "https://gift.naniguide.com/" "Mozilla/5.0 (Macintosh; Intel Mac OS X 10_15_7) AppleWebKit/537.36 (KHTML, like Gecko) Chrome/145.0.0.0 Safari/537.36"
65.181.111.155 - - [16/Jul/2026:21:52:35 +0000] "POST /wp-cron.php?doing_wp_cron=1784238755.4949219226837158203125 HTTP/1.1" 200 0 "-" "WordPress/7.0.1; https://gift.naniguide.com"
65.181.111.155 - - [16/Jul/2026:21:53:08 +0000] "POST /wp-cron.php?doing_wp_cron=1784238788.2653040885925292968750 HTTP/1.1" 200 0 "-" "WordPress/7.0.1; https://gift.naniguide.com"
192.0.84.117 - - [16/Jul/2026:21:53:04 +0000] "HEAD / HTTP/1.1" 200 0 "-" "jetmon/1.0 (Jetpack Site Uptime Monitor by WordPress.com)"
65.181.111.155 - - [16/Jul/2026:21:58:11 +0000] "POST /wp-cron.php?doing_wp_cron=1784239091.8035449981689453125000 HTTP/1.1" 200 0 "-" "WordPress/7.0.1; https://gift.naniguide.com"
192.0.84.117 - - [16/Jul/2026:21:58:09 +0000] "HEAD / HTTP/1.1" 200 0 "-" "jetmon/1.0 (Jetpack Site Uptime Monitor by WordPress.com)"
65.181.111.155 - - [16/Jul/2026:21:59:05 +0000] "POST /wp-cron.php?doing_wp_cron=1784239145.0205960273742675781250 HTTP/1.1" 200 0 "-" "WordPress/7.0.1; https://gift.naniguide.com"
65.181.111.155 - - [16/Jul/2026:22:03:07 +0000] "POST /wp-cron.php?doing_wp_cron=1784239387.8210189342498779296875 HTTP/1.1" 200 0 "-" "WordPress/7.0.1; https://gift.naniguide.com"
65.181.111.155 - - [16/Jul/2026:22:08:07 +0000] "POST /wp-cron.php?doing_wp_cron=1784239687.1836760044097900390625 HTTP/1.1" 200 0 "-" "WordPress/7.0.1; https://gift.naniguide.com"
65.181.111.155 - - [16/Jul/2026:22:09:30 +0000] "POST /wp-cron.php?doing_wp_cron=1784239770.6616759300231933593750 HTTP/1.1" 200 0 "-" "WordPress/7.0.1; https://gift.naniguide.com"
57.141.0.39 - - [16/Jul/2026:22:09:29 +0000] "GET /omg-beautiful-young-female-with-hair-bun-having-jo-xj6sshe-jpg/ HTTP/2" 301 0 "-" "Mozilla/5.0 (Windows NT 10.0; Win64; x64) AppleWebKit/537.36 (KHTML, like Gecko) Chrome/145.0.0.0 Safari/537.36 (compatible; meta-externalagent/1.1 (+https://developers.facebook.com/docs/sharing/webmasters/crawler))"
192.0.84.117 - - [16/Jul/2026:22:18:04 +0000] "HEAD / HTTP/1.1" 200 0 "-" "jetmon/1.0 (Jetpack Site Uptime Monitor by WordPress.com)"
192.0.84.117 - - [16/Jul/2026:22:03:05 +0000] "HEAD / HTTP/1.1" 200 0 "-" "jetmon/1.0 (Jetpack Site Uptime Monitor by WordPress.com)"
192.0.84.117 - - [16/Jul/2026:22:08:06 +0000] "HEAD / HTTP/1.1" 200 0 "-" "jetmon/1.0 (Jetpack Site Uptime Monitor by WordPress.com)"
65.181.111.155 - - [16/Jul/2026:22:13:04 +0000] "POST /wp-cron.php?doing_wp_cron=1784239984.5913140773773193359375 HTTP/1.1" 200 0 "-" "WordPress/7.0.1; https://gift.naniguide.com"
192.0.84.117 - - [16/Jul/2026:22:13:02 +0000] "HEAD / HTTP/1.1" 200 0 "-" "jetmon/1.0 (Jetpack Site Uptime Monitor by WordPress.com)"
65.181.111.155 - - [16/Jul/2026:22:18:08 +0000] "POST /wp-cron.php?doing_wp_cron=1784240288.3705759048461914062500 HTTP/1.1" 200 0 "-" "WordPress/7.0.1; https://gift.naniguide.com"
192.0.84.117 - - [16/Jul/2026:22:23:01 +0000] "HEAD / HTTP/1.1" 200 0 "-" "jetmon/1.0 (Jetpack Site Uptime Monitor by WordPress.com)"
65.181.111.155 - - [16/Jul/2026:22:28:09 +0000] "POST /wp-cron.php?doing_wp_cron=1784240889.7271869182586669921875 HTTP/1.1" 200 0 "-" "WordPress/7.0.1; https://gift.naniguide.com"
192.0.84.117 - - [16/Jul/2026:22:28:06 +0000] "HEAD / HTTP/1.1" 200 0 "-" "jetmon/1.0 (Jetpack Site Uptime Monitor by WordPress.com)"
65.181.111.155 - - [16/Jul/2026:22:23:06 +0000] "POST /wp-cron.php?doing_wp_cron=1784240586.8718988895416259765625 HTTP/1.1" 200 0 "-" "WordPress/7.0.1; https://gift.naniguide.com"
65.181.111.155 - - [16/Jul/2026:22:33:10 +0000] "POST /wp-cron.php?doing_wp_cron=1784241189.9005138874053955078125 HTTP/1.1" 200 0 "-" "WordPress/7.0.1; https://gift.naniguide.com"
192.0.84.117 - - [16/Jul/2026:22:33:03 +0000] "HEAD / HTTP/1.1" 200 0 "-" "jetmon/1.0 (Jetpack Site Uptime Monitor by WordPress.com)"
65.181.111.155 - - [16/Jul/2026:22:34:24 +0000] "POST /wp-cron.php?doing_wp_cron=1784241264.7928690910339355468750 HTTP/1.1" 200 0 "-" "WordPress/7.0.1; https://gift.naniguide.com"
57.141.0.13 - - [16/Jul/2026:22:34:16 +0000] "GET / HTTP/2" 200 180847 "-" "Mozilla/5.0 (Windows NT 10.0; Win64; x64) AppleWebKit/537.36 (KHTML, like Gecko) Chrome/145.0.0.0 Safari/537.36 (compatible; meta-externalagent/1.1 (+https://developers.facebook.com/docs/sharing/webmasters/crawler))"
192.0.84.117 - - [16/Jul/2026:22:38:07 +0000] "HEAD / HTTP/1.1" 200 0 "-" "jetmon/1.0 (Jetpack Site Uptime Monitor by WordPress.com)"
65.181.111.155 - - [16/Jul/2026:22:43:06 +0000] "POST /wp-cron.php?doing_wp_cron=1784241786.9085450172424316406250 HTTP/1.1" 200 0 "-" "WordPress/7.0.1; https://gift.naniguide.com"
216.73.217.22 - - [16/Jul/2026:22:43:11 +0000] "GET /robots.txt HTTP/2" 200 216 "-" "Mozilla/5.0 AppleWebKit/537.36 (KHTML, like Gecko; compatible; ClaudeBot/1.0; [email protected])"
216.73.217.22 - - [16/Jul/2026:22:43:14 +0000] "GET /news-sitemap.xml HTTP/2" 200 289 "-" "Mozilla/5.0 AppleWebKit/537.36 (KHTML, like Gecko; compatible; ClaudeBot/1.0; [email protected])"
65.181.111.155 - - [16/Jul/2026:22:48:05 +0000] "POST /wp-cron.php?doing_wp_cron=1784242085.2877171039581298828125 HTTP/1.1" 200 0 "-" "WordPress/7.0.1; https://gift.naniguide.com"
216.73.217.22 - - [16/Jul/2026:22:49:02 +0000] "GET /ru/sitemap_index.xml HTTP/2" 200 318 "-" "Mozilla/5.0 AppleWebKit/537.36 (KHTML, like Gecko; compatible; ClaudeBot/1.0; [email protected])"
216.73.217.22 - - [16/Jul/2026:22:50:26 +0000] "GET /kr/sitemap_index.xml HTTP/2" 200 342 "-" "Mozilla/5.0 AppleWebKit/537.36 (KHTML, like Gecko; compatible; ClaudeBot/1.0; [email protected])"
216.73.217.22 - - [16/Jul/2026:22:51:07 +0000] "GET /sitemap_index.xml HTTP/2" 200 292 "-" "Mozilla/5.0 AppleWebKit/537.36 (KHTML, like Gecko; compatible; ClaudeBot/1.0; [email protected])"
65.181.111.155 - - [16/Jul/2026:22:38:08 +0000] "POST /wp-cron.php?doing_wp_cron=1784241488.8481519222259521484375 HTTP/1.1" 200 0 "-" "WordPress/7.0.1; https://gift.naniguide.com"
192.0.84.117 - - [16/Jul/2026:22:43:03 +0000] "HEAD / HTTP/1.1" 200 0 "-" "jetmon/1.0 (Jetpack Site Uptime Monitor by WordPress.com)"
192.0.84.117 - - [16/Jul/2026:22:48:04 +0000] "HEAD / HTTP/1.1" 200 0 "-" "jetmon/1.0 (Jetpack Site Uptime Monitor by WordPress.com)"
65.181.111.155 - - [16/Jul/2026:22:48:18 +0000] "POST /en/wp-cron.php?doing_wp_cron=1784242098.9478468894958496093750 HTTP/1.1" 200 0 "-" "WordPress/7.0.1; https://gift.naniguide.com/en"
216.73.217.22 - - [16/Jul/2026:22:48:17 +0000] "GET /en/sitemap_index.xml HTTP/2" 200 296 "-" "Mozilla/5.0 AppleWebKit/537.36 (KHTML, like Gecko; compatible; ClaudeBot/1.0; [email protected])"
65.181.111.155 - - [16/Jul/2026:22:49:04 +0000] "POST /ru/wp-cron.php?doing_wp_cron=1784242144.3551049232482910156250 HTTP/1.1" 200 0 "-" "WordPress/7.0.1; https://gift.naniguide.com/ru"
65.181.111.155 - - [16/Jul/2026:22:50:27 +0000] "POST /kr/wp-cron.php?doing_wp_cron=1784242226.9661140441894531250000 HTTP/1.1" 200 0 "-" "WordPress/7.0.1; https://gift.naniguide.com/kr"
65.181.111.155 - - [16/Jul/2026:22:50:46 +0000] "POST /wp-cron.php?doing_wp_cron=1784242246.0934419631958007812500 HTTP/1.1" 200 0 "-" "WordPress/7.0.1; https://gift.naniguide.com"
216.73.217.22 - - [16/Jul/2026:22:50:43 +0000] "GET /sitemap.xml HTTP/2" 200 276 "-" "Mozilla/5.0 AppleWebKit/537.36 (KHTML, like Gecko; compatible; ClaudeBot/1.0; [email protected])"
65.181.111.155 - - [16/Jul/2026:22:52:00 +0000] "POST /cn/wp-cron.php?doing_wp_cron=1784242320.0098700523376464843750 HTTP/1.1" 200 0 "-" "WordPress/7.0.1; https://gift.naniguide.com/cn"
216.73.217.22 - - [16/Jul/2026:22:51:58 +0000] "GET /cn/sitemap_index.xml HTTP/2" 200 338 "-" "Mozilla/5.0 AppleWebKit/537.36 (KHTML, like Gecko; compatible; ClaudeBot/1.0; [email protected])"
192.0.84.117 - - [16/Jul/2026:22:53:04 +0000] "HEAD / HTTP/1.1" 200 0 "-" "jetmon/1.0 (Jetpack Site Uptime Monitor by WordPress.com)"
192.0.84.117 - - [16/Jul/2026:22:58:05 +0000] "HEAD / HTTP/1.1" 200 0 "-" "jetmon/1.0 (Jetpack Site Uptime Monitor by WordPress.com)"
65.181.111.155 - - [16/Jul/2026:22:52:02 +0000] "POST /cn/wp-admin/admin-ajax.php?action=wp_4_wc_privacy_cleanup&nonce=7c84fa9013 HTTP/1.1" 200 0 "-" "WordPress/7.0.1; https://gift.naniguide.com/cn"
65.181.111.155 - - [16/Jul/2026:22:53:06 +0000] "POST /wp-cron.php?doing_wp_cron=1784242386.1949660778045654296875 HTTP/1.1" 200 0 "-" "WordPress/7.0.1; https://gift.naniguide.com"
65.181.111.155 - - [16/Jul/2026:22:58:08 +0000] "POST /wp-cron.php?doing_wp_cron=1784242688.2077469825744628906250 HTTP/1.1" 200 0 "-" "WordPress/7.0.1; https://gift.naniguide.com"
65.181.111.155 - - [16/Jul/2026:23:08:07 +0000] "POST /wp-cron.php?doing_wp_cron=1784243287.6473670005798339843750 HTTP/1.1" 200 0 "-" "WordPress/7.0.1; https://gift.naniguide.com"
192.0.84.117 - - [16/Jul/2026:23:08:06 +0000] "HEAD / HTTP/1.1" 200 0 "-" "jetmon/1.0 (Jetpack Site Uptime Monitor by WordPress.com)"
65.181.111.155 - - [16/Jul/2026:23:03:06 +0000] "POST /wp-cron.php?doing_wp_cron=1784242986.3474791049957275390625 HTTP/1.1" 200 0 "-" "WordPress/7.0.1; https://gift.naniguide.com"
192.0.84.117 - - [16/Jul/2026:23:03:05 +0000] "HEAD / HTTP/1.1" 200 0 "-" "jetmon/1.0 (Jetpack Site Uptime Monitor by WordPress.com)"
65.181.111.155 - - [16/Jul/2026:23:21:40 +0000] "POST /wp-cron.php?doing_wp_cron=1784244100.5844469070434570312500 HTTP/1.1" 200 0 "-" "WordPress/7.0.1; https://gift.naniguide.com"
65.181.111.155 - - [16/Jul/2026:23:23:05 +0000] "POST /wp-cron.php?doing_wp_cron=1784244185.7257139682769775390625 HTTP/1.1" 200 0 "-" "WordPress/7.0.1; https://gift.naniguide.com"
65.181.111.155 - - [16/Jul/2026:23:13:05 +0000] "POST /wp-cron.php?doing_wp_cron=1784243585.1101019382476806640625 HTTP/1.1" 200 0 "-" "WordPress/7.0.1; https://gift.naniguide.com"
192.0.84.117 - - [16/Jul/2026:23:13:02 +0000] "HEAD / HTTP/1.1" 200 0 "-" "jetmon/1.0 (Jetpack Site Uptime Monitor by WordPress.com)"
65.181.111.155 - - [16/Jul/2026:23:18:08 +0000] "POST /wp-cron.php?doing_wp_cron=1784243888.0359330177307128906250 HTTP/1.1" 200 0 "-" "WordPress/7.0.1; https://gift.naniguide.com"
192.0.84.117 - - [16/Jul/2026:23:18:05 +0000] "HEAD / HTTP/1.1" 200 0 "-" "jetmon/1.0 (Jetpack Site Uptime Monitor by WordPress.com)"
57.141.0.11 - - [16/Jul/2026:23:21:39 +0000] "GET /oval3-png/ HTTP/2" 301 0 "-" "Mozilla/5.0 (Windows NT 10.0; Win64; x64) AppleWebKit/537.36 (KHTML, like Gecko) Chrome/145.0.0.0 Safari/537.36 (compatible; meta-externalagent/1.1 (+https://developers.facebook.com/docs/sharing/webmasters/crawler))"
192.0.84.117 - - [16/Jul/2026:23:23:04 +0000] "HEAD / HTTP/1.1" 200 0 "-" "jetmon/1.0 (Jetpack Site Uptime Monitor by WordPress.com)"
65.181.111.155 - - [16/Jul/2026:23:28:07 +0000] "POST /wp-cron.php?doing_wp_cron=1784244487.0867650508880615234375 HTTP/1.1" 200 0 "-" "WordPress/7.0.1; https://gift.naniguide.com"
192.0.84.117 - - [16/Jul/2026:23:43:00 +0000] "HEAD / HTTP/1.1" 200 0 "-" "jetmon/1.0 (Jetpack Site Uptime Monitor by WordPress.com)"
192.0.84.117 - - [16/Jul/2026:23:28:04 +0000] "HEAD / HTTP/1.1" 200 0 "-" "jetmon/1.0 (Jetpack Site Uptime Monitor by WordPress.com)"
65.181.111.155 - - [16/Jul/2026:23:33:04 +0000] "POST /wp-cron.php?doing_wp_cron=1784244784.9001669883728027343750 HTTP/1.1" 200 0 "-" "WordPress/7.0.1; https://gift.naniguide.com"
192.0.84.117 - - [16/Jul/2026:23:33:01 +0000] "HEAD / HTTP/1.1" 200 0 "-" "jetmon/1.0 (Jetpack Site Uptime Monitor by WordPress.com)"
65.181.111.155 - - [16/Jul/2026:23:38:07 +0000] "POST /wp-cron.php?doing_wp_cron=1784245087.2886660099029541015625 HTTP/1.1" 200 0 "-" "WordPress/7.0.1; https://gift.naniguide.com"
192.0.84.117 - - [16/Jul/2026:23:38:03 +0000] "HEAD / HTTP/1.1" 200 0 "-" "jetmon/1.0 (Jetpack Site Uptime Monitor by WordPress.com)"
65.181.111.155 - - [16/Jul/2026:23:43:04 +0000] "POST /wp-cron.php?doing_wp_cron=1784245384.0135059356689453125000 HTTP/1.1" 200 0 "-" "WordPress/7.0.1; https://gift.naniguide.com"
192.0.84.117 - - [16/Jul/2026:23:48:03 +0000] "HEAD / HTTP/1.1" 200 0 "-" "jetmon/1.0 (Jetpack Site Uptime Monitor by WordPress.com)"
65.181.111.155 - - [16/Jul/2026:23:53:06 +0000] "POST /wp-cron.php?doing_wp_cron=1784245986.0615088939666748046875 HTTP/1.1" 200 0 "-" "WordPress/7.0.1; https://gift.naniguide.com"
65.181.111.155 - - [16/Jul/2026:23:48:18 +0000] "POST /wp-cron.php?doing_wp_cron=1784245698.3755989074707031250000 HTTP/1.1" 200 0 "-" "WordPress/7.0.1; https://gift.naniguide.com"
192.0.84.117 - - [16/Jul/2026:23:53:02 +0000] "HEAD / HTTP/1.1" 200 0 "-" "jetmon/1.0 (Jetpack Site Uptime Monitor by WordPress.com)"
65.181.111.155 - - [16/Jul/2026:23:58:05 +0000] "POST /wp-cron.php?doing_wp_cron=1784246285.4693760871887207031250 HTTP/1.1" 200 0 "-" "WordPress/7.0.1; https://gift.naniguide.com"
192.0.84.117 - - [16/Jul/2026:23:58:02 +0000] "HEAD / HTTP/1.1" 200 0 "-" "jetmon/1.0 (Jetpack Site Uptime Monitor by WordPress.com)"
65.181.111.155 - - [17/Jul/2026:00:03:05 +0000] "POST /wp-cron.php?doing_wp_cron=1784246585.4388709068298339843750 HTTP/1.1" 200 0 "-" "WordPress/7.0.1; https://gift.naniguide.com"
57.141.0.42 - - [17/Jul/2026:00:05:30 +0000] "GET /kr/author-sitemap.xml HTTP/2" 200 745 "-" "Mozilla/5.0 (Macintosh; Intel Mac OS X 10_15_7) AppleWebKit/537.36 (KHTML, like Gecko) Chrome/145.0.0.0 Safari/537.36 (compatible; meta-externalagent/1.1 (+https://developers.facebook.com/docs/sharing/webmasters/crawler))"
104.248.144.17 - - [17/Jul/2026:00:07:26 +0000] "GET /wp-login.php HTTP/1.1" 200 4344 "-" "Mozilla/5.0 (Windows NT 10.0; Win64; x64) Gecko/20100101 Firefox/121.0"
65.181.111.155 - - [17/Jul/2026:00:07:31 +0000] "POST /wp-cron.php?doing_wp_cron=1784246851.5760390758514404296875 HTTP/1.1" 200 0 "-" "WordPress/7.0.1; https://gift.naniguide.com"
65.181.111.155 - - [17/Jul/2026:00:08:06 +0000] "POST /wp-cron.php?doing_wp_cron=1784246886.2291591167449951171875 HTTP/1.1" 200 0 "-" "WordPress/7.0.1; https://gift.naniguide.com"
192.0.84.117 - - [17/Jul/2026:00:08:05 +0000] "HEAD / HTTP/1.1" 200 0 "-" "jetmon/1.0 (Jetpack Site Uptime Monitor by WordPress.com)"
104.248.144.17 - - [17/Jul/2026:00:10:41 +0000] "GET /wp-login.php HTTP/1.1" 200 4344 "-" "Mozilla/5.0 (Windows NT 11.0; Win64; x64) AppleWebKit/537.36 (KHTML, like Gecko) Chrome/120.0.6099.130 Safari/537.36"
65.181.111.155 - - [17/Jul/2026:00:10:45 +0000] "POST /wp-cron.php?doing_wp_cron=1784247045.6523809432983398437500 HTTP/1.1" 200 0 "-" "WordPress/7.0.1; https://gift.naniguide.com"
65.181.111.155 - - [17/Jul/2026:00:13:04 +0000] "POST /wp-cron.php?doing_wp_cron=1784247184.0427949428558349609375 HTTP/1.1" 200 0 "-" "WordPress/7.0.1; https://gift.naniguide.com"
192.0.84.117 - - [17/Jul/2026:00:03:04 +0000] "HEAD / HTTP/1.1" 200 0 "-" "jetmon/1.0 (Jetpack Site Uptime Monitor by WordPress.com)"
65.181.111.155 - - [17/Jul/2026:00:05:31 +0000] "POST /kr/wp-cron.php?doing_wp_cron=1784246731.6134591102600097656250 HTTP/1.1" 200 0 "-" "WordPress/7.0.1; https://gift.naniguide.com/kr"
104.248.144.17 - - [17/Jul/2026:00:07:30 +0000] "GET /administrator/ HTTP/1.1" 301 0 "-" "Mozilla/5.0 (X11; Linux x86_64) AppleWebKit/537.36 (KHTML, like Gecko) Chrome/120.0.6099.130 Safari/537.36"
104.248.144.17 - - [17/Jul/2026:00:10:44 +0000] "GET /administrator/ HTTP/1.1" 404 17957 "-" "Mozilla/5.0 (Windows NT 10.0; Win64; x64) Gecko/20100101 Firefox/121.0"
192.0.84.117 - - [17/Jul/2026:00:13:02 +0000] "HEAD / HTTP/1.1" 200 0 "-" "jetmon/1.0 (Jetpack Site Uptime Monitor by WordPress.com)"
65.181.111.155 - - [17/Jul/2026:00:17:38 +0000] "POST /ru/wp-cron.php?doing_wp_cron=1784247458.5785360336303710937500 HTTP/1.1" 200 0 "-" "WordPress/7.0.1; https://gift.naniguide.com/ru"
57.141.0.7 - - [17/Jul/2026:00:17:37 +0000] "GET /ru/sitemap_index.xml HTTP/2" 200 948 "-" "Mozilla/5.0 (Windows NT 10.0; Win64; x64) AppleWebKit/537.36 (KHTML, like Gecko) Chrome/145.0.0.0 Safari/537.36 (compatible; meta-externalagent/1.1 (+https://developers.facebook.com/docs/sharing/webmasters/crawler))"
65.181.111.155 - - [17/Jul/2026:00:18:07 +0000] "POST /wp-cron.php?doing_wp_cron=1784247487.5765581130981445312500 HTTP/1.1" 200 0 "-" "WordPress/7.0.1; https://gift.naniguide.com"
192.0.84.117 - - [17/Jul/2026:00:18:06 +0000] "HEAD / HTTP/1.1" 200 0 "-" "jetmon/1.0 (Jetpack Site Uptime Monitor by WordPress.com)"
65.181.111.155 - - [17/Jul/2026:00:26:07 +0000] "POST /wp-cron.php?doing_wp_cron=1784247967.7276730537414550781250 HTTP/1.1" 200 0 "-" "WordPress/7.0.1; https://gift.naniguide.com"
66.249.74.33 - - [17/Jul/2026:00:26:06 +0000] "GET /cua-hang/ HTTP/1.1" 200 19269 "-" "Mozilla/5.0 (Linux; Android 6.0.1; Nexus 5X Build/MMB29P) AppleWebKit/537.36 (KHTML, like Gecko) Chrome/150.0.7871.124 Mobile Safari/537.36 (compatible; GoogleOther)"
65.181.111.155 - - [17/Jul/2026:00:23:04 +0000] "POST /wp-cron.php?doing_wp_cron=1784247784.2581450939178466796875 HTTP/1.1" 200 0 "-" "WordPress/7.0.1; https://gift.naniguide.com"
192.0.84.117 - - [17/Jul/2026:00:23:03 +0000] "HEAD / HTTP/1.1" 200 0 "-" "jetmon/1.0 (Jetpack Site Uptime Monitor by WordPress.com)"
65.181.111.155 - - [17/Jul/2026:00:28:08 +0000] "POST /wp-cron.php?doing_wp_cron=1784248088.1784970760345458984375 HTTP/1.1" 200 0 "-" "WordPress/7.0.1; https://gift.naniguide.com"
192.0.84.117 - - [17/Jul/2026:00:28:05 +0000] "HEAD / HTTP/1.1" 200 0 "-" "jetmon/1.0 (Jetpack Site Uptime Monitor by WordPress.com)"
65.181.111.155 - - [17/Jul/2026:00:33:03 +0000] "POST /wp-cron.php?doing_wp_cron=1784248383.3946878910064697265625 HTTP/1.1" 200 0 "-" "WordPress/7.0.1; https://gift.naniguide.com"
192.0.84.117 - - [17/Jul/2026:00:33:01 +0000] "HEAD / HTTP/1.1" 200 0 "-" "jetmon/1.0 (Jetpack Site Uptime Monitor by WordPress.com)"
66.249.74.32 - - [17/Jul/2026:00:37:08 +0000] "GET /wp-content/themes/hello-elementor/assets/css/reset.css?ver=3.4.4 HTTP/1.1" 200 1581 "https://gift.naniguide.com/cua-hang/" "Mozilla/5.0 (Linux; Android 6.0.1; Nexus 5X Build/MMB29P) AppleWebKit/537.36 (KHTML, like Gecko) Chrome/150.0.7871.124 Mobile Safari/537.36 (compatible; GoogleOther)"
66.249.74.32 - - [17/Jul/2026:00:37:08 +0000] "GET /wp-content/uploads/elementor/css/base-desktop.css?ver=all HTTP/1.1" 200 293 "https://gift.naniguide.com/cua-hang/" "Mozilla/5.0 (Linux; Android 6.0.1; Nexus 5X Build/MMB29P) AppleWebKit/537.36 (KHTML, like Gecko) Chrome/150.0.7871.124 Mobile Safari/537.36 (compatible; GoogleOther)"
66.249.74.32 - - [17/Jul/2026:00:37:13 +0000] "GET /wp-content/plugins/elementor/assets/css/widget-social-icons.min.css?ver=3.32.3 HTTP/1.1" 200 1069 "https://gift.naniguide.com/cua-hang/" "Mozilla/5.0 (Linux; Android 6.0.1; Nexus 5X Build/MMB29P) AppleWebKit/537.36 (KHTML, like Gecko) Chrome/150.0.7871.124 Mobile Safari/537.36 (compatible; GoogleOther)"
66.249.74.32 - - [17/Jul/2026:00:37:14 +0000] "GET /wp-content/plugins/elementor/assets/css/widget-divider.min.css?ver=3.32.3 HTTP/1.1" 200 706 "https://gift.naniguide.com/cua-hang/" "Mozilla/5.0 (Linux; Android 6.0.1; Nexus 5X Build/MMB29P) AppleWebKit/537.36 (KHTML, like Gecko) Chrome/150.0.7871.124 Mobile Safari/537.36 (compatible; GoogleOther)"
66.249.74.32 - - [17/Jul/2026:00:37:14 +0000] "GET /wp-content/plugins/elementor-pro/assets/css/modules/motion-fx.min.css?ver=3.32.2 HTTP/1.1" 200 240 "https://gift.naniguide.com/cua-hang/" "Mozilla/5.0 (Linux; Android 6.0.1; Nexus 5X Build/MMB29P) AppleWebKit/537.36 (KHTML, like Gecko) Chrome/150.0.7871.124 Mobile Safari/537.36 (compatible; GoogleOther)"
66.249.74.32 - - [17/Jul/2026:00:37:16 +0000] "GET /wp-content/themes/hello-elementor/assets/css/theme.css?ver=3.4.4 HTTP/1.1" 200 1126 "https://gift.naniguide.com/cua-hang/" "Mozilla/5.0 (Linux; Android 6.0.1; Nexus 5X Build/MMB29P) AppleWebKit/537.36 (KHTML, like Gecko) Chrome/150.0.7871.124 Mobile Safari/537.36 (compatible; GoogleOther)"
66.249.74.43 - - [17/Jul/2026:00:37:23 +0000] "GET /wp-content/plugins/elementor/assets/js/shared-frontend-handlers.4c8abccc3e268b0767b2.bundle.min.js HTTP/1.1" 200 2542 "https://gift.naniguide.com/cua-hang/" "Mozilla/5.0 (Linux; Android 6.0.1; Nexus 5X Build/MMB29P) AppleWebKit/537.36 (KHTML, like Gecko) Chrome/150.0.7871.124 Mobile Safari/537.36 (compatible; GoogleOther)"
66.249.74.43 - - [17/Jul/2026:00:37:23 +0000] "GET /wp-content/plugins/elementor/assets/js/section-frontend-handlers.d85ab872da118940910d.bundle.min.js HTTP/1.1" 200 254 "https://gift.naniguide.com/cua-hang/" "Mozilla/5.0 (Linux; Android 6.0.1; Nexus 5X Build/MMB29P) AppleWebKit/537.36 (KHTML, like Gecko) Chrome/150.0.7871.124 Mobile Safari/537.36 (compatible; GoogleOther)"
66.249.74.43 - - [17/Jul/2026:00:37:24 +0000] "GET /wp-content/plugins/elementor-pro/assets/js/nav-menu.0edc0c22e9f3101552ed.bundle.min.js HTTP/1.1" 200 1758 "https://gift.naniguide.com/cua-hang/" "Mozilla/5.0 (Linux; Android 6.0.1; Nexus 5X Build/MMB29P) AppleWebKit/537.36 (KHTML, like Gecko) Chrome/150.0.7871.124 Mobile Safari/537.36 (compatible; GoogleOther)"
66.249.74.43 - - [17/Jul/2026:00:37:25 +0000] "GET /wp-content/plugins/elementor-pro/assets/js/woocommerce-menu-cart.eb61fe086245485310a4.bundle.min.js HTTP/1.1" 200 1465 "https://gift.naniguide.com/cua-hang/" "Mozilla/5.0 (Linux; Android 6.0.1; Nexus 5X Build/MMB29P) AppleWebKit/537.36 (KHTML, like Gecko) Chrome/150.0.7871.124 Mobile Safari/537.36 (compatible; GoogleOther)"
65.181.111.155 - - [17/Jul/2026:00:37:26 +0000] "POST /wp-cron.php?doing_wp_cron=1784248646.6291871070861816406250 HTTP/1.1" 200 0 "-" "WordPress/7.0.1; https://gift.naniguide.com"
