File: /home/xedaptot/access-logs/gift.naniguide.com-ssl_log
192.0.84.117 - - [16/Jul/2026:12:03:11 +0000] "HEAD / HTTP/1.1" 200 0 "-" "jetmon/1.0 (Jetpack Site Uptime Monitor by WordPress.com)"
65.181.111.155 - - [16/Jul/2026:12:03:51 +0000] "POST /ru/wp-cron.php?doing_wp_cron=1784203431.7666709423065185546875 HTTP/1.1" 200 0 "-" "WordPress/7.0.1; https://gift.naniguide.com/ru"
65.181.111.155 - - [16/Jul/2026:12:08:08 +0000] "POST /wp-cron.php?doing_wp_cron=1784203688.6131379604339599609375 HTTP/1.1" 200 0 "-" "WordPress/7.0.1; https://gift.naniguide.com"
65.181.111.155 - - [16/Jul/2026:12:11:04 +0000] "POST /ru/wp-cron.php?doing_wp_cron=1784203864.0646679401397705078125 HTTP/1.1" 200 0 "-" "WordPress/7.0.1; https://gift.naniguide.com/ru"
57.141.0.32 - - [16/Jul/2026:12:11:03 +0000] "GET /ru/product_cat-sitemap.xml HTTP/2" 200 752 "-" "Mozilla/5.0 (Windows NT 10.0; Win64; x64) AppleWebKit/537.36 (KHTML, like Gecko) Chrome/145.0.0.0 Safari/537.36 (compatible; meta-externalagent/1.1 (+https://developers.facebook.com/docs/sharing/webmasters/crawler))"
65.181.111.155 - - [16/Jul/2026:12:13:06 +0000] "POST /wp-cron.php?doing_wp_cron=1784203986.0887548923492431640625 HTTP/1.1" 200 0 "-" "WordPress/7.0.1; https://gift.naniguide.com"
192.0.84.117 - - [16/Jul/2026:12:13:05 +0000] "HEAD / HTTP/1.1" 200 0 "-" "jetmon/1.0 (Jetpack Site Uptime Monitor by WordPress.com)"
192.0.84.117 - - [16/Jul/2026:12:18:14 +0000] "HEAD / HTTP/1.1" 200 0 "-" "jetmon/1.0 (Jetpack Site Uptime Monitor by WordPress.com)"
65.181.111.155 - - [16/Jul/2026:12:20:05 +0000] "POST /kr/wp-cron.php?doing_wp_cron=1784204405.2987511157989501953125 HTTP/1.1" 200 0 "-" "WordPress/7.0.1; https://gift.naniguide.com/kr"
192.0.84.117 - - [16/Jul/2026:12:28:06 +0000] "HEAD / HTTP/1.1" 200 0 "-" "jetmon/1.0 (Jetpack Site Uptime Monitor by WordPress.com)"
216.73.217.22 - - [16/Jul/2026:12:33:12 +0000] "GET /robots.txt HTTP/2" 200 216 "-" "Mozilla/5.0 AppleWebKit/537.36 (KHTML, like Gecko; compatible; ClaudeBot/1.0; [email protected])"
216.73.217.22 - - [16/Jul/2026:12:33:17 +0000] "GET /kr/sitemap_index.xml HTTP/2" 200 342 "-" "Mozilla/5.0 AppleWebKit/537.36 (KHTML, like Gecko; compatible; ClaudeBot/1.0; [email protected])"
216.73.217.22 - - [16/Jul/2026:12:37:57 +0000] "GET /sitemap.xml HTTP/2" 200 276 "-" "Mozilla/5.0 AppleWebKit/537.36 (KHTML, like Gecko; compatible; ClaudeBot/1.0; [email protected])"
216.73.217.22 - - [16/Jul/2026:12:37:58 +0000] "GET /sitemap_index.xml HTTP/2" 200 292 "-" "Mozilla/5.0 AppleWebKit/537.36 (KHTML, like Gecko; compatible; ClaudeBot/1.0; [email protected])"
216.73.217.22 - - [16/Jul/2026:12:39:21 +0000] "GET /cn/sitemap_index.xml HTTP/2" 200 338 "-" "Mozilla/5.0 AppleWebKit/537.36 (KHTML, like Gecko; compatible; ClaudeBot/1.0; [email protected])"
65.181.111.155 - - [16/Jul/2026:12:39:36 +0000] "POST /en/wp-cron.php?doing_wp_cron=1784205576.1504130363464355468750 HTTP/1.1" 200 0 "-" "WordPress/7.0.1; https://gift.naniguide.com/en"
216.73.217.22 - - [16/Jul/2026:12:39:35 +0000] "GET /en/sitemap_index.xml HTTP/2" 200 296 "-" "Mozilla/5.0 AppleWebKit/537.36 (KHTML, like Gecko; compatible; ClaudeBot/1.0; [email protected])"
65.181.111.155 - - [16/Jul/2026:12:03:12 +0000] "POST /wp-cron.php?doing_wp_cron=1784203392.3541250228881835937500 HTTP/1.1" 200 0 "-" "WordPress/7.0.1; https://gift.naniguide.com"
57.141.0.1 - - [16/Jul/2026:12:03:50 +0000] "GET /ru/product-sitemap.xml HTTP/2" 200 15755 "-" "Mozilla/5.0 (Windows NT 10.0; Win64; x64) AppleWebKit/537.36 (KHTML, like Gecko) Chrome/145.0.0.0 Safari/537.36 (compatible; meta-externalagent/1.1 (+https://developers.facebook.com/docs/sharing/webmasters/crawler))"
192.0.84.117 - - [16/Jul/2026:12:08:06 +0000] "HEAD / HTTP/1.1" 200 0 "-" "jetmon/1.0 (Jetpack Site Uptime Monitor by WordPress.com)"
65.181.111.155 - - [16/Jul/2026:12:18:15 +0000] "POST /wp-cron.php?doing_wp_cron=1784204295.0172379016876220703125 HTTP/1.1" 200 0 "-" "WordPress/7.0.1; https://gift.naniguide.com"
57.141.0.46 - - [16/Jul/2026:12:20:04 +0000] "GET /kr/page-sitemap.xml HTTP/2" 200 7834 "-" "Mozilla/5.0 (Windows NT 10.0; Win64; x64) AppleWebKit/537.36 (KHTML, like Gecko) Chrome/145.0.0.0 Safari/537.36 (compatible; meta-externalagent/1.1 (+https://developers.facebook.com/docs/sharing/webmasters/crawler))"
65.181.111.155 - - [16/Jul/2026:12:23:06 +0000] "POST /wp-cron.php?doing_wp_cron=1784204586.4940030574798583984375 HTTP/1.1" 200 0 "-" "WordPress/7.0.1; https://gift.naniguide.com"
192.0.84.117 - - [16/Jul/2026:12:23:05 +0000] "HEAD / HTTP/1.1" 200 0 "-" "jetmon/1.0 (Jetpack Site Uptime Monitor by WordPress.com)"
65.181.111.155 - - [16/Jul/2026:12:28:07 +0000] "POST /wp-cron.php?doing_wp_cron=1784204887.0844509601593017578125 HTTP/1.1" 200 0 "-" "WordPress/7.0.1; https://gift.naniguide.com"
65.181.111.155 - - [16/Jul/2026:12:33:16 +0000] "POST /wp-cron.php?doing_wp_cron=1784205196.6804440021514892578125 HTTP/1.1" 200 0 "-" "WordPress/7.0.1; https://gift.naniguide.com"
192.0.84.117 - - [16/Jul/2026:12:33:12 +0000] "HEAD / HTTP/1.1" 200 0 "-" "jetmon/1.0 (Jetpack Site Uptime Monitor by WordPress.com)"
65.181.111.155 - - [16/Jul/2026:12:33:19 +0000] "POST /kr/wp-cron.php?doing_wp_cron=1784205199.8807659149169921875000 HTTP/1.1" 200 0 "-" "WordPress/7.0.1; https://gift.naniguide.com/kr"
65.181.111.155 - - [16/Jul/2026:12:34:34 +0000] "POST /ru/wp-cron.php?doing_wp_cron=1784205274.5779941082000732421875 HTTP/1.1" 200 0 "-" "WordPress/7.0.1; https://gift.naniguide.com/ru"
216.73.217.22 - - [16/Jul/2026:12:34:33 +0000] "GET /ru/sitemap_index.xml HTTP/2" 200 318 "-" "Mozilla/5.0 AppleWebKit/537.36 (KHTML, like Gecko; compatible; ClaudeBot/1.0; [email protected])"
65.181.111.155 - - [16/Jul/2026:12:37:58 +0000] "POST /wp-cron.php?doing_wp_cron=1784205478.4758090972900390625000 HTTP/1.1" 200 0 "-" "WordPress/7.0.1; https://gift.naniguide.com"
192.0.84.117 - - [16/Jul/2026:12:38:07 +0000] "HEAD / HTTP/1.1" 200 0 "-" "jetmon/1.0 (Jetpack Site Uptime Monitor by WordPress.com)"
65.181.111.155 - - [16/Jul/2026:12:39:22 +0000] "POST /cn/wp-cron.php?doing_wp_cron=1784205562.3671290874481201171875 HTTP/1.1" 200 0 "-" "WordPress/7.0.1; https://gift.naniguide.com/cn"
65.181.111.155 - - [16/Jul/2026:12:40:16 +0000] "POST /wp-cron.php?doing_wp_cron=1784205616.4830999374389648437500 HTTP/1.1" 200 0 "-" "WordPress/7.0.1; https://gift.naniguide.com"
216.73.217.22 - - [16/Jul/2026:12:40:15 +0000] "GET /news-sitemap.xml HTTP/2" 200 289 "-" "Mozilla/5.0 AppleWebKit/537.36 (KHTML, like Gecko; compatible; ClaudeBot/1.0; [email protected])"
65.181.111.155 - - [16/Jul/2026:12:43:04 +0000] "POST /wp-cron.php?doing_wp_cron=1784205784.9414749145507812500000 HTTP/1.1" 200 0 "-" "WordPress/7.0.1; https://gift.naniguide.com"
65.181.111.155 - - [16/Jul/2026:12:53:07 +0000] "POST /wp-cron.php?doing_wp_cron=1784206387.0863609313964843750000 HTTP/1.1" 200 0 "-" "WordPress/7.0.1; https://gift.naniguide.com"
192.0.84.117 - - [16/Jul/2026:12:53:06 +0000] "HEAD / HTTP/1.1" 200 0 "-" "jetmon/1.0 (Jetpack Site Uptime Monitor by WordPress.com)"
192.0.84.117 - - [16/Jul/2026:12:43:04 +0000] "HEAD / HTTP/1.1" 200 0 "-" "jetmon/1.0 (Jetpack Site Uptime Monitor by WordPress.com)"
65.181.111.155 - - [16/Jul/2026:12:48:15 +0000] "POST /wp-cron.php?doing_wp_cron=1784206095.1428670883178710937500 HTTP/1.1" 200 0 "-" "WordPress/7.0.1; https://gift.naniguide.com"
192.0.84.117 - - [16/Jul/2026:12:48:14 +0000] "HEAD / HTTP/1.1" 200 0 "-" "jetmon/1.0 (Jetpack Site Uptime Monitor by WordPress.com)"
192.0.84.117 - - [16/Jul/2026:12:58:00 +0000] "HEAD / HTTP/1.1" 200 0 "-" "jetmon/1.0 (Jetpack Site Uptime Monitor by WordPress.com)"
192.0.84.117 - - [16/Jul/2026:13:03:12 +0000] "HEAD / HTTP/1.1" 200 0 "-" "jetmon/1.0 (Jetpack Site Uptime Monitor by WordPress.com)"
65.181.111.155 - - [16/Jul/2026:12:58:02 +0000] "POST /wp-cron.php?doing_wp_cron=1784206682.2575490474700927734375 HTTP/1.1" 200 0 "-" "WordPress/7.0.1; https://gift.naniguide.com"
65.181.111.155 - - [16/Jul/2026:13:03:13 +0000] "POST /wp-cron.php?doing_wp_cron=1784206993.0859889984130859375000 HTTP/1.1" 200 0 "-" "WordPress/7.0.1; https://gift.naniguide.com"
65.181.111.155 - - [16/Jul/2026:13:08:10 +0000] "POST /wp-cron.php?doing_wp_cron=1784207290.1787478923797607421875 HTTP/1.1" 200 0 "-" "WordPress/7.0.1; https://gift.naniguide.com"
192.0.84.117 - - [16/Jul/2026:13:13:05 +0000] "HEAD / HTTP/1.1" 200 0 "-" "jetmon/1.0 (Jetpack Site Uptime Monitor by WordPress.com)"
192.0.84.117 - - [16/Jul/2026:13:08:09 +0000] "HEAD / HTTP/1.1" 200 0 "-" "jetmon/1.0 (Jetpack Site Uptime Monitor by WordPress.com)"
65.181.111.155 - - [16/Jul/2026:13:13:06 +0000] "POST /wp-cron.php?doing_wp_cron=1784207586.5097279548645019531250 HTTP/1.1" 200 0 "-" "WordPress/7.0.1; https://gift.naniguide.com"
65.181.111.155 - - [16/Jul/2026:13:23:06 +0000] "POST /wp-cron.php?doing_wp_cron=1784208186.1387119293212890625000 HTTP/1.1" 200 0 "-" "WordPress/7.0.1; https://gift.naniguide.com"
192.0.84.117 - - [16/Jul/2026:13:23:05 +0000] "HEAD / HTTP/1.1" 200 0 "-" "jetmon/1.0 (Jetpack Site Uptime Monitor by WordPress.com)"
192.0.84.117 - - [16/Jul/2026:13:28:08 +0000] "HEAD / HTTP/1.1" 200 0 "-" "jetmon/1.0 (Jetpack Site Uptime Monitor by WordPress.com)"
65.181.111.155 - - [16/Jul/2026:13:18:11 +0000] "POST /wp-cron.php?doing_wp_cron=1784207891.2757809162139892578125 HTTP/1.1" 200 0 "-" "WordPress/7.0.1; https://gift.naniguide.com"
192.0.84.117 - - [16/Jul/2026:13:18:09 +0000] "HEAD / HTTP/1.1" 200 0 "-" "jetmon/1.0 (Jetpack Site Uptime Monitor by WordPress.com)"
65.181.111.155 - - [16/Jul/2026:13:28:09 +0000] "POST /wp-cron.php?doing_wp_cron=1784208489.4541590213775634765625 HTTP/1.1" 200 0 "-" "WordPress/7.0.1; https://gift.naniguide.com"
192.0.84.117 - - [16/Jul/2026:13:33:04 +0000] "HEAD / HTTP/1.1" 200 0 "-" "jetmon/1.0 (Jetpack Site Uptime Monitor by WordPress.com)"
192.0.84.117 - - [16/Jul/2026:13:38:05 +0000] "HEAD / HTTP/1.1" 200 0 "-" "jetmon/1.0 (Jetpack Site Uptime Monitor by WordPress.com)"
65.181.111.155 - - [16/Jul/2026:13:43:03 +0000] "POST /wp-cron.php?doing_wp_cron=1784209382.9849739074707031250000 HTTP/1.1" 200 0 "-" "WordPress/7.0.1; https://gift.naniguide.com"
65.181.111.155 - - [16/Jul/2026:13:43:37 +0000] "POST /wp-cron.php?doing_wp_cron=1784209417.5591769218444824218750 HTTP/1.1" 200 0 "-" "WordPress/7.0.1; https://gift.naniguide.com"
57.141.0.19 - - [16/Jul/2026:13:43:36 +0000] "GET /basil1-png/ HTTP/2" 301 0 "-" "Mozilla/5.0 (Macintosh; Intel Mac OS X 10_15_7) AppleWebKit/537.36 (KHTML, like Gecko) Chrome/145.0.0.0 Safari/537.36 (compatible; meta-externalagent/1.1 (+https://developers.facebook.com/docs/sharing/webmasters/crawler))"
192.0.84.117 - - [16/Jul/2026:13:48:10 +0000] "HEAD / HTTP/1.1" 200 0 "-" "jetmon/1.0 (Jetpack Site Uptime Monitor by WordPress.com)"
65.181.111.155 - - [16/Jul/2026:13:33:06 +0000] "POST /wp-cron.php?doing_wp_cron=1784208785.9533600807189941406250 HTTP/1.1" 200 0 "-" "WordPress/7.0.1; https://gift.naniguide.com"
65.181.111.155 - - [16/Jul/2026:13:38:06 +0000] "POST /wp-cron.php?doing_wp_cron=1784209086.9220030307769775390625 HTTP/1.1" 200 0 "-" "WordPress/7.0.1; https://gift.naniguide.com"
192.0.84.117 - - [16/Jul/2026:13:43:02 +0000] "HEAD / HTTP/1.1" 200 0 "-" "jetmon/1.0 (Jetpack Site Uptime Monitor by WordPress.com)"
65.181.111.155 - - [16/Jul/2026:13:48:11 +0000] "POST /wp-cron.php?doing_wp_cron=1784209691.0835709571838378906250 HTTP/1.1" 200 0 "-" "WordPress/7.0.1; https://gift.naniguide.com"
57.141.0.21 - - [16/Jul/2026:13:57:34 +0000] "GET /oval23-png/ HTTP/2" 301 0 "-" "Mozilla/5.0 (Macintosh; Intel Mac OS X 10_15_7) AppleWebKit/537.36 (KHTML, like Gecko) Chrome/145.0.0.0 Safari/537.36 (compatible; meta-externalagent/1.1 (+https://developers.facebook.com/docs/sharing/webmasters/crawler))"
192.0.84.117 - - [16/Jul/2026:13:58:08 +0000] "HEAD / HTTP/1.1" 200 0 "-" "jetmon/1.0 (Jetpack Site Uptime Monitor by WordPress.com)"
65.181.111.155 - - [16/Jul/2026:14:03:06 +0000] "POST /wp-cron.php?doing_wp_cron=1784210586.4009261131286621093750 HTTP/1.1" 200 0 "-" "WordPress/7.0.1; https://gift.naniguide.com"
192.0.84.117 - - [16/Jul/2026:14:03:05 +0000] "HEAD / HTTP/1.1" 200 0 "-" "jetmon/1.0 (Jetpack Site Uptime Monitor by WordPress.com)"
65.181.111.155 - - [16/Jul/2026:13:49:30 +0000] "POST /wp-cron.php?doing_wp_cron=1784209770.8065700531005859375000 HTTP/1.1" 200 0 "-" "WordPress/7.0.1; https://gift.naniguide.com"
57.141.0.9 - - [16/Jul/2026:13:49:29 +0000] "GET /sitemap-1.xml HTTP/2" 200 2592 "-" "Mozilla/5.0 (Macintosh; Intel Mac OS X 10_15_7) AppleWebKit/537.36 (KHTML, like Gecko) Chrome/145.0.0.0 Safari/537.36 (compatible; meta-externalagent/1.1 (+https://developers.facebook.com/docs/sharing/webmasters/crawler))"
65.181.111.155 - - [16/Jul/2026:13:53:05 +0000] "POST /wp-cron.php?doing_wp_cron=1784209985.7777140140533447265625 HTTP/1.1" 200 0 "-" "WordPress/7.0.1; https://gift.naniguide.com"
192.0.84.117 - - [16/Jul/2026:13:53:04 +0000] "HEAD / HTTP/1.1" 200 0 "-" "jetmon/1.0 (Jetpack Site Uptime Monitor by WordPress.com)"
65.181.111.155 - - [16/Jul/2026:13:57:35 +0000] "POST /wp-cron.php?doing_wp_cron=1784210255.7192499637603759765625 HTTP/1.1" 200 0 "-" "WordPress/7.0.1; https://gift.naniguide.com"
65.181.111.155 - - [16/Jul/2026:13:58:10 +0000] "POST /wp-cron.php?doing_wp_cron=1784210290.0453779697418212890625 HTTP/1.1" 200 0 "-" "WordPress/7.0.1; https://gift.naniguide.com"
65.181.111.155 - - [16/Jul/2026:14:08:12 +0000] "POST /wp-cron.php?doing_wp_cron=1784210892.9090180397033691406250 HTTP/1.1" 200 0 "-" "WordPress/7.0.1; https://gift.naniguide.com"
65.181.111.155 - - [16/Jul/2026:14:13:03 +0000] "POST /wp-cron.php?doing_wp_cron=1784211183.5258140563964843750000 HTTP/1.1" 200 0 "-" "WordPress/7.0.1; https://gift.naniguide.com"
192.0.84.117 - - [16/Jul/2026:14:13:02 +0000] "HEAD / HTTP/1.1" 200 0 "-" "jetmon/1.0 (Jetpack Site Uptime Monitor by WordPress.com)"
103.131.71.23 - - [16/Jul/2026:14:13:51 +0000] "GET /wp-content/uploads/elementor/thumbs/hotline-rc7keb2mjc2asmxy64imny6naxbhds8uiruqie4yyo.png HTTP/1.1" 304 0 "-" "Mozilla/5.0 (compatible; coccocbot-image/1.0; +http://help.coccoc.com/searchengine)"
192.0.84.117 - - [16/Jul/2026:14:18:09 +0000] "HEAD / HTTP/1.1" 200 0 "-" "jetmon/1.0 (Jetpack Site Uptime Monitor by WordPress.com)"
192.0.84.117 - - [16/Jul/2026:14:08:11 +0000] "HEAD / HTTP/1.1" 200 0 "-" "jetmon/1.0 (Jetpack Site Uptime Monitor by WordPress.com)"
65.181.111.155 - - [16/Jul/2026:14:18:09 +0000] "POST /wp-cron.php?doing_wp_cron=1784211489.9270548820495605468750 HTTP/1.1" 200 0 "-" "WordPress/7.0.1; https://gift.naniguide.com"
173.252.70.49 - - [16/Jul/2026:14:22:11 +0000] "GET /en/ HTTP/2" 200 177864 "-" "facebookexternalhit/1.1 (+http://www.facebook.com/externalhit_uatext.php)"
69.171.234.114 - - [16/Jul/2026:14:22:18 +0000] "GET /en/ HTTP/2" 200 177864 "-" "facebookexternalhit/1.1 (+http://www.facebook.com/externalhit_uatext.php)"
192.0.84.117 - - [16/Jul/2026:14:23:02 +0000] "HEAD / HTTP/1.1" 200 0 "-" "jetmon/1.0 (Jetpack Site Uptime Monitor by WordPress.com)"
192.0.84.117 - - [16/Jul/2026:14:28:03 +0000] "HEAD / HTTP/1.1" 200 0 "-" "jetmon/1.0 (Jetpack Site Uptime Monitor by WordPress.com)"
192.0.84.117 - - [16/Jul/2026:14:33:06 +0000] "HEAD / HTTP/1.1" 200 0 "-" "jetmon/1.0 (Jetpack Site Uptime Monitor by WordPress.com)"
66.249.74.32 - - [16/Jul/2026:14:36:44 +0000] "GET /en/ HTTP/1.1" 200 28465 "-" "Googlebot-Image/1.0"
65.181.111.155 - - [16/Jul/2026:14:23:03 +0000] "POST /wp-cron.php?doing_wp_cron=1784211783.6526360511779785156250 HTTP/1.1" 200 0 "-" "WordPress/7.0.1; https://gift.naniguide.com"
65.181.111.155 - - [16/Jul/2026:14:28:05 +0000] "POST /wp-cron.php?doing_wp_cron=1784212085.3664300441741943359375 HTTP/1.1" 200 0 "-" "WordPress/7.0.1; https://gift.naniguide.com"
65.181.111.155 - - [16/Jul/2026:14:33:07 +0000] "POST /wp-cron.php?doing_wp_cron=1784212387.7176411151885986328125 HTTP/1.1" 200 0 "-" "WordPress/7.0.1; https://gift.naniguide.com"
65.181.111.155 - - [16/Jul/2026:14:36:12 +0000] "POST /wp-cron.php?doing_wp_cron=1784212572.6224620342254638671875 HTTP/1.1" 200 0 "-" "WordPress/7.0.1; https://gift.naniguide.com"
216.73.217.22 - - [16/Jul/2026:14:36:09 +0000] "GET /robots.txt HTTP/2" 200 216 "-" "Mozilla/5.0 AppleWebKit/537.36 (KHTML, like Gecko; compatible; ClaudeBot/1.0; [email protected])"
216.73.217.22 - - [16/Jul/2026:14:36:12 +0000] "GET /sitemap.xml HTTP/2" 200 276 "-" "Mozilla/5.0 AppleWebKit/537.36 (KHTML, like Gecko; compatible; ClaudeBot/1.0; [email protected])"
66.249.74.33 - - [16/Jul/2026:14:36:43 +0000] "GET /robots.txt HTTP/1.1" 200 216 "-" "Mozilla/5.0 (compatible; Googlebot/2.1; +http://www.google.com/bot.html)"
65.181.111.155 - - [16/Jul/2026:14:38:11 +0000] "POST /wp-cron.php?doing_wp_cron=1784212691.6058979034423828125000 HTTP/1.1" 200 0 "-" "WordPress/7.0.1; https://gift.naniguide.com"
192.0.84.117 - - [16/Jul/2026:14:38:08 +0000] "HEAD / HTTP/1.1" 200 0 "-" "jetmon/1.0 (Jetpack Site Uptime Monitor by WordPress.com)"
216.73.217.22 - - [16/Jul/2026:14:43:56 +0000] "GET /sitemap_index.xml HTTP/2" 200 292 "-" "Mozilla/5.0 AppleWebKit/537.36 (KHTML, like Gecko; compatible; ClaudeBot/1.0; [email protected])"
216.73.217.22 - - [16/Jul/2026:14:44:34 +0000] "GET /ru/sitemap_index.xml HTTP/2" 200 318 "-" "Mozilla/5.0 AppleWebKit/537.36 (KHTML, like Gecko; compatible; ClaudeBot/1.0; [email protected])"
216.73.217.22 - - [16/Jul/2026:14:44:48 +0000] "GET /kr/sitemap_index.xml HTTP/2" 200 342 "-" "Mozilla/5.0 AppleWebKit/537.36 (KHTML, like Gecko; compatible; ClaudeBot/1.0; [email protected])"
65.181.111.155 - - [16/Jul/2026:14:46:55 +0000] "POST /cn/wp-cron.php?doing_wp_cron=1784213215.3975560665130615234375 HTTP/1.1" 200 0 "-" "WordPress/7.0.1; https://gift.naniguide.com/cn"
216.73.217.22 - - [16/Jul/2026:14:46:54 +0000] "GET /cn/sitemap_index.xml HTTP/2" 200 338 "-" "Mozilla/5.0 AppleWebKit/537.36 (KHTML, like Gecko; compatible; ClaudeBot/1.0; [email protected])"
216.73.217.22 - - [16/Jul/2026:14:47:25 +0000] "GET /news-sitemap.xml HTTP/2" 200 289 "-" "Mozilla/5.0 AppleWebKit/537.36 (KHTML, like Gecko; compatible; ClaudeBot/1.0; [email protected])"
192.0.84.117 - - [16/Jul/2026:14:48:11 +0000] "HEAD / HTTP/1.1" 200 0 "-" "jetmon/1.0 (Jetpack Site Uptime Monitor by WordPress.com)"
65.181.111.155 - - [16/Jul/2026:14:40:13 +0000] "POST /en/wp-cron.php?doing_wp_cron=1784212813.4890890121459960937500 HTTP/1.1" 200 0 "-" "WordPress/7.0.1; https://gift.naniguide.com/en"
216.73.217.22 - - [16/Jul/2026:14:40:12 +0000] "GET /en/sitemap_index.xml HTTP/2" 200 296 "-" "Mozilla/5.0 AppleWebKit/537.36 (KHTML, like Gecko; compatible; ClaudeBot/1.0; [email protected])"
65.181.111.155 - - [16/Jul/2026:14:43:04 +0000] "POST /wp-cron.php?doing_wp_cron=1784212984.6184771060943603515625 HTTP/1.1" 200 0 "-" "WordPress/7.0.1; https://gift.naniguide.com"
192.0.84.117 - - [16/Jul/2026:14:43:03 +0000] "HEAD / HTTP/1.1" 200 0 "-" "jetmon/1.0 (Jetpack Site Uptime Monitor by WordPress.com)"
65.181.111.155 - - [16/Jul/2026:14:43:57 +0000] "POST /wp-cron.php?doing_wp_cron=1784213037.0144450664520263671875 HTTP/1.1" 200 0 "-" "WordPress/7.0.1; https://gift.naniguide.com"
65.181.111.155 - - [16/Jul/2026:14:44:35 +0000] "POST /ru/wp-cron.php?doing_wp_cron=1784213075.1624190807342529296875 HTTP/1.1" 200 0 "-" "WordPress/7.0.1; https://gift.naniguide.com/ru"
65.181.111.155 - - [16/Jul/2026:14:44:49 +0000] "POST /kr/wp-cron.php?doing_wp_cron=1784213089.0419199466705322265625 HTTP/1.1" 200 0 "-" "WordPress/7.0.1; https://gift.naniguide.com/kr"
65.181.111.155 - - [16/Jul/2026:14:47:00 +0000] "POST /wp-cron.php?doing_wp_cron=1784213220.6128029823303222656250 HTTP/1.1" 200 0 "-" "WordPress/7.0.1; https://gift.naniguide.com"
57.141.0.27 - - [16/Jul/2026:14:46:59 +0000] "GET /basil2-png-2/ HTTP/2" 301 0 "-" "Mozilla/5.0 (Macintosh; Intel Mac OS X 10_15_7) AppleWebKit/537.36 (KHTML, like Gecko) Chrome/145.0.0.0 Safari/537.36 (compatible; meta-externalagent/1.1 (+https://developers.facebook.com/docs/sharing/webmasters/crawler))"
65.181.111.155 - - [16/Jul/2026:14:48:13 +0000] "POST /wp-cron.php?doing_wp_cron=1784213293.4067580699920654296875 HTTP/1.1" 200 0 "-" "WordPress/7.0.1; https://gift.naniguide.com"
65.181.111.155 - - [16/Jul/2026:14:53:06 +0000] "POST /wp-cron.php?doing_wp_cron=1784213586.9105288982391357421875 HTTP/1.1" 200 0 "-" "WordPress/7.0.1; https://gift.naniguide.com"
192.0.84.117 - - [16/Jul/2026:14:53:05 +0000] "HEAD / HTTP/1.1" 200 0 "-" "jetmon/1.0 (Jetpack Site Uptime Monitor by WordPress.com)"
65.181.111.155 - - [16/Jul/2026:15:03:09 +0000] "POST /wp-cron.php?doing_wp_cron=1784214189.5288729667663574218750 HTTP/1.1" 200 0 "-" "WordPress/7.0.1; https://gift.naniguide.com"
65.181.111.155 - - [16/Jul/2026:14:58:08 +0000] "POST /wp-cron.php?doing_wp_cron=1784213888.8015749454498291015625 HTTP/1.1" 200 0 "-" "WordPress/7.0.1; https://gift.naniguide.com"
192.0.84.117 - - [16/Jul/2026:14:58:08 +0000] "HEAD / HTTP/1.1" 200 0 "-" "jetmon/1.0 (Jetpack Site Uptime Monitor by WordPress.com)"
192.0.84.117 - - [16/Jul/2026:15:03:08 +0000] "HEAD / HTTP/1.1" 200 0 "-" "jetmon/1.0 (Jetpack Site Uptime Monitor by WordPress.com)"
65.181.111.155 - - [16/Jul/2026:15:08:15 +0000] "POST /wp-cron.php?doing_wp_cron=1784214495.9245979785919189453125 HTTP/1.1" 200 0 "-" "WordPress/7.0.1; https://gift.naniguide.com"
65.181.111.155 - - [16/Jul/2026:15:13:00 +0000] "POST /wp-cron.php?doing_wp_cron=1784214780.6880700588226318359375 HTTP/1.1" 200 0 "-" "WordPress/7.0.1; https://gift.naniguide.com"
192.0.84.117 - - [16/Jul/2026:15:08:12 +0000] "HEAD / HTTP/1.1" 200 0 "-" "jetmon/1.0 (Jetpack Site Uptime Monitor by WordPress.com)"
192.0.84.117 - - [16/Jul/2026:15:12:59 +0000] "HEAD / HTTP/1.1" 200 0 "-" "jetmon/1.0 (Jetpack Site Uptime Monitor by WordPress.com)"
65.181.111.155 - - [16/Jul/2026:15:16:40 +0000] "POST /wp-cron.php?doing_wp_cron=1784215000.7320210933685302734375 HTTP/1.1" 200 0 "-" "WordPress/7.0.1; https://gift.naniguide.com"
57.141.0.16 - - [16/Jul/2026:15:16:39 +0000] "GET /noise-1-png/ HTTP/2" 301 0 "-" "Mozilla/5.0 (Macintosh; Intel Mac OS X 10_15_7) AppleWebKit/537.36 (KHTML, like Gecko) Chrome/145.0.0.0 Safari/537.36 (compatible; meta-externalagent/1.1 (+https://developers.facebook.com/docs/sharing/webmasters/crawler))"
65.181.111.155 - - [16/Jul/2026:15:18:13 +0000] "POST /wp-cron.php?doing_wp_cron=1784215093.4287381172180175781250 HTTP/1.1" 200 0 "-" "WordPress/7.0.1; https://gift.naniguide.com"
192.0.84.117 - - [16/Jul/2026:15:18:12 +0000] "HEAD / HTTP/1.1" 200 0 "-" "jetmon/1.0 (Jetpack Site Uptime Monitor by WordPress.com)"
65.181.111.155 - - [16/Jul/2026:15:20:58 +0000] "POST /wp-cron.php?doing_wp_cron=1784215258.8987469673156738281250 HTTP/1.1" 200 0 "-" "WordPress/7.0.1; https://gift.naniguide.com"
104.248.144.17 - - [16/Jul/2026:15:20:55 +0000] "GET /wp-login.php HTTP/1.1" 200 3179 "https://wordpress.org/" "Mozilla/5.0 (Macintosh; Intel Mac OS X 13_6_1; rv:119.0) Gecko/20100101 Firefox/119.0"
104.248.144.17 - - [16/Jul/2026:15:21:09 +0000] "GET /wp-login.php HTTP/1.1" 200 3179 "https://wordpress.org/" "Mozilla/5.0 (Windows NT 11.0; Win64; x64) AppleWebKit/537.36 (KHTML, like Gecko) Chrome/119.0.0.0 Safari/537.36"
104.248.144.17 - - [16/Jul/2026:15:21:14 +0000] "GET /wp-admin/ HTTP/1.1" 302 0 "https://www.bing.com/" "Mozilla/5.0 (Macintosh; Intel Mac OS X 13_6_1) AppleWebKit/537.36 (KHTML, like Gecko) Chrome/120.0.0.0 Safari/537.36"
104.248.144.17 - - [16/Jul/2026:15:21:20 +0000] "GET /wp-login.php?redirect_to=https%3A%2F%2Fgift.naniguide.com%2Fwp-admin%2F&reauth=1 HTTP/1.1" 200 3226 "https://www.bing.com/" "Mozilla/5.0 (Macintosh; Intel Mac OS X 13_6_1) AppleWebKit/537.36 (KHTML, like Gecko) Chrome/120.0.0.0 Safari/537.36"
65.181.111.155 - - [16/Jul/2026:15:23:09 +0000] "POST /wp-cron.php?doing_wp_cron=1784215389.8985590934753417968750 HTTP/1.1" 200 0 "-" "WordPress/7.0.1; https://gift.naniguide.com"
192.0.84.117 - - [16/Jul/2026:15:23:08 +0000] "HEAD / HTTP/1.1" 200 0 "-" "jetmon/1.0 (Jetpack Site Uptime Monitor by WordPress.com)"
65.181.111.155 - - [16/Jul/2026:15:28:10 +0000] "POST /wp-cron.php?doing_wp_cron=1784215690.1670589447021484375000 HTTP/1.1" 200 0 "-" "WordPress/7.0.1; https://gift.naniguide.com"
192.0.84.117 - - [16/Jul/2026:15:28:09 +0000] "HEAD / HTTP/1.1" 200 0 "-" "jetmon/1.0 (Jetpack Site Uptime Monitor by WordPress.com)"
65.181.111.155 - - [16/Jul/2026:15:31:24 +0000] "POST /wp-cron.php?doing_wp_cron=1784215884.1431210041046142578125 HTTP/1.1" 200 0 "-" "WordPress/7.0.1; https://gift.naniguide.com"
65.181.111.155 - - [16/Jul/2026:15:36:46 +0000] "POST /wp-cron.php?doing_wp_cron=1784216206.1686580181121826171875 HTTP/1.1" 200 0 "-" "WordPress/7.0.1; https://gift.naniguide.com"
65.181.111.155 - - [16/Jul/2026:15:38:17 +0000] "POST /wp-cron.php?doing_wp_cron=1784216297.4477739334106445312500 HTTP/1.1" 200 0 "-" "WordPress/7.0.1; https://gift.naniguide.com"
192.0.84.117 - - [16/Jul/2026:15:38:16 +0000] "HEAD / HTTP/1.1" 200 0 "-" "jetmon/1.0 (Jetpack Site Uptime Monitor by WordPress.com)"
65.181.111.155 - - [16/Jul/2026:15:43:07 +0000] "POST /wp-cron.php HTTP/1.1" 200 0 "-" "WordPress/7.0.1; https://gift.naniguide.com"
65.181.111.155 - - [16/Jul/2026:15:43:10 +0000] "GET / HTTP/1.1" 200 35216 "-" "WordPress/7.0.1; https://gift.naniguide.com"
57.141.0.14 - - [16/Jul/2026:15:31:21 +0000] "GET /news-sitemap.xml HTTP/2" 200 554 "-" "Mozilla/5.0 (Windows NT 10.0; Win64; x64) AppleWebKit/537.36 (KHTML, like Gecko) Chrome/145.0.0.0 Safari/537.36 (compatible; meta-externalagent/1.1 (+https://developers.facebook.com/docs/sharing/webmasters/crawler))"
65.181.111.155 - - [16/Jul/2026:15:33:07 +0000] "POST /wp-cron.php?doing_wp_cron=1784215987.2790091037750244140625 HTTP/1.1" 200 0 "-" "WordPress/7.0.1; https://gift.naniguide.com"
192.0.84.117 - - [16/Jul/2026:15:33:06 +0000] "HEAD / HTTP/1.1" 200 0 "-" "jetmon/1.0 (Jetpack Site Uptime Monitor by WordPress.com)"
57.141.0.16 - - [16/Jul/2026:15:36:44 +0000] "GET /product_cat-sitemap.xml HTTP/2" 200 759 "-" "Mozilla/5.0 (Windows NT 10.0; Win64; x64) AppleWebKit/537.36 (KHTML, like Gecko) Chrome/145.0.0.0 Safari/537.36 (compatible; meta-externalagent/1.1 (+https://developers.facebook.com/docs/sharing/webmasters/crawler))"
65.181.111.155 - - [16/Jul/2026:15:43:05 +0000] "POST /wp-cron.php?doing_wp_cron=1784216585.2100551128387451171875 HTTP/1.1" 200 0 "-" "WordPress/7.0.1; https://gift.naniguide.com"
192.0.84.117 - - [16/Jul/2026:15:43:03 +0000] "HEAD / HTTP/1.1" 200 0 "-" "jetmon/1.0 (Jetpack Site Uptime Monitor by WordPress.com)"
65.181.111.155 - - [16/Jul/2026:15:43:07 +0000] "GET / HTTP/1.1" 200 35216 "-" "WordPress/7.0.1; https://gift.naniguide.com"
65.181.111.155 - - [16/Jul/2026:15:43:12 +0000] "GET / HTTP/1.1" 200 35216 "-" "WordPress/7.0.1; https://gift.naniguide.com"
65.181.111.155 - - [16/Jul/2026:15:43:13 +0000] "GET / HTTP/1.1" 200 35216 "-" "WordPress/7.0.1; https://gift.naniguide.com"
65.181.111.155 - - [16/Jul/2026:15:48:10 +0000] "POST /wp-cron.php?doing_wp_cron=1784216890.7854249477386474609375 HTTP/1.1" 200 0 "-" "WordPress/7.0.1; https://gift.naniguide.com"
192.0.84.117 - - [16/Jul/2026:15:48:09 +0000] "HEAD / HTTP/1.1" 200 0 "-" "jetmon/1.0 (Jetpack Site Uptime Monitor by WordPress.com)"
65.181.111.155 - - [16/Jul/2026:15:53:08 +0000] "POST /wp-cron.php?doing_wp_cron=1784217188.5066490173339843750000 HTTP/1.1" 200 0 "-" "WordPress/7.0.1; https://gift.naniguide.com"
192.0.84.117 - - [16/Jul/2026:15:53:07 +0000] "HEAD / HTTP/1.1" 200 0 "-" "jetmon/1.0 (Jetpack Site Uptime Monitor by WordPress.com)"
65.181.111.155 - - [16/Jul/2026:15:58:08 +0000] "POST /wp-cron.php?doing_wp_cron=1784217488.6354079246520996093750 HTTP/1.1" 200 0 "-" "WordPress/7.0.1; https://gift.naniguide.com"
192.0.84.117 - - [16/Jul/2026:15:58:06 +0000] "HEAD / HTTP/1.1" 200 0 "-" "jetmon/1.0 (Jetpack Site Uptime Monitor by WordPress.com)"
65.181.111.155 - - [16/Jul/2026:15:58:53 +0000] "POST /cn/wp-cron.php?doing_wp_cron=1784217533.4664690494537353515625 HTTP/1.1" 200 0 "-" "WordPress/7.0.1; https://gift.naniguide.com/cn"
65.181.111.155 - - [16/Jul/2026:16:03:04 +0000] "POST /wp-cron.php?doing_wp_cron=1784217784.5665988922119140625000 HTTP/1.1" 200 0 "-" "WordPress/7.0.1; https://gift.naniguide.com"
57.141.0.29 - - [16/Jul/2026:15:58:51 +0000] "GET /cn/page-sitemap.xml HTTP/2" 200 7834 "-" "Mozilla/5.0 (X11; Linux x86_64) AppleWebKit/537.36 (KHTML, like Gecko) Chrome/145.0.0.0 Safari/537.36 (compatible; meta-externalagent/1.1 (+https://developers.facebook.com/docs/sharing/webmasters/crawler))"
192.0.84.117 - - [16/Jul/2026:16:03:01 +0000] "HEAD / HTTP/1.1" 200 0 "-" "jetmon/1.0 (Jetpack Site Uptime Monitor by WordPress.com)"
65.181.111.155 - - [16/Jul/2026:16:07:58 +0000] "POST /wp-cron.php?doing_wp_cron=1784218078.4452610015869140625000 HTTP/1.1" 200 0 "-" "WordPress/7.0.1; https://gift.naniguide.com"
65.181.111.155 - - [16/Jul/2026:16:13:04 +0000] "POST /wp-cron.php?doing_wp_cron=1784218384.7530078887939453125000 HTTP/1.1" 200 0 "-" "WordPress/7.0.1; https://gift.naniguide.com"
192.0.84.117 - - [16/Jul/2026:16:13:03 +0000] "HEAD / HTTP/1.1" 200 0 "-" "jetmon/1.0 (Jetpack Site Uptime Monitor by WordPress.com)"
65.181.111.155 - - [16/Jul/2026:16:18:10 +0000] "POST /wp-cron.php?doing_wp_cron=1784218690.6983509063720703125000 HTTP/1.1" 200 0 "-" "WordPress/7.0.1; https://gift.naniguide.com"
192.0.84.117 - - [16/Jul/2026:16:18:09 +0000] "HEAD / HTTP/1.1" 200 0 "-" "jetmon/1.0 (Jetpack Site Uptime Monitor by WordPress.com)"
35.192.232.168 - - [16/Jul/2026:16:07:57 +0000] "POST / HTTP/1.1" 200 0 "https://gift.naniguide.com/" "Mozilla/5.0 (Macintosh; Intel Mac OS X 10_15_7) AppleWebKit/537.36 (KHTML, like Gecko) Chrome/144.0.0.0 Safari/537.36"
192.0.84.117 - - [16/Jul/2026:16:08:10 +0000] "HEAD / HTTP/1.1" 200 0 "-" "jetmon/1.0 (Jetpack Site Uptime Monitor by WordPress.com)"
65.181.111.155 - - [16/Jul/2026:16:23:06 +0000] "POST /wp-cron.php?doing_wp_cron=1784218986.8226270675659179687500 HTTP/1.1" 200 0 "-" "WordPress/7.0.1; https://gift.naniguide.com"
192.0.84.117 - - [16/Jul/2026:16:23:05 +0000] "HEAD / HTTP/1.1" 200 0 "-" "jetmon/1.0 (Jetpack Site Uptime Monitor by WordPress.com)"
104.248.144.17 - - [16/Jul/2026:16:27:41 +0000] "GET /wp-login.php HTTP/1.1" 200 4344 "https://www.bing.com/" "Mozilla/5.0 (X11; Linux x86_64) AppleWebKit/537.36 (KHTML, like Gecko) Chrome/119.0.0.0 Safari/537.36"
104.248.144.17 - - [16/Jul/2026:16:27:51 +0000] "GET /wp-admin/ HTTP/1.1" 302 0 "-" "Mozilla/5.0 (Macintosh; Intel Mac OS X 13_6_1; rv:121.0) Gecko/20100101 Firefox/121.0"
65.181.111.155 - - [16/Jul/2026:16:31:46 +0000] "POST /en/wp-cron.php?doing_wp_cron=1784219506.2693159580230712890625 HTTP/1.1" 200 0 "-" "WordPress/7.0.1; https://gift.naniguide.com/en"
216.73.217.22 - - [16/Jul/2026:16:31:45 +0000] "GET /en/sitemap_index.xml HTTP/2" 200 296 "-" "Mozilla/5.0 AppleWebKit/537.36 (KHTML, like Gecko; compatible; ClaudeBot/1.0; [email protected])"
216.73.217.22 - - [16/Jul/2026:16:32:23 +0000] "GET /news-sitemap.xml HTTP/2" 200 289 "-" "Mozilla/5.0 AppleWebKit/537.36 (KHTML, like Gecko; compatible; ClaudeBot/1.0; [email protected])"
65.181.111.155 - - [16/Jul/2026:16:37:03 +0000] "POST /wp-cron.php?doing_wp_cron=1784219823.6835289001464843750000 HTTP/1.1" 200 0 "-" "WordPress/7.0.1; https://gift.naniguide.com"
216.73.217.22 - - [16/Jul/2026:16:37:02 +0000] "GET /sitemap.xml HTTP/2" 200 276 "-" "Mozilla/5.0 AppleWebKit/537.36 (KHTML, like Gecko; compatible; ClaudeBot/1.0; [email protected])"
65.181.111.155 - - [16/Jul/2026:16:37:51 +0000] "POST /ru/wp-cron.php?doing_wp_cron=1784219870.9517030715942382812500 HTTP/1.1" 200 0 "-" "WordPress/7.0.1; https://gift.naniguide.com/ru"
216.73.217.22 - - [16/Jul/2026:16:37:49 +0000] "GET /ru/sitemap_index.xml HTTP/2" 200 318 "-" "Mozilla/5.0 AppleWebKit/537.36 (KHTML, like Gecko; compatible; ClaudeBot/1.0; [email protected])"
65.181.111.155 - - [16/Jul/2026:16:27:52 +0000] "POST /wp-cron.php?doing_wp_cron=1784219272.4135680198669433593750 HTTP/1.1" 200 0 "-" "WordPress/7.0.1; https://gift.naniguide.com"
104.248.144.17 - - [16/Jul/2026:16:27:57 +0000] "GET /wp-login.php?redirect_to=https%3A%2F%2Fwww.gift.naniguide.com%2Fwp-admin%2F&reauth=1 HTTP/1.1" 200 4385 "-" "Mozilla/5.0 (Macintosh; Intel Mac OS X 13_6_1; rv:121.0) Gecko/20100101 Firefox/121.0"
216.73.217.22 - - [16/Jul/2026:16:28:10 +0000] "GET /robots.txt HTTP/2" 200 216 "-" "Mozilla/5.0 AppleWebKit/537.36 (KHTML, like Gecko; compatible; ClaudeBot/1.0; [email protected])"
192.0.84.117 - - [16/Jul/2026:16:28:12 +0000] "HEAD / HTTP/1.1" 200 0 "-" "jetmon/1.0 (Jetpack Site Uptime Monitor by WordPress.com)"
65.181.111.155 - - [16/Jul/2026:16:28:14 +0000] "POST /kr/wp-cron.php?doing_wp_cron=1784219294.7208220958709716796875 HTTP/1.1" 200 0 "-" "WordPress/7.0.1; https://gift.naniguide.com/kr"
216.73.217.22 - - [16/Jul/2026:16:28:13 +0000] "GET /kr/sitemap_index.xml HTTP/2" 200 342 "-" "Mozilla/5.0 AppleWebKit/537.36 (KHTML, like Gecko; compatible; ClaudeBot/1.0; [email protected])"
65.181.111.155 - - [16/Jul/2026:16:30:26 +0000] "POST /cn/wp-cron.php?doing_wp_cron=1784219426.1592400074005126953125 HTTP/1.1" 200 0 "-" "WordPress/7.0.1; https://gift.naniguide.com/cn"
216.73.217.22 - - [16/Jul/2026:16:30:25 +0000] "GET /cn/sitemap_index.xml HTTP/2" 200 338 "-" "Mozilla/5.0 AppleWebKit/537.36 (KHTML, like Gecko; compatible; ClaudeBot/1.0; [email protected])"
65.181.111.155 - - [16/Jul/2026:16:32:24 +0000] "POST /wp-cron.php?doing_wp_cron=1784219544.6068170070648193359375 HTTP/1.1" 200 0 "-" "WordPress/7.0.1; https://gift.naniguide.com"
65.181.111.155 - - [16/Jul/2026:16:33:10 +0000] "POST /wp-cron.php?doing_wp_cron=1784219590.4940400123596191406250 HTTP/1.1" 200 0 "-" "WordPress/7.0.1; https://gift.naniguide.com"
192.0.84.117 - - [16/Jul/2026:16:33:09 +0000] "HEAD / HTTP/1.1" 200 0 "-" "jetmon/1.0 (Jetpack Site Uptime Monitor by WordPress.com)"
65.181.111.155 - - [16/Jul/2026:16:38:14 +0000] "POST /wp-cron.php?doing_wp_cron=1784219894.2786300182342529296875 HTTP/1.1" 200 0 "-" "WordPress/7.0.1; https://gift.naniguide.com"
192.0.84.117 - - [16/Jul/2026:16:38:13 +0000] "HEAD / HTTP/1.1" 200 0 "-" "jetmon/1.0 (Jetpack Site Uptime Monitor by WordPress.com)"
65.181.111.155 - - [16/Jul/2026:16:45:23 +0000] "POST /wp-cron.php?doing_wp_cron=1784220323.9325389862060546875000 HTTP/1.1" 200 0 "-" "WordPress/7.0.1; https://gift.naniguide.com"
57.141.0.26 - - [16/Jul/2026:16:46:09 +0000] "GET /en/sitemap_index.xml HTTP/2" 200 684 "-" "Mozilla/5.0 (Windows NT 10.0; Win64; x64) AppleWebKit/537.36 (KHTML, like Gecko) Chrome/145.0.0.0 Safari/537.36 (compatible; meta-externalagent/1.1 (+https://developers.facebook.com/docs/sharing/webmasters/crawler))"
192.0.84.117 - - [16/Jul/2026:16:48:11 +0000] "HEAD / HTTP/1.1" 200 0 "-" "jetmon/1.0 (Jetpack Site Uptime Monitor by WordPress.com)"
65.181.111.155 - - [16/Jul/2026:16:53:05 +0000] "POST /wp-cron.php?doing_wp_cron=1784220785.8492240905761718750000 HTTP/1.1" 200 0 "-" "WordPress/7.0.1; https://gift.naniguide.com"
192.0.84.117 - - [16/Jul/2026:16:53:04 +0000] "HEAD / HTTP/1.1" 200 0 "-" "jetmon/1.0 (Jetpack Site Uptime Monitor by WordPress.com)"
65.181.111.155 - - [16/Jul/2026:16:43:03 +0000] "POST /wp-cron.php?doing_wp_cron=1784220183.5691049098968505859375 HTTP/1.1" 200 0 "-" "WordPress/7.0.1; https://gift.naniguide.com"
192.0.84.117 - - [16/Jul/2026:16:43:02 +0000] "HEAD / HTTP/1.1" 200 0 "-" "jetmon/1.0 (Jetpack Site Uptime Monitor by WordPress.com)"
216.73.217.22 - - [16/Jul/2026:16:45:23 +0000] "GET /sitemap_index.xml HTTP/2" 200 292 "-" "Mozilla/5.0 AppleWebKit/537.36 (KHTML, like Gecko; compatible; ClaudeBot/1.0; [email protected])"
65.181.111.155 - - [16/Jul/2026:16:46:10 +0000] "POST /en/wp-cron.php?doing_wp_cron=1784220370.3718600273132324218750 HTTP/1.1" 200 0 "-" "WordPress/7.0.1; https://gift.naniguide.com/en"
65.181.111.155 - - [16/Jul/2026:16:48:12 +0000] "POST /wp-cron.php?doing_wp_cron=1784220492.1802279949188232421875 HTTP/1.1" 200 0 "-" "WordPress/7.0.1; https://gift.naniguide.com"
65.181.111.155 - - [16/Jul/2026:16:58:09 +0000] "POST /wp-cron.php?doing_wp_cron=1784221089.5353410243988037109375 HTTP/1.1" 200 0 "-" "WordPress/7.0.1; https://gift.naniguide.com"
192.0.84.117 - - [16/Jul/2026:16:58:08 +0000] "HEAD / HTTP/1.1" 200 0 "-" "jetmon/1.0 (Jetpack Site Uptime Monitor by WordPress.com)"
65.181.111.155 - - [16/Jul/2026:17:03:15 +0000] "POST /wp-cron.php?doing_wp_cron=1784221395.7575879096984863281250 HTTP/1.1" 200 0 "-" "WordPress/7.0.1; https://gift.naniguide.com"
192.0.84.117 - - [16/Jul/2026:17:03:14 +0000] "HEAD / HTTP/1.1" 200 0 "-" "jetmon/1.0 (Jetpack Site Uptime Monitor by WordPress.com)"
192.0.84.117 - - [16/Jul/2026:17:08:15 +0000] "HEAD / HTTP/1.1" 200 0 "-" "jetmon/1.0 (Jetpack Site Uptime Monitor by WordPress.com)"
65.181.111.155 - - [16/Jul/2026:17:13:05 +0000] "POST /wp-cron.php?doing_wp_cron=1784221985.6667220592498779296875 HTTP/1.1" 200 0 "-" "WordPress/7.0.1; https://gift.naniguide.com"
65.181.111.155 - - [16/Jul/2026:17:08:16 +0000] "POST /wp-cron.php?doing_wp_cron=1784221696.3820381164550781250000 HTTP/1.1" 200 0 "-" "WordPress/7.0.1; https://gift.naniguide.com"
192.0.84.117 - - [16/Jul/2026:17:13:04 +0000] "HEAD / HTTP/1.1" 200 0 "-" "jetmon/1.0 (Jetpack Site Uptime Monitor by WordPress.com)"
65.181.111.155 - - [16/Jul/2026:17:18:09 +0000] "POST /wp-cron.php?doing_wp_cron=1784222289.1052110195159912109375 HTTP/1.1" 200 0 "-" "WordPress/7.0.1; https://gift.naniguide.com"
192.0.84.117 - - [16/Jul/2026:17:18:08 +0000] "HEAD / HTTP/1.1" 200 0 "-" "jetmon/1.0 (Jetpack Site Uptime Monitor by WordPress.com)"
192.0.84.117 - - [16/Jul/2026:17:23:14 +0000] "HEAD / HTTP/1.1" 200 0 "-" "jetmon/1.0 (Jetpack Site Uptime Monitor by WordPress.com)"
192.0.84.117 - - [16/Jul/2026:17:28:05 +0000] "HEAD / HTTP/1.1" 200 0 "-" "jetmon/1.0 (Jetpack Site Uptime Monitor by WordPress.com)"
65.181.111.155 - - [16/Jul/2026:17:23:15 +0000] "POST /wp-cron.php?doing_wp_cron=1784222595.4303879737854003906250 HTTP/1.1" 200 0 "-" "WordPress/7.0.1; https://gift.naniguide.com"
65.181.111.155 - - [16/Jul/2026:17:28:06 +0000] "POST /wp-cron.php?doing_wp_cron=1784222886.7790019512176513671875 HTTP/1.1" 200 0 "-" "WordPress/7.0.1; https://gift.naniguide.com"
173.252.82.16 - - [16/Jul/2026:17:28:22 +0000] "GET /robots.txt HTTP/2" 200 722 "-" "facebookexternalhit/1.1 (+http://www.facebook.com/externalhit_uatext.php)"
192.0.84.117 - - [16/Jul/2026:17:33:03 +0000] "HEAD / HTTP/1.1" 200 0 "-" "jetmon/1.0 (Jetpack Site Uptime Monitor by WordPress.com)"
57.141.0.5 - - [16/Jul/2026:17:35:40 +0000] "GET /image-sitemap-1.xml HTTP/2" 200 41862 "-" "Mozilla/5.0 (Windows NT 10.0; Win64; x64) AppleWebKit/537.36 (KHTML, like Gecko) Chrome/145.0.0.0 Safari/537.36 (compatible; meta-externalagent/1.1 (+https://developers.facebook.com/docs/sharing/webmasters/crawler))"
65.181.111.155 - - [16/Jul/2026:17:38:07 +0000] "POST /wp-cron.php?doing_wp_cron=1784223487.9219589233398437500000 HTTP/1.1" 200 0 "-" "WordPress/7.0.1; https://gift.naniguide.com"
65.181.111.155 - - [16/Jul/2026:17:33:04 +0000] "POST /wp-cron.php?doing_wp_cron=1784223184.0027949810028076171875 HTTP/1.1" 200 0 "-" "WordPress/7.0.1; https://gift.naniguide.com"
65.181.111.155 - - [16/Jul/2026:17:35:41 +0000] "POST /wp-cron.php?doing_wp_cron=1784223341.3000149726867675781250 HTTP/1.1" 200 0 "-" "WordPress/7.0.1; https://gift.naniguide.com"
192.0.84.117 - - [16/Jul/2026:17:38:06 +0000] "HEAD / HTTP/1.1" 200 0 "-" "jetmon/1.0 (Jetpack Site Uptime Monitor by WordPress.com)"
65.181.111.155 - - [16/Jul/2026:17:43:05 +0000] "POST /wp-cron.php?doing_wp_cron=1784223785.5218050479888916015625 HTTP/1.1" 200 0 "-" "WordPress/7.0.1; https://gift.naniguide.com"
192.0.84.117 - - [16/Jul/2026:17:43:04 +0000] "HEAD / HTTP/1.1" 200 0 "-" "jetmon/1.0 (Jetpack Site Uptime Monitor by WordPress.com)"
65.181.111.155 - - [16/Jul/2026:17:48:17 +0000] "POST /wp-cron.php?doing_wp_cron=1784224097.0310630798339843750000 HTTP/1.1" 200 0 "-" "WordPress/7.0.1; https://gift.naniguide.com"
192.0.84.117 - - [16/Jul/2026:17:48:12 +0000] "HEAD / HTTP/1.1" 200 0 "-" "jetmon/1.0 (Jetpack Site Uptime Monitor by WordPress.com)"
192.0.84.117 - - [16/Jul/2026:17:58:12 +0000] "HEAD / HTTP/1.1" 200 0 "-" "jetmon/1.0 (Jetpack Site Uptime Monitor by WordPress.com)"
192.0.84.117 - - [16/Jul/2026:18:03:04 +0000] "HEAD / HTTP/1.1" 200 0 "-" "jetmon/1.0 (Jetpack Site Uptime Monitor by WordPress.com)"
65.181.111.155 - - [16/Jul/2026:17:53:06 +0000] "POST /wp-cron.php?doing_wp_cron=1784224386.5079269409179687500000 HTTP/1.1" 200 0 "-" "WordPress/7.0.1; https://gift.naniguide.com"
192.0.84.117 - - [16/Jul/2026:17:53:05 +0000] "HEAD / HTTP/1.1" 200 0 "-" "jetmon/1.0 (Jetpack Site Uptime Monitor by WordPress.com)"
65.181.111.155 - - [16/Jul/2026:17:58:13 +0000] "POST /wp-cron.php?doing_wp_cron=1784224693.6815869808197021484375 HTTP/1.1" 200 0 "-" "WordPress/7.0.1; https://gift.naniguide.com"
65.181.111.155 - - [16/Jul/2026:18:03:05 +0000] "POST /wp-cron.php?doing_wp_cron=1784224985.3970370292663574218750 HTTP/1.1" 200 0 "-" "WordPress/7.0.1; https://gift.naniguide.com"
65.181.111.155 - - [16/Jul/2026:18:08:10 +0000] "POST /wp-cron.php?doing_wp_cron=1784225290.7191851139068603515625 HTTP/1.1" 200 0 "-" "WordPress/7.0.1; https://gift.naniguide.com"
192.0.84.117 - - [16/Jul/2026:18:08:09 +0000] "HEAD / HTTP/1.1" 200 0 "-" "jetmon/1.0 (Jetpack Site Uptime Monitor by WordPress.com)"
192.0.84.117 - - [16/Jul/2026:18:13:04 +0000] "HEAD / HTTP/1.1" 200 0 "-" "jetmon/1.0 (Jetpack Site Uptime Monitor by WordPress.com)"
192.0.84.117 - - [16/Jul/2026:18:18:03 +0000] "HEAD / HTTP/1.1" 200 0 "-" "jetmon/1.0 (Jetpack Site Uptime Monitor by WordPress.com)"
65.181.111.155 - - [16/Jul/2026:18:13:05 +0000] "POST /wp-cron.php?doing_wp_cron=1784225585.4944829940795898437500 HTTP/1.1" 200 0 "-" "WordPress/7.0.1; https://gift.naniguide.com"
65.181.111.155 - - [16/Jul/2026:18:18:04 +0000] "POST /wp-cron.php?doing_wp_cron=1784225884.7028529644012451171875 HTTP/1.1" 200 0 "-" "WordPress/7.0.1; https://gift.naniguide.com"
65.181.111.155 - - [16/Jul/2026:18:18:14 +0000] "GET /wp-json/jetpack/v4/sync/spawn-sync?time=1784225894&request_lock_id=1784225894.0402 HTTP/1.1" 200 37 "-" "WordPress/7.0.1; https://gift.naniguide.com"
65.181.111.155 - - [16/Jul/2026:18:23:11 +0000] "POST /wp-cron.php?doing_wp_cron=1784226191.6240820884704589843750 HTTP/1.1" 200 0 "-" "WordPress/7.0.1; https://gift.naniguide.com"
65.181.111.155 - - [16/Jul/2026:18:28:08 +0000] "POST /wp-cron.php?doing_wp_cron=1784226488.4763379096984863281250 HTTP/1.1" 200 0 "-" "WordPress/7.0.1; https://gift.naniguide.com"
192.0.84.117 - - [16/Jul/2026:18:28:04 +0000] "HEAD / HTTP/1.1" 200 0 "-" "jetmon/1.0 (Jetpack Site Uptime Monitor by WordPress.com)"
192.0.84.117 - - [16/Jul/2026:18:23:10 +0000] "HEAD / HTTP/1.1" 200 0 "-" "jetmon/1.0 (Jetpack Site Uptime Monitor by WordPress.com)"
65.181.111.155 - - [16/Jul/2026:18:33:09 +0000] "POST /wp-cron.php?doing_wp_cron=1784226789.6940751075744628906250 HTTP/1.1" 200 0 "-" "WordPress/7.0.1; https://gift.naniguide.com"
192.0.84.117 - - [16/Jul/2026:18:33:08 +0000] "HEAD / HTTP/1.1" 200 0 "-" "jetmon/1.0 (Jetpack Site Uptime Monitor by WordPress.com)"
65.181.111.155 - - [16/Jul/2026:18:35:06 +0000] "POST /kr/wp-cron.php?doing_wp_cron=1784226906.5917201042175292968750 HTTP/1.1" 200 0 "-" "WordPress/7.0.1; https://gift.naniguide.com/kr"
20.226.26.5 - - [16/Jul/2026:18:35:05 +0000] "GET /wp-admin/index.php HTTP/1.1" 302 0 "-" "-"
20.226.26.5 - - [16/Jul/2026:18:35:07 +0000] "GET /wp-login.php?redirect_to=https%3A%2F%2Fgift.naniguide.com%2Fwp-admin%2Findex.php&reauth=1 HTTP/1.1" 200 11927 "-" "-"
57.141.0.34 - - [16/Jul/2026:18:35:05 +0000] "GET /kr/product_cat-sitemap.xml HTTP/2" 200 752 "-" "Mozilla/5.0 (Macintosh; Intel Mac OS X 10_15_7) AppleWebKit/537.36 (KHTML, like Gecko) Chrome/145.0.0.0 Safari/537.36 (compatible; meta-externalagent/1.1 (+https://developers.facebook.com/docs/sharing/webmasters/crawler))"
65.181.111.155 - - [16/Jul/2026:18:38:12 +0000] "POST /wp-cron.php?doing_wp_cron=1784227092.3917150497436523437500 HTTP/1.1" 200 0 "-" "WordPress/7.0.1; https://gift.naniguide.com"
192.0.84.117 - - [16/Jul/2026:18:38:13 +0000] "HEAD / HTTP/1.1" 200 0 "-" "jetmon/1.0 (Jetpack Site Uptime Monitor by WordPress.com)"
57.141.0.47 - - [16/Jul/2026:18:38:11 +0000] "GET /sitemap.xml HTTP/2" 200 530 "-" "Mozilla/5.0 (Macintosh; Intel Mac OS X 10_15_7) AppleWebKit/537.36 (KHTML, like Gecko) Chrome/145.0.0.0 Safari/537.36 (compatible; meta-externalagent/1.1 (+https://developers.facebook.com/docs/sharing/webmasters/crawler))"
65.181.111.155 - - [16/Jul/2026:18:43:14 +0000] "POST /ru/wp-cron.php?doing_wp_cron=1784227394.2928531169891357421875 HTTP/1.1" 200 0 "-" "WordPress/7.0.1; https://gift.naniguide.com/ru"
65.181.111.155 - - [16/Jul/2026:18:46:41 +0000] "POST /en/wp-cron.php?doing_wp_cron=1784227601.6877470016479492187500 HTTP/1.1" 200 0 "-" "WordPress/7.0.1; https://gift.naniguide.com/en"
192.0.84.117 - - [16/Jul/2026:18:48:07 +0000] "HEAD / HTTP/1.1" 200 0 "-" "jetmon/1.0 (Jetpack Site Uptime Monitor by WordPress.com)"
216.73.217.22 - - [16/Jul/2026:18:48:29 +0000] "GET /sitemap_index.xml HTTP/2" 200 292 "-" "Mozilla/5.0 AppleWebKit/537.36 (KHTML, like Gecko; compatible; ClaudeBot/1.0; [email protected])"
65.181.111.155 - - [16/Jul/2026:18:48:58 +0000] "POST /cn/wp-cron.php?doing_wp_cron=1784227738.4523849487304687500000 HTTP/1.1" 200 0 "-" "WordPress/7.0.1; https://gift.naniguide.com/cn"
216.73.217.22 - - [16/Jul/2026:18:48:57 +0000] "GET /cn/sitemap_index.xml HTTP/2" 200 338 "-" "Mozilla/5.0 AppleWebKit/537.36 (KHTML, like Gecko; compatible; ClaudeBot/1.0; [email protected])"
65.181.111.155 - - [16/Jul/2026:18:53:11 +0000] "POST /wp-cron.php?doing_wp_cron=1784227991.1855518817901611328125 HTTP/1.1" 200 0 "-" "WordPress/7.0.1; https://gift.naniguide.com"
65.181.111.155 - - [16/Jul/2026:18:43:03 +0000] "POST /wp-cron.php?doing_wp_cron=1784227383.0531558990478515625000 HTTP/1.1" 200 0 "-" "WordPress/7.0.1; https://gift.naniguide.com"
192.0.84.117 - - [16/Jul/2026:18:43:02 +0000] "HEAD / HTTP/1.1" 200 0 "-" "jetmon/1.0 (Jetpack Site Uptime Monitor by WordPress.com)"
216.73.217.22 - - [16/Jul/2026:18:43:12 +0000] "GET /robots.txt HTTP/2" 200 216 "-" "Mozilla/5.0 AppleWebKit/537.36 (KHTML, like Gecko; compatible; ClaudeBot/1.0; [email protected])"
216.73.217.22 - - [16/Jul/2026:18:43:13 +0000] "GET /ru/sitemap_index.xml HTTP/2" 200 318 "-" "Mozilla/5.0 AppleWebKit/537.36 (KHTML, like Gecko; compatible; ClaudeBot/1.0; [email protected])"
65.181.111.155 - - [16/Jul/2026:18:44:26 +0000] "POST /kr/wp-cron.php?doing_wp_cron=1784227466.0849640369415283203125 HTTP/1.1" 200 0 "-" "WordPress/7.0.1; https://gift.naniguide.com/kr"
216.73.217.22 - - [16/Jul/2026:18:44:25 +0000] "GET /kr/sitemap_index.xml HTTP/2" 200 342 "-" "Mozilla/5.0 AppleWebKit/537.36 (KHTML, like Gecko; compatible; ClaudeBot/1.0; [email protected])"
65.181.111.155 - - [16/Jul/2026:18:46:41 +0000] "POST /wp-cron.php?doing_wp_cron=1784227601.0940759181976318359375 HTTP/1.1" 200 0 "-" "WordPress/7.0.1; https://gift.naniguide.com"
216.73.217.22 - - [16/Jul/2026:18:46:40 +0000] "GET /sitemap.xml HTTP/2" 200 276 "-" "Mozilla/5.0 AppleWebKit/537.36 (KHTML, like Gecko; compatible; ClaudeBot/1.0; [email protected])"
216.73.217.22 - - [16/Jul/2026:18:46:40 +0000] "GET /en/sitemap_index.xml HTTP/2" 200 296 "-" "Mozilla/5.0 AppleWebKit/537.36 (KHTML, like Gecko; compatible; ClaudeBot/1.0; [email protected])"
65.181.111.155 - - [16/Jul/2026:18:48:08 +0000] "POST /wp-cron.php?doing_wp_cron=1784227688.0649340152740478515625 HTTP/1.1" 200 0 "-" "WordPress/7.0.1; https://gift.naniguide.com"
216.73.217.22 - - [16/Jul/2026:18:48:15 +0000] "GET /news-sitemap.xml HTTP/2" 200 289 "-" "Mozilla/5.0 AppleWebKit/537.36 (KHTML, like Gecko; compatible; ClaudeBot/1.0; [email protected])"
192.0.84.117 - - [16/Jul/2026:18:53:10 +0000] "HEAD / HTTP/1.1" 200 0 "-" "jetmon/1.0 (Jetpack Site Uptime Monitor by WordPress.com)"
65.181.111.155 - - [16/Jul/2026:18:58:06 +0000] "POST /wp-cron.php?doing_wp_cron=1784228286.1138179302215576171875 HTTP/1.1" 200 0 "-" "WordPress/7.0.1; https://gift.naniguide.com"
192.0.84.117 - - [16/Jul/2026:18:58:05 +0000] "HEAD / HTTP/1.1" 200 0 "-" "jetmon/1.0 (Jetpack Site Uptime Monitor by WordPress.com)"
65.181.111.155 - - [16/Jul/2026:19:03:04 +0000] "POST /wp-cron.php?doing_wp_cron=1784228584.2122569084167480468750 HTTP/1.1" 200 0 "-" "WordPress/7.0.1; https://gift.naniguide.com"
192.0.84.117 - - [16/Jul/2026:19:03:03 +0000] "HEAD / HTTP/1.1" 200 0 "-" "jetmon/1.0 (Jetpack Site Uptime Monitor by WordPress.com)"
65.181.111.155 - - [16/Jul/2026:19:08:05 +0000] "POST /wp-cron.php?doing_wp_cron=1784228885.2726309299468994140625 HTTP/1.1" 200 0 "-" "WordPress/7.0.1; https://gift.naniguide.com"
192.0.84.117 - - [16/Jul/2026:19:08:04 +0000] "HEAD / HTTP/1.1" 200 0 "-" "jetmon/1.0 (Jetpack Site Uptime Monitor by WordPress.com)"
192.0.84.117 - - [16/Jul/2026:19:18:09 +0000] "HEAD / HTTP/1.1" 200 0 "-" "jetmon/1.0 (Jetpack Site Uptime Monitor by WordPress.com)"
65.181.111.155 - - [16/Jul/2026:19:23:04 +0000] "POST /wp-cron.php?doing_wp_cron=1784229784.8910229206085205078125 HTTP/1.1" 200 0 "-" "WordPress/7.0.1; https://gift.naniguide.com"
192.0.84.117 - - [16/Jul/2026:19:23:03 +0000] "HEAD / HTTP/1.1" 200 0 "-" "jetmon/1.0 (Jetpack Site Uptime Monitor by WordPress.com)"
192.0.84.117 - - [16/Jul/2026:19:28:07 +0000] "HEAD / HTTP/1.1" 200 0 "-" "jetmon/1.0 (Jetpack Site Uptime Monitor by WordPress.com)"
65.181.111.155 - - [16/Jul/2026:19:13:04 +0000] "POST /wp-cron.php?doing_wp_cron=1784229184.2261130809783935546875 HTTP/1.1" 200 0 "-" "WordPress/7.0.1; https://gift.naniguide.com"
192.0.84.117 - - [16/Jul/2026:19:13:03 +0000] "HEAD / HTTP/1.1" 200 0 "-" "jetmon/1.0 (Jetpack Site Uptime Monitor by WordPress.com)"
65.181.111.155 - - [16/Jul/2026:19:18:10 +0000] "POST /wp-cron.php?doing_wp_cron=1784229490.7395288944244384765625 HTTP/1.1" 200 0 "-" "WordPress/7.0.1; https://gift.naniguide.com"
