HEX
Server: LiteSpeed
System: Linux s1049.use1.mysecurecloudhost.com 4.18.0-477.27.2.lve.el8.x86_64 #1 SMP Wed Oct 11 12:32:56 UTC 2023 x86_64
User: xedaptot (3356)
PHP: 8.3.31
Disabled: NONE
Upload Files
File: /home/xedaptot/access-logs/digitalcv.naniguide.com-ssl_log
65.181.111.155 - - [16/Jul/2026:12:23:01 +0000] "POST /wp-cron.php?doing_wp_cron=1784204581.6750440597534179687500 HTTP/1.1" 200 0 "-" "WordPress/7.0.1; https://digitalcv.naniguide.com"
66.249.73.97 - - [16/Jul/2026:12:23:00 +0000] "GET /comments/feed/ HTTP/1.1" 200 748 "-" "Mozilla/5.0 (Linux; Android 6.0.1; Nexus 5X Build/MMB29P) AppleWebKit/537.36 (KHTML, like Gecko) Chrome/150.0.7871.114 Mobile Safari/537.36 (compatible; GoogleOther)"
66.249.73.98 - - [16/Jul/2026:12:46:13 +0000] "GET /2025/06/11/hello-world/ HTTP/1.1" 200 7664 "-" "Mozilla/5.0 (Linux; Android 6.0.1; Nexus 5X Build/MMB29P) AppleWebKit/537.36 (KHTML, like Gecko) Chrome/150.0.7871.114 Mobile Safari/537.36 (compatible; GoogleOther)"
66.249.73.96 - - [16/Jul/2026:12:46:16 +0000] "GET /wp-content/plugins/elementor/assets/css/frontend.min.css?ver=4.0.7 HTTP/1.1" 200 6613 "https://digitalcv.naniguide.com/2025/06/11/hello-world/" "Mozilla/5.0 (Linux; Android 6.0.1; Nexus 5X Build/MMB29P) AppleWebKit/537.36 (KHTML, like Gecko) Chrome/150.0.7871.114 Mobile Safari/537.36 (compatible; GoogleOther)"
66.249.73.96 - - [16/Jul/2026:12:46:17 +0000] "GET /wp-content/plugins/elementor/assets/lib/font-awesome/css/v4-shims.min.css?ver=4.0.7 HTTP/1.1" 200 3987 "https://digitalcv.naniguide.com/2025/06/11/hello-world/" "Mozilla/5.0 (Linux; Android 6.0.1; Nexus 5X Build/MMB29P) AppleWebKit/537.36 (KHTML, like Gecko) Chrome/150.0.7871.114 Mobile Safari/537.36 (compatible; GoogleOther)"
66.249.73.96 - - [16/Jul/2026:12:46:18 +0000] "GET /wp-includes/css/dist/block-library/style.min.css?ver=7.0.1 HTTP/1.1" 200 16250 "https://digitalcv.naniguide.com/2025/06/11/hello-world/" "Mozilla/5.0 (Linux; Android 6.0.1; Nexus 5X Build/MMB29P) AppleWebKit/537.36 (KHTML, like Gecko) Chrome/150.0.7871.114 Mobile Safari/537.36 (compatible; GoogleOther)"
66.249.73.96 - - [16/Jul/2026:12:46:19 +0000] "GET /wp-includes/js/comment-reply.min.js?ver=7.0.1 HTTP/1.1" 200 1247 "https://digitalcv.naniguide.com/2025/06/11/hello-world/" "Mozilla/5.0 (Linux; Android 6.0.1; Nexus 5X Build/MMB29P) AppleWebKit/537.36 (KHTML, like Gecko) Chrome/150.0.7871.114 Mobile Safari/537.36 (compatible; GoogleOther)"
66.249.73.97 - - [16/Jul/2026:12:46:18 +0000] "GET /wp-content/plugins/jeg-elementor-kit/assets/css/elements/main.css?ver=3.1.2 HTTP/1.1" 200 23685 "https://digitalcv.naniguide.com/2025/06/11/hello-world/" "Mozilla/5.0 (Linux; Android 6.0.1; Nexus 5X Build/MMB29P) AppleWebKit/537.36 (KHTML, like Gecko) Chrome/150.0.7871.114 Mobile Safari/537.36 (compatible; GoogleOther)"
65.181.111.155 - - [16/Jul/2026:13:38:29 +0000] "POST /wp-cron.php?doing_wp_cron=1784209109.3459429740905761718750 HTTP/1.1" 200 0 "-" "WordPress/7.0.1; https://digitalcv.naniguide.com"
57.141.0.55 - - [16/Jul/2026:13:38:28 +0000] "GET /wp-sitemap.xml HTTP/2" 200 577 "-" "Mozilla/5.0 (Windows NT 10.0; Win64; x64) AppleWebKit/537.36 (KHTML, like Gecko) Chrome/145.0.0.0 Safari/537.36 (compatible; meta-externalagent/1.1 (+https://developers.facebook.com/docs/sharing/webmasters/crawler))"
20.220.9.199 - - [16/Jul/2026:13:43:09 +0000] "GET /wp-admin/network/plugins.php HTTP/1.1" 302 0 "-" "-"
20.220.9.199 - - [16/Jul/2026:13:43:09 +0000] "GET /wp-login.php?redirect_to=https%3A%2F%2Fdigitalcv.naniguide.com%2Fwp-admin%2Fnetwork%2Fplugins.php&reauth=1 HTTP/1.1" 200 9230 "-" "-"
66.249.73.98 - - [16/Jul/2026:15:26:59 +0000] "GET /feed/ HTTP/1.1" 200 783 "-" "Mozilla/5.0 (Linux; Android 6.0.1; Nexus 5X Build/MMB29P) AppleWebKit/537.36 (KHTML, like Gecko) Chrome/150.0.7871.114 Mobile Safari/537.36 (compatible; GoogleOther)"
65.181.111.155 - - [16/Jul/2026:15:27:00 +0000] "POST /wp-cron.php?doing_wp_cron=1784215620.2127749919891357421875 HTTP/1.1" 200 0 "-" "WordPress/7.0.1; https://digitalcv.naniguide.com"
66.249.73.96 - - [16/Jul/2026:15:58:09 +0000] "GET /2025/06/11/hello-world/ HTTP/1.1" 200 7664 "-" "Mozilla/5.0 (Linux; Android 6.0.1; Nexus 5X Build/MMB29P) AppleWebKit/537.36 (KHTML, like Gecko) Chrome/150.0.7871.114 Mobile Safari/537.36 (compatible; Googlebot/2.1; +http://www.google.com/bot.html)"
66.249.73.97 - - [16/Jul/2026:15:58:19 +0000] "GET /wp-includes/js/comment-reply.min.js?ver=7.0.1 HTTP/1.1" 200 1247 "https://digitalcv.naniguide.com/2025/06/11/hello-world/" "Mozilla/5.0 (Linux; Android 6.0.1; Nexus 5X Build/MMB29P) AppleWebKit/537.36 (KHTML, like Gecko) Chrome/150.0.7871.114 Mobile Safari/537.36 (compatible; Googlebot/2.1; +http://www.google.com/bot.html)"
65.181.111.155 - - [16/Jul/2026:15:58:13 +0000] "POST /wp-cron.php?doing_wp_cron=1784217492.9207160472869873046875 HTTP/1.1" 200 0 "-" "WordPress/7.0.1; https://digitalcv.naniguide.com"
66.249.73.96 - - [16/Jul/2026:15:58:19 +0000] "GET /wp-includes/css/dist/block-library/style.min.css?ver=7.0.1 HTTP/1.1" 200 16250 "https://digitalcv.naniguide.com/2025/06/11/hello-world/" "Mozilla/5.0 (Linux; Android 6.0.1; Nexus 5X Build/MMB29P) AppleWebKit/537.36 (KHTML, like Gecko) Chrome/150.0.7871.114 Mobile Safari/537.36 (compatible; Googlebot/2.1; +http://www.google.com/bot.html)"
57.141.0.69 - - [16/Jul/2026:17:07:13 +0000] "GET /wp-sitemap-users-1.xml HTTP/2" 200 269 "-" "Mozilla/5.0 (Macintosh; Intel Mac OS X 10_15_7) AppleWebKit/537.36 (KHTML, like Gecko) Chrome/145.0.0.0 Safari/537.36 (compatible; meta-externalagent/1.1 (+https://developers.facebook.com/docs/sharing/webmasters/crawler))"
65.181.111.155 - - [16/Jul/2026:17:07:15 +0000] "POST /wp-cron.php?doing_wp_cron=1784221635.0497910976409912109375 HTTP/1.1" 200 0 "-" "WordPress/7.0.1; https://digitalcv.naniguide.com"
104.248.144.17 - - [16/Jul/2026:17:13:20 +0000] "GET /wp-login.php HTTP/1.1" 200 2978 "https://www.facebook.com/" "Mozilla/5.0 (Macintosh; Intel Mac OS X 13_6_1; rv:120.0) Gecko/20100101 Firefox/120.0"
104.248.144.17 - - [16/Jul/2026:17:13:27 +0000] "GET /wp-login.php HTTP/1.1" 200 2978 "-" "Mozilla/5.0 (Macintosh; Intel Mac OS X 13_6_1) AppleWebKit/605.1.15 (KHTML, like Gecko) Version/16.6 Safari/605.1.15"
104.248.144.17 - - [16/Jul/2026:17:13:31 +0000] "GET /wp-admin/ HTTP/1.1" 302 0 "https://www.facebook.com/" "Mozilla/5.0 (Macintosh; Intel Mac OS X 10_15_7) AppleWebKit/605.1.15 (KHTML, like Gecko) Version/17.2 Safari/605.1.15"
104.248.144.17 - - [16/Jul/2026:17:13:35 +0000] "GET /wp-login.php?redirect_to=https%3A%2F%2Fdigitalcv.naniguide.com%2Fwp-admin%2F&reauth=1 HTTP/1.1" 200 2991 "https://www.facebook.com/" "Mozilla/5.0 (Macintosh; Intel Mac OS X 10_15_7) AppleWebKit/605.1.15 (KHTML, like Gecko) Version/17.2 Safari/605.1.15"
104.248.144.17 - - [16/Jul/2026:17:14:00 +0000] "GET /wp-login.php HTTP/1.1" 200 2978 "https://www.bing.com/" "Mozilla/5.0 (X11; Ubuntu; Linux x86_64) AppleWebKit/537.36 (KHTML, like Gecko) Chrome/121.0.0.0 Safari/537.36"
104.248.144.17 - - [16/Jul/2026:17:14:09 +0000] "GET /wp-admin/ HTTP/1.1" 302 0 "https://www.google.com/" "Mozilla/5.0 (X11; Ubuntu; Linux x86_64) AppleWebKit/537.36 (KHTML, like Gecko) Chrome/118.0.0.0 Safari/537.36"
104.248.144.17 - - [16/Jul/2026:17:14:16 +0000] "GET /wp-login.php?redirect_to=https%3A%2F%2Fdigitalcv.naniguide.com%2Fwp-admin%2F&reauth=1 HTTP/1.1" 200 2991 "https://www.google.com/" "Mozilla/5.0 (X11; Ubuntu; Linux x86_64) AppleWebKit/537.36 (KHTML, like Gecko) Chrome/118.0.0.0 Safari/537.36"
104.248.144.17 - - [16/Jul/2026:17:14:21 +0000] "GET /wp-admin/ HTTP/1.1" 302 0 "-" "Mozilla/5.0 (Macintosh; Intel Mac OS X 13_6_1; rv:121.0) Gecko/20100101 Firefox/121.0"
104.248.144.17 - - [16/Jul/2026:17:14:26 +0000] "GET /wp-login.php?redirect_to=https%3A%2F%2Fwww.digitalcv.naniguide.com%2Fwp-admin%2F&reauth=1 HTTP/1.1" 200 3001 "-" "Mozilla/5.0 (Macintosh; Intel Mac OS X 13_6_1; rv:121.0) Gecko/20100101 Firefox/121.0"
20.226.26.5 - - [16/Jul/2026:18:53:42 +0000] "GET /wp-login.php?action=register HTTP/1.1" 302 0 "-" "-"
20.226.26.5 - - [16/Jul/2026:18:53:42 +0000] "GET /wp-login.php?registration=disabled HTTP/1.1" 200 9293 "-" "-"
20.226.26.5 - - [16/Jul/2026:18:54:01 +0000] "GET /wp-admin/index.php HTTP/1.1" 302 0 "-" "-"
20.226.26.5 - - [16/Jul/2026:18:54:02 +0000] "GET /wp-login.php?redirect_to=https%3A%2F%2Fdigitalcv.naniguide.com%2Fwp-admin%2Findex.php&reauth=1 HTTP/1.1" 200 9210 "-" "-"
20.226.26.5 - - [16/Jul/2026:18:54:05 +0000] "GET /feed/ HTTP/1.1" 200 2032 "-" "-"
20.226.26.5 - - [16/Jul/2026:18:57:15 +0000] "GET /wp-login.php?action=register HTTP/1.1" 302 0 "-" "-"
20.226.26.5 - - [16/Jul/2026:18:57:16 +0000] "GET /wp-login.php?registration=disabled HTTP/1.1" 200 9293 "-" "-"
20.226.26.5 - - [16/Jul/2026:18:57:38 +0000] "GET /wp-admin/index.php HTTP/1.1" 302 0 "-" "-"
20.226.26.5 - - [16/Jul/2026:18:57:39 +0000] "GET /wp-login.php?redirect_to=https%3A%2F%2Fdigitalcv.naniguide.com%2Fwp-admin%2Findex.php&reauth=1 HTTP/1.1" 200 9210 "-" "-"
20.226.26.5 - - [16/Jul/2026:18:57:42 +0000] "GET /feed/ HTTP/1.1" 200 2032 "-" "-"
173.252.69.7 - - [16/Jul/2026:19:56:18 +0000] "GET /robots.txt HTTP/2" 200 124 "-" "facebookexternalhit/1.1 (+http://www.facebook.com/externalhit_uatext.php)"
65.181.111.155 - - [16/Jul/2026:19:56:19 +0000] "POST /wp-cron.php?doing_wp_cron=1784231778.9517180919647216796875 HTTP/1.1" 200 0 "-" "WordPress/7.0.1; https://digitalcv.naniguide.com"