File: /home/xedaptot/access-logs/coconutspaphuquoc.com.xedaptot.net-ssl_log
65.181.111.155 - - [16/Jul/2026:12:02:07 +0000] "POST /wp-cron.php?doing_wp_cron=1784203327.3114008903503417968750 HTTP/2" 200 0 "-" "WordPress/7.0.1; https://coconutspaphuquoc.com"
173.239.240.73 - - [16/Jul/2026:12:02:05 +0000] "POST /wp-login.php HTTP/2" 200 3186 "-" "Mozilla/5.0 (Windows NT 10.0; Win64; rv:143.0) Gecko/20100101 Firefox/143.0"
65.181.111.155 - - [16/Jul/2026:12:05:02 +0000] "POST /wp-cron.php?doing_wp_cron=1784203502.9417688846588134765625 HTTP/2" 200 0 "-" "WordPress/7.0.1; https://coconutspaphuquoc.com"
216.24.212.32 - - [16/Jul/2026:12:12:07 +0000] "POST /wp-login.php HTTP/2" 200 3183 "-" "Mozilla/5.0 (Linux; Android 11; GM1917) AppleWebKit/537.36 (KHTML, like Gecko) Chrome/95.0.4638.69 Mobile Safari/537.36 EdgA/95.0.1020.48"
173.239.240.73 - - [16/Jul/2026:12:12:47 +0000] "POST /wp-login.php HTTP/2" 200 3183 "-" "Mozilla/5.0 (Windows NT 10.0; Win64; rv:143.0) Gecko/20100101 Firefox/143.0"
173.239.240.79 - - [16/Jul/2026:12:13:52 +0000] "POST /wp-login.php HTTP/2" 200 3186 "-" "Mozilla/5.0 (Windows NT 10.0; Win64; x64) AppleWebKit/537.36 Chrome/129.0.0.0 Safari/537.36"
65.181.111.155 - - [16/Jul/2026:12:13:53 +0000] "POST /wp-cron.php?doing_wp_cron=1784204033.1175320148468017578125 HTTP/2" 200 0 "-" "WordPress/7.0.1; https://coconutspaphuquoc.com"
65.181.111.155 - - [16/Jul/2026:12:23:33 +0000] "POST /wp-cron.php?doing_wp_cron=1784204613.7634899616241455078125 HTTP/2" 200 0 "-" "WordPress/7.0.1; https://coconutspaphuquoc.com"
173.239.240.69 - - [16/Jul/2026:12:23:33 +0000] "POST /wp-login.php HTTP/2" 200 3183 "-" "Mozilla/5.0 (Macintosh; Intel Mac OS X 10_15_7) AppleWebKit/605.1.15 Version/17.0 Safari/605.1.15"
65.181.111.155 - - [16/Jul/2026:12:28:57 +0000] "POST /wp-cron.php?doing_wp_cron=1784204937.8292961120605468750000 HTTP/2" 200 0 "-" "WordPress/7.0.1; https://coconutspaphuquoc.com"
45.61.187.148 - - [16/Jul/2026:12:28:57 +0000] "GET /wp-login.php HTTP/2" 200 3036 "-" "Mozilla/5.0 (Windows NT 10.0; Win64; x64; rv:122.0) Gecko/20100101 Firefox/122.0"
45.61.187.148 - - [16/Jul/2026:12:28:58 +0000] "POST /wp-login.php HTTP/2" 200 3186 "-" "Mozilla/5.0 (Windows NT 10.0; Win64; x64; rv:122.0) Gecko/20100101 Firefox/122.0"
65.181.111.155 - - [16/Jul/2026:12:31:42 +0000] "POST /wp-cron.php?doing_wp_cron=1784205102.5159339904785156250000 HTTP/2" 200 0 "-" "WordPress/7.0.1; https://coconutspaphuquoc.com"
173.239.240.69 - - [16/Jul/2026:12:31:42 +0000] "POST /wp-login.php HTTP/2" 200 3186 "-" "Mozilla/5.0 (Windows NT 10.0; Win64; x64) AppleWebKit/537.36 Chrome/129.0.0.0 Safari/537.36"
65.181.111.155 - - [16/Jul/2026:12:34:26 +0000] "POST /wp-cron.php?doing_wp_cron=1784205266.4941709041595458984375 HTTP/2" 200 0 "-" "WordPress/7.0.1; https://coconutspaphuquoc.com"
216.24.212.41 - - [16/Jul/2026:12:37:36 +0000] "POST /wp-login.php HTTP/2" 200 3183 "-" "Mozilla/5.0 (Linux; Android 7.0; VS835) AppleWebKit/537.36 (KHTML, like Gecko) Chrome/87.0.4280.101 Mobile Safari/537.36"
173.239.240.74 - - [16/Jul/2026:12:02:05 +0000] "POST /wp-login.php HTTP/2" 200 3183 "-" "Mozilla/5.0 (Windows NT 10.0; Win64; rv:143.0) Gecko/20100101 Firefox/143.0"
136.244.106.102 - - [16/Jul/2026:12:05:02 +0000] "GET /wp-content/plugins/hqayznabrwuqzaca/kmqbqomqkmddnrstD.php?p= HTTP/2" 301 0 "-" "Mozilla/5.0 (X11; Linux x86_64) AppleWebKit/537.36 (KHTML, like Gecko) Chrome/143.0.0.0 Safari/537.36"
136.244.106.102 - - [16/Jul/2026:12:05:03 +0000] "GET /wp-content/plugins/hqayznabrwuqzaca/kmqbqomqkmddnrstD.php HTTP/2" 404 14182 "-" "Mozilla/5.0 (X11; Linux x86_64) AppleWebKit/537.36 (KHTML, like Gecko) Chrome/143.0.0.0 Safari/537.36"
65.181.111.155 - - [16/Jul/2026:12:12:07 +0000] "POST /wp-cron.php?doing_wp_cron=1784203927.7939350605010986328125 HTTP/2" 200 0 "-" "WordPress/7.0.1; https://coconutspaphuquoc.com"
216.24.212.19 - - [16/Jul/2026:12:12:07 +0000] "POST /wp-login.php HTTP/2" 200 3186 "-" "Mozilla/5.0 (Windows NT 10.0; Win64; x64; rv:124.0) Gecko/20100101 Firefox/124.0 [ip:177.236.0.250]"
173.239.240.75 - - [16/Jul/2026:12:12:47 +0000] "POST /wp-login.php HTTP/2" 200 3186 "-" "Mozilla/5.0 (Windows NT 10.0; Win64; x64) AppleWebKit/537.36 Chrome/129.0.0.0 Safari/537.36"
173.239.240.84 - - [16/Jul/2026:12:13:52 +0000] "POST /wp-login.php HTTP/2" 200 3183 "-" "Mozilla/5.0 (Macintosh; Intel Mac OS X 10_15_7) AppleWebKit/605.1.15 Version/17.0 Safari/605.1.15"
173.239.240.72 - - [16/Jul/2026:12:23:33 +0000] "POST /wp-login.php HTTP/2" 200 3186 "-" "Mozilla/5.0 (Windows NT 10.0; Win64; rv:143.0) Gecko/20100101 Firefox/143.0"
173.239.240.71 - - [16/Jul/2026:12:31:42 +0000] "POST /wp-login.php HTTP/2" 200 3183 "-" "Mozilla/5.0 (Macintosh; Intel Mac OS X 10_15_7) AppleWebKit/605.1.15 Version/17.0 Safari/605.1.15"
173.239.240.62 - - [16/Jul/2026:12:34:25 +0000] "POST /wp-login.php HTTP/2" 200 3183 "-" "Mozilla/5.0 (Windows NT 10.0; Win64; x64) AppleWebKit/537.36 Chrome/129.0.0.0 Safari/537.36"
173.239.240.63 - - [16/Jul/2026:12:34:25 +0000] "POST /wp-login.php HTTP/2" 200 3186 "-" "Mozilla/5.0 (Windows NT 10.0; Win64; x64) AppleWebKit/537.36 Chrome/129.0.0.0 Safari/537.36"
216.24.212.51 - - [16/Jul/2026:12:37:36 +0000] "POST /wp-login.php HTTP/2" 200 3186 "-" "Autoplius.lt/6.1.6 Mozilla/5.0 (Linux; Android 13; 2109119DG Build/TKQ1.220829.002; wv) AppleWebKit/537.36 (KHTML, like Gecko) Version/4.0 Chrome/110.0.5481.65 Mobile Safari/537.36 EmbeddedBrowser DeviceUID: 386262eb-cd0d-4577-a735-f64518c27f5f"
65.181.111.155 - - [16/Jul/2026:12:37:36 +0000] "POST /wp-cron.php?doing_wp_cron=1784205456.5167219638824462890625 HTTP/2" 200 0 "-" "WordPress/7.0.1; https://coconutspaphuquoc.com"
65.181.111.155 - - [16/Jul/2026:12:45:07 +0000] "POST /wp-cron.php?doing_wp_cron=1784205907.6726989746093750000000 HTTP/2" 200 0 "-" "WordPress/7.0.1; https://coconutspaphuquoc.com"
173.239.240.73 - - [16/Jul/2026:12:49:21 +0000] "POST /wp-login.php HTTP/2" 200 3186 "-" "Mozilla/5.0 (Windows NT 10.0; Win64; x64) AppleWebKit/537.36 Chrome/129.0.0.0 Safari/537.36"
65.181.111.155 - - [16/Jul/2026:12:49:23 +0000] "POST /wp-cron.php?doing_wp_cron=1784206163.1600770950317382812500 HTTP/2" 200 0 "-" "WordPress/7.0.1; https://coconutspaphuquoc.com"
65.181.111.155 - - [16/Jul/2026:12:50:22 +0000] "POST /wp-cron.php?doing_wp_cron=1784206222.6805291175842285156250 HTTP/2" 200 0 "-" "WordPress/7.0.1; https://coconutspaphuquoc.com"
173.239.240.83 - - [16/Jul/2026:12:56:06 +0000] "POST /wp-login.php HTTP/2" 200 3183 "-" "Mozilla/5.0 (Macintosh; Intel Mac OS X 10_15_7) AppleWebKit/605.1.15 Version/17.0 Safari/605.1.15"
65.181.111.155 - - [16/Jul/2026:12:45:07 +0000] "POST /wp-cron.php?doing_wp_cron=1784205907.6727600097656250000000 HTTP/2" 200 0 "-" "WordPress/7.0.1; https://coconutspaphuquoc.com"
173.239.240.62 - - [16/Jul/2026:12:45:07 +0000] "POST /wp-login.php HTTP/2" 200 3186 "-" "Mozilla/5.0 (Windows NT 10.0; Win64; x64) AppleWebKit/537.36 Chrome/129.0.0.0 Safari/537.36"
173.239.240.62 - - [16/Jul/2026:12:45:07 +0000] "POST /wp-login.php HTTP/2" 200 3183 "-" "Mozilla/5.0 (Windows NT 10.0; Win64; rv:143.0) Gecko/20100101 Firefox/143.0"
173.239.240.66 - - [16/Jul/2026:12:49:21 +0000] "POST /wp-login.php HTTP/2" 200 3183 "-" "Mozilla/5.0 (Windows NT 10.0; Win64; x64) AppleWebKit/537.36 Chrome/129.0.0.0 Safari/537.36"
2a03:2880:f812:45:: - - [16/Jul/2026:12:50:22 +0000] "GET /local-sitemap.xml HTTP/2" 200 266 "-" "Mozilla/5.0 (Windows NT 10.0; Win64; x64) AppleWebKit/537.36 (KHTML, like Gecko) Chrome/145.0.0.0 Safari/537.36 (compatible; meta-externalagent/1.1 (+https://developers.facebook.com/docs/sharing/webmasters/crawler))"
65.181.111.155 - - [16/Jul/2026:12:56:06 +0000] "POST /wp-cron.php?doing_wp_cron=1784206566.8027119636535644531250 HTTP/2" 200 0 "-" "WordPress/7.0.1; https://coconutspaphuquoc.com"
173.239.240.69 - - [16/Jul/2026:12:56:06 +0000] "POST /wp-login.php HTTP/2" 200 3186 "-" "Mozilla/5.0 (Windows NT 10.0; Win64; rv:143.0) Gecko/20100101 Firefox/143.0"
65.181.111.155 - - [16/Jul/2026:13:03:12 +0000] "POST /wp-cron.php?doing_wp_cron=1784206992.7120749950408935546875 HTTP/2" 200 0 "-" "WordPress/7.0.1; https://coconutspaphuquoc.com"
216.24.212.51 - - [16/Jul/2026:13:03:12 +0000] "POST /wp-login.php HTTP/2" 200 3186 "-" "Mozilla/5.0 (Macintosh; U; PPC Mac OS X 10_4_11; es-es) AppleWebKit/525.27.1 (KHTML, like Gecko) Version/3.2.1 Safari/525.27.1"
65.181.111.155 - - [16/Jul/2026:13:03:13 +0000] "POST /wp-cron.php?doing_wp_cron=1784206993.4018518924713134765625 HTTP/2" 200 0 "-" "WordPress/7.0.1; https://coconutspaphuquoc.com"
65.181.111.155 - - [16/Jul/2026:13:04:24 +0000] "POST /wp-cron.php?doing_wp_cron=1784207064.8430080413818359375000 HTTP/2" 200 0 "-" "WordPress/7.0.1; https://coconutspaphuquoc.com"
13.53.139.192 - - [16/Jul/2026:13:04:24 +0000] "GET / HTTP/2" 200 21959 "-" "Mozilla/5.0 (Windows NT 10.0; Win64; x64) AppleWebKit/537.36"
216.24.212.50 - - [16/Jul/2026:13:03:12 +0000] "POST /wp-login.php HTTP/2" 200 3183 "-" "mac|Mozilla/5.0 (Macintosh; Intel Mac OS X 10_9_5; en-US) AppleWebKit/537.37 (KHTML, like Gecko) Chrome/54.0.3876.252 Safari/535"
173.239.240.84 - - [16/Jul/2026:13:07:14 +0000] "POST /wp-login.php HTTP/2" 200 3186 "-" "Mozilla/5.0 (Windows NT 10.0; Win64; x64) AppleWebKit/537.36 Chrome/129.0.0.0 Safari/537.36"
65.181.111.155 - - [16/Jul/2026:13:07:14 +0000] "POST /wp-cron.php?doing_wp_cron=1784207234.5302579402923583984375 HTTP/2" 200 0 "-" "WordPress/7.0.1; https://coconutspaphuquoc.com"
173.239.240.68 - - [16/Jul/2026:13:07:14 +0000] "POST /wp-login.php HTTP/2" 200 3183 "-" "Mozilla/5.0 (Macintosh; Intel Mac OS X 10_15_7) AppleWebKit/605.1.15 Version/17.0 Safari/605.1.15"
173.239.240.83 - - [16/Jul/2026:13:07:30 +0000] "POST /wp-login.php HTTP/2" 200 3186 "-" "Mozilla/5.0 (Windows NT 10.0; Win64; rv:143.0) Gecko/20100101 Firefox/143.0"
173.239.240.75 - - [16/Jul/2026:13:07:31 +0000] "POST /wp-login.php HTTP/2" 200 3183 "-" "Mozilla/5.0 (Windows NT 10.0; Win64; rv:143.0) Gecko/20100101 Firefox/143.0"
173.239.240.63 - - [16/Jul/2026:13:18:14 +0000] "POST /wp-login.php HTTP/2" 200 3186 "-" "Mozilla/5.0 (Macintosh; Intel Mac OS X 10_15_7) AppleWebKit/605.1.15 Version/17.0 Safari/605.1.15"
65.181.111.155 - - [16/Jul/2026:13:25:29 +0000] "POST /wp-cron.php?doing_wp_cron=1784208329.3580479621887207031250 HTTP/2" 200 0 "-" "WordPress/7.0.1; https://coconutspaphuquoc.com"
173.239.240.80 - - [16/Jul/2026:13:25:28 +0000] "POST /wp-login.php HTTP/2" 200 3186 "-" "Mozilla/5.0 (Windows NT 10.0; Win64; x64) AppleWebKit/537.36 Chrome/129.0.0.0 Safari/537.36"
173.239.240.70 - - [16/Jul/2026:13:29:18 +0000] "POST /wp-login.php HTTP/2" 200 3183 "-" "Mozilla/5.0 (Windows NT 10.0; Win64; rv:143.0) Gecko/20100101 Firefox/143.0"
216.24.212.32 - - [16/Jul/2026:13:29:26 +0000] "POST /wp-login.php HTTP/2" 200 3186 "-" "Mozilla/5.0 (Linux; Android 9; Mi 9 SE Build/PKQ1.181121.001) AppleWebKit/537.36 (KHTML, like Gecko) Chrome/80.0.3987.132 Mobile Safari/537.36 YaApp_Android/10.44 YaSearchBrowser/10.44"
216.24.212.32 - - [16/Jul/2026:13:29:26 +0000] "POST /wp-login.php HTTP/2" 200 3183 "-" "firefox|Mozilla/5.0 (Windows; U; Windows NT 6.1; Win64; x64) Gecko/20100101 Firefox/47.2"
65.181.111.155 - - [16/Jul/2026:13:18:16 +0000] "POST /wp-cron.php?doing_wp_cron=1784207896.0898768901824951171875 HTTP/2" 200 0 "-" "WordPress/7.0.1; https://coconutspaphuquoc.com"
173.239.240.63 - - [16/Jul/2026:13:18:14 +0000] "POST /wp-login.php HTTP/2" 200 3183 "-" "Mozilla/5.0 (Windows NT 10.0; Win64; x64) AppleWebKit/537.36 Chrome/129.0.0.0 Safari/537.36"
65.181.111.155 - - [16/Jul/2026:13:20:18 +0000] "POST /wp-cron.php?doing_wp_cron=1784208018.4200279712677001953125 HTTP/2" 200 0 "-" "WordPress/7.0.1; https://coconutspaphuquoc.com"
104.210.140.137 - - [16/Jul/2026:13:20:17 +0000] "GET /robots.txt HTTP/2" 200 103 "-" "Mozilla/5.0 (Macintosh; Intel Mac OS X 10_15_7) AppleWebKit/537.36 (KHTML, like Gecko) Chrome/131.0.0.0 Safari/537.36; compatible; OAI-SearchBot/1.0; +https://openai.com/searchbot"
173.239.240.62 - - [16/Jul/2026:13:25:28 +0000] "POST /wp-login.php HTTP/2" 200 3183 "-" "Mozilla/5.0 (Macintosh; Intel Mac OS X 10_15_7) AppleWebKit/605.1.15 Version/17.0 Safari/605.1.15"
65.181.111.155 - - [16/Jul/2026:13:29:19 +0000] "POST /wp-cron.php?doing_wp_cron=1784208559.2330629825592041015625 HTTP/2" 200 0 "-" "WordPress/7.0.1; https://coconutspaphuquoc.com"
173.239.240.81 - - [16/Jul/2026:13:29:18 +0000] "POST /wp-login.php HTTP/2" 200 3186 "-" "Mozilla/5.0 (Macintosh; Intel Mac OS X 10_15_7) AppleWebKit/605.1.15 Version/17.0 Safari/605.1.15"
172.183.222.129 - - [16/Jul/2026:13:40:07 +0000] "GET / HTTP/2" 200 21958 "-" "Mozilla/5.0 AppleWebKit/537.36 (KHTML, like Gecko); compatible; ChatGPT-User/1.0; +https://openai.com/bot"
173.239.240.70 - - [16/Jul/2026:13:40:46 +0000] "POST /wp-login.php HTTP/2" 200 3183 "-" "Mozilla/5.0 (Macintosh; Intel Mac OS X 10_15_7) AppleWebKit/605.1.15 Version/17.0 Safari/605.1.15"
173.239.240.84 - - [16/Jul/2026:13:43:42 +0000] "POST /wp-login.php HTTP/2" 200 3183 "-" "Mozilla/5.0 (Macintosh; Intel Mac OS X 10_15_7) AppleWebKit/605.1.15 Version/17.0 Safari/605.1.15"
173.239.240.68 - - [16/Jul/2026:13:40:46 +0000] "POST /wp-login.php HTTP/2" 200 3186 "-" "Mozilla/5.0 (Windows NT 10.0; Win64; x64) AppleWebKit/537.36 Chrome/129.0.0.0 Safari/537.36"
65.181.111.155 - - [16/Jul/2026:13:43:43 +0000] "POST /wp-cron.php?doing_wp_cron=1784209423.7881090641021728515625 HTTP/2" 200 0 "-" "WordPress/7.0.1; https://coconutspaphuquoc.com"
65.181.111.155 - - [16/Jul/2026:13:43:43 +0000] "POST /wp-cron.php?doing_wp_cron=1784209423.8966128826141357421875 HTTP/2" 200 0 "-" "WordPress/7.0.1; https://coconutspaphuquoc.com"
173.239.240.69 - - [16/Jul/2026:13:43:42 +0000] "POST /wp-login.php HTTP/2" 200 3186 "-" "Mozilla/5.0 (Macintosh; Intel Mac OS X 10_15_7) AppleWebKit/605.1.15 Version/17.0 Safari/605.1.15"
173.239.240.76 - - [16/Jul/2026:13:51:37 +0000] "POST /wp-login.php HTTP/2" 200 3183 "-" "Mozilla/5.0 (Windows NT 10.0; Win64; rv:143.0) Gecko/20100101 Firefox/143.0"
65.181.111.155 - - [16/Jul/2026:13:51:37 +0000] "POST /wp-cron.php?doing_wp_cron=1784209897.7941360473632812500000 HTTP/2" 200 0 "-" "WordPress/7.0.1; https://coconutspaphuquoc.com"
65.181.111.155 - - [16/Jul/2026:13:55:31 +0000] "POST /wp-cron.php?doing_wp_cron=1784210131.3665699958801269531250 HTTP/2" 200 0 "-" "WordPress/7.0.1; https://coconutspaphuquoc.com"
173.239.240.88 - - [16/Jul/2026:14:01:21 +0000] "POST /wp-login.php HTTP/2" 200 3183 "-" "Mozilla/5.0 (Macintosh; Intel Mac OS X 10_15_7) AppleWebKit/605.1.15 Version/17.0 Safari/605.1.15"
65.181.111.155 - - [16/Jul/2026:14:01:22 +0000] "POST /wp-cron.php?doing_wp_cron=1784210482.2672588825225830078125 HTTP/2" 200 0 "-" "WordPress/7.0.1; https://coconutspaphuquoc.com"
173.239.240.89 - - [16/Jul/2026:14:01:21 +0000] "POST /wp-login.php HTTP/2" 200 3186 "-" "Mozilla/5.0 (Windows NT 10.0; Win64; rv:143.0) Gecko/20100101 Firefox/143.0"
173.239.240.65 - - [16/Jul/2026:14:02:30 +0000] "POST /wp-login.php HTTP/2" 200 3183 "-" "Mozilla/5.0 (Macintosh; Intel Mac OS X 10_15_7) AppleWebKit/605.1.15 Version/17.0 Safari/605.1.15"
65.181.111.155 - - [16/Jul/2026:14:02:31 +0000] "POST /wp-cron.php?doing_wp_cron=1784210551.0680389404296875000000 HTTP/2" 200 0 "-" "WordPress/7.0.1; https://coconutspaphuquoc.com"
173.239.240.77 - - [16/Jul/2026:14:02:30 +0000] "POST /wp-login.php HTTP/2" 200 3186 "-" "Mozilla/5.0 (Windows NT 10.0; Win64; x64) AppleWebKit/537.36 Chrome/129.0.0.0 Safari/537.36"
173.239.240.68 - - [16/Jul/2026:13:51:37 +0000] "POST /wp-login.php HTTP/2" 200 3186 "-" "Mozilla/5.0 (Windows NT 10.0; Win64; rv:143.0) Gecko/20100101 Firefox/143.0"
54.37.118.80 - - [16/Jul/2026:13:51:38 +0000] "GET /robots.txt HTTP/2" 200 103 "-" "Mozilla/5.0 (compatible; AhrefsBot/7.0; +http://ahrefs.com/robot/)"
54.39.203.80 - - [16/Jul/2026:13:51:40 +0000] "GET / HTTP/2" 200 21959 "-" "Mozilla/5.0 (compatible; AhrefsBot/7.0; +http://ahrefs.com/robot/)"
216.24.212.13 - - [16/Jul/2026:13:55:28 +0000] "POST /wp-login.php HTTP/2" 200 3186 "-" "linux|Mozilla/5.0 (U; Linux x86_64; en-US) AppleWebKit/602.22 (KHTML, like Gecko) Chrome/47.0.1449.162 Safari/535"
216.24.212.36 - - [16/Jul/2026:13:55:29 +0000] "POST /wp-login.php HTTP/2" 200 3183 "-" "Mozilla/5.0 (X11; U; SunOS i86pc; en-US; rv:1.8.0.5) Gecko/20060728 Firefox/1.5.0.5"
65.181.111.155 - - [16/Jul/2026:14:13:23 +0000] "POST /wp-cron.php?doing_wp_cron=1784211202.9896149635314941406250 HTTP/2" 200 0 "-" "WordPress/7.0.1; https://coconutspaphuquoc.com"
173.239.240.63 - - [16/Jul/2026:14:13:22 +0000] "POST /wp-login.php HTTP/2" 200 3186 "-" "Mozilla/5.0 (Macintosh; Intel Mac OS X 10_15_7) AppleWebKit/605.1.15 Version/17.0 Safari/605.1.15"
173.239.240.72 - - [16/Jul/2026:14:19:06 +0000] "POST /wp-login.php HTTP/2" 200 3186 "-" "Mozilla/5.0 (Windows NT 10.0; Win64; rv:143.0) Gecko/20100101 Firefox/143.0"
65.181.111.155 - - [16/Jul/2026:14:21:43 +0000] "POST /wp-cron.php?doing_wp_cron=1784211703.5273790359497070312500 HTTP/2" 200 0 "-" "WordPress/7.0.1; https://coconutspaphuquoc.com"
216.24.212.48 - - [16/Jul/2026:14:21:43 +0000] "POST /wp-login.php HTTP/2" 200 3186 "-" "Mozilla/5.0 (Linux; Android 6.0; G-PADLITE Build/MRA58K; wv) AppleWebKit/537.36 (KHTML, like Gecko) Version/4.0 Chrome/83.0.4103.96 Safari/537.36"
65.181.111.155 - - [16/Jul/2026:14:22:05 +0000] "POST /wp-cron.php?doing_wp_cron=1784211725.3303079605102539062500 HTTP/2" 200 0 "-" "WordPress/7.0.1; https://coconutspaphuquoc.com"
216.24.212.81 - - [16/Jul/2026:14:22:04 +0000] "POST /wp-login.php HTTP/2" 200 3183 "-" "firefox|Mozilla/5.0 (U; Linux x86_64; en-US) Gecko/20100101 Firefox/53.4"
173.239.240.89 - - [16/Jul/2026:14:13:22 +0000] "POST /wp-login.php HTTP/2" 200 3183 "-" "Mozilla/5.0 (Windows NT 10.0; Win64; x64) AppleWebKit/537.36 Chrome/129.0.0.0 Safari/537.36"
65.181.111.155 - - [16/Jul/2026:14:19:06 +0000] "POST /wp-cron.php?doing_wp_cron=1784211546.9281980991363525390625 HTTP/2" 200 0 "-" "WordPress/7.0.1; https://coconutspaphuquoc.com"
173.239.240.86 - - [16/Jul/2026:14:19:06 +0000] "POST /wp-login.php HTTP/2" 200 3183 "-" "Mozilla/5.0 (Windows NT 10.0; Win64; rv:143.0) Gecko/20100101 Firefox/143.0"
65.181.111.155 - - [16/Jul/2026:14:24:19 +0000] "POST /wp-cron.php?doing_wp_cron=1784211859.8252539634704589843750 HTTP/2" 200 0 "-" "WordPress/7.0.1; https://coconutspaphuquoc.com"
65.181.111.155 - - [16/Jul/2026:14:35:18 +0000] "POST /wp-cron.php?doing_wp_cron=1784212518.2111968994140625000000 HTTP/2" 200 0 "-" "WordPress/7.0.1; https://coconutspaphuquoc.com"
173.239.240.75 - - [16/Jul/2026:14:35:17 +0000] "POST /wp-login.php HTTP/2" 200 3183 "-" "Mozilla/5.0 (Macintosh; Intel Mac OS X 10_15_7) AppleWebKit/605.1.15 Version/17.0 Safari/605.1.15"
173.239.240.88 - - [16/Jul/2026:14:37:01 +0000] "POST /wp-login.php HTTP/2" 200 3183 "-" "Mozilla/5.0 (Windows NT 10.0; Win64; x64) AppleWebKit/537.36 Chrome/129.0.0.0 Safari/537.36"
173.239.240.66 - - [16/Jul/2026:14:24:19 +0000] "POST /wp-login.php HTTP/2" 200 3186 "-" "Mozilla/5.0 (Windows NT 10.0; Win64; rv:143.0) Gecko/20100101 Firefox/143.0"
173.239.240.79 - - [16/Jul/2026:14:24:19 +0000] "POST /wp-login.php HTTP/2" 200 3183 "-" "Mozilla/5.0 (Macintosh; Intel Mac OS X 10_15_7) AppleWebKit/605.1.15 Version/17.0 Safari/605.1.15"
173.239.240.80 - - [16/Jul/2026:14:35:17 +0000] "POST /wp-login.php HTTP/2" 200 3186 "-" "Mozilla/5.0 (Windows NT 10.0; Win64; x64) AppleWebKit/537.36 Chrome/129.0.0.0 Safari/537.36"
173.239.240.68 - - [16/Jul/2026:14:37:01 +0000] "POST /wp-login.php HTTP/2" 200 3186 "-" "Mozilla/5.0 (Windows NT 10.0; Win64; rv:143.0) Gecko/20100101 Firefox/143.0"
65.181.111.155 - - [16/Jul/2026:14:37:02 +0000] "POST /wp-cron.php?doing_wp_cron=1784212622.2641389369964599609375 HTTP/2" 200 0 "-" "WordPress/7.0.1; https://coconutspaphuquoc.com"
65.181.111.155 - - [16/Jul/2026:14:46:20 +0000] "POST /wp-cron.php?doing_wp_cron=1784213180.3048439025878906250000 HTTP/2" 200 0 "-" "WordPress/7.0.1; https://coconutspaphuquoc.com"
173.239.240.70 - - [16/Jul/2026:14:46:19 +0000] "POST /wp-login.php HTTP/2" 200 3183 "-" "Mozilla/5.0 (Windows NT 10.0; Win64; x64) AppleWebKit/537.36 Chrome/129.0.0.0 Safari/537.36"
173.239.240.70 - - [16/Jul/2026:14:46:19 +0000] "POST /wp-login.php HTTP/2" 200 3186 "-" "Mozilla/5.0 (Macintosh; Intel Mac OS X 10_15_7) AppleWebKit/605.1.15 Version/17.0 Safari/605.1.15"
216.24.212.41 - - [16/Jul/2026:14:47:52 +0000] "POST /wp-login.php HTTP/2" 200 3186 "-" "Mozilla/5.0 (Windows NT 6.1) AppleWebKit/537.36 (KHTML, like Gecko) Chrome/87.0.4254.2 Safari/537.36"
216.24.212.52 - - [16/Jul/2026:14:47:52 +0000] "POST /wp-login.php HTTP/2" 200 3183 "-" "mac|Mozilla/5.0 (Macintosh; Intel Mac OS X 9_3_0) Gecko/20130401 Firefox/55.1"
173.239.240.84 - - [16/Jul/2026:14:54:46 +0000] "POST /wp-login.php HTTP/2" 200 3186 "-" "Mozilla/5.0 (Windows NT 10.0; Win64; x64) AppleWebKit/537.36 Chrome/129.0.0.0 Safari/537.36"
173.239.240.86 - - [16/Jul/2026:14:54:46 +0000] "POST /wp-login.php HTTP/2" 200 3183 "-" "Mozilla/5.0 (Windows NT 10.0; Win64; rv:143.0) Gecko/20100101 Firefox/143.0"
65.181.111.155 - - [16/Jul/2026:14:47:53 +0000] "POST /wp-cron.php?doing_wp_cron=1784213273.0510630607604980468750 HTTP/2" 200 0 "-" "WordPress/7.0.1; https://coconutspaphuquoc.com"
65.181.111.155 - - [16/Jul/2026:14:54:47 +0000] "POST /wp-cron.php?doing_wp_cron=1784213687.0788159370422363281250 HTTP/2" 200 0 "-" "WordPress/7.0.1; https://coconutspaphuquoc.com"
65.181.111.155 - - [16/Jul/2026:14:57:16 +0000] "POST /wp-cron.php?doing_wp_cron=1784213836.8594450950622558593750 HTTP/2" 200 0 "-" "WordPress/7.0.1; https://coconutspaphuquoc.com"
173.239.240.64 - - [16/Jul/2026:14:57:16 +0000] "POST /wp-login.php HTTP/2" 200 3186 "-" "Mozilla/5.0 (Macintosh; Intel Mac OS X 10_15_7) AppleWebKit/605.1.15 Version/17.0 Safari/605.1.15"
173.239.240.63 - - [16/Jul/2026:14:57:16 +0000] "POST /wp-login.php HTTP/2" 200 3183 "-" "Mozilla/5.0 (Macintosh; Intel Mac OS X 10_15_7) AppleWebKit/605.1.15 Version/17.0 Safari/605.1.15"
173.239.240.70 - - [16/Jul/2026:15:08:22 +0000] "POST /wp-login.php HTTP/2" 200 3186 "-" "Mozilla/5.0 (Macintosh; Intel Mac OS X 10_15_7) AppleWebKit/605.1.15 Version/17.0 Safari/605.1.15"
173.239.240.75 - - [16/Jul/2026:15:12:44 +0000] "POST /wp-login.php HTTP/2" 200 3183 "-" "Mozilla/5.0 (Macintosh; Intel Mac OS X 10_15_7) AppleWebKit/605.1.15 Version/17.0 Safari/605.1.15"
173.239.240.66 - - [16/Jul/2026:15:08:22 +0000] "POST /wp-login.php HTTP/2" 200 3183 "-" "Mozilla/5.0 (Windows NT 10.0; Win64; x64) AppleWebKit/537.36 Chrome/129.0.0.0 Safari/537.36"
65.181.111.155 - - [16/Jul/2026:15:08:22 +0000] "POST /wp-cron.php?doing_wp_cron=1784214502.4481530189514160156250 HTTP/2" 200 0 "-" "WordPress/7.0.1; https://coconutspaphuquoc.com"
65.181.111.155 - - [16/Jul/2026:15:12:45 +0000] "POST /wp-cron.php?doing_wp_cron=1784214765.1535420417785644531250 HTTP/2" 200 0 "-" "WordPress/7.0.1; https://coconutspaphuquoc.com"
65.181.111.155 - - [16/Jul/2026:15:12:45 +0000] "POST /wp-cron.php?doing_wp_cron=1784214765.1537959575653076171875 HTTP/2" 200 0 "-" "WordPress/7.0.1; https://coconutspaphuquoc.com"
173.239.240.70 - - [16/Jul/2026:15:12:44 +0000] "POST /wp-login.php HTTP/2" 200 3186 "-" "Mozilla/5.0 (Macintosh; Intel Mac OS X 10_15_7) AppleWebKit/605.1.15 Version/17.0 Safari/605.1.15"
65.181.111.155 - - [16/Jul/2026:15:14:33 +0000] "POST /wp-cron.php?doing_wp_cron=1784214873.5091140270233154296875 HTTP/2" 200 0 "-" "WordPress/7.0.1; https://coconutspaphuquoc.com"
216.24.212.49 - - [16/Jul/2026:15:14:32 +0000] "POST /wp-login.php HTTP/2" 200 3183 "-" "Mozilla/5.0 (Linux; Android 10; Mi A2 Lite) AppleWebKit/537.36 (KHTML, like Gecko) Chrome/86.0.4240.99 Mobile Safari/537.36"
65.181.111.155 - - [16/Jul/2026:15:19:20 +0000] "POST /wp-cron.php?doing_wp_cron=1784215160.7510900497436523437500 HTTP/2" 200 0 "-" "WordPress/7.0.1; https://coconutspaphuquoc.com"
173.239.240.63 - - [16/Jul/2026:15:19:20 +0000] "POST /wp-login.php HTTP/2" 200 3183 "-" "Mozilla/5.0 (Macintosh; Intel Mac OS X 10_15_7) AppleWebKit/605.1.15 Version/17.0 Safari/605.1.15"
216.24.212.37 - - [16/Jul/2026:15:14:32 +0000] "POST /wp-login.php HTTP/2" 200 3186 "-" "Mozilla/5.0 (Linux; Android 9; SM-G955F) AppleWebKit/537.36 (KHTML, like Gecko) Chrome/86.0.4240.75 Mobile Safari/537.36"
173.239.240.66 - - [16/Jul/2026:15:19:20 +0000] "POST /wp-login.php HTTP/2" 200 3186 "-" "Mozilla/5.0 (Windows NT 10.0; Win64; x64) AppleWebKit/537.36 Chrome/129.0.0.0 Safari/537.36"
173.239.240.62 - - [16/Jul/2026:15:30:17 +0000] "POST /wp-login.php HTTP/2" 200 3183 "-" "Mozilla/5.0 (Windows NT 10.0; Win64; x64) AppleWebKit/537.36 Chrome/129.0.0.0 Safari/537.36"
65.181.111.155 - - [16/Jul/2026:15:30:17 +0000] "POST /wp-cron.php?doing_wp_cron=1784215817.5762720108032226562500 HTTP/2" 200 0 "-" "WordPress/7.0.1; https://coconutspaphuquoc.com"
173.239.240.79 - - [16/Jul/2026:15:30:17 +0000] "POST /wp-login.php HTTP/2" 200 3186 "-" "Mozilla/5.0 (Windows NT 10.0; Win64; x64) AppleWebKit/537.36 Chrome/129.0.0.0 Safari/537.36"
173.239.240.72 - - [16/Jul/2026:15:30:30 +0000] "POST /wp-login.php HTTP/2" 200 3149 "-" "Mozilla/5.0 (Macintosh; Intel Mac OS X 10_15_7) AppleWebKit/605.1.15 Version/17.0 Safari/605.1.15"
173.239.240.84 - - [16/Jul/2026:15:30:30 +0000] "POST /wp-login.php HTTP/2" 200 3148 "-" "Mozilla/5.0 (Windows NT 10.0; Win64; rv:143.0) Gecko/20100101 Firefox/143.0"
1.233.100.162 - - [16/Jul/2026:15:37:24 +0000] "GET / HTTP/2" 200 21959 "https://www.google.com/" "Mozilla/5.0 (Windows NT 10.0; Win64; x64) AppleWebKit/537.36 (KHTML, like Gecko) Chrome/150.0.0.0 Safari/537.36"
173.239.240.77 - - [16/Jul/2026:15:41:28 +0000] "POST /wp-login.php HTTP/2" 200 3186 "-" "Mozilla/5.0 (Windows NT 10.0; Win64; rv:143.0) Gecko/20100101 Firefox/143.0"
65.181.111.155 - - [16/Jul/2026:15:37:25 +0000] "POST /wp-cron.php?doing_wp_cron=1784216244.9886419773101806640625 HTTP/2" 200 0 "-" "WordPress/7.0.1; https://coconutspaphuquoc.com"
65.181.111.155 - - [16/Jul/2026:15:40:58 +0000] "POST /wp-cron.php?doing_wp_cron=1784216458.4681990146636962890625 HTTP/2" 200 0 "-" "WordPress/7.0.1; https://coconutspaphuquoc.com"
216.24.212.26 - - [16/Jul/2026:15:40:58 +0000] "POST /wp-login.php HTTP/2" 200 3183 "-" "Mozilla/5.0 (Linux; Android 10; K) AppleWebKit/537.36 (KHTML, like Gecko) Chrome/122.0.0.0 Mobile Safari/537.36 [ip:109.52.30.226]"
216.24.212.78 - - [16/Jul/2026:15:40:57 +0000] "POST /wp-login.php HTTP/2" 200 3186 "-" "Mozilla/5.0 (Linux; Android 11; CPH2269 Build/RP1A.200720.011; wv) AppleWebKit/537.36 (KHTML, like Gecko) Version/4.0 Chrome/124.0.6367.42"
173.239.240.69 - - [16/Jul/2026:15:41:28 +0000] "POST /wp-login.php HTTP/2" 200 3148 "-" "Mozilla/5.0 (Windows NT 10.0; Win64; x64) AppleWebKit/537.36 Chrome/129.0.0.0 Safari/537.36"
2a06:98c0:3600::103 - - [16/Jul/2026:15:41:53 +0000] "GET /.git/config HTTP/2" 403 1242 "-" "Wget/1.21.3 (linux-gnu)"
173.239.240.82 - - [16/Jul/2026:15:48:38 +0000] "POST /wp-login.php HTTP/2" 200 3186 "-" "Mozilla/5.0 (Windows NT 10.0; Win64; rv:143.0) Gecko/20100101 Firefox/143.0"
173.239.240.71 - - [16/Jul/2026:15:52:34 +0000] "POST /wp-login.php HTTP/2" 200 3183 "-" "Mozilla/5.0 (Windows NT 10.0; Win64; x64) AppleWebKit/537.36 Chrome/129.0.0.0 Safari/537.36"
65.181.111.155 - - [16/Jul/2026:16:01:42 +0000] "POST /wp-cron.php?doing_wp_cron=1784217702.4025979042053222656250 HTTP/2" 200 0 "-" "WordPress/7.0.1; https://coconutspaphuquoc.com"
173.239.240.64 - - [16/Jul/2026:16:03:35 +0000] "POST /wp-login.php HTTP/2" 200 3186 "-" "Mozilla/5.0 (Macintosh; Intel Mac OS X 10_15_7) AppleWebKit/605.1.15 Version/17.0 Safari/605.1.15"
173.239.240.66 - - [16/Jul/2026:16:03:35 +0000] "POST /wp-login.php HTTP/2" 200 3148 "-" "Mozilla/5.0 (Windows NT 10.0; Win64; rv:143.0) Gecko/20100101 Firefox/143.0"
65.181.111.155 - - [16/Jul/2026:15:48:38 +0000] "POST /wp-cron.php?doing_wp_cron=1784216918.8611741065979003906250 HTTP/2" 200 0 "-" "WordPress/7.0.1; https://coconutspaphuquoc.com"
173.239.240.84 - - [16/Jul/2026:15:48:38 +0000] "POST /wp-login.php HTTP/2" 200 3183 "-" "Mozilla/5.0 (Windows NT 10.0; Win64; x64) AppleWebKit/537.36 Chrome/129.0.0.0 Safari/537.36"
65.181.111.155 - - [16/Jul/2026:15:52:35 +0000] "POST /wp-cron.php?doing_wp_cron=1784217155.1885859966278076171875 HTTP/2" 200 0 "-" "WordPress/7.0.1; https://coconutspaphuquoc.com"
173.239.240.80 - - [16/Jul/2026:15:52:34 +0000] "POST /wp-login.php HTTP/2" 200 3186 "-" "Mozilla/5.0 (Macintosh; Intel Mac OS X 10_15_7) AppleWebKit/605.1.15 Version/17.0 Safari/605.1.15"
65.181.111.155 - - [16/Jul/2026:15:53:26 +0000] "POST /wp-cron.php?doing_wp_cron=1784217206.3161981105804443359375 HTTP/2" 200 0 "-" "WordPress/7.0.1; https://coconutspaphuquoc.com"
198.98.52.229 - - [16/Jul/2026:15:53:25 +0000] "GET /wp-login.php HTTP/2" 200 3036 "-" "Mozilla/5.0 (X11; Linux x86_64)"
198.98.52.229 - - [16/Jul/2026:15:53:27 +0000] "POST /wp-login.php HTTP/2" 200 3186 "-" "Mozilla/5.0 (X11; Linux x86_64)"
2a03:2880:f812:75:: - - [16/Jul/2026:16:01:37 +0000] "GET /page-sitemap.xml HTTP/2" 200 500 "-" "Mozilla/5.0 (Macintosh; Intel Mac OS X 10_15_7) AppleWebKit/537.36 (KHTML, like Gecko) Chrome/145.0.0.0 Safari/537.36 (compatible; meta-externalagent/1.1 (+https://developers.facebook.com/docs/sharing/webmasters/crawler))"
65.181.111.155 - - [16/Jul/2026:16:03:37 +0000] "POST /wp-cron.php?doing_wp_cron=1784217817.6427540779113769531250 HTTP/2" 200 0 "-" "WordPress/7.0.1; https://coconutspaphuquoc.com"
65.181.111.155 - - [16/Jul/2026:16:06:29 +0000] "POST /wp-cron.php?doing_wp_cron=1784217988.9670109748840332031250 HTTP/2" 200 0 "-" "WordPress/7.0.1; https://coconutspaphuquoc.com"
173.239.240.87 - - [16/Jul/2026:16:06:28 +0000] "POST /wp-login.php HTTP/2" 200 3183 "-" "Mozilla/5.0 (Windows NT 10.0; Win64; rv:143.0) Gecko/20100101 Firefox/143.0"
65.181.111.155 - - [16/Jul/2026:16:07:54 +0000] "POST /wp-cron.php?doing_wp_cron=1784218074.8224499225616455078125 HTTP/2" 200 0 "-" "WordPress/7.0.1; https://coconutspaphuquoc.com"
216.24.212.39 - - [16/Jul/2026:16:07:54 +0000] "POST /wp-login.php HTTP/2" 200 3149 "-" "Mozilla/5.0 (Linux; Android 8.0.0; LND-L29 Build/HONORLND-L29) AppleWebKit/537.36 (KHTML, like Gecko) Chrome/83.0.4103.101 Mobile Safari/537.36 YaApp_Android/10.91 YaSearchBrowser/10.91"
173.239.240.83 - - [16/Jul/2026:16:06:28 +0000] "POST /wp-login.php HTTP/2" 200 3186 "-" "Mozilla/5.0 (Windows NT 10.0; Win64; x64) AppleWebKit/537.36 Chrome/129.0.0.0 Safari/537.36"
216.24.212.36 - - [16/Jul/2026:16:07:54 +0000] "POST /wp-login.php HTTP/2" 200 3183 "-" "firefox|Mozilla/5.0 (Windows; U; Windows NT 10.1; x64; en-US) Gecko/20100101 Firefox/60.6"
65.181.111.155 - - [16/Jul/2026:16:14:46 +0000] "POST /wp-cron.php?doing_wp_cron=1784218486.2888710498809814453125 HTTP/2" 200 0 "-" "WordPress/7.0.1; https://coconutspaphuquoc.com"
173.239.240.88 - - [16/Jul/2026:16:14:45 +0000] "POST /wp-login.php HTTP/2" 200 3183 "-" "Mozilla/5.0 (Windows NT 10.0; Win64; rv:143.0) Gecko/20100101 Firefox/143.0"
173.239.240.63 - - [16/Jul/2026:16:14:45 +0000] "POST /wp-login.php HTTP/2" 200 3186 "-" "Mozilla/5.0 (Macintosh; Intel Mac OS X 10_15_7) AppleWebKit/605.1.15 Version/17.0 Safari/605.1.15"
65.181.111.155 - - [16/Jul/2026:16:24:27 +0000] "POST /wp-cron.php?doing_wp_cron=1784219067.3488891124725341796875 HTTP/2" 200 0 "-" "WordPress/7.0.1; https://coconutspaphuquoc.com"
65.181.111.155 - - [16/Jul/2026:16:25:30 +0000] "POST /wp-cron.php?doing_wp_cron=1784219130.2210190296173095703125 HTTP/2" 200 0 "-" "WordPress/7.0.1; https://coconutspaphuquoc.com"
65.181.111.155 - - [16/Jul/2026:16:25:50 +0000] "POST /wp-cron.php?doing_wp_cron=1784219149.9033041000366210937500 HTTP/2" 200 0 "-" "WordPress/7.0.1; https://coconutspaphuquoc.com"
173.239.240.66 - - [16/Jul/2026:16:25:48 +0000] "POST /wp-login.php HTTP/2" 200 3183 "-" "Mozilla/5.0 (Windows NT 10.0; Win64; x64) AppleWebKit/537.36 Chrome/129.0.0.0 Safari/537.36"
65.181.111.155 - - [16/Jul/2026:16:26:50 +0000] "POST /wp-cron.php?doing_wp_cron=1784219210.7101900577545166015625 HTTP/2" 200 0 "-" "WordPress/7.0.1; https://coconutspaphuquoc.com"
62.60.130.233 - - [16/Jul/2026:16:26:51 +0000] "GET /wp-admin/ HTTP/2" 302 0 "-" "Mozilla/5.0 (Macintosh; Intel Mac OS X 10_15_7) AppleWebKit/605.1.15 (KHTML, like Gecko) Version/16.6.1 Safari/605.1.15"
65.181.111.155 - - [16/Jul/2026:16:34:58 +0000] "POST /wp-cron.php?doing_wp_cron=1784219698.6293520927429199218750 HTTP/2" 200 0 "-" "WordPress/7.0.1; https://coconutspaphuquoc.com"
216.24.212.44 - - [16/Jul/2026:16:34:58 +0000] "POST /wp-login.php HTTP/2" 200 3183 "-" "Mozilla/5.0 (Linux; Android 10; CPH1943) AppleWebKit/537.36 (KHTML, like Gecko) Chrome/93.0.4577.82 Mobile Safari/537.36"
173.239.240.81 - - [16/Jul/2026:16:36:51 +0000] "POST /wp-login.php HTTP/2" 200 3183 "-" "Mozilla/5.0 (Macintosh; Intel Mac OS X 10_15_7) AppleWebKit/605.1.15 Version/17.0 Safari/605.1.15"
173.239.240.75 - - [16/Jul/2026:16:24:26 +0000] "POST /wp-login.php HTTP/2" 200 3186 "-" "Mozilla/5.0 (Windows NT 10.0; Win64; x64) AppleWebKit/537.36 Chrome/129.0.0.0 Safari/537.36"
173.239.240.64 - - [16/Jul/2026:16:24:26 +0000] "POST /wp-login.php HTTP/2" 200 3183 "-" "Mozilla/5.0 (Windows NT 10.0; Win64; rv:143.0) Gecko/20100101 Firefox/143.0"
8.234.218.31 - - [16/Jul/2026:16:25:29 +0000] "GET /media/system/js/core.js HTTP/2" 404 14182 "http://coconutspaphuquoc.com/media/system/js/core.js" "Mozilla/5.0 (Macintosh; Intel Mac OS X 10_10_1) AppleWebKit/537.36 (KHTML, like Gecko) Chrome/39.0.2171.95 Safari/537.36"
173.239.240.83 - - [16/Jul/2026:16:25:48 +0000] "POST /wp-login.php HTTP/2" 200 3186 "-" "Mozilla/5.0 (Windows NT 10.0; Win64; rv:143.0) Gecko/20100101 Firefox/143.0"
62.60.130.233 - - [16/Jul/2026:16:26:50 +0000] "GET /wp-login.php HTTP/2" 200 3036 "-" "Mozilla/5.0 (Macintosh; Intel Mac OS X 10.15) Gecko/20100101 Firefox/121.0"
62.60.130.233 - - [16/Jul/2026:16:26:51 +0000] "GET /wp-login.php HTTP/2" 200 3036 "-" "Mozilla/5.0 (Windows NT 11.0; Win64; x64) AppleWebKit/537.36 (KHTML, like Gecko) Chrome/120.0.6099.130 Safari/537.36"
62.60.130.233 - - [16/Jul/2026:16:26:52 +0000] "GET /wp-login.php?redirect_to=https%3A%2F%2Fcoconutspaphuquoc.com%2Fwp-admin%2F&reauth=1 HTTP/2" 200 3010 "-" "Mozilla/5.0 (Macintosh; Intel Mac OS X 10_15_7) AppleWebKit/605.1.15 (KHTML, like Gecko) Version/16.6.1 Safari/605.1.15"
216.24.212.32 - - [16/Jul/2026:16:34:58 +0000] "POST /wp-login.php HTTP/2" 200 3186 "-" "Mozilla/5.0 (iPhone; CPU iPhone OS 14_4 like Mac OS X) AppleWebKit/605.1.15 (KHTML, like Gecko) Version/14.0 EdgiOS/45.12.4 Mobile/15E148 Safari/605.1.15"
65.181.111.155 - - [16/Jul/2026:16:36:52 +0000] "POST /wp-cron.php?doing_wp_cron=1784219812.4500401020050048828125 HTTP/2" 200 0 "-" "WordPress/7.0.1; https://coconutspaphuquoc.com"
173.239.240.89 - - [16/Jul/2026:16:36:51 +0000] "POST /wp-login.php HTTP/2" 200 3186 "-" "Mozilla/5.0 (Windows NT 10.0; Win64; x64) AppleWebKit/537.36 Chrome/129.0.0.0 Safari/537.36"
20.193.233.242 - - [16/Jul/2026:16:39:53 +0000] "GET / HTTP/2" 200 21958 "-" "Mozilla/5.0 AppleWebKit/537.36 (KHTML, like Gecko); compatible; ChatGPT-User/1.0; +https://openai.com/bot"
8.234.218.31 - - [16/Jul/2026:16:42:31 +0000] "GET / HTTP/2" 200 21967 "-" "Mozilla/5.0 (Windows NT 10.0; Win64; x64) AppleWebKit/537.36 (KHTML, like Gecko) Chrome/78.0.3904.108 Safari/537.36"
8.234.218.31 - - [16/Jul/2026:16:42:35 +0000] "GET //wp-includes/wlwmanifest.xml HTTP/2" 301 0 "-" "Mozilla/5.0 (Windows NT 10.0; Win64; x64) AppleWebKit/537.36 (KHTML, like Gecko) Chrome/78.0.3904.108 Safari/537.36"
8.234.218.31 - - [16/Jul/2026:16:42:35 +0000] "GET //xmlrpc.php?rsd HTTP/2" 403 1242 "-" "Mozilla/5.0 (Windows NT 10.0; Win64; x64) AppleWebKit/537.36 (KHTML, like Gecko) Chrome/78.0.3904.108 Safari/537.36"
8.234.218.31 - - [16/Jul/2026:16:42:35 +0000] "GET / HTTP/2" 200 21959 "-" "Mozilla/5.0 (Windows NT 10.0; Win64; x64) AppleWebKit/537.36 (KHTML, like Gecko) Chrome/78.0.3904.108 Safari/537.36"
8.234.218.31 - - [16/Jul/2026:16:42:37 +0000] "GET //?author=1 HTTP/2" 301 0 "-" "Mozilla/5.0 (Windows NT 10.0; Win64; x64) AppleWebKit/537.36 (KHTML, like Gecko) Chrome/78.0.3904.108 Safari/537.36"
8.234.218.31 - - [16/Jul/2026:16:42:37 +0000] "GET //?author=2 HTTP/2" 301 0 "-" "Mozilla/5.0 (Windows NT 10.0; Win64; x64) AppleWebKit/537.36 (KHTML, like Gecko) Chrome/78.0.3904.108 Safari/537.36"
8.234.218.31 - - [16/Jul/2026:16:42:38 +0000] "GET //wp-json/wp/v2/users/ HTTP/2" 200 383 "-" "Mozilla/5.0 (Windows NT 10.0; Win64; x64) AppleWebKit/537.36 (KHTML, like Gecko) Chrome/78.0.3904.108 Safari/537.36"
8.234.218.31 - - [16/Jul/2026:16:42:38 +0000] "POST //xmlrpc.php HTTP/2" 403 1242 "-" "Mozilla/5.0 (Windows NT 10.0; Win64; x64) AppleWebKit/537.36 (KHTML, like Gecko) Chrome/78.0.3904.108 Safari/537.36"
173.239.240.86 - - [16/Jul/2026:16:47:48 +0000] "POST /wp-login.php HTTP/2" 200 3183 "-" "Mozilla/5.0 (Windows NT 10.0; Win64; rv:143.0) Gecko/20100101 Firefox/143.0"
65.181.111.155 - - [16/Jul/2026:16:39:54 +0000] "POST /wp-cron.php?doing_wp_cron=1784219994.5759079456329345703125 HTTP/2" 200 0 "-" "WordPress/7.0.1; https://coconutspaphuquoc.com"
173.239.240.64 - - [16/Jul/2026:16:42:15 +0000] "POST /wp-login.php HTTP/2" 200 3186 "-" "Mozilla/5.0 (Windows NT 10.0; Win64; x64) AppleWebKit/537.36 Chrome/129.0.0.0 Safari/537.36"
65.181.111.155 - - [16/Jul/2026:16:42:15 +0000] "POST /wp-cron.php?doing_wp_cron=1784220135.7284820079803466796875 HTTP/2" 200 0 "-" "WordPress/7.0.1; https://coconutspaphuquoc.com"
173.239.240.66 - - [16/Jul/2026:16:42:15 +0000] "POST /wp-login.php HTTP/2" 200 3183 "-" "Mozilla/5.0 (Windows NT 10.0; Win64; rv:143.0) Gecko/20100101 Firefox/143.0"
173.239.240.64 - - [16/Jul/2026:16:47:48 +0000] "POST /wp-login.php HTTP/2" 200 3186 "-" "Mozilla/5.0 (Windows NT 10.0; Win64; x64) AppleWebKit/537.36 Chrome/129.0.0.0 Safari/537.36"
65.181.111.155 - - [16/Jul/2026:16:47:49 +0000] "POST /wp-cron.php?doing_wp_cron=1784220469.1675388813018798828125 HTTP/2" 200 0 "-" "WordPress/7.0.1; https://coconutspaphuquoc.com"
173.239.240.65 - - [16/Jul/2026:16:58:45 +0000] "POST /wp-login.php HTTP/2" 200 3186 "-" "Mozilla/5.0 (Windows NT 10.0; Win64; x64) AppleWebKit/537.36 Chrome/129.0.0.0 Safari/537.36"
65.181.111.155 - - [16/Jul/2026:17:02:00 +0000] "POST /wp-cron.php?doing_wp_cron=1784221320.1095340251922607421875 HTTP/2" 200 0 "-" "WordPress/7.0.1; https://coconutspaphuquoc.com"
65.181.111.155 - - [16/Jul/2026:16:55:44 +0000] "POST /wp-cron.php?doing_wp_cron=1784220944.8533589839935302734375 HTTP/2" 200 0 "-" "WordPress/7.0.1; https://coconutspaphuquoc.com"
64.233.173.160 - - [16/Jul/2026:16:55:44 +0000] "GET /.well-known/traffic-advice HTTP/2" 404 14182 "-" "Chrome Privacy Preserving Prefetch Proxy"
2001:4860:7:811::f6 - - [16/Jul/2026:16:55:44 +0000] "GET / HTTP/2" 200 21958 "https://www.google.com/" "Mozilla/5.0 (Windows NT 10.0; Win64; x64) AppleWebKit/537.36 (KHTML, like Gecko) Chrome/150.0.0.0 Safari/537.36"
173.239.240.82 - - [16/Jul/2026:16:58:45 +0000] "POST /wp-login.php HTTP/2" 200 3183 "-" "Mozilla/5.0 (Macintosh; Intel Mac OS X 10_15_7) AppleWebKit/605.1.15 Version/17.0 Safari/605.1.15"
65.181.111.155 - - [16/Jul/2026:16:58:46 +0000] "POST /wp-cron.php?doing_wp_cron=1784221126.0319659709930419921875 HTTP/2" 200 0 "-" "WordPress/7.0.1; https://coconutspaphuquoc.com"
65.181.111.155 - - [16/Jul/2026:17:00:06 +0000] "POST /wp-cron.php?doing_wp_cron=1784221206.5192930698394775390625 HTTP/2" 200 0 "-" "WordPress/7.0.1; https://coconutspaphuquoc.com"
173.239.240.69 - - [16/Jul/2026:17:00:06 +0000] "POST /wp-login.php HTTP/2" 200 3186 "-" "Mozilla/5.0 (Macintosh; Intel Mac OS X 10_15_7) AppleWebKit/605.1.15 Version/17.0 Safari/605.1.15"
173.239.240.66 - - [16/Jul/2026:17:00:06 +0000] "POST /wp-login.php HTTP/2" 200 3183 "-" "Mozilla/5.0 (Macintosh; Intel Mac OS X 10_15_7) AppleWebKit/605.1.15 Version/17.0 Safari/605.1.15"
216.24.212.29 - - [16/Jul/2026:17:01:59 +0000] "POST /wp-login.php HTTP/2" 200 3183 "-" "Mozilla/5.0 (Linux; Android 5.1; LINX A401 3G LT4018PG Build/LMY47D; wv) AppleWebKit/537.36 (KHTML, like Gecko) Version/4.0 Chrome/77.0.3865.92 Mobile Safari/537.36"
216.24.212.79 - - [16/Jul/2026:17:02:00 +0000] "POST /wp-login.php HTTP/2" 200 3186 "-" "Mozilla/5.0 (Linux; Android 13; SM-A225M Build/TP1A.220624.014; wv) AppleWebKit/537.36 (KHTML, like Gecko) Version/4.0 Chrome/123.0.6312.99 Mobile Safari/537.36 Instagram 326.0.0.42.90 Android (33/13; 300dpi; 720x1452; samsung; SM-A225M; a22; mt6769t; pt_BR; 586181552)"
173.239.240.78 - - [16/Jul/2026:17:09:46 +0000] "POST /wp-login.php HTTP/2" 200 3183 "-" "Mozilla/5.0 (Windows NT 10.0; Win64; x64) AppleWebKit/537.36 Chrome/129.0.0.0 Safari/537.36"
65.181.111.155 - - [16/Jul/2026:17:09:46 +0000] "POST /wp-cron.php?doing_wp_cron=1784221786.6938130855560302734375 HTTP/2" 200 0 "-" "WordPress/7.0.1; https://coconutspaphuquoc.com"
173.239.240.84 - - [16/Jul/2026:17:09:46 +0000] "POST /wp-login.php HTTP/2" 200 3186 "-" "Mozilla/5.0 (Windows NT 10.0; Win64; x64) AppleWebKit/537.36 Chrome/129.0.0.0 Safari/537.36"
173.239.240.68 - - [16/Jul/2026:17:17:55 +0000] "POST /wp-login.php HTTP/2" 200 3183 "-" "Mozilla/5.0 (Windows NT 10.0; Win64; x64) AppleWebKit/537.36 Chrome/129.0.0.0 Safari/537.36"
173.239.240.75 - - [16/Jul/2026:17:20:46 +0000] "POST /wp-login.php HTTP/2" 200 3183 "-" "Mozilla/5.0 (Windows NT 10.0; Win64; x64) AppleWebKit/537.36 Chrome/129.0.0.0 Safari/537.36"
216.24.212.43 - - [16/Jul/2026:17:28:17 +0000] "POST /wp-login.php HTTP/2" 200 3186 "-" "Mozilla/5.0 (Windows; U; Windows NT 5.1; en-US; rv:1.9b4pre) Gecko/2008020708 Firefox/3.0b4pre"
65.181.111.155 - - [16/Jul/2026:17:17:56 +0000] "POST /wp-cron.php?doing_wp_cron=1784222276.3355491161346435546875 HTTP/2" 200 0 "-" "WordPress/7.0.1; https://coconutspaphuquoc.com"
173.239.240.67 - - [16/Jul/2026:17:17:55 +0000] "POST /wp-login.php HTTP/2" 200 3186 "-" "Mozilla/5.0 (Windows NT 10.0; Win64; rv:143.0) Gecko/20100101 Firefox/143.0"
173.239.240.83 - - [16/Jul/2026:17:20:46 +0000] "POST /wp-login.php HTTP/2" 200 3186 "-" "Mozilla/5.0 (Windows NT 10.0; Win64; x64) AppleWebKit/537.36 Chrome/129.0.0.0 Safari/537.36"
65.181.111.155 - - [16/Jul/2026:17:20:47 +0000] "POST /wp-cron.php?doing_wp_cron=1784222447.1049599647521972656250 HTTP/2" 200 0 "-" "WordPress/7.0.1; https://coconutspaphuquoc.com"
65.181.111.155 - - [16/Jul/2026:17:28:18 +0000] "POST /wp-cron.php?doing_wp_cron=1784222898.2987010478973388671875 HTTP/2" 200 0 "-" "WordPress/7.0.1; https://coconutspaphuquoc.com"
216.24.212.18 - - [16/Jul/2026:17:28:17 +0000] "POST /wp-login.php HTTP/2" 200 3183 "-" "firefox|Mozilla/5.0 (Macintosh; U; Intel Mac OS X 8_2_6; en-US) Gecko/20130401 Firefox/47.8"
65.181.111.155 - - [16/Jul/2026:17:30:04 +0000] "POST /wp-cron.php?doing_wp_cron=1784223004.9299559593200683593750 HTTP/2" 200 0 "-" "WordPress/7.0.1; https://coconutspaphuquoc.com"
45.61.150.67 - - [16/Jul/2026:17:30:04 +0000] "GET /.env HTTP/2" 404 14182 "-" "Mozilla/5.0 (Windows NT 10.0; Win64; x64) AppleWebKit/537.36 (KHTML, like Gecko) Chrome/137.0.0.0 Safari/537.36"
173.239.240.78 - - [16/Jul/2026:17:35:58 +0000] "POST /wp-login.php HTTP/2" 200 3183 "-" "Mozilla/5.0 (Macintosh; Intel Mac OS X 10_15_7) AppleWebKit/605.1.15 Version/17.0 Safari/605.1.15"
173.239.240.64 - - [16/Jul/2026:17:35:58 +0000] "POST /wp-login.php HTTP/2" 200 3186 "-" "Mozilla/5.0 (Windows NT 10.0; Win64; x64) AppleWebKit/537.36 Chrome/129.0.0.0 Safari/537.36"
65.181.111.155 - - [16/Jul/2026:17:41:43 +0000] "POST /wp-cron.php?doing_wp_cron=1784223703.8066530227661132812500 HTTP/2" 200 0 "-" "WordPress/7.0.1; https://coconutspaphuquoc.com"
20.151.205.204 - - [16/Jul/2026:17:41:43 +0000] "GET /wp-content/plugins/hellopress/wp_filemanager.php HTTP/2" 404 14182 "-" "-"
20.151.205.204 - - [16/Jul/2026:17:41:43 +0000] "GET /this_is_a_new_hello_world.php HTTP/2" 404 14182 "-" "-"
20.151.205.204 - - [16/Jul/2026:17:41:44 +0000] "GET /x.php HTTP/2" 404 14182 "-" "-"
20.151.205.204 - - [16/Jul/2026:17:41:45 +0000] "GET /mgrr.php HTTP/2" 404 14182 "-" "-"
20.151.205.204 - - [16/Jul/2026:17:41:46 +0000] "GET /stdin.php HTTP/2" 404 14182 "-" "-"
20.151.205.204 - - [16/Jul/2026:17:41:46 +0000] "GET /BDKR28.php HTTP/2" 404 14182 "-" "-"
20.151.205.204 - - [16/Jul/2026:17:41:47 +0000] "GET /001.php HTTP/2" 404 14182 "-" "-"
20.151.205.204 - - [16/Jul/2026:17:41:48 +0000] "GET /dZ3wP5.php HTTP/2" 404 14182 "-" "-"
65.181.111.155 - - [16/Jul/2026:17:41:49 +0000] "POST /wp-cron.php?doing_wp_cron=1784223709.6398661136627197265625 HTTP/2" 200 0 "-" "WordPress/7.0.1; https://coconutspaphuquoc.com"
20.151.205.204 - - [16/Jul/2026:17:41:49 +0000] "GET /yup.php HTTP/2" 404 14182 "-" "-"
20.151.205.204 - - [16/Jul/2026:17:41:49 +0000] "GET /ts.php HTTP/2" 404 14182 "-" "-"
20.151.205.204 - - [16/Jul/2026:17:41:50 +0000] "GET /X.php HTTP/2" 404 14182 "-" "-"
20.151.205.204 - - [16/Jul/2026:17:41:51 +0000] "GET /1polka.php HTTP/2" 404 14182 "-" "-"
20.151.205.204 - - [16/Jul/2026:17:41:52 +0000] "GET /gec.php HTTP/2" 404 14182 "-" "-"
20.151.205.204 - - [16/Jul/2026:17:41:52 +0000] "GET /sky.php HTTP/2" 404 14182 "-" "-"
20.151.205.204 - - [16/Jul/2026:17:41:53 +0000] "GET /fffm.php HTTP/2" 404 14182 "-" "-"
20.151.205.204 - - [16/Jul/2026:17:41:54 +0000] "GET /sixxis.php HTTP/2" 404 14182 "-" "-"
20.151.205.204 - - [16/Jul/2026:17:41:55 +0000] "GET /yj09.php HTTP/2" 404 14182 "-" "-"
20.151.205.204 - - [16/Jul/2026:17:41:55 +0000] "GET /f900.php HTTP/2" 404 14182 "-" "-"
20.151.205.204 - - [16/Jul/2026:17:41:56 +0000] "GET /ups.php HTTP/2" 404 14182 "-" "-"
20.151.205.204 - - [16/Jul/2026:17:41:57 +0000] "GET /k.php HTTP/2" 404 14182 "-" "-"
20.151.205.204 - - [16/Jul/2026:17:41:57 +0000] "GET /k2.php HTTP/2" 404 14182 "-" "-"
20.151.205.204 - - [16/Jul/2026:17:41:58 +0000] "GET /w.php HTTP/2" 404 14182 "-" "-"
20.151.205.204 - - [16/Jul/2026:17:41:59 +0000] "GET /fpwch.php HTTP/2" 404 14182 "-" "-"
20.151.205.204 - - [16/Jul/2026:17:42:00 +0000] "GET /w2025.php HTTP/2" 404 14182 "-" "-"
20.151.205.204 - - [16/Jul/2026:17:42:00 +0000] "GET /scxy.php HTTP/2" 404 14181 "-" "-"
20.151.205.204 - - [16/Jul/2026:17:42:01 +0000] "GET /FWAZ.php HTTP/2" 404 14181 "-" "-"
20.151.205.204 - - [16/Jul/2026:17:42:02 +0000] "GET /qterm.php?p= HTTP/2" 301 0 "-" "-"
20.151.205.204 - - [16/Jul/2026:17:42:02 +0000] "GET /qterm.php HTTP/2" 404 14182 "-" "-"
20.151.205.204 - - [16/Jul/2026:17:42:03 +0000] "GET /blurbs.php HTTP/2" 404 14182 "-" "-"
20.151.205.204 - - [16/Jul/2026:17:42:04 +0000] "GET /v543.php HTTP/2" 404 14181 "-" "-"
20.151.205.204 - - [16/Jul/2026:17:42:05 +0000] "GET /w3lls.php HTTP/2" 404 14181 "-" "-"
20.151.205.204 - - [16/Jul/2026:17:42:06 +0000] "GET /wp-ws68.php?p= HTTP/2" 301 0 "-" "-"
20.151.205.204 - - [16/Jul/2026:17:42:06 +0000] "GET /wp-ws68.php HTTP/2" 404 14182 "-" "-"
20.151.205.204 - - [16/Jul/2026:17:42:07 +0000] "GET /xyn.php HTTP/2" 404 14182 "-" "-"
20.151.205.204 - - [16/Jul/2026:17:42:08 +0000] "GET /green3.php?p= HTTP/2" 301 0 "-" "-"
20.151.205.204 - - [16/Jul/2026:17:42:08 +0000] "GET /green3.php HTTP/2" 404 14182 "-" "-"
20.151.205.204 - - [16/Jul/2026:17:42:09 +0000] "GET /ccc.php?p= HTTP/2" 301 0 "-" "-"
20.151.205.204 - - [16/Jul/2026:17:42:09 +0000] "GET /ccc.php HTTP/2" 404 14181 "-" "-"
20.151.205.204 - - [16/Jul/2026:17:42:10 +0000] "GET /get.php HTTP/2" 404 14182 "-" "-"
20.151.205.204 - - [16/Jul/2026:17:42:11 +0000] "GET /images.php HTTP/2" 404 14182 "-" "-"
20.151.205.204 - - [16/Jul/2026:17:42:12 +0000] "GET /alls.php HTTP/2" 404 14182 "-" "-"
20.151.205.204 - - [16/Jul/2026:17:42:13 +0000] "GET /coffexium.php HTTP/2" 404 14181 "-" "-"
20.151.205.204 - - [16/Jul/2026:17:42:16 +0000] "GET /red.php HTTP/2" 404 14181 "-" "-"
20.151.205.204 - - [16/Jul/2026:17:42:17 +0000] "GET /wp-includes/sodium_compat/ HTTP/2" 404 1251 "-" "-"
20.151.205.204 - - [16/Jul/2026:17:42:17 +0000] "GET /wp-admin/css/colors/coffee/wp-adochan.php HTTP/2" 404 14182 "-" "-"
20.151.205.204 - - [16/Jul/2026:17:42:18 +0000] "GET /wp-includes/Text/ HTTP/2" 404 1251 "-" "-"
20.151.205.204 - - [16/Jul/2026:17:42:18 +0000] "GET /footer.php HTTP/2" 404 14182 "-" "-"
20.151.205.204 - - [16/Jul/2026:17:42:19 +0000] "GET /wp-content/uploads/ HTTP/2" 404 1251 "-" "-"
20.151.205.204 - - [16/Jul/2026:17:42:19 +0000] "GET /wp-content/index.php HTTP/2" 200 0 "-" "-"
20.151.205.204 - - [16/Jul/2026:17:42:19 +0000] "GET /zoro.php HTTP/2" 404 14182 "-" "-"
20.151.205.204 - - [16/Jul/2026:17:42:20 +0000] "GET ///admin.php HTTP/2" 301 0 "-" "-"
20.151.205.204 - - [16/Jul/2026:17:42:20 +0000] "GET /admin.php HTTP/2" 404 14182 "-" "-"
20.151.205.204 - - [16/Jul/2026:17:42:21 +0000] "GET /177.php HTTP/2" 404 14182 "-" "-"
20.151.205.204 - - [16/Jul/2026:17:42:21 +0000] "GET /199.php HTTP/2" 404 14182 "-" "-"
20.151.205.204 - - [16/Jul/2026:17:42:22 +0000] "GET /file52.php HTTP/2" 404 14182 "-" "-"
20.151.205.204 - - [16/Jul/2026:17:42:23 +0000] "GET /geck.php HTTP/2" 404 14182 "-" "-"
20.151.205.204 - - [16/Jul/2026:17:42:24 +0000] "GET /biufile.php HTTP/2" 404 14182 "-" "-"
20.151.205.204 - - [16/Jul/2026:17:42:24 +0000] "GET /mosty.php HTTP/2" 404 14182 "-" "-"
20.151.205.204 - - [16/Jul/2026:17:42:25 +0000] "GET /dejavu.php HTTP/2" 404 14182 "-" "-"
20.151.205.204 - - [16/Jul/2026:17:42:26 +0000] "GET /aaf.php HTTP/2" 404 14182 "-" "-"
20.151.205.204 - - [16/Jul/2026:17:42:27 +0000] "GET /term.php HTTP/2" 404 14182 "-" "-"
20.151.205.204 - - [16/Jul/2026:17:42:28 +0000] "GET /ha.php HTTP/2" 404 14181 "-" "-"
20.151.205.204 - - [16/Jul/2026:17:42:28 +0000] "GET /hur.php HTTP/2" 404 14182 "-" "-"
20.151.205.204 - - [16/Jul/2026:17:42:29 +0000] "GET /h02ugyh.php HTTP/2" 404 14182 "-" "-"
20.151.205.204 - - [16/Jul/2026:17:42:29 +0000] "GET /155.php HTTP/2" 404 14182 "-" "-"
20.151.205.204 - - [16/Jul/2026:17:42:30 +0000] "GET /pp.php HTTP/2" 404 14182 "-" "-"
20.151.205.204 - - [16/Jul/2026:17:42:31 +0000] "GET /201.php HTTP/2" 404 14182 "-" "-"
20.151.205.204 - - [16/Jul/2026:17:42:32 +0000] "GET /ops.php HTTP/2" 404 14182 "-" "-"
20.151.205.204 - - [16/Jul/2026:17:42:32 +0000] "GET /ingfo.php HTTP/2" 404 14182 "-" "-"
20.151.205.204 - - [16/Jul/2026:17:42:33 +0000] "GET /error_log.php HTTP/2" 404 14182 "-" "-"
