20.151.7.119 - - [16/Jul/2026:20:16:28 +0000] "GET /wp-admin/a.php HTTP/2" 404 14182 "-" "Mozilla/5.0 (Windows NT 10.0; Win64; x64) AppleWebKit/537.36 (KHTML, like Gecko) Chrome/120.0.0.0 Safari/537.36"
20.151.7.119 - - [16/Jul/2026:20:16:29 +0000] "GET /wp-includes/sitemaps/providers/ HTTP/2" 404 1251 "-" "Mozilla/5.0 (Windows NT 10.0; Win64; x64) AppleWebKit/537.36 (KHTML, like Gecko) Chrome/120.0.0.0 Safari/537.36"
20.151.7.119 - - [16/Jul/2026:20:16:30 +0000] "GET /wp-includes/block-bindings/ HTTP/2" 404 1251 "-" "Mozilla/5.0 (Windows NT 10.0; Win64; x64) AppleWebKit/537.36 (KHTML, like Gecko) Chrome/120.0.0.0 Safari/537.36"
20.151.7.119 - - [16/Jul/2026:20:16:30 +0000] "GET /wp-includes/Text/about.php HTTP/2" 404 14182 "-" "Mozilla/5.0 (Windows NT 10.0; Win64; x64) AppleWebKit/537.36 (KHTML, like Gecko) Chrome/120.0.0.0 Safari/537.36"
20.151.7.119 - - [16/Jul/2026:20:16:32 +0000] "GET /wp-admin.php HTTP/2" 404 14181 "-" "Mozilla/5.0 (Windows NT 10.0; Win64; x64) AppleWebKit/537.36 (KHTML, like Gecko) Chrome/120.0.0.0 Safari/537.36"
20.151.7.119 - - [16/Jul/2026:20:16:32 +0000] "GET /size.php HTTP/2" 404 14182 "-" "Mozilla/5.0 (Windows NT 10.0; Win64; x64) AppleWebKit/537.36 (KHTML, like Gecko) Chrome/120.0.0.0 Safari/537.36"
20.151.7.119 - - [16/Jul/2026:20:16:33 +0000] "GET /wp-includes/wp-class.php HTTP/2" 404 14181 "-" "Mozilla/5.0 (Windows NT 10.0; Win64; x64) AppleWebKit/537.36 (KHTML, like Gecko) Chrome/120.0.0.0 Safari/537.36"
20.151.7.119 - - [16/Jul/2026:20:16:34 +0000] "GET /403.php HTTP/2" 404 14181 "-" "Mozilla/5.0 (Windows NT 10.0; Win64; x64) AppleWebKit/537.36 (KHTML, like Gecko) Chrome/120.0.0.0 Safari/537.36"
20.151.7.119 - - [16/Jul/2026:20:16:35 +0000] "GET /wp-includes/IXR/wp-login.php HTTP/2" 404 14181 "-" "Mozilla/5.0 (Windows NT 10.0; Win64; x64) AppleWebKit/537.36 (KHTML, like Gecko) Chrome/120.0.0.0 Safari/537.36"
20.151.7.119 - - [16/Jul/2026:20:16:36 +0000] "GET /as.php HTTP/2" 404 14181 "-" "Mozilla/5.0 (Windows NT 10.0; Win64; x64) AppleWebKit/537.36 (KHTML, like Gecko) Chrome/120.0.0.0 Safari/537.36"
20.151.7.119 - - [16/Jul/2026:20:16:37 +0000] "GET /wp-admin/includes/index.php HTTP/2" 301 0 "-" "Mozilla/5.0 (Windows NT 10.0; Win64; x64) AppleWebKit/537.36 (KHTML, like Gecko) Chrome/120.0.0.0 Safari/537.36"
20.151.7.119 - - [16/Jul/2026:20:16:38 +0000] "GET /wp-admin/js/widgets/index.php HTTP/2" 301 0 "-" "Mozilla/5.0 (Windows NT 10.0; Win64; x64) AppleWebKit/537.36 (KHTML, like Gecko) Chrome/120.0.0.0 Safari/537.36"
20.151.7.119 - - [16/Jul/2026:20:16:39 +0000] "GET /plugins.php HTTP/2" 404 14181 "-" "Mozilla/5.0 (Windows NT 10.0; Win64; x64) AppleWebKit/537.36 (KHTML, like Gecko) Chrome/120.0.0.0 Safari/537.36"
20.151.7.119 - - [16/Jul/2026:20:16:40 +0000] "GET /adminfuns.php HTTP/2" 404 14182 "-" "Mozilla/5.0 (Windows NT 10.0; Win64; x64) AppleWebKit/537.36 (KHTML, like Gecko) Chrome/120.0.0.0 Safari/537.36"
20.151.7.119 - - [16/Jul/2026:20:16:41 +0000] "GET /file.php HTTP/2" 404 14182 "-" "Mozilla/5.0 (Windows NT 10.0; Win64; x64) AppleWebKit/537.36 (KHTML, like Gecko) Chrome/120.0.0.0 Safari/537.36"
20.151.7.119 - - [16/Jul/2026:20:16:42 +0000] "GET /wp-includes/js/index.php HTTP/2" 301 0 "-" "Mozilla/5.0 (Windows NT 10.0; Win64; x64) AppleWebKit/537.36 (KHTML, like Gecko) Chrome/120.0.0.0 Safari/537.36"
20.151.7.119 - - [16/Jul/2026:20:16:43 +0000] "GET /go.php HTTP/2" 404 14181 "-" "Mozilla/5.0 (Windows NT 10.0; Win64; x64) AppleWebKit/537.36 (KHTML, like Gecko) Chrome/120.0.0.0 Safari/537.36"
20.151.7.119 - - [16/Jul/2026:20:16:46 +0000] "GET /aaa.php/getid3-core.php HTTP/2" 404 14181 "-" "Mozilla/5.0 (Windows NT 10.0; Win64; x64) AppleWebKit/537.36 (KHTML, like Gecko) Chrome/120.0.0.0 Safari/537.36"
20.151.7.119 - - [16/Jul/2026:20:16:47 +0000] "GET /adminer.php HTTP/2" 404 14182 "-" "Mozilla/5.0 (Windows NT 10.0; Win64; x64) AppleWebKit/537.36 (KHTML, like Gecko) Chrome/120.0.0.0 Safari/537.36"
20.151.7.119 - - [16/Jul/2026:20:16:48 +0000] "GET /wp-admin/maint/index.php HTTP/2" 301 0 "-" "Mozilla/5.0 (Windows NT 10.0; Win64; x64) AppleWebKit/537.36 (KHTML, like Gecko) Chrome/120.0.0.0 Safari/537.36"
20.151.7.119 - - [16/Jul/2026:20:16:48 +0000] "GET /wp-content/uploads/2024/ HTTP/2" 404 1251 "-" "Mozilla/5.0 (Windows NT 10.0; Win64; x64) AppleWebKit/537.36 (KHTML, like Gecko) Chrome/120.0.0.0 Safari/537.36"
20.151.7.119 - - [16/Jul/2026:20:16:48 +0000] "GET /alfa.php HTTP/2" 404 14182 "-" "Mozilla/5.0 (Windows NT 10.0; Win64; x64) AppleWebKit/537.36 (KHTML, like Gecko) Chrome/120.0.0.0 Safari/537.36"
20.151.7.119 - - [16/Jul/2026:20:16:49 +0000] "GET /wp-content/uploads/ HTTP/2" 404 1251 "-" "Mozilla/5.0 (Windows NT 10.0; Win64; x64) AppleWebKit/537.36 (KHTML, like Gecko) Chrome/120.0.0.0 Safari/537.36"
20.151.7.119 - - [16/Jul/2026:20:16:49 +0000] "GET /wp-content/themes/alera/alpha.php HTTP/2" 404 14181 "-" "Mozilla/5.0 (Windows NT 10.0; Win64; x64) AppleWebKit/537.36 (KHTML, like Gecko) Chrome/120.0.0.0 Safari/537.36"
20.151.7.119 - - [16/Jul/2026:20:16:50 +0000] "GET /wp-includes/SimplePie/about.php HTTP/2" 404 14181 "-" "Mozilla/5.0 (Windows NT 10.0; Win64; x64) AppleWebKit/537.36 (KHTML, like Gecko) Chrome/120.0.0.0 Safari/537.36"
20.151.7.119 - - [16/Jul/2026:20:16:52 +0000] "GET /wp-content/plugins/linkpreview/index.php HTTP/2" 301 0 "-" "Mozilla/5.0 (Windows NT 10.0; Win64; x64) AppleWebKit/537.36 (KHTML, like Gecko) Chrome/120.0.0.0 Safari/537.36"
20.151.7.119 - - [16/Jul/2026:20:16:52 +0000] "GET /edit.php HTTP/2" 404 14181 "-" "Mozilla/5.0 (Windows NT 10.0; Win64; x64) AppleWebKit/537.36 (KHTML, like Gecko) Chrome/120.0.0.0 Safari/537.36"
20.151.7.119 - - [16/Jul/2026:20:16:54 +0000] "GET /wp-includes/block-supports/ HTTP/2" 404 1251 "-" "Mozilla/5.0 (Windows NT 10.0; Win64; x64) AppleWebKit/537.36 (KHTML, like Gecko) Chrome/120.0.0.0 Safari/537.36"
20.151.7.119 - - [16/Jul/2026:20:16:54 +0000] "GET /wp-content/ HTTP/2" 200 0 "-" "Mozilla/5.0 (Windows NT 10.0; Win64; x64) AppleWebKit/537.36 (KHTML, like Gecko) Chrome/120.0.0.0 Safari/537.36"
20.151.7.119 - - [16/Jul/2026:20:16:54 +0000] "GET /file5.php HTTP/2" 404 14182 "-" "Mozilla/5.0 (Windows NT 10.0; Win64; x64) AppleWebKit/537.36 (KHTML, like Gecko) Chrome/120.0.0.0 Safari/537.36"
20.151.7.119 - - [16/Jul/2026:20:16:55 +0000] "GET /sf.php HTTP/2" 404 14181 "-" "Mozilla/5.0 (Windows NT 10.0; Win64; x64) AppleWebKit/537.36 (KHTML, like Gecko) Chrome/120.0.0.0 Safari/537.36"
20.151.7.119 - - [16/Jul/2026:20:16:56 +0000] "GET /404.php HTTP/2" 404 14182 "-" "Mozilla/5.0 (Windows NT 10.0; Win64; x64) AppleWebKit/537.36 (KHTML, like Gecko) Chrome/120.0.0.0 Safari/537.36"
20.151.7.119 - - [16/Jul/2026:20:16:57 +0000] "GET /wp-admin/js/widgets/ HTTP/2" 404 1251 "-" "Mozilla/5.0 (Windows NT 10.0; Win64; x64) AppleWebKit/537.36 (KHTML, like Gecko) Chrome/120.0.0.0 Safari/537.36"
20.151.7.119 - - [16/Jul/2026:20:16:57 +0000] "GET /wso.php HTTP/2" 404 14181 "-" "Mozilla/5.0 (Windows NT 10.0; Win64; x64) AppleWebKit/537.36 (KHTML, like Gecko) Chrome/120.0.0.0 Safari/537.36"
20.151.7.119 - - [16/Jul/2026:20:16:58 +0000] "GET /ioxi-o.php HTTP/2" 404 14182 "-" "Mozilla/5.0 (Windows NT 10.0; Win64; x64) AppleWebKit/537.36 (KHTML, like Gecko) Chrome/120.0.0.0 Safari/537.36"
20.151.7.119 - - [16/Jul/2026:20:16:59 +0000] "GET /file56.php HTTP/2" 404 14181 "-" "Mozilla/5.0 (Windows NT 10.0; Win64; x64) AppleWebKit/537.36 (KHTML, like Gecko) Chrome/120.0.0.0 Safari/537.36"
20.151.7.119 - - [16/Jul/2026:20:17:00 +0000] "GET /wp-includes/PHPMailer/admin.php HTTP/2" 404 14181 "-" "Mozilla/5.0 (Windows NT 10.0; Win64; x64) AppleWebKit/537.36 (KHTML, like Gecko) Chrome/120.0.0.0 Safari/537.36"
20.151.7.119 - - [16/Jul/2026:20:17:02 +0000] "GET /wp-admin/css/index.php HTTP/2" 301 0 "-" "Mozilla/5.0 (Windows NT 10.0; Win64; x64) AppleWebKit/537.36 (KHTML, like Gecko) Chrome/120.0.0.0 Safari/537.36"
20.151.7.119 - - [16/Jul/2026:20:17:03 +0000] "GET /wp-content/edit.php HTTP/2" 404 14181 "-" "Mozilla/5.0 (Windows NT 10.0; Win64; x64) AppleWebKit/537.36 (KHTML, like Gecko) Chrome/120.0.0.0 Safari/537.36"
20.151.7.119 - - [16/Jul/2026:20:17:04 +0000] "GET /2.php HTTP/2" 404 14181 "-" "Mozilla/5.0 (Windows NT 10.0; Win64; x64) AppleWebKit/537.36 (KHTML, like Gecko) Chrome/120.0.0.0 Safari/537.36"
20.151.7.119 - - [16/Jul/2026:20:17:05 +0000] "GET /wp-content/uploads/admin.php HTTP/2" 404 14181 "-" "Mozilla/5.0 (Windows NT 10.0; Win64; x64) AppleWebKit/537.36 (KHTML, like Gecko) Chrome/120.0.0.0 Safari/537.36"
20.151.7.119 - - [16/Jul/2026:20:17:06 +0000] "GET /mah.php HTTP/2" 404 14182 "-" "Mozilla/5.0 (Windows NT 10.0; Win64; x64) AppleWebKit/537.36 (KHTML, like Gecko) Chrome/120.0.0.0 Safari/537.36"
20.151.7.119 - - [16/Jul/2026:20:17:07 +0000] "GET /send.php HTTP/2" 404 14182 "-" "Mozilla/5.0 (Windows NT 10.0; Win64; x64) AppleWebKit/537.36 (KHTML, like Gecko) Chrome/120.0.0.0 Safari/537.36"
20.151.7.119 - - [16/Jul/2026:20:17:08 +0000] "GET /wp-content/plugins/dummyyummy/wp-signup.php HTTP/2" 404 14181 "-" "Mozilla/5.0 (Windows NT 10.0; Win64; x64) AppleWebKit/537.36 (KHTML, like Gecko) Chrome/120.0.0.0 Safari/537.36"
20.151.7.119 - - [16/Jul/2026:20:17:09 +0000] "GET /wp-includes/js/crop/ HTTP/2" 404 1251 "-" "Mozilla/5.0 (Windows NT 10.0; Win64; x64) AppleWebKit/537.36 (KHTML, like Gecko) Chrome/120.0.0.0 Safari/537.36"
20.151.7.119 - - [16/Jul/2026:20:17:09 +0000] "GET /about.php HTTP/2" 404 14181 "-" "Mozilla/5.0 (Windows NT 10.0; Win64; x64) AppleWebKit/537.36 (KHTML, like Gecko) Chrome/120.0.0.0 Safari/537.36"
20.151.7.119 - - [16/Jul/2026:20:17:10 +0000] "GET /options.php HTTP/2" 404 14182 "-" "Mozilla/5.0 (Windows NT 10.0; Win64; x64) AppleWebKit/537.36 (KHTML, like Gecko) Chrome/120.0.0.0 Safari/537.36"
20.151.7.119 - - [16/Jul/2026:20:17:10 +0000] "GET /wp-content/themes/index.php HTTP/2" 200 0 "-" "Mozilla/5.0 (Windows NT 10.0; Win64; x64) AppleWebKit/537.36 (KHTML, like Gecko) Chrome/120.0.0.0 Safari/537.36"
20.151.7.119 - - [16/Jul/2026:20:17:10 +0000] "GET /wp-file.php HTTP/2" 404 14181 "-" "Mozilla/5.0 (Windows NT 10.0; Win64; x64) AppleWebKit/537.36 (KHTML, like Gecko) Chrome/120.0.0.0 Safari/537.36"
20.151.7.119 - - [16/Jul/2026:20:17:11 +0000] "GET /init.php HTTP/2" 404 14181 "-" "Mozilla/5.0 (Windows NT 10.0; Win64; x64) AppleWebKit/537.36 (KHTML, like Gecko) Chrome/120.0.0.0 Safari/537.36"
20.151.7.119 - - [16/Jul/2026:20:17:12 +0000] "GET /sid3.php HTTP/2" 404 14182 "-" "Mozilla/5.0 (Windows NT 10.0; Win64; x64) AppleWebKit/537.36 (KHTML, like Gecko) Chrome/120.0.0.0 Safari/537.36"
20.151.7.119 - - [16/Jul/2026:20:17:12 +0000] "GET /themes.php HTTP/2" 404 14181 "-" "Mozilla/5.0 (Windows NT 10.0; Win64; x64) AppleWebKit/537.36 (KHTML, like Gecko) Chrome/120.0.0.0 Safari/537.36"
20.151.7.119 - - [16/Jul/2026:20:17:13 +0000] "GET /wp-content/plugins/index.php HTTP/2" 200 0 "-" "Mozilla/5.0 (Windows NT 10.0; Win64; x64) AppleWebKit/537.36 (KHTML, like Gecko) Chrome/120.0.0.0 Safari/537.36"
20.151.7.119 - - [16/Jul/2026:20:17:13 +0000] "GET /admin/controller/extension/extension/ HTTP/2" 404 14182 "-" "Mozilla/5.0 (Windows NT 10.0; Win64; x64) AppleWebKit/537.36 (KHTML, like Gecko) Chrome/120.0.0.0 Safari/537.36"
20.151.7.119 - - [16/Jul/2026:20:17:14 +0000] "GET /goods.php HTTP/2" 404 14182 "-" "Mozilla/5.0 (Windows NT 10.0; Win64; x64) AppleWebKit/537.36 (KHTML, like Gecko) Chrome/120.0.0.0 Safari/537.36"
20.151.7.119 - - [16/Jul/2026:20:17:15 +0000] "GET /wp-includes/css/dist/widgets/ HTTP/2" 404 1251 "-" "Mozilla/5.0 (Windows NT 10.0; Win64; x64) AppleWebKit/537.36 (KHTML, like Gecko) Chrome/120.0.0.0 Safari/537.36"
20.151.7.119 - - [16/Jul/2026:20:17:15 +0000] "GET /wp-admin/images/index.php HTTP/2" 301 0 "-" "Mozilla/5.0 (Windows NT 10.0; Win64; x64) AppleWebKit/537.36 (KHTML, like Gecko) Chrome/120.0.0.0 Safari/537.36"
20.151.7.119 - - [16/Jul/2026:20:17:15 +0000] "GET /num.php HTTP/2" 404 14182 "-" "Mozilla/5.0 (Windows NT 10.0; Win64; x64) AppleWebKit/537.36 (KHTML, like Gecko) Chrome/120.0.0.0 Safari/537.36"
20.151.7.119 - - [16/Jul/2026:20:17:16 +0000] "GET /wp-admin/css/colors/ocean/ HTTP/2" 404 1251 "-" "Mozilla/5.0 (Windows NT 10.0; Win64; x64) AppleWebKit/537.36 (KHTML, like Gecko) Chrome/120.0.0.0 Safari/537.36"
20.151.7.119 - - [16/Jul/2026:20:17:16 +0000] "GET /wp-content/et-cache/ HTTP/2" 404 14181 "-" "Mozilla/5.0 (Windows NT 10.0; Win64; x64) AppleWebKit/537.36 (KHTML, like Gecko) Chrome/120.0.0.0 Safari/537.36"
20.151.7.119 - - [16/Jul/2026:20:17:17 +0000] "GET /wp-admin/images/admin.php HTTP/2" 404 14181 "-" "Mozilla/5.0 (Windows NT 10.0; Win64; x64) AppleWebKit/537.36 (KHTML, like Gecko) Chrome/120.0.0.0 Safari/537.36"
20.151.7.119 - - [16/Jul/2026:20:17:18 +0000] "GET /wp-content/upgrade/index.php HTTP/2" 301 0 "-" "Mozilla/5.0 (Windows NT 10.0; Win64; x64) AppleWebKit/537.36 (KHTML, like Gecko) Chrome/120.0.0.0 Safari/537.36"
20.151.7.119 - - [16/Jul/2026:20:17:18 +0000] "GET /wp-includes/SimplePie/index.php HTTP/2" 301 0 "-" "Mozilla/5.0 (Windows NT 10.0; Win64; x64) AppleWebKit/537.36 (KHTML, like Gecko) Chrome/120.0.0.0 Safari/537.36"
20.151.7.119 - - [16/Jul/2026:20:17:19 +0000] "GET /gifclass.php HTTP/2" 404 14182 "-" "Mozilla/5.0 (Windows NT 10.0; Win64; x64) AppleWebKit/537.36 (KHTML, like Gecko) Chrome/120.0.0.0 Safari/537.36"
20.151.7.119 - - [16/Jul/2026:20:17:19 +0000] "GET /wp-includes/certificates/ HTTP/2" 404 1251 "-" "Mozilla/5.0 (Windows NT 10.0; Win64; x64) AppleWebKit/537.36 (KHTML, like Gecko) Chrome/120.0.0.0 Safari/537.36"
20.151.7.119 - - [16/Jul/2026:20:17:19 +0000] "GET /222.php HTTP/2" 404 14182 "-" "Mozilla/5.0 (Windows NT 10.0; Win64; x64) AppleWebKit/537.36 (KHTML, like Gecko) Chrome/120.0.0.0 Safari/537.36"
20.151.7.119 - - [16/Jul/2026:20:17:20 +0000] "GET /wp-content/plugins/admin.php HTTP/2" 404 14182 "-" "Mozilla/5.0 (Windows NT 10.0; Win64; x64) AppleWebKit/537.36 (KHTML, like Gecko) Chrome/120.0.0.0 Safari/537.36"
20.151.7.119 - - [16/Jul/2026:20:17:21 +0000] "GET /css/index.php HTTP/2" 301 0 "-" "Mozilla/5.0 (Windows NT 10.0; Win64; x64) AppleWebKit/537.36 (KHTML, like Gecko) Chrome/120.0.0.0 Safari/537.36"
20.151.7.119 - - [16/Jul/2026:20:17:22 +0000] "GET /wp-cron.php HTTP/2" 200 0 "-" "Mozilla/5.0 (Windows NT 10.0; Win64; x64) AppleWebKit/537.36 (KHTML, like Gecko) Chrome/120.0.0.0 Safari/537.36"
20.151.7.119 - - [16/Jul/2026:20:17:22 +0000] "GET /wp-block.php HTTP/2" 404 14182 "-" "Mozilla/5.0 (Windows NT 10.0; Win64; x64) AppleWebKit/537.36 (KHTML, like Gecko) Chrome/120.0.0.0 Safari/537.36"
20.151.7.119 - - [16/Jul/2026:20:17:22 +0000] "GET /wp-includes/fonts/admin.php HTTP/2" 404 14182 "-" "Mozilla/5.0 (Windows NT 10.0; Win64; x64) AppleWebKit/537.36 (KHTML, like Gecko) Chrome/120.0.0.0 Safari/537.36"
20.151.7.119 - - [16/Jul/2026:20:17:23 +0000] "GET /wp-admin/css/colors/modern/ HTTP/2" 404 1251 "-" "Mozilla/5.0 (Windows NT 10.0; Win64; x64) AppleWebKit/537.36 (KHTML, like Gecko) Chrome/120.0.0.0 Safari/537.36"
20.151.7.119 - - [16/Jul/2026:20:17:23 +0000] "GET /classwithtostring.php HTTP/2" 404 14181 "-" "Mozilla/5.0 (Windows NT 10.0; Win64; x64) AppleWebKit/537.36 (KHTML, like Gecko) Chrome/120.0.0.0 Safari/537.36"
20.151.7.119 - - [16/Jul/2026:20:17:25 +0000] "GET /test1.php HTTP/2" 404 14181 "-" "Mozilla/5.0 (Windows NT 10.0; Win64; x64) AppleWebKit/537.36 (KHTML, like Gecko) Chrome/120.0.0.0 Safari/537.36"
20.151.7.119 - - [16/Jul/2026:20:17:28 +0000] "GET /wp-admin/images/ HTTP/2" 404 1251 "-" "Mozilla/5.0 (Windows NT 10.0; Win64; x64) AppleWebKit/537.36 (KHTML, like Gecko) Chrome/120.0.0.0 Safari/537.36"
20.151.7.119 - - [16/Jul/2026:20:17:28 +0000] "GET /images/index.php HTTP/2" 301 0 "-" "Mozilla/5.0 (Windows NT 10.0; Win64; x64) AppleWebKit/537.36 (KHTML, like Gecko) Chrome/120.0.0.0 Safari/537.36"
20.151.7.119 - - [16/Jul/2026:20:17:28 +0000] "GET /wp-includes/rest-api/fields/ HTTP/2" 404 1251 "-" "Mozilla/5.0 (Windows NT 10.0; Win64; x64) AppleWebKit/537.36 (KHTML, like Gecko) Chrome/120.0.0.0 Safari/537.36"
20.151.7.119 - - [16/Jul/2026:20:17:28 +0000] "GET /asd.php HTTP/2" 404 14182 "-" "Mozilla/5.0 (Windows NT 10.0; Win64; x64) AppleWebKit/537.36 (KHTML, like Gecko) Chrome/120.0.0.0 Safari/537.36"
20.151.7.119 - - [16/Jul/2026:20:17:29 +0000] "GET /wp-includes/customize/index.php HTTP/2" 301 0 "-" "Mozilla/5.0 (Windows NT 10.0; Win64; x64) AppleWebKit/537.36 (KHTML, like Gecko) Chrome/120.0.0.0 Safari/537.36"
20.151.7.119 - - [16/Jul/2026:20:17:30 +0000] "GET /wp-content/plugins/core-plugin/include.php HTTP/2" 404 14181 "-" "Mozilla/5.0 (Windows NT 10.0; Win64; x64) AppleWebKit/537.36 (KHTML, like Gecko) Chrome/120.0.0.0 Safari/537.36"
20.151.7.119 - - [16/Jul/2026:20:17:30 +0000] "GET /atomlib.php HTTP/2" 404 14182 "-" "Mozilla/5.0 (Windows NT 10.0; Win64; x64) AppleWebKit/537.36 (KHTML, like Gecko) Chrome/120.0.0.0 Safari/537.36"
20.151.7.119 - - [16/Jul/2026:20:17:31 +0000] "GET /wp-includes/html-api/ HTTP/2" 404 1251 "-" "Mozilla/5.0 (Windows NT 10.0; Win64; x64) AppleWebKit/537.36 (KHTML, like Gecko) Chrome/120.0.0.0 Safari/537.36"
20.151.7.119 - - [16/Jul/2026:20:17:31 +0000] "GET /wp-admin/js/ HTTP/2" 404 1251 "-" "Mozilla/5.0 (Windows NT 10.0; Win64; x64) AppleWebKit/537.36 (KHTML, like Gecko) Chrome/120.0.0.0 Safari/537.36"
20.151.7.119 - - [16/Jul/2026:20:17:31 +0000] "GET /wp-includes/IXR/chosen.php HTTP/2" 404 14182 "-" "Mozilla/5.0 (Windows NT 10.0; Win64; x64) AppleWebKit/537.36 (KHTML, like Gecko) Chrome/120.0.0.0 Safari/537.36"
20.151.7.119 - - [16/Jul/2026:20:17:32 +0000] "GET /wp-admin/css/colors/ectoplasm/ HTTP/2" 404 1251 "-" "Mozilla/5.0 (Windows NT 10.0; Win64; x64) AppleWebKit/537.36 (KHTML, like Gecko) Chrome/120.0.0.0 Safari/537.36"
20.151.7.119 - - [16/Jul/2026:20:17:32 +0000] "GET /wp-includes/blocks/block/ HTTP/2" 404 1251 "-" "Mozilla/5.0 (Windows NT 10.0; Win64; x64) AppleWebKit/537.36 (KHTML, like Gecko) Chrome/120.0.0.0 Safari/537.36"
20.151.7.119 - - [16/Jul/2026:20:17:32 +0000] "GET /wp-includes/pomo/ HTTP/2" 404 1251 "-" "Mozilla/5.0 (Windows NT 10.0; Win64; x64) AppleWebKit/537.36 (KHTML, like Gecko) Chrome/120.0.0.0 Safari/537.36"
20.151.7.119 - - [16/Jul/2026:20:17:32 +0000] "GET /wp-includes/rest-api/ HTTP/2" 404 1251 "-" "Mozilla/5.0 (Windows NT 10.0; Win64; x64) AppleWebKit/537.36 (KHTML, like Gecko) Chrome/120.0.0.0 Safari/537.36"
20.151.7.119 - - [16/Jul/2026:20:17:32 +0000] "GET /inputs.php HTTP/2" 404 14181 "-" "Mozilla/5.0 (Windows NT 10.0; Win64; x64) AppleWebKit/537.36 (KHTML, like Gecko) Chrome/120.0.0.0 Safari/537.36"
20.151.7.119 - - [16/Jul/2026:20:17:33 +0000] "GET /wp-content/index.php HTTP/2" 200 0 "-" "Mozilla/5.0 (Windows NT 10.0; Win64; x64) AppleWebKit/537.36 (KHTML, like Gecko) Chrome/120.0.0.0 Safari/537.36"
20.151.7.119 - - [16/Jul/2026:20:17:33 +0000] "GET /wp-admin/network/index.php HTTP/2" 302 0 "-" "Mozilla/5.0 (Windows NT 10.0; Win64; x64) AppleWebKit/537.36 (KHTML, like Gecko) Chrome/120.0.0.0 Safari/537.36"
20.151.7.119 - - [16/Jul/2026:20:17:34 +0000] "GET /wp-content/1.php HTTP/2" 404 14182 "-" "Mozilla/5.0 (Windows NT 10.0; Win64; x64) AppleWebKit/537.36 (KHTML, like Gecko) Chrome/120.0.0.0 Safari/537.36"
20.151.7.119 - - [16/Jul/2026:20:17:34 +0000] "GET /plugin.php HTTP/2" 404 14181 "-" "Mozilla/5.0 (Windows NT 10.0; Win64; x64) AppleWebKit/537.36 (KHTML, like Gecko) Chrome/120.0.0.0 Safari/537.36"
20.151.7.119 - - [16/Jul/2026:20:17:35 +0000] "GET /1.php HTTP/2" 404 14182 "-" "Mozilla/5.0 (Windows NT 10.0; Win64; x64) AppleWebKit/537.36 (KHTML, like Gecko) Chrome/120.0.0.0 Safari/537.36"
20.151.7.119 - - [16/Jul/2026:20:17:36 +0000] "GET /gg.php HTTP/2" 404 14182 "-" "Mozilla/5.0 (Windows NT 10.0; Win64; x64) AppleWebKit/537.36 (KHTML, like Gecko) Chrome/120.0.0.0 Safari/537.36"
20.151.7.119 - - [16/Jul/2026:20:17:36 +0000] "GET /wp-includes/images/crystal/ HTTP/2" 404 1251 "-" "Mozilla/5.0 (Windows NT 10.0; Win64; x64) AppleWebKit/537.36 (KHTML, like Gecko) Chrome/120.0.0.0 Safari/537.36"
20.151.7.119 - - [16/Jul/2026:20:17:36 +0000] "GET /aa.php HTTP/2" 404 14181 "-" "Mozilla/5.0 (Windows NT 10.0; Win64; x64) AppleWebKit/537.36 (KHTML, like Gecko) Chrome/120.0.0.0 Safari/537.36"
20.151.7.119 - - [16/Jul/2026:20:17:37 +0000] "GET /wp-content/languages/index.php HTTP/2" 301 0 "-" "Mozilla/5.0 (Windows NT 10.0; Win64; x64) AppleWebKit/537.36 (KHTML, like Gecko) Chrome/120.0.0.0 Safari/537.36"
20.151.7.119 - - [16/Jul/2026:20:17:37 +0000] "GET /wp.php HTTP/2" 404 14182 "-" "Mozilla/5.0 (Windows NT 10.0; Win64; x64) AppleWebKit/537.36 (KHTML, like Gecko) Chrome/120.0.0.0 Safari/537.36"
20.151.7.119 - - [16/Jul/2026:20:17:38 +0000] "GET /wp-includes/blocks/about.php HTTP/2" 404 14182 "-" "Mozilla/5.0 (Windows NT 10.0; Win64; x64) AppleWebKit/537.36 (KHTML, like Gecko) Chrome/120.0.0.0 Safari/537.36"
20.151.7.119 - - [16/Jul/2026:20:17:39 +0000] "GET /wp-admin/file.php HTTP/2" 404 14182 "-" "Mozilla/5.0 (Windows NT 10.0; Win64; x64) AppleWebKit/537.36 (KHTML, like Gecko) Chrome/120.0.0.0 Safari/537.36"
20.151.7.119 - - [16/Jul/2026:20:17:39 +0000] "GET /wp-admin/user/index.php HTTP/2" 302 0 "-" "Mozilla/5.0 (Windows NT 10.0; Win64; x64) AppleWebKit/537.36 (KHTML, like Gecko) Chrome/120.0.0.0 Safari/537.36"
20.151.7.119 - - [16/Jul/2026:20:17:40 +0000] "GET /wp-content/plugins/WordPressCore/ HTTP/2" 404 14182 "-" "Mozilla/5.0 (Windows NT 10.0; Win64; x64) AppleWebKit/537.36 (KHTML, like Gecko) Chrome/120.0.0.0 Safari/537.36"
20.151.7.119 - - [16/Jul/2026:20:17:41 +0000] "GET /wp-admin/css/colors/blue/admin.php HTTP/2" 404 14182 "-" "Mozilla/5.0 (Windows NT 10.0; Win64; x64) AppleWebKit/537.36 (KHTML, like Gecko) Chrome/120.0.0.0 Safari/537.36"
20.151.7.119 - - [16/Jul/2026:20:17:41 +0000] "GET /index/function.php HTTP/2" 404 14182 "-" "Mozilla/5.0 (Windows NT 10.0; Win64; x64) AppleWebKit/537.36 (KHTML, like Gecko) Chrome/120.0.0.0 Safari/537.36"
20.151.7.119 - - [16/Jul/2026:20:17:42 +0000] "GET /wp-includes/PHPMailer/ HTTP/2" 404 1251 "-" "Mozilla/5.0 (Windows NT 10.0; Win64; x64) AppleWebKit/537.36 (KHTML, like Gecko) Chrome/120.0.0.0 Safari/537.36"
20.151.7.119 - - [16/Jul/2026:20:17:42 +0000] "GET /wp-includes/css/ HTTP/2" 404 1251 "-" "Mozilla/5.0 (Windows NT 10.0; Win64; x64) AppleWebKit/537.36 (KHTML, like Gecko) Chrome/120.0.0.0 Safari/537.36"
49.51.204.74 - - [16/Jul/2026:20:04:33 +0000] "GET /xmlrpc.php?rsd HTTP/2" 403 1242 "-" "Mozilla/5.0 (iPhone; CPU iPhone OS 13_2_3 like Mac OS X) AppleWebKit/605.1.15 (KHTML, like Gecko) Version/13.0.3 Mobile/15E148 Safari/604.1"
65.181.111.155 - - [16/Jul/2026:20:05:31 +0000] "POST /wp-cron.php?doing_wp_cron=1784232331.5911359786987304687500 HTTP/2" 200 0 "-" "WordPress/7.0.1; https://coconutspaphuquoc.com"
24.199.106.163 - - [16/Jul/2026:20:05:30 +0000] "GET / HTTP/2" 200 21959 "-" "Mozilla/5.0 (X11; Linux x86_64) AppleWebKit/537.36 (KHTML, like Gecko) Chrome/142.0.0.0 Safari/537.36"
65.181.111.155 - - [16/Jul/2026:20:07:32 +0000] "POST /wp-cron.php?doing_wp_cron=1784232452.8342061042785644531250 HTTP/2" 200 0 "-" "WordPress/7.0.1; https://coconutspaphuquoc.com"
65.181.111.155 - - [16/Jul/2026:20:15:39 +0000] "POST /wp-cron.php?doing_wp_cron=1784232939.2382559776306152343750 HTTP/2" 200 0 "-" "WordPress/7.0.1; https://coconutspaphuquoc.com"
43.159.132.207 - - [16/Jul/2026:20:15:38 +0000] "GET /wp-json/oembed/1.0/embed?url=https%3A%2F%2Fcoconutspaphuquoc.com%2F&format=xml HTTP/2" 200 1127 "-" "Mozilla/5.0 (iPhone; CPU iPhone OS 13_2_3 like Mac OS X) AppleWebKit/605.1.15 (KHTML, like Gecko) Version/13.0.3 Mobile/15E148 Safari/604.1"
65.181.111.155 - - [16/Jul/2026:20:16:20 +0000] "POST /wp-cron.php?doing_wp_cron=1784232979.9914340972900390625000 HTTP/2" 200 0 "-" "WordPress/7.0.1; https://coconutspaphuquoc.com"
20.151.7.119 - - [16/Jul/2026:20:16:20 +0000] "GET /wp-admin/css/wp-login.php HTTP/2" 404 14182 "-" "Mozilla/5.0 (Windows NT 10.0; Win64; x64) AppleWebKit/537.36 (KHTML, like Gecko) Chrome/120.0.0.0 Safari/537.36"
20.151.7.119 - - [16/Jul/2026:20:16:22 +0000] "GET /mini.php HTTP/2" 404 14181 "-" "Mozilla/5.0 (Windows NT 10.0; Win64; x64) AppleWebKit/537.36 (KHTML, like Gecko) Chrome/120.0.0.0 Safari/537.36"
20.151.7.119 - - [16/Jul/2026:20:16:23 +0000] "GET /w.php HTTP/2" 404 14182 "-" "Mozilla/5.0 (Windows NT 10.0; Win64; x64) AppleWebKit/537.36 (KHTML, like Gecko) Chrome/120.0.0.0 Safari/537.36"
20.151.7.119 - - [16/Jul/2026:20:16:25 +0000] "GET /wp-includes/js/codemirror/about.php HTTP/2" 404 14182 "-" "Mozilla/5.0 (Windows NT 10.0; Win64; x64) AppleWebKit/537.36 (KHTML, like Gecko) Chrome/120.0.0.0 Safari/537.36"
65.181.111.155 - - [16/Jul/2026:20:16:49 +0000] "POST /wp-cron.php?doing_wp_cron=1784233009.6381309032440185546875 HTTP/2" 200 0 "-" "WordPress/7.0.1; https://coconutspaphuquoc.com"
65.181.111.155 - - [16/Jul/2026:20:26:24 +0000] "POST /wp-cron.php?doing_wp_cron=1784233584.6447401046752929687500 HTTP/2" 200 0 "-" "WordPress/7.0.1; https://coconutspaphuquoc.com"
51.195.39.149 - - [16/Jul/2026:20:26:30 +0000] "GET /wp-content/plugins/fancy-elementor-gallery-box/assets/js/fancy-elementor-flipbox.js HTTP/2" 404 14182 "-" "Mozilla/5.0 (X11; Linux x86_64) AppleWebKit/537.36 (KHTML, like Gecko) Chrome/148.0.0.0 Safari/537.36"
51.195.39.149 - - [16/Jul/2026:20:26:36 +0000] "GET /blog-verify HTTP/2" 404 14182 "-" "Mozilla/5.0 (Windows NT 10.0; Win64; x64; rv:150.0) Gecko/20100101 Firefox/150.0"
192.178.6.10 - - [16/Jul/2026:20:31:26 +0000] "GET /robots.txt HTTP/2" 200 103 "-" "Mozilla/5.0 (compatible; Googlebot/2.1; +http://www.google.com/bot.html)"
65.181.111.155 - - [16/Jul/2026:20:34:01 +0000] "POST /wp-cron.php?doing_wp_cron=1784234041.2286829948425292968750 HTTP/2" 200 0 "-" "WordPress/7.0.1; https://coconutspaphuquoc.com"
216.24.212.13 - - [16/Jul/2026:20:33:59 +0000] "POST /wp-login.php HTTP/2" 200 3183 "-" "iphone|Mozilla/5.0 (iPhone; CPU iPhone OS 8_6_7; like Mac OS X) AppleWebKit/601.24 (KHTML, like Gecko) Chrome/48.0.1112.127 Mobile Safari/602.7"
65.181.111.155 - - [16/Jul/2026:20:34:54 +0000] "POST /wp-cron.php?doing_wp_cron=1784234094.1956579685211181640625 HTTP/2" 200 0 "-" "WordPress/7.0.1; https://coconutspaphuquoc.com"
170.106.167.214 - - [16/Jul/2026:20:34:51 +0000] "GET / HTTP/2" 200 21959 "-" "Mozilla/5.0 (iPhone; CPU iPhone OS 13_2_3 like Mac OS X) AppleWebKit/605.1.15 (KHTML, like Gecko) Version/13.0.3 Mobile/15E148 Safari/604.1"
65.181.111.155 - - [16/Jul/2026:20:23:17 +0000] "POST /wp-cron.php?doing_wp_cron=1784233397.2549030780792236328125 HTTP/2" 200 0 "-" "WordPress/7.0.1; https://coconutspaphuquoc.com"
43.153.107.22 - - [16/Jul/2026:20:23:15 +0000] "GET / HTTP/2" 200 21959 "-" "Mozilla/5.0 (iPhone; CPU iPhone OS 13_2_3 like Mac OS X) AppleWebKit/605.1.15 (KHTML, like Gecko) Version/13.0.3 Mobile/15E148 Safari/604.1"
51.195.39.149 - - [16/Jul/2026:20:26:23 +0000] "GET /wp-content/plugins/podlove-podcasting-plugin-for-wordpress/css/frontend.css HTTP/2" 404 14182 "-" "Mozilla/5.0 (Windows NT 10.0; Win64; x64; rv:150.0) Gecko/20100101 Firefox/150.0"
65.181.111.155 - - [16/Jul/2026:20:31:29 +0000] "POST /wp-cron.php?doing_wp_cron=1784233889.5668249130249023437500 HTTP/2" 200 0 "-" "WordPress/7.0.1; https://coconutspaphuquoc.com"
192.178.6.1 - - [16/Jul/2026:20:31:29 +0000] "GET /?jkit-ajax-request=jkit_elements HTTP/2" 200 0 "-" "Mozilla/5.0 (Linux; Android 6.0.1; Nexus 5X Build/MMB29P) AppleWebKit/537.36 (KHTML, like Gecko) Chrome/150.0.7871.124 Mobile Safari/537.36 (compatible; Googlebot/2.1; +http://www.google.com/bot.html)"
216.24.212.81 - - [16/Jul/2026:20:33:59 +0000] "POST /wp-login.php HTTP/2" 200 3186 "-" "chrome|Mozilla/5.0 (Linux x86_64; en-US) AppleWebKit/536.45 (KHTML, like Gecko) Chrome/55.0.2391.316 Safari/535"
65.181.111.155 - - [16/Jul/2026:20:40:57 +0000] "POST /wp-cron.php?doing_wp_cron=1784234457.8148820400238037109375 HTTP/2" 200 0 "-" "WordPress/7.0.1; https://coconutspaphuquoc.com"
43.133.91.48 - - [16/Jul/2026:20:40:54 +0000] "GET / HTTP/2" 200 21959 "-" "Mozilla/5.0 (iPhone; CPU iPhone OS 13_2_3 like Mac OS X) AppleWebKit/605.1.15 (KHTML, like Gecko) Version/13.0.3 Mobile/15E148 Safari/604.1"
49.51.166.228 - - [16/Jul/2026:20:51:02 +0000] "GET /wp-json/oembed/1.0/embed?url=https%3A%2F%2Fcoconutspaphuquoc.com%2F HTTP/2" 200 1085 "-" "Mozilla/5.0 (iPhone; CPU iPhone OS 13_2_3 like Mac OS X) AppleWebKit/605.1.15 (KHTML, like Gecko) Version/13.0.3 Mobile/15E148 Safari/604.1"
65.181.111.155 - - [16/Jul/2026:20:51:03 +0000] "POST /wp-cron.php?doing_wp_cron=1784235063.2395069599151611328125 HTTP/2" 200 0 "-" "WordPress/7.0.1; https://coconutspaphuquoc.com"
216.24.212.53 - - [16/Jul/2026:21:00:18 +0000] "POST /wp-login.php HTTP/2" 200 3186 "-" "Mozilla/5.0 (Windows; U; Windows NT 6.0; pl-PL) AppleWebKit/530.19.2 (KHTML, like Gecko) Version/4.0.2 Safari/530.19.1"
157.245.60.239 - - [16/Jul/2026:21:00:27 +0000] "GET /wp-admin/install.php HTTP/2" 200 517 "-" "Mozilla/5.0 (Macintosh; Intel Mac OS X 10_10_1) AppleWebKit/537.36 (KHTML, like Gecko) Chrome/39.0.2171.95 Safari/537.36"
43.157.67.70 - - [16/Jul/2026:21:00:40 +0000] "GET /embed/ HTTP/2" 301 0 "-" "Mozilla/5.0 (iPhone; CPU iPhone OS 13_2_3 like Mac OS X) AppleWebKit/605.1.15 (KHTML, like Gecko) Version/13.0.3 Mobile/15E148 Safari/604.1"
157.245.60.239 - - [16/Jul/2026:21:00:41 +0000] "GET /wp/wp-admin/install.php HTTP/2" 404 14182 "-" "Mozilla/5.0 (Macintosh; Intel Mac OS X 10_10_1) AppleWebKit/537.36 (KHTML, like Gecko) Chrome/39.0.2171.95 Safari/537.36"
43.157.67.70 - - [16/Jul/2026:21:00:45 +0000] "GET / HTTP/2" 200 21958 "https://coconutspaphuquoc.com/embed/" "Mozilla/5.0 (iPhone; CPU iPhone OS 13_2_3 like Mac OS X) AppleWebKit/605.1.15 (KHTML, like Gecko) Version/13.0.3 Mobile/15E148 Safari/604.1"
157.245.60.239 - - [16/Jul/2026:21:00:56 +0000] "GET /new/wp-admin/install.php HTTP/2" 404 14182 "-" "Mozilla/5.0 (Macintosh; Intel Mac OS X 10_10_1) AppleWebKit/537.36 (KHTML, like Gecko) Chrome/39.0.2171.95 Safari/537.36"
65.181.111.155 - - [16/Jul/2026:21:00:19 +0000] "POST /wp-cron.php?doing_wp_cron=1784235619.3967170715332031250000 HTTP/2" 200 0 "-" "WordPress/7.0.1; https://coconutspaphuquoc.com"
216.24.212.34 - - [16/Jul/2026:21:00:18 +0000] "POST /wp-login.php HTTP/2" 200 3183 "-" "chrome|Mozilla/5.0 (Windows NT 6.1; Win64; x64; en-US) AppleWebKit/602.16 (KHTML, like Gecko) Chrome/49.0.2277.194 Safari/602"
65.181.111.155 - - [16/Jul/2026:21:00:57 +0000] "POST /wp-cron.php?doing_wp_cron=1784235657.5322110652923583984375 HTTP/2" 200 0 "-" "WordPress/7.0.1; https://coconutspaphuquoc.com"
157.245.60.239 - - [16/Jul/2026:21:01:40 +0000] "GET /wordpress/wp-admin/install.php HTTP/2" 404 14182 "-" "Mozilla/5.0 (Macintosh; Intel Mac OS X 10_10_1) AppleWebKit/537.36 (KHTML, like Gecko) Chrome/39.0.2171.95 Safari/537.36"
65.181.111.155 - - [16/Jul/2026:21:01:54 +0000] "POST /wp-cron.php?doing_wp_cron=1784235714.8468949794769287109375 HTTP/2" 200 0 "-" "WordPress/7.0.1; https://coconutspaphuquoc.com"
157.245.60.239 - - [16/Jul/2026:21:01:53 +0000] "GET /test/wp-admin/install.php HTTP/2" 404 14182 "-" "Mozilla/5.0 (Macintosh; Intel Mac OS X 10_10_1) AppleWebKit/537.36 (KHTML, like Gecko) Chrome/39.0.2171.95 Safari/537.36"
65.181.111.155 - - [16/Jul/2026:21:02:59 +0000] "POST /wp-cron.php?doing_wp_cron=1784235779.6439800262451171875000 HTTP/2" 200 0 "-" "WordPress/7.0.1; https://coconutspaphuquoc.com"
157.245.60.239 - - [16/Jul/2026:21:03:15 +0000] "GET /web/wp-admin/install.php HTTP/2" 404 14182 "-" "Mozilla/5.0 (Macintosh; Intel Mac OS X 10_10_1) AppleWebKit/537.36 (KHTML, like Gecko) Chrome/39.0.2171.95 Safari/537.36"
65.181.111.155 - - [16/Jul/2026:21:04:01 +0000] "POST /wp-cron.php?doing_wp_cron=1784235841.8030049800872802734375 HTTP/2" 200 0 "-" "WordPress/7.0.1; https://coconutspaphuquoc.com"
157.245.60.239 - - [16/Jul/2026:21:04:00 +0000] "GET /site/wp-admin/install.php HTTP/2" 404 14182 "-" "Mozilla/5.0 (Macintosh; Intel Mac OS X 10_10_1) AppleWebKit/537.36 (KHTML, like Gecko) Chrome/39.0.2171.95 Safari/537.36"
157.245.60.239 - - [16/Jul/2026:21:01:21 +0000] "GET /old/wp-admin/install.php HTTP/2" 404 14182 "-" "Mozilla/5.0 (Macintosh; Intel Mac OS X 10_10_1) AppleWebKit/537.36 (KHTML, like Gecko) Chrome/39.0.2171.95 Safari/537.36"
157.245.60.239 - - [16/Jul/2026:21:02:58 +0000] "GET /cms/wp-admin/install.php HTTP/2" 404 14182 "-" "Mozilla/5.0 (Macintosh; Intel Mac OS X 10_10_1) AppleWebKit/537.36 (KHTML, like Gecko) Chrome/39.0.2171.95 Safari/537.36"
157.245.60.239 - - [16/Jul/2026:21:03:44 +0000] "GET /backup/wp-admin/install.php HTTP/2" 404 14182 "-" "Mozilla/5.0 (Macintosh; Intel Mac OS X 10_10_1) AppleWebKit/537.36 (KHTML, like Gecko) Chrome/39.0.2171.95 Safari/537.36"
157.245.60.239 - - [16/Jul/2026:21:04:15 +0000] "GET /oldsite/wp-admin/install.php HTTP/2" 404 14182 "-" "Mozilla/5.0 (Macintosh; Intel Mac OS X 10_10_1) AppleWebKit/537.36 (KHTML, like Gecko) Chrome/39.0.2171.95 Safari/537.36"
65.181.111.155 - - [16/Jul/2026:21:17:24 +0000] "POST /wp-cron.php?doing_wp_cron=1784236644.8134500980377197265625 HTTP/2" 200 0 "-" "WordPress/7.0.1; https://coconutspaphuquoc.com"
138.246.253.24 - - [16/Jul/2026:21:17:15 +0000] "GET /robots.txt HTTP/2" 200 103 "-" "Mozilla/5.0 (Windows NT 10.0; Win64; x64) AppleWebKit/537.36 (KHTML, like Gecko) Chrome/103.0.5060.134 Safari/537.36"
216.24.212.77 - - [16/Jul/2026:21:26:53 +0000] "POST /wp-login.php HTTP/2" 200 3186 "-" "Opera/9.80 (Android; Opera Mini/28.0.2254/174.101; U; ja) Presto/2.12.423 Version/12.16,gzip(gfe)"
65.181.111.155 - - [16/Jul/2026:21:26:55 +0000] "POST /wp-cron.php?doing_wp_cron=1784237215.3377029895782470703125 HTTP/2" 200 0 "-" "WordPress/7.0.1; https://coconutspaphuquoc.com"
65.181.111.155 - - [16/Jul/2026:21:56:43 +0000] "POST /wp-cron.php?doing_wp_cron=1784239003.9140410423278808593750 HTTP/2" 200 0 "-" "WordPress/7.0.1; https://coconutspaphuquoc.com"
52.167.144.66 - - [16/Jul/2026:21:56:42 +0000] "GET /robots.txt HTTP/2" 200 103 "-" "Mozilla/5.0 AppleWebKit/537.36 (KHTML, like Gecko; compatible; bingbot/2.0; +http://www.bing.com/bingbot.htm) Chrome/116.0.1938.76 Safari/537.36"
65.181.111.155 - - [16/Jul/2026:21:57:01 +0000] "POST /wp-cron.php?doing_wp_cron=1784239021.8359780311584472656250 HTTP/2" 200 0 "-" "WordPress/7.0.1; https://coconutspaphuquoc.com"
52.167.144.203 - - [16/Jul/2026:21:56:56 +0000] "GET / HTTP/2" 200 21959 "-" "Mozilla/5.0 AppleWebKit/537.36 (KHTML, like Gecko; compatible; bingbot/2.0; +http://www.bing.com/bingbot.htm) Chrome/116.0.1938.76 Safari/537.36"
216.24.212.41 - - [16/Jul/2026:21:53:33 +0000] "POST /wp-login.php HTTP/2" 200 3186 "-" "iphone|Mozilla/5.0 (iPhone; CPU iPhone OS 8_1_4; like Mac OS X) AppleWebKit/535.33 (KHTML, like Gecko) Chrome/48.0.1968.227 Mobile Safari/601.5"
65.181.111.155 - - [16/Jul/2026:21:53:38 +0000] "POST /wp-cron.php?doing_wp_cron=1784238817.9768559932708740234375 HTTP/2" 200 0 "-" "WordPress/7.0.1; https://coconutspaphuquoc.com"
216.24.212.19 - - [16/Jul/2026:21:53:35 +0000] "POST /wp-login.php HTTP/2" 200 3183 "-" "Mozilla/5.0 (X11; U; Linux i686; de; rv:1.8.1.12) Gecko/20080207 Ubuntu/7.10 (gutsy) Firefox/2.0.0.12"
216.24.212.46 - - [16/Jul/2026:22:19:35 +0000] "POST /wp-login.php HTTP/2" 200 3186 "-" "Mozilla/5.0 (Linux; Android 8.0.0; AGS2-W09) AppleWebKit/537.36 (KHTML, like Gecko) Chrome/86.0.4240.198 Safari/537.36"
65.181.111.155 - - [16/Jul/2026:22:19:41 +0000] "POST /wp-cron.php?doing_wp_cron=1784240381.5498540401458740234375 HTTP/2" 200 0 "-" "WordPress/7.0.1; https://coconutspaphuquoc.com"
65.181.111.155 - - [16/Jul/2026:22:28:29 +0000] "POST /wp-cron.php?doing_wp_cron=1784240909.6875710487365722656250 HTTP/2" 200 0 "-" "WordPress/7.0.1; https://coconutspaphuquoc.com"
182.253.228.229 - - [16/Jul/2026:22:28:25 +0000] "GET / HTTP/2" 200 21959 "-" "Mozilla/5.0 (Windows NT 10.0; Win64; x64) AppleWebKit/537.36 (KHTML, like Gecko) Chrome/125.0.0.0 Safari/537.36"
216.24.212.38 - - [16/Jul/2026:22:19:35 +0000] "POST /wp-login.php HTTP/2" 200 3183 "-" "Mozilla/5.0 (Linux; Android 9; MRD-LX3) AppleWebKit/537.36 (KHTML, like Gecko) Chrome/83.0.4103.101 Mobile Safari/537.36,gzip(gfe),gzip(gfe)"
65.181.111.155 - - [16/Jul/2026:22:23:27 +0000] "POST /wp-cron.php?doing_wp_cron=1784240607.1607110500335693359375 HTTP/2" 200 0 "-" "WordPress/7.0.1; https://coconutspaphuquoc.com"
62.60.130.210 - - [16/Jul/2026:22:23:21 +0000] "GET /images/images/cache.php HTTP/2" 404 14182 "www.google.com" "Mozlila/5.0 (Linux; Android 7.0; SM-G892A Bulid/NRD90M; wv) AppleWebKit/537.36 (KHTML, like Gecko) Version/4.0 Chrome/60.0.3112.107 Moblie Safari/537.36"
62.60.130.210 - - [16/Jul/2026:22:23:30 +0000] "GET /cgi-bin/cgi-bin/cgi-bin/cgi-bin/cache.php HTTP/2" 404 14181 "www.google.com" "Mozlila/5.0 (Linux; Android 7.0; SM-G892A Bulid/NRD90M; wv) AppleWebKit/537.36 (KHTML, like Gecko) Version/4.0 Chrome/60.0.3112.107 Moblie Safari/537.36"
62.60.130.210 - - [16/Jul/2026:22:23:34 +0000] "GET /images/images/images/images/images/images/images/images/cache.php HTTP/2" 404 14182 "www.google.com" "Mozlila/5.0 (Linux; Android 7.0; SM-G892A Bulid/NRD90M; wv) AppleWebKit/537.36 (KHTML, like Gecko) Version/4.0 Chrome/60.0.3112.107 Moblie Safari/537.36"
62.60.130.210 - - [16/Jul/2026:22:23:38 +0000] "GET /images/images/images/images/images/images/images/cache.php HTTP/2" 404 14182 "www.google.com" "Mozlila/5.0 (Linux; Android 7.0; SM-G892A Bulid/NRD90M; wv) AppleWebKit/537.36 (KHTML, like Gecko) Version/4.0 Chrome/60.0.3112.107 Moblie Safari/537.36"
62.60.130.210 - - [16/Jul/2026:22:23:42 +0000] "GET /images/images/images/images/images/images/cache.php HTTP/2" 404 14181 "www.google.com" "Mozlila/5.0 (Linux; Android 7.0; SM-G892A Bulid/NRD90M; wv) AppleWebKit/537.36 (KHTML, like Gecko) Version/4.0 Chrome/60.0.3112.107 Moblie Safari/537.36"
62.60.130.210 - - [16/Jul/2026:22:23:47 +0000] "GET /images/images/images/images/images/cache.php HTTP/2" 404 14182 "www.google.com" "Mozlila/5.0 (Linux; Android 7.0; SM-G892A Bulid/NRD90M; wv) AppleWebKit/537.36 (KHTML, like Gecko) Version/4.0 Chrome/60.0.3112.107 Moblie Safari/537.36"
65.181.111.155 - - [16/Jul/2026:22:23:52 +0000] "POST /wp-cron.php?doing_wp_cron=1784240632.3491919040679931640625 HTTP/2" 200 0 "-" "WordPress/7.0.1; https://coconutspaphuquoc.com"
62.60.130.210 - - [16/Jul/2026:22:23:50 +0000] "GET /images/images/images/images/cache.php HTTP/2" 404 14182 "www.google.com" "Mozlila/5.0 (Linux; Android 7.0; SM-G892A Bulid/NRD90M; wv) AppleWebKit/537.36 (KHTML, like Gecko) Version/4.0 Chrome/60.0.3112.107 Moblie Safari/537.36"
62.60.130.210 - - [16/Jul/2026:22:23:55 +0000] "GET /images/images/images/cache.php HTTP/2" 404 14182 "www.google.com" "Mozlila/5.0 (Linux; Android 7.0; SM-G892A Bulid/NRD90M; wv) AppleWebKit/537.36 (KHTML, like Gecko) Version/4.0 Chrome/60.0.3112.107 Moblie Safari/537.36"
62.60.130.210 - - [16/Jul/2026:22:23:59 +0000] "GET /wp-content/plugins/plugins/cache.php HTTP/2" 404 14181 "www.google.com" "Mozlila/5.0 (Linux; Android 7.0; SM-G892A Bulid/NRD90M; wv) AppleWebKit/537.36 (KHTML, like Gecko) Version/4.0 Chrome/60.0.3112.107 Moblie Safari/537.36"
62.60.130.210 - - [16/Jul/2026:22:24:03 +0000] "GET /assets/images/images/cache.php HTTP/2" 404 14182 "www.google.com" "Mozlila/5.0 (Linux; Android 7.0; SM-G892A Bulid/NRD90M; wv) AppleWebKit/537.36 (KHTML, like Gecko) Version/4.0 Chrome/60.0.3112.107 Moblie Safari/537.36"
62.60.130.210 - - [16/Jul/2026:22:24:07 +0000] "GET /blogs/media/media/cache.php HTTP/2" 404 14181 "www.google.com" "Mozlila/5.0 (Linux; Android 7.0; SM-G892A Bulid/NRD90M; wv) AppleWebKit/537.36 (KHTML, like Gecko) Version/4.0 Chrome/60.0.3112.107 Moblie Safari/537.36"
62.60.130.210 - - [16/Jul/2026:22:24:12 +0000] "GET /cache/cache/cache.php HTTP/2" 404 14181 "www.google.com" "Mozlila/5.0 (Linux; Android 7.0; SM-G892A Bulid/NRD90M; wv) AppleWebKit/537.36 (KHTML, like Gecko) Version/4.0 Chrome/60.0.3112.107 Moblie Safari/537.36"