45.198.224.56 - - [16/Jul/2026:19:23:00 +0000] "POST /wp-login.php HTTP/2" 200 0 "-" "Mozilla/5.0 (Windows NT 10.0; Win64; x64) AppleWebKit/537.36 (KHTML, like Gecko) Chrome/123.0.0.0 Safari/537.36"
45.198.224.56 - - [16/Jul/2026:19:23:20 +0000] "POST /wp-login.php HTTP/2" 200 0 "-" "Mozilla/5.0 (X11; Linux x86_64; rv:102.0) Gecko/20100101 Firefox/102.0"
45.198.224.56 - - [16/Jul/2026:19:23:40 +0000] "POST /wp-login.php HTTP/2" 200 0 "-" "Mozilla/5.0 (Windows NT 10.0; Win64; x64) AppleWebKit/537.36 (KHTML, like Gecko) Chrome/123.0.0.0 Safari/537.36"
45.198.224.56 - - [16/Jul/2026:19:26:23 +0000] "POST /wp-login.php HTTP/2" 200 0 "-" "Mozilla/5.0 (Macintosh; Intel Mac OS X 10_15_7) AppleWebKit/537.36 (KHTML, like Gecko) Chrome/124.0.0.0 Safari/537.36"
65.181.111.155 - - [16/Jul/2026:19:17:04 +0000] "POST /wp-cron.php?doing_wp_cron=1784229424.8691759109497070312500 HTTP/2" 200 0 "-" "WordPress/7.0.1; https://aquaharmonyphuquoc.com"
2a09:bac5:55ff:137d::1f1:1e3 - - [16/Jul/2026:19:17:04 +0000] "GET /wp-login.php HTTP/2" 200 2866 "-" "Mozilla/5.0 (Macintosh; Intel Mac OS X 10_15_7) AppleWebKit/605.1.15 Version/17.0 Safari/605.1.15"
2a09:bac5:55ff:137d::1f1:1e3 - - [16/Jul/2026:19:17:06 +0000] "GET /?rest_route=/wp/v2/users HTTP/2" 200 356 "-" "Mozilla/5.0 (Windows NT 10.0; Win64; rv:143.0) Gecko/20100101 Firefox/143.0"
2a09:bac5:55ff:137d::1f1:1e3 - - [16/Jul/2026:19:17:08 +0000] "GET /?rest_route=/wp/v2/users HTTP/2" 200 356 "-" "Mozilla/5.0 (Windows NT 10.0; Win64; rv:143.0) Gecko/20100101 Firefox/143.0"
45.198.224.56 - - [16/Jul/2026:19:16:13 +0000] "POST /wp-login.php HTTP/2" 200 0 "-" "Mozilla/5.0 (Windows NT 10.0; Win64; x64) AppleWebKit/537.36 (KHTML, like Gecko) Chrome/124.0.0.0 Safari/537.36"
45.198.224.56 - - [16/Jul/2026:19:16:34 +0000] "POST /wp-login.php HTTP/2" 200 0 "-" "Mozilla/5.0 (Macintosh; Intel Mac OS X 10.15; rv:102.0) Gecko/20100101 Firefox/102.0"
45.198.224.56 - - [16/Jul/2026:19:18:15 +0000] "POST /wp-login.php HTTP/2" 200 0 "-" "Mozilla/5.0 (Macintosh; Intel Mac OS X 10_15_7) AppleWebKit/537.36 (KHTML, like Gecko) Chrome/124.0.0.0 Safari/537.36"
45.198.224.56 - - [16/Jul/2026:19:18:56 +0000] "POST /wp-login.php HTTP/2" 200 0 "-" "Mozilla/5.0 (Windows NT 10.0; Win64; x64; rv:102.0) Gecko/20100101 Firefox/102.0"
45.198.224.56 - - [16/Jul/2026:19:19:37 +0000] "POST /wp-login.php HTTP/2" 200 0 "-" "Mozilla/5.0 (Windows NT 10.0; Win64; x64) AppleWebKit/537.36 (KHTML, like Gecko) Chrome/123.0.0.0 Safari/537.36"
45.198.224.56 - - [16/Jul/2026:19:19:57 +0000] "POST /wp-login.php HTTP/2" 200 0 "-" "Mozilla/5.0 (Macintosh; Intel Mac OS X 10_15_7) AppleWebKit/537.36 (KHTML, like Gecko) Chrome/124.0.0.0 Safari/537.36"
45.198.224.56 - - [16/Jul/2026:19:20:17 +0000] "POST /wp-login.php HTTP/2" 200 0 "-" "Mozilla/5.0 (Windows NT 10.0; Win64; x64; rv:102.0) Gecko/20100101 Firefox/102.0"
45.198.224.56 - - [16/Jul/2026:19:20:37 +0000] "POST /wp-login.php HTTP/2" 200 0 "-" "Mozilla/5.0 (Windows NT 10.0; Win64; x64) AppleWebKit/537.36 (KHTML, like Gecko) Chrome/122.0.0.0 Safari/537.36"
45.198.224.56 - - [16/Jul/2026:19:21:59 +0000] "POST /wp-login.php HTTP/2" 200 0 "-" "Mozilla/5.0 (Macintosh; Intel Mac OS X 10_15_7) AppleWebKit/605.1.15 (KHTML, like Gecko) Version/17.4 Safari/605.1.15"
45.198.224.56 - - [16/Jul/2026:19:22:19 +0000] "POST /wp-login.php HTTP/2" 200 0 "-" "Mozilla/5.0 (Windows NT 10.0; rv:102.0) Gecko/20100101 Firefox/102.0"
45.198.224.56 - - [16/Jul/2026:19:22:39 +0000] "POST /wp-login.php HTTP/2" 200 0 "-" "Mozilla/5.0 (X11; Ubuntu; Linux x86_64; rv:102.0) Gecko/20100101 Firefox/102.0"
45.198.224.56 - - [16/Jul/2026:19:24:01 +0000] "POST /wp-login.php HTTP/2" 200 0 "-" "Mozilla/5.0 (X11; Linux x86_64; rv:102.0) Gecko/20100101 Firefox/102.0"
45.198.224.56 - - [16/Jul/2026:19:24:21 +0000] "POST /wp-login.php HTTP/2" 200 0 "-" "Mozilla/5.0 (X11; Ubuntu; Linux x86_64; rv:102.0) Gecko/20100101 Firefox/102.0"
45.198.224.56 - - [16/Jul/2026:19:24:41 +0000] "POST /wp-login.php HTTP/2" 200 0 "-" "Mozilla/5.0 (X11; Linux x86_64; rv:102.0) Gecko/20100101 Firefox/102.0"
45.198.224.56 - - [16/Jul/2026:19:25:02 +0000] "POST /wp-login.php HTTP/2" 200 0 "-" "Mozilla/5.0 (X11; Ubuntu; Linux x86_64; rv:102.0) Gecko/20100101 Firefox/102.0"
45.198.224.56 - - [16/Jul/2026:19:25:22 +0000] "POST /wp-login.php HTTP/2" 200 0 "-" "Mozilla/5.0 (Windows NT 10.0; Win64; x64) AppleWebKit/537.36 (KHTML, like Gecko) Chrome/123.0.0.0 Safari/537.36"
45.198.224.56 - - [16/Jul/2026:19:25:42 +0000] "POST /wp-login.php HTTP/2" 200 0 "-" "Mozilla/5.0 (Macintosh; Intel Mac OS X 10.15; rv:102.0) Gecko/20100101 Firefox/102.0"
45.198.224.56 - - [16/Jul/2026:19:26:03 +0000] "POST /wp-login.php HTTP/2" 200 0 "-" "Mozilla/5.0 (Windows NT 10.0; Win64; x64) AppleWebKit/537.36 (KHTML, like Gecko) Chrome/123.0.0.0 Safari/537.36"
45.198.224.56 - - [16/Jul/2026:19:27:24 +0000] "POST /wp-login.php HTTP/2" 200 0 "-" "Mozilla/5.0 (Macintosh; Intel Mac OS X 10_15_7) AppleWebKit/605.1.15 (KHTML, like Gecko) Version/17.4 Safari/605.1.15"
45.198.224.56 - - [16/Jul/2026:19:27:45 +0000] "POST /wp-login.php HTTP/2" 200 0 "-" "Mozilla/5.0 (X11; Ubuntu; Linux x86_64; rv:102.0) Gecko/20100101 Firefox/102.0"
45.198.224.56 - - [16/Jul/2026:19:28:25 +0000] "POST /wp-login.php HTTP/2" 200 0 "-" "Mozilla/5.0 (Macintosh; Intel Mac OS X 10_15_7) AppleWebKit/605.1.15 (KHTML, like Gecko) Version/17.4 Safari/605.1.15"
45.198.224.56 - - [16/Jul/2026:19:29:06 +0000] "POST /wp-login.php HTTP/2" 200 0 "-" "Mozilla/5.0 (Windows NT 10.0; Win64; x64; rv:102.0) Gecko/20100101 Firefox/102.0"
45.198.224.56 - - [16/Jul/2026:19:29:46 +0000] "POST /wp-login.php HTTP/2" 200 0 "-" "Mozilla/5.0 (Windows NT 10.0; rv:102.0) Gecko/20100101 Firefox/102.0"
45.198.224.56 - - [16/Jul/2026:19:30:07 +0000] "POST /wp-login.php HTTP/2" 200 0 "-" "Mozilla/5.0 (Windows NT 10.0; Win64; x64) AppleWebKit/537.36 (KHTML, like Gecko) Chrome/123.0.0.0 Safari/537.36"
45.198.224.56 - - [16/Jul/2026:19:30:27 +0000] "POST /wp-login.php HTTP/2" 200 0 "-" "Mozilla/5.0 (Windows NT 10.0; Win64; x64; rv:102.0) Gecko/20100101 Firefox/102.0"
45.198.224.56 - - [16/Jul/2026:19:31:07 +0000] "POST /wp-login.php HTTP/2" 200 0 "-" "Mozilla/5.0 (X11; Ubuntu; Linux x86_64; rv:102.0) Gecko/20100101 Firefox/102.0"
45.198.224.56 - - [16/Jul/2026:19:31:28 +0000] "POST /wp-login.php HTTP/2" 200 0 "-" "Mozilla/5.0 (X11; Ubuntu; Linux x86_64; rv:102.0) Gecko/20100101 Firefox/102.0"
45.198.224.56 - - [16/Jul/2026:19:31:48 +0000] "POST /wp-login.php HTTP/2" 200 0 "-" "Mozilla/5.0 (Windows NT 10.0; rv:102.0) Gecko/20100101 Firefox/102.0"
45.198.224.56 - - [16/Jul/2026:19:32:29 +0000] "POST /wp-login.php HTTP/2" 200 0 "-" "Mozilla/5.0 (Windows NT 10.0; Win64; x64) AppleWebKit/537.36 (KHTML, like Gecko) Chrome/123.0.0.0 Safari/537.36"
45.198.224.56 - - [16/Jul/2026:19:32:49 +0000] "POST /wp-login.php HTTP/2" 200 0 "-" "Mozilla/5.0 (Windows NT 10.0; rv:102.0) Gecko/20100101 Firefox/102.0"
45.198.224.56 - - [16/Jul/2026:19:33:10 +0000] "POST /wp-login.php HTTP/2" 200 0 "-" "Mozilla/5.0 (X11; Ubuntu; Linux x86_64; rv:102.0) Gecko/20100101 Firefox/102.0"
45.198.224.56 - - [16/Jul/2026:19:33:30 +0000] "POST /wp-login.php HTTP/2" 200 0 "-" "Mozilla/5.0 (Windows NT 10.0; Win64; x64) AppleWebKit/537.36 (KHTML, like Gecko) Chrome/123.0.0.0 Safari/537.36"
45.198.224.56 - - [16/Jul/2026:19:34:10 +0000] "POST /wp-login.php HTTP/2" 200 0 "-" "Mozilla/5.0 (Macintosh; Intel Mac OS X 10_15_7) AppleWebKit/537.36 (KHTML, like Gecko) Chrome/124.0.0.0 Safari/537.36"
45.198.224.56 - - [16/Jul/2026:19:34:31 +0000] "POST /wp-login.php HTTP/2" 200 0 "-" "Mozilla/5.0 (X11; Ubuntu; Linux x86_64; rv:102.0) Gecko/20100101 Firefox/102.0"
45.198.224.56 - - [16/Jul/2026:19:34:51 +0000] "POST /wp-login.php HTTP/2" 200 0 "-" "Mozilla/5.0 (Windows NT 10.0; Win64; x64) AppleWebKit/537.36 (KHTML, like Gecko) Chrome/124.0.0.0 Safari/537.36"
45.198.224.56 - - [16/Jul/2026:19:35:11 +0000] "POST /wp-login.php HTTP/2" 200 0 "-" "Mozilla/5.0 (Macintosh; Intel Mac OS X 10_15_7) AppleWebKit/605.1.15 (KHTML, like Gecko) Version/17.4 Safari/605.1.15"
45.198.224.56 - - [16/Jul/2026:19:35:32 +0000] "POST /wp-login.php HTTP/2" 200 0 "-" "Mozilla/5.0 (Windows NT 10.0; Win64; x64) AppleWebKit/537.36 (KHTML, like Gecko) Chrome/123.0.0.0 Safari/537.36"
45.198.224.56 - - [16/Jul/2026:19:35:52 +0000] "POST /wp-login.php HTTP/2" 200 0 "-" "Mozilla/5.0 (Windows NT 10.0; rv:102.0) Gecko/20100101 Firefox/102.0"
45.198.224.56 - - [16/Jul/2026:19:36:13 +0000] "POST /wp-login.php HTTP/2" 200 0 "-" "Mozilla/5.0 (Macintosh; Intel Mac OS X 10_15_7) AppleWebKit/537.36 (KHTML, like Gecko) Chrome/124.0.0.0 Safari/537.36"
45.198.224.56 - - [16/Jul/2026:19:36:33 +0000] "POST /wp-login.php HTTP/2" 200 0 "-" "Mozilla/5.0 (Windows NT 10.0; Win64; x64) AppleWebKit/537.36 (KHTML, like Gecko) Chrome/124.0.0.0 Safari/537.36"
45.198.224.56 - - [16/Jul/2026:19:37:13 +0000] "POST /wp-login.php HTTP/2" 200 0 "-" "Mozilla/5.0 (Windows NT 10.0; Win64; x64; rv:102.0) Gecko/20100101 Firefox/102.0"
45.198.224.56 - - [16/Jul/2026:19:37:34 +0000] "POST /wp-login.php HTTP/2" 200 0 "-" "Mozilla/5.0 (Windows NT 10.0; Win64; x64) AppleWebKit/537.36 (KHTML, like Gecko) Chrome/122.0.0.0 Safari/537.36"
45.198.224.56 - - [16/Jul/2026:19:37:54 +0000] "POST /wp-login.php HTTP/2" 200 0 "-" "Mozilla/5.0 (Macintosh; Intel Mac OS X 10.15; rv:102.0) Gecko/20100101 Firefox/102.0"
45.198.224.56 - - [16/Jul/2026:19:38:14 +0000] "POST /wp-login.php HTTP/2" 200 0 "-" "Mozilla/5.0 (Macintosh; Intel Mac OS X 10_15_7) AppleWebKit/537.36 (KHTML, like Gecko) Chrome/124.0.0.0 Safari/537.36"
45.198.224.56 - - [16/Jul/2026:19:38:35 +0000] "POST /wp-login.php HTTP/2" 200 0 "-" "Mozilla/5.0 (Macintosh; Intel Mac OS X 10_15_7) AppleWebKit/537.36 (KHTML, like Gecko) Chrome/124.0.0.0 Safari/537.36"
45.198.224.56 - - [16/Jul/2026:19:39:15 +0000] "POST /wp-login.php HTTP/2" 200 0 "-" "Mozilla/5.0 (X11; Ubuntu; Linux x86_64; rv:102.0) Gecko/20100101 Firefox/102.0"
45.198.224.56 - - [16/Jul/2026:19:39:36 +0000] "POST /wp-login.php HTTP/2" 200 0 "-" "Mozilla/5.0 (Macintosh; Intel Mac OS X 10_15_7) AppleWebKit/537.36 (KHTML, like Gecko) Chrome/124.0.0.0 Safari/537.36"
45.198.224.56 - - [16/Jul/2026:19:39:56 +0000] "POST /wp-login.php HTTP/2" 200 0 "-" "Mozilla/5.0 (Windows NT 10.0; Win64; x64) AppleWebKit/537.36 (KHTML, like Gecko) Chrome/122.0.0.0 Safari/537.36"
45.198.224.56 - - [16/Jul/2026:19:40:16 +0000] "POST /wp-login.php HTTP/2" 200 0 "-" "Mozilla/5.0 (Windows NT 10.0; rv:102.0) Gecko/20100101 Firefox/102.0"
45.198.224.56 - - [16/Jul/2026:19:40:37 +0000] "POST /wp-login.php HTTP/2" 200 0 "-" "Mozilla/5.0 (Windows NT 10.0; Win64; x64) AppleWebKit/537.36 (KHTML, like Gecko) Chrome/124.0.0.0 Safari/537.36"
45.198.224.56 - - [16/Jul/2026:19:40:57 +0000] "POST /wp-login.php HTTP/2" 200 0 "-" "Mozilla/5.0 (Windows NT 10.0; rv:102.0) Gecko/20100101 Firefox/102.0"
45.198.224.56 - - [16/Jul/2026:19:41:58 +0000] "POST /wp-login.php HTTP/2" 200 0 "-" "Mozilla/5.0 (Windows NT 10.0; Win64; x64) AppleWebKit/537.36 (KHTML, like Gecko) Chrome/122.0.0.0 Safari/537.36"
45.198.224.56 - - [16/Jul/2026:19:42:19 +0000] "POST /wp-login.php HTTP/2" 200 0 "-" "Mozilla/5.0 (Macintosh; Intel Mac OS X 10_15_7) AppleWebKit/605.1.15 (KHTML, like Gecko) Version/17.4 Safari/605.1.15"
45.198.224.56 - - [16/Jul/2026:19:42:39 +0000] "POST /wp-login.php HTTP/2" 200 0 "-" "Mozilla/5.0 (Macintosh; Intel Mac OS X 10_15_7) AppleWebKit/605.1.15 (KHTML, like Gecko) Version/17.4 Safari/605.1.15"
45.198.224.56 - - [16/Jul/2026:19:42:59 +0000] "POST /wp-login.php HTTP/2" 200 0 "-" "Mozilla/5.0 (Windows NT 10.0; Win64; x64) AppleWebKit/537.36 (KHTML, like Gecko) Chrome/122.0.0.0 Safari/537.36"
45.198.224.56 - - [16/Jul/2026:19:26:43 +0000] "POST /wp-login.php HTTP/2" 200 0 "-" "Mozilla/5.0 (Windows NT 10.0; Win64; x64) AppleWebKit/537.36 (KHTML, like Gecko) Chrome/122.0.0.0 Safari/537.36"
45.198.224.56 - - [16/Jul/2026:19:27:04 +0000] "POST /wp-login.php HTTP/2" 200 0 "-" "Mozilla/5.0 (Macintosh; Intel Mac OS X 10.15; rv:102.0) Gecko/20100101 Firefox/102.0"
45.198.224.56 - - [16/Jul/2026:19:28:05 +0000] "POST /wp-login.php HTTP/2" 200 0 "-" "Mozilla/5.0 (Windows NT 10.0; Win64; x64) AppleWebKit/537.36 (KHTML, like Gecko) Chrome/124.0.0.0 Safari/537.36"
45.198.224.56 - - [16/Jul/2026:19:28:45 +0000] "POST /wp-login.php HTTP/2" 200 0 "-" "Mozilla/5.0 (Windows NT 10.0; Win64; x64) AppleWebKit/537.36 (KHTML, like Gecko) Chrome/123.0.0.0 Safari/537.36"
45.198.224.56 - - [16/Jul/2026:19:29:26 +0000] "POST /wp-login.php HTTP/2" 200 0 "-" "Mozilla/5.0 (Windows NT 10.0; rv:102.0) Gecko/20100101 Firefox/102.0"
45.198.224.56 - - [16/Jul/2026:19:30:47 +0000] "POST /wp-login.php HTTP/2" 200 0 "-" "Mozilla/5.0 (Macintosh; Intel Mac OS X 10.15; rv:102.0) Gecko/20100101 Firefox/102.0"
45.198.224.56 - - [16/Jul/2026:19:32:08 +0000] "POST /wp-login.php HTTP/2" 200 0 "-" "Mozilla/5.0 (Windows NT 10.0; Win64; x64) AppleWebKit/537.36 (KHTML, like Gecko) Chrome/124.0.0.0 Safari/537.36"
45.198.224.56 - - [16/Jul/2026:19:33:50 +0000] "POST /wp-login.php HTTP/2" 200 0 "-" "Mozilla/5.0 (Windows NT 10.0; Win64; x64; rv:102.0) Gecko/20100101 Firefox/102.0"
45.198.224.56 - - [16/Jul/2026:19:36:53 +0000] "POST /wp-login.php HTTP/2" 200 0 "-" "Mozilla/5.0 (Macintosh; Intel Mac OS X 10.15; rv:102.0) Gecko/20100101 Firefox/102.0"
65.181.111.155 - - [16/Jul/2026:19:39:19 +0000] "POST /wp-cron.php?doing_wp_cron=1784230759.8030040264129638671875 HTTP/2" 200 0 "-" "WordPress/7.0.1; https://aquaharmonyphuquoc.com"
216.73.216.67 - - [16/Jul/2026:19:39:19 +0000] "GET /robots.txt HTTP/2" 200 103 "-" "Mozilla/5.0 AppleWebKit/537.36 (KHTML, like Gecko; compatible; ClaudeBot/1.0; [email protected])"
216.73.216.67 - - [16/Jul/2026:19:39:20 +0000] "GET /wp-sitemap.xml HTTP/2" 200 259 "-" "Mozilla/5.0 AppleWebKit/537.36 (KHTML, like Gecko; compatible; ClaudeBot/1.0; [email protected])"
45.198.224.56 - - [16/Jul/2026:19:38:55 +0000] "POST /wp-login.php HTTP/2" 200 0 "-" "Mozilla/5.0 (Windows NT 10.0; rv:102.0) Gecko/20100101 Firefox/102.0"
45.198.224.56 - - [16/Jul/2026:19:41:18 +0000] "POST /wp-login.php HTTP/2" 200 0 "-" "Mozilla/5.0 (Windows NT 10.0; Win64; x64) AppleWebKit/537.36 (KHTML, like Gecko) Chrome/124.0.0.0 Safari/537.36"
45.198.224.56 - - [16/Jul/2026:19:41:38 +0000] "POST /wp-login.php HTTP/2" 200 0 "-" "Mozilla/5.0 (X11; Linux x86_64; rv:102.0) Gecko/20100101 Firefox/102.0"
45.198.224.56 - - [16/Jul/2026:19:43:40 +0000] "POST /wp-login.php HTTP/2" 200 0 "-" "Mozilla/5.0 (Windows NT 10.0; Win64; x64) AppleWebKit/537.36 (KHTML, like Gecko) Chrome/122.0.0.0 Safari/537.36"
45.198.224.56 - - [16/Jul/2026:19:43:19 +0000] "POST /wp-login.php HTTP/2" 200 0 "-" "Mozilla/5.0 (X11; Linux x86_64; rv:102.0) Gecko/20100101 Firefox/102.0"
45.198.224.56 - - [16/Jul/2026:19:44:00 +0000] "POST /wp-login.php HTTP/2" 200 0 "-" "Mozilla/5.0 (Windows NT 10.0; Win64; x64) AppleWebKit/537.36 (KHTML, like Gecko) Chrome/122.0.0.0 Safari/537.36"
45.198.224.56 - - [16/Jul/2026:19:44:20 +0000] "POST /wp-login.php HTTP/2" 200 0 "-" "Mozilla/5.0 (X11; Ubuntu; Linux x86_64; rv:102.0) Gecko/20100101 Firefox/102.0"
45.198.224.56 - - [16/Jul/2026:19:44:40 +0000] "POST /wp-login.php HTTP/2" 200 0 "-" "Mozilla/5.0 (Windows NT 10.0; rv:102.0) Gecko/20100101 Firefox/102.0"
45.198.224.56 - - [16/Jul/2026:19:45:01 +0000] "POST /wp-login.php HTTP/2" 200 0 "-" "Mozilla/5.0 (X11; Linux x86_64; rv:102.0) Gecko/20100101 Firefox/102.0"
45.198.224.56 - - [16/Jul/2026:19:45:21 +0000] "POST /wp-login.php HTTP/2" 200 0 "-" "Mozilla/5.0 (X11; Ubuntu; Linux x86_64; rv:102.0) Gecko/20100101 Firefox/102.0"
45.198.224.56 - - [16/Jul/2026:19:45:42 +0000] "POST /wp-login.php HTTP/2" 200 0 "-" "Mozilla/5.0 (Windows NT 10.0; Win64; x64) AppleWebKit/537.36 (KHTML, like Gecko) Chrome/124.0.0.0 Safari/537.36"
45.198.224.56 - - [16/Jul/2026:19:46:02 +0000] "POST /wp-login.php HTTP/2" 200 0 "-" "Mozilla/5.0 (Windows NT 10.0; Win64; x64) AppleWebKit/537.36 (KHTML, like Gecko) Chrome/122.0.0.0 Safari/537.36"
45.198.224.56 - - [16/Jul/2026:19:46:42 +0000] "POST /wp-login.php HTTP/2" 200 0 "-" "Mozilla/5.0 (X11; Ubuntu; Linux x86_64; rv:102.0) Gecko/20100101 Firefox/102.0"
45.198.224.56 - - [16/Jul/2026:19:47:03 +0000] "POST /wp-login.php HTTP/2" 200 0 "-" "Mozilla/5.0 (Windows NT 10.0; Win64; x64) AppleWebKit/537.36 (KHTML, like Gecko) Chrome/124.0.0.0 Safari/537.36"
45.198.224.56 - - [16/Jul/2026:19:48:04 +0000] "POST /wp-login.php HTTP/2" 200 0 "-" "Mozilla/5.0 (X11; Linux x86_64; rv:102.0) Gecko/20100101 Firefox/102.0"
45.198.224.56 - - [16/Jul/2026:19:46:22 +0000] "POST /wp-login.php HTTP/2" 200 0 "-" "Mozilla/5.0 (Windows NT 10.0; Win64; x64) AppleWebKit/537.36 (KHTML, like Gecko) Chrome/124.0.0.0 Safari/537.36"
45.198.224.56 - - [16/Jul/2026:19:47:23 +0000] "POST /wp-login.php HTTP/2" 200 0 "-" "Mozilla/5.0 (X11; Linux x86_64; rv:102.0) Gecko/20100101 Firefox/102.0"
45.198.224.56 - - [16/Jul/2026:19:47:44 +0000] "POST /wp-login.php HTTP/2" 200 0 "-" "Mozilla/5.0 (X11; Ubuntu; Linux x86_64; rv:102.0) Gecko/20100101 Firefox/102.0"
65.181.111.155 - - [16/Jul/2026:20:15:14 +0000] "POST /wp-cron.php?doing_wp_cron=1784232914.1271181106567382812500 HTTP/2" 200 0 "-" "WordPress/7.0.1; https://aquaharmonyphuquoc.com"
198.148.81.186 - - [16/Jul/2026:20:15:12 +0000] "GET / HTTP/2" 200 21635 "-" "Mozilla/5.0 (Windows NT 10.0; Win64; x64) AppleWebKit/537.36 (KHTML, like Gecko) Chrome/120.0.0.0 Safari/537.36"
95.3.32.66 - - [16/Jul/2026:20:34:32 +0000] "POST /xmlrpc.php HTTP/2" 403 1242 "-" "Mozilla/5.0 (Windows NT 6.3; x86) AppleWebKit/537.36 (KHTML, like Gecko) Opera/67.0.0.0 Safari/537.36"
65.181.111.155 - - [16/Jul/2026:21:40:40 +0000] "POST /wp-cron.php?doing_wp_cron=1784238040.3554880619049072265625 HTTP/2" 200 0 "-" "WordPress/7.0.1; https://aquaharmonyphuquoc.com"
65.181.111.155 - - [16/Jul/2026:21:42:17 +0000] "POST /wp-cron.php?doing_wp_cron=1784238137.1700809001922607421875 HTTP/2" 200 0 "-" "WordPress/7.0.1; https://aquaharmonyphuquoc.com"
159.89.207.20 - - [16/Jul/2026:21:44:07 +0000] "GET //xmlrpc.php?rsd HTTP/2" 403 1242 "-" "Mozilla/5.0 (Windows NT 10.0; Win64; x64) AppleWebKit/537.36 (KHTML, like Gecko) Chrome/78.0.3904.108 Safari/537.36"
65.181.111.155 - - [16/Jul/2026:21:37:48 +0000] "POST /wp-cron.php?doing_wp_cron=1784237868.5303769111633300781250 HTTP/2" 200 0 "-" "WordPress/7.0.1; https://aquaharmonyphuquoc.com"
2a09:bac5:55fa:137d::1f1:1e3 - - [16/Jul/2026:21:37:47 +0000] "POST /wp-login.php HTTP/2" 200 3045 "-" "Mozilla/5.0 (Macintosh; Intel Mac OS X 10_15_7) AppleWebKit/605.1.15 Version/17.0 Safari/605.1.15"
2a09:bac1:6500:8::1f1:1e3 - - [16/Jul/2026:21:37:48 +0000] "POST /wp-login.php HTTP/2" 200 3040 "-" "Mozilla/5.0 (Windows NT 10.0; Win64; rv:143.0) Gecko/20100101 Firefox/143.0"
216.73.216.67 - - [16/Jul/2026:21:40:39 +0000] "GET /robots.txt HTTP/2" 200 103 "-" "Mozilla/5.0 AppleWebKit/537.36 (KHTML, like Gecko; compatible; ClaudeBot/1.0; [email protected])"
216.73.216.67 - - [16/Jul/2026:21:40:41 +0000] "GET /wp-sitemap.xml HTTP/2" 200 259 "-" "Mozilla/5.0 AppleWebKit/537.36 (KHTML, like Gecko; compatible; ClaudeBot/1.0; [email protected])"
2a09:bac5:55fe:137d::1f1:1e3 - - [16/Jul/2026:21:42:15 +0000] "POST /wp-login.php HTTP/2" 200 3040 "-" "Mozilla/5.0 (Macintosh; Intel Mac OS X 10_15_7) AppleWebKit/605.1.15 Version/17.0 Safari/605.1.15"
2a09:bac1:6540:8::1f1:1e3 - - [16/Jul/2026:21:42:15 +0000] "POST /wp-login.php HTTP/2" 200 3045 "-" "Mozilla/5.0 (Windows NT 10.0; Win64; rv:143.0) Gecko/20100101 Firefox/143.0"
159.89.207.20 - - [16/Jul/2026:21:44:05 +0000] "GET / HTTP/2" 200 21635 "-" "Mozilla/5.0 (Windows NT 10.0; Win64; x64) AppleWebKit/537.36 (KHTML, like Gecko) Chrome/78.0.3904.108 Safari/537.36"
159.89.207.20 - - [16/Jul/2026:21:44:06 +0000] "GET //wp-includes/wlwmanifest.xml HTTP/2" 404 1251 "-" "Mozilla/5.0 (Windows NT 10.0; Win64; x64) AppleWebKit/537.36 (KHTML, like Gecko) Chrome/78.0.3904.108 Safari/537.36"
65.181.111.155 - - [16/Jul/2026:21:44:09 +0000] "POST /wp-cron.php?doing_wp_cron=1784238248.9160749912261962890625 HTTP/2" 200 0 "-" "WordPress/7.0.1; https://aquaharmonyphuquoc.com"
159.89.207.20 - - [16/Jul/2026:21:44:07 +0000] "GET / HTTP/2" 200 21635 "-" "Mozilla/5.0 (Windows NT 10.0; Win64; x64) AppleWebKit/537.36 (KHTML, like Gecko) Chrome/78.0.3904.108 Safari/537.36"
159.89.207.20 - - [16/Jul/2026:21:44:09 +0000] "GET //?author=1 HTTP/2" 301 0 "-" "Mozilla/5.0 (Windows NT 10.0; Win64; x64) AppleWebKit/537.36 (KHTML, like Gecko) Chrome/78.0.3904.108 Safari/537.36"
159.89.207.20 - - [16/Jul/2026:21:44:10 +0000] "GET //?author=2 HTTP/2" 301 0 "-" "Mozilla/5.0 (Windows NT 10.0; Win64; x64) AppleWebKit/537.36 (KHTML, like Gecko) Chrome/78.0.3904.108 Safari/537.36"
159.89.207.20 - - [16/Jul/2026:21:44:12 +0000] "GET //wp-json/wp/v2/users/ HTTP/2" 200 356 "-" "Mozilla/5.0 (Windows NT 10.0; Win64; x64) AppleWebKit/537.36 (KHTML, like Gecko) Chrome/78.0.3904.108 Safari/537.36"
159.89.207.20 - - [16/Jul/2026:21:44:12 +0000] "POST //xmlrpc.php HTTP/2" 403 1242 "-" "Mozilla/5.0 (Windows NT 10.0; Win64; x64) AppleWebKit/537.36 (KHTML, like Gecko) Chrome/78.0.3904.108 Safari/537.36"
65.181.111.155 - - [16/Jul/2026:21:46:18 +0000] "POST /wp-cron.php?doing_wp_cron=1784238378.8958580493927001953125 HTTP/2" 200 0 "-" "WordPress/7.0.1; https://aquaharmonyphuquoc.com"
2a09:bac1:6520:8::1f1:1e3 - - [16/Jul/2026:21:46:17 +0000] "POST /wp-login.php HTTP/2" 200 3040 "-" "Mozilla/5.0 (Macintosh; Intel Mac OS X 10_15_7) AppleWebKit/605.1.15 Version/17.0 Safari/605.1.15"
65.181.111.155 - - [16/Jul/2026:21:49:52 +0000] "POST /wp-cron.php?doing_wp_cron=1784238591.9871699810028076171875 HTTP/2" 200 0 "-" "WordPress/7.0.1; https://aquaharmonyphuquoc.com"
2a09:bac5:55f9:137d::1f1:1e3 - - [16/Jul/2026:21:49:50 +0000] "POST /wp-login.php HTTP/2" 200 3045 "-" "Mozilla/5.0 (Windows NT 10.0; Win64; x64) AppleWebKit/537.36 Chrome/129.0.0.0 Safari/537.36"
2a09:bac5:55f8:137d::1f1:1e3 - - [16/Jul/2026:21:54:14 +0000] "POST /wp-login.php HTTP/2" 200 3040 "-" "Mozilla/5.0 (Windows NT 10.0; Win64; x64) AppleWebKit/537.36 Chrome/129.0.0.0 Safari/537.36"
2a09:bac1:6520:8::1f1:1e3 - - [16/Jul/2026:21:54:17 +0000] "POST /wp-login.php HTTP/2" 200 3045 "-" "Mozilla/5.0 (Macintosh; Intel Mac OS X 10_15_7) AppleWebKit/605.1.15 Version/17.0 Safari/605.1.15"
2a09:bac1:6540:8::1f1:1e3 - - [16/Jul/2026:21:58:30 +0000] "POST /wp-login.php HTTP/2" 200 3045 "-" "Mozilla/5.0 (Windows NT 10.0; Win64; rv:143.0) Gecko/20100101 Firefox/143.0"
65.181.111.155 - - [16/Jul/2026:21:58:32 +0000] "POST /wp-cron.php?doing_wp_cron=1784239111.9751911163330078125000 HTTP/2" 200 0 "-" "WordPress/7.0.1; https://aquaharmonyphuquoc.com"
2a09:bac5:55fb:137d::1f1:1e3 - - [16/Jul/2026:21:58:30 +0000] "POST /wp-login.php HTTP/2" 200 3040 "-" "Mozilla/5.0 (Macintosh; Intel Mac OS X 10_15_7) AppleWebKit/605.1.15 Version/17.0 Safari/605.1.15"
43.134.68.29 - - [16/Jul/2026:21:59:33 +0000] "GET / HTTP/2" 200 21635 "http://aquaharmonyphuquoc.com" "Mozilla/5.0 (iPhone; CPU iPhone OS 13_2_3 like Mac OS X) AppleWebKit/605.1.15 (KHTML, like Gecko) Version/13.0.3 Mobile/15E148 Safari/604.1"
65.181.111.155 - - [16/Jul/2026:22:00:43 +0000] "POST /wp-cron.php?doing_wp_cron=1784239243.1531219482421875000000 HTTP/2" 200 0 "-" "WordPress/7.0.1; https://aquaharmonyphuquoc.com"
2a09:bac5:55fa:137d::1f1:1e3 - - [16/Jul/2026:21:46:17 +0000] "POST /wp-login.php HTTP/2" 200 3045 "-" "Mozilla/5.0 (Windows NT 10.0; Win64; x64) AppleWebKit/537.36 Chrome/129.0.0.0 Safari/537.36"
2a09:bac5:55fa:137d::1f1:1e3 - - [16/Jul/2026:21:49:50 +0000] "POST /wp-login.php HTTP/2" 200 3040 "-" "Mozilla/5.0 (Windows NT 10.0; Win64; x64) AppleWebKit/537.36 Chrome/129.0.0.0 Safari/537.36"
65.181.111.155 - - [16/Jul/2026:21:54:16 +0000] "POST /wp-cron.php?doing_wp_cron=1784238856.2171840667724609375000 HTTP/2" 200 0 "-" "WordPress/7.0.1; https://aquaharmonyphuquoc.com"
156.59.166.211 - - [16/Jul/2026:22:00:41 +0000] "GET /wp-login.php HTTP/2" 200 2866 "-" "Mozilla/5.0 (Windows NT 10.0; Win64; rv:143.0) Gecko/20100101 Firefox/143.0"
156.59.166.211 - - [16/Jul/2026:22:00:44 +0000] "GET /?author=1 HTTP/2" 301 0 "-" "Mozilla/5.0 (Macintosh; Intel Mac OS X 10_15_7) AppleWebKit/605.1.15 Version/17.0 Safari/605.1.15"
156.59.166.211 - - [16/Jul/2026:22:00:46 +0000] "GET /?rest_route=/wp/v2/users HTTP/2" 200 356 "-" "Mozilla/5.0 (Windows NT 10.0; Win64; x64) AppleWebKit/537.36 Chrome/129.0.0.0 Safari/537.36"
156.59.166.211 - - [16/Jul/2026:22:00:48 +0000] "GET /?author=2 HTTP/2" 404 10598 "-" "Mozilla/5.0 (Windows NT 10.0; Win64; rv:143.0) Gecko/20100101 Firefox/143.0"
156.59.166.211 - - [16/Jul/2026:22:00:50 +0000] "GET /?rest_route=/wp/v2/users HTTP/2" 200 356 "-" "Mozilla/5.0 (Windows NT 10.0; Win64; rv:143.0) Gecko/20100101 Firefox/143.0"
65.181.111.155 - - [16/Jul/2026:22:03:38 +0000] "POST /wp-cron.php?doing_wp_cron=1784239418.3849740028381347656250 HTTP/2" 200 0 "-" "WordPress/7.0.1; https://aquaharmonyphuquoc.com"
65.181.111.155 - - [16/Jul/2026:22:07:22 +0000] "POST /wp-cron.php?doing_wp_cron=1784239642.2996668815612792968750 HTTP/2" 200 0 "-" "WordPress/7.0.1; https://aquaharmonyphuquoc.com"
159.223.62.250 - - [16/Jul/2026:22:09:27 +0000] "GET //wp-includes/wlwmanifest.xml HTTP/2" 404 1251 "-" "Mozilla/5.0 (Windows NT 10.0; Win64; x64) AppleWebKit/537.36 (KHTML, like Gecko) Chrome/89.0.4389.114 Safari/537.36"
159.223.62.250 - - [16/Jul/2026:22:09:28 +0000] "GET / HTTP/2" 200 21699 "-" "Mozilla/5.0 (Windows NT 10.0; Win64; x64) AppleWebKit/537.36 (KHTML, like Gecko) Chrome/89.0.4389.114 Safari/537.36"
159.223.62.250 - - [16/Jul/2026:22:09:30 +0000] "GET //?author=2 HTTP/2" 301 0 "-" "Mozilla/5.0 (Windows NT 10.0; Win64; x64) AppleWebKit/537.36 (KHTML, like Gecko) Chrome/89.0.4389.114 Safari/537.36"
65.181.111.155 - - [16/Jul/2026:22:16:53 +0000] "POST /wp-cron.php?doing_wp_cron=1784240213.3666410446166992187500 HTTP/2" 200 0 "-" "WordPress/7.0.1; https://aquaharmonyphuquoc.com"
2a09:bac5:55f8:137d::1f1:1e3 - - [16/Jul/2026:22:16:51 +0000] "POST /wp-login.php HTTP/2" 200 3045 "-" "Mozilla/5.0 (Windows NT 10.0; Win64; rv:143.0) Gecko/20100101 Firefox/143.0"
2a09:bac1:6540:8::1f1:1e3 - - [16/Jul/2026:22:16:51 +0000] "POST /wp-login.php HTTP/2" 200 3040 "-" "Mozilla/5.0 (Windows NT 10.0; Win64; x64) AppleWebKit/537.36 Chrome/129.0.0.0 Safari/537.36"
43.134.23.177 - - [16/Jul/2026:22:03:36 +0000] "GET /contact-us/ HTTP/2" 200 19923 "-" "Mozilla/5.0 (iPhone; CPU iPhone OS 13_2_3 like Mac OS X) AppleWebKit/605.1.15 (KHTML, like Gecko) Version/13.0.3 Mobile/15E148 Safari/604.1"
2a09:bac1:6540:8::1f1:1e3 - - [16/Jul/2026:22:07:21 +0000] "POST /wp-login.php HTTP/2" 200 3045 "-" "Mozilla/5.0 (Macintosh; Intel Mac OS X 10_15_7) AppleWebKit/605.1.15 Version/17.0 Safari/605.1.15"
2a09:bac5:55fc:137d::1f1:1e3 - - [16/Jul/2026:22:07:21 +0000] "POST /wp-login.php HTTP/2" 200 3040 "-" "Mozilla/5.0 (Macintosh; Intel Mac OS X 10_15_7) AppleWebKit/605.1.15 Version/17.0 Safari/605.1.15"
159.223.62.250 - - [16/Jul/2026:22:09:23 +0000] "GET / HTTP/2" 200 21635 "-" "Mozilla/5.0 (Windows NT 10.0; Win64; x64) AppleWebKit/537.36 (KHTML, like Gecko) Chrome/89.0.4389.114 Safari/537.36"
159.223.62.250 - - [16/Jul/2026:22:09:27 +0000] "GET //xmlrpc.php?rsd HTTP/2" 403 1242 "-" "Mozilla/5.0 (Windows NT 10.0; Win64; x64) AppleWebKit/537.36 (KHTML, like Gecko) Chrome/89.0.4389.114 Safari/537.36"
159.223.62.250 - - [16/Jul/2026:22:09:29 +0000] "GET //?author=1 HTTP/2" 301 0 "-" "Mozilla/5.0 (Windows NT 10.0; Win64; x64) AppleWebKit/537.36 (KHTML, like Gecko) Chrome/89.0.4389.114 Safari/537.36"
159.223.62.250 - - [16/Jul/2026:22:09:31 +0000] "GET //?author=3 HTTP/2" 301 0 "-" "Mozilla/5.0 (Windows NT 10.0; Win64; x64) AppleWebKit/537.36 (KHTML, like Gecko) Chrome/89.0.4389.114 Safari/537.36"
159.223.62.250 - - [16/Jul/2026:22:09:31 +0000] "GET //wp-json/wp/v2/users/ HTTP/2" 200 356 "-" "Mozilla/5.0 (Windows NT 10.0; Win64; x64) AppleWebKit/537.36 (KHTML, like Gecko) Chrome/89.0.4389.114 Safari/537.36"
159.223.62.250 - - [16/Jul/2026:22:09:32 +0000] "POST //xmlrpc.php HTTP/2" 403 1242 "-" "Mozilla/5.0 (Windows NT 10.0; Win64; x64) AppleWebKit/537.36 (KHTML, like Gecko) Chrome/89.0.4389.114 Safari/537.36"
65.181.111.155 - - [16/Jul/2026:22:14:52 +0000] "POST /wp-cron.php?doing_wp_cron=1784240092.7631630897521972656250 HTTP/2" 200 0 "-" "WordPress/7.0.1; https://aquaharmonyphuquoc.com"
43.155.195.141 - - [16/Jul/2026:22:14:51 +0000] "GET /comments/feed/ HTTP/2" 200 947 "-" "Mozilla/5.0 (iPhone; CPU iPhone OS 13_2_3 like Mac OS X) AppleWebKit/605.1.15 (KHTML, like Gecko) Version/13.0.3 Mobile/15E148 Safari/604.1"
2a09:bac5:55fd:137d::1f1:1e3 - - [16/Jul/2026:22:26:24 +0000] "POST /wp-login.php HTTP/2" 200 3007 "-" "Mozilla/5.0 (Windows NT 10.0; Win64; x64) AppleWebKit/537.36 Chrome/129.0.0.0 Safari/537.36"
65.181.111.155 - - [16/Jul/2026:22:26:25 +0000] "POST /wp-cron.php?doing_wp_cron=1784240784.8361039161682128906250 HTTP/2" 200 0 "-" "WordPress/7.0.1; https://aquaharmonyphuquoc.com"
2a09:bac5:55fb:137d::1f1:1e3 - - [16/Jul/2026:22:26:24 +0000] "POST /wp-login.php HTTP/2" 200 3040 "-" "Mozilla/5.0 (Windows NT 10.0; Win64; x64) AppleWebKit/537.36 Chrome/129.0.0.0 Safari/537.36"
43.166.128.187 - - [16/Jul/2026:22:28:12 +0000] "GET /wp-content/fonts/barlow-semi-condensed/wlpigxjLBV1hqnzfr-F8sEYMB0Yybp0mudRft6u_CWslu50.woff2 HTTP/2" 200 14100 "-" "Mozilla/5.0 (iPhone; CPU iPhone OS 13_2_3 like Mac OS X) AppleWebKit/605.1.15 (KHTML, like Gecko) Version/13.0.3 Mobile/15E148 Safari/604.1"
43.167.239.66 - - [16/Jul/2026:22:45:44 +0000] "GET /wp-content/fonts/barlow-semi-condensed/wlpkgxjLBV1hqnzfr-F8sEYMB0Yybp0mudRXfbITBVsoo5m2fA.woff2 HTTP/2" 200 8032 "-" "Mozilla/5.0 (iPhone; CPU iPhone OS 13_2_3 like Mac OS X) AppleWebKit/605.1.15 (KHTML, like Gecko) Version/13.0.3 Mobile/15E148 Safari/604.1"
65.181.111.155 - - [16/Jul/2026:22:55:15 +0000] "POST /wp-cron.php?doing_wp_cron=1784242515.8321089744567871093750 HTTP/2" 200 0 "-" "WordPress/7.0.1; https://aquaharmonyphuquoc.com"
43.130.12.43 - - [16/Jul/2026:22:55:13 +0000] "GET /wp-json/wp/v2/pages/5013 HTTP/2" 200 5892 "-" "Mozilla/5.0 (iPhone; CPU iPhone OS 13_2_3 like Mac OS X) AppleWebKit/605.1.15 (KHTML, like Gecko) Version/13.0.3 Mobile/15E148 Safari/604.1"
156.59.26.114 - - [16/Jul/2026:23:03:26 +0000] "GET /wp-login.php HTTP/2" 200 2866 "-" "Mozilla/5.0 (Windows NT 10.0; Win64; x64) AppleWebKit/537.36 Chrome/129.0.0.0 Safari/537.36"
156.59.26.114 - - [16/Jul/2026:23:03:27 +0000] "GET /?author=1 HTTP/2" 301 0 "-" "Mozilla/5.0 (Macintosh; Intel Mac OS X 10_15_7) AppleWebKit/605.1.15 Version/17.0 Safari/605.1.15"
156.59.26.114 - - [16/Jul/2026:23:03:28 +0000] "GET /?rest_route=/wp/v2/users HTTP/2" 200 356 "-" "Mozilla/5.0 (Macintosh; Intel Mac OS X 10_15_7) AppleWebKit/605.1.15 Version/17.0 Safari/605.1.15"
156.59.26.114 - - [16/Jul/2026:23:03:28 +0000] "GET /?author=2 HTTP/2" 404 10596 "-" "Mozilla/5.0 (Macintosh; Intel Mac OS X 10_15_7) AppleWebKit/605.1.15 Version/17.0 Safari/605.1.15"
156.59.26.114 - - [16/Jul/2026:23:03:30 +0000] "GET /?rest_route=/wp/v2/users HTTP/2" 200 356 "-" "Mozilla/5.0 (Windows NT 10.0; Win64; rv:143.0) Gecko/20100101 Firefox/143.0"
65.181.111.155 - - [16/Jul/2026:23:03:26 +0000] "POST /wp-cron.php?doing_wp_cron=1784243006.8625109195709228515625 HTTP/2" 200 0 "-" "WordPress/7.0.1; https://aquaharmonyphuquoc.com"
43.166.1.243 - - [16/Jul/2026:23:05:16 +0000] "GET /wp-content/fonts/barlow-semi-condensed/wlpigxjLBV1hqnzfr-F8sEYMB0Yybp0mudRft6u_CGslu50.woff2 HTTP/2" 200 7600 "-" "Mozilla/5.0 (iPhone; CPU iPhone OS 13_2_3 like Mac OS X) AppleWebKit/605.1.15 (KHTML, like Gecko) Version/13.0.3 Mobile/15E148 Safari/604.1"
65.181.111.155 - - [16/Jul/2026:23:13:23 +0000] "POST /wp-cron.php?doing_wp_cron=1784243603.1095259189605712890625 HTTP/2" 200 0 "-" "WordPress/7.0.1; https://aquaharmonyphuquoc.com"
43.134.15.174 - - [16/Jul/2026:23:13:21 +0000] "GET /benefits-of-having-online-registration-at-your-hotel/ HTTP/2" 200 20867 "-" "Mozilla/5.0 (iPhone; CPU iPhone OS 13_2_3 like Mac OS X) AppleWebKit/605.1.15 (KHTML, like Gecko) Version/13.0.3 Mobile/15E148 Safari/604.1"
119.28.89.249 - - [16/Jul/2026:23:24:55 +0000] "GET /wp-content/fonts/barlow-semi-condensed/wlpigxjLBV1hqnzfr-F8sEYMB0Yybp0mudRf36y_CGslu50.woff2 HTTP/2" 200 8000 "-" "Mozilla/5.0 (iPhone; CPU iPhone OS 13_2_3 like Mac OS X) AppleWebKit/605.1.15 (KHTML, like Gecko) Version/13.0.3 Mobile/15E148 Safari/604.1"
159.223.62.250 - - [16/Jul/2026:23:17:38 +0000] "GET / HTTP/2" 200 21666 "-" "Mozilla/5.0 (Windows NT 10.0; Win64; x64) AppleWebKit/537.36 (KHTML, like Gecko) Chrome/89.0.4389.114 Safari/537.36"
159.223.62.250 - - [16/Jul/2026:23:17:40 +0000] "GET //wp-includes/wlwmanifest.xml HTTP/2" 404 1251 "-" "Mozilla/5.0 (Windows NT 10.0; Win64; x64) AppleWebKit/537.36 (KHTML, like Gecko) Chrome/89.0.4389.114 Safari/537.36"
159.223.62.250 - - [16/Jul/2026:23:17:40 +0000] "GET //xmlrpc.php?rsd HTTP/2" 403 1242 "-" "Mozilla/5.0 (Windows NT 10.0; Win64; x64) AppleWebKit/537.36 (KHTML, like Gecko) Chrome/89.0.4389.114 Safari/537.36"
159.223.62.250 - - [16/Jul/2026:23:17:40 +0000] "GET / HTTP/2" 200 21666 "-" "Mozilla/5.0 (Windows NT 10.0; Win64; x64) AppleWebKit/537.36 (KHTML, like Gecko) Chrome/89.0.4389.114 Safari/537.36"
159.223.62.250 - - [16/Jul/2026:23:17:41 +0000] "GET //?author=1 HTTP/2" 301 0 "-" "Mozilla/5.0 (Windows NT 10.0; Win64; x64) AppleWebKit/537.36 (KHTML, like Gecko) Chrome/89.0.4389.114 Safari/537.36"
159.223.62.250 - - [16/Jul/2026:23:17:42 +0000] "GET //?author=2 HTTP/2" 301 0 "-" "Mozilla/5.0 (Windows NT 10.0; Win64; x64) AppleWebKit/537.36 (KHTML, like Gecko) Chrome/89.0.4389.114 Safari/537.36"
159.223.62.250 - - [16/Jul/2026:23:17:43 +0000] "GET //?author=3 HTTP/2" 301 0 "-" "Mozilla/5.0 (Windows NT 10.0; Win64; x64) AppleWebKit/537.36 (KHTML, like Gecko) Chrome/89.0.4389.114 Safari/537.36"
159.223.62.250 - - [16/Jul/2026:23:17:43 +0000] "GET //wp-json/wp/v2/users/ HTTP/2" 200 356 "-" "Mozilla/5.0 (Windows NT 10.0; Win64; x64) AppleWebKit/537.36 (KHTML, like Gecko) Chrome/89.0.4389.114 Safari/537.36"
159.223.62.250 - - [16/Jul/2026:23:17:44 +0000] "POST //xmlrpc.php HTTP/2" 403 1242 "-" "Mozilla/5.0 (Windows NT 10.0; Win64; x64) AppleWebKit/537.36 (KHTML, like Gecko) Chrome/89.0.4389.114 Safari/537.36"
156.59.166.211 - - [16/Jul/2026:23:39:19 +0000] "POST /wp-login.php HTTP/2" 200 3040 "-" "Mozilla/5.0 (Windows NT 10.0; Win64; rv:143.0) Gecko/20100101 Firefox/143.0"
156.59.166.211 - - [16/Jul/2026:23:39:20 +0000] "POST /wp-login.php HTTP/2" 200 3045 "-" "Mozilla/5.0 (Windows NT 10.0; Win64; rv:143.0) Gecko/20100101 Firefox/143.0"
43.135.138.128 - - [16/Jul/2026:23:38:05 +0000] "GET /wp-content/fonts/barlow-semi-condensed/wlpkgxjLBV1hqnzfr-F8sEYMB0Yybp0mudRXfbIPBlspo5m2fA.woff2 HTTP/2" 200 15448 "-" "Mozilla/5.0 (iPhone; CPU iPhone OS 13_2_3 like Mac OS X) AppleWebKit/605.1.15 (KHTML, like Gecko) Version/13.0.3 Mobile/15E148 Safari/604.1"
65.181.111.155 - - [16/Jul/2026:23:39:27 +0000] "POST /wp-cron.php?doing_wp_cron=1784245166.9789280891418457031250 HTTP/2" 200 0 "-" "WordPress/7.0.1; https://aquaharmonyphuquoc.com"
65.181.111.155 - - [16/Jul/2026:23:42:38 +0000] "POST /wp-cron.php?doing_wp_cron=1784245358.0827479362487792968750 HTTP/2" 200 0 "-" "WordPress/7.0.1; https://aquaharmonyphuquoc.com"
216.73.216.67 - - [16/Jul/2026:23:42:35 +0000] "GET /robots.txt HTTP/2" 200 103 "-" "Mozilla/5.0 AppleWebKit/537.36 (KHTML, like Gecko; compatible; ClaudeBot/1.0; [email protected])"
216.73.216.67 - - [16/Jul/2026:23:42:38 +0000] "GET /wp-sitemap.xml HTTP/2" 200 259 "-" "Mozilla/5.0 AppleWebKit/537.36 (KHTML, like Gecko; compatible; ClaudeBot/1.0; [email protected])"
49.51.36.179 - - [16/Jul/2026:23:46:37 +0000] "GET /wp-content/fonts/barlow-semi-condensed/wlpigxjLBV1hqnzfr-F8sEYMB0Yybp0mudRfi6m_CWslu50.woff2 HTTP/2" 200 14524 "-" "Mozilla/5.0 (iPhone; CPU iPhone OS 13_2_3 like Mac OS X) AppleWebKit/605.1.15 (KHTML, like Gecko) Version/13.0.3 Mobile/15E148 Safari/604.1"
65.181.111.155 - - [16/Jul/2026:23:56:04 +0000] "POST /wp-cron.php?doing_wp_cron=1784246164.5832219123840332031250 HTTP/2" 200 0 "-" "WordPress/7.0.1; https://aquaharmonyphuquoc.com"
156.59.166.211 - - [16/Jul/2026:23:56:03 +0000] "POST /wp-login.php HTTP/2" 200 3045 "-" "Mozilla/5.0 (Windows NT 10.0; Win64; x64) AppleWebKit/537.36 Chrome/129.0.0.0 Safari/537.36"
65.181.111.155 - - [16/Jul/2026:23:57:42 +0000] "POST /wp-cron.php?doing_wp_cron=1784246262.3833510875701904296875 HTTP/2" 200 0 "-" "WordPress/7.0.1; https://aquaharmonyphuquoc.com"
156.59.26.114 - - [16/Jul/2026:23:58:48 +0000] "POST /wp-login.php HTTP/2" 200 3045 "-" "Mozilla/5.0 (Windows NT 10.0; Win64; x64) AppleWebKit/537.36 Chrome/129.0.0.0 Safari/537.36"
156.59.26.114 - - [16/Jul/2026:23:58:48 +0000] "POST /wp-login.php HTTP/2" 200 3040 "-" "Mozilla/5.0 (Windows NT 10.0; Win64; rv:143.0) Gecko/20100101 Firefox/143.0"
156.59.26.114 - - [16/Jul/2026:23:59:53 +0000] "POST /wp-login.php HTTP/2" 200 3040 "-" "Mozilla/5.0 (Windows NT 10.0; Win64; rv:143.0) Gecko/20100101 Firefox/143.0"
65.181.111.155 - - [16/Jul/2026:23:59:55 +0000] "POST /wp-cron.php?doing_wp_cron=1784246395.6591980457305908203125 HTTP/2" 200 0 "-" "WordPress/7.0.1; https://aquaharmonyphuquoc.com"
49.51.195.195 - - [16/Jul/2026:23:55:52 +0000] "GET /wp-comments-post.php HTTP/2" 405 0 "-" "Mozilla/5.0 (iPhone; CPU iPhone OS 13_2_3 like Mac OS X) AppleWebKit/605.1.15 (KHTML, like Gecko) Version/13.0.3 Mobile/15E148 Safari/604.1"
156.59.166.211 - - [16/Jul/2026:23:56:02 +0000] "POST /wp-login.php HTTP/2" 200 3040 "-" "Mozilla/5.0 (Windows NT 10.0; Win64; x64) AppleWebKit/537.36 Chrome/129.0.0.0 Safari/537.36"
156.59.26.114 - - [16/Jul/2026:23:57:41 +0000] "POST /wp-login.php HTTP/2" 200 3045 "-" "Mozilla/5.0 (Macintosh; Intel Mac OS X 10_15_7) AppleWebKit/605.1.15 Version/17.0 Safari/605.1.15"
156.59.26.114 - - [16/Jul/2026:23:57:41 +0000] "POST /wp-login.php HTTP/2" 200 3040 "-" "Mozilla/5.0 (Windows NT 10.0; Win64; rv:143.0) Gecko/20100101 Firefox/143.0"
65.181.111.155 - - [16/Jul/2026:23:58:51 +0000] "POST /wp-cron.php?doing_wp_cron=1784246330.9636390209197998046875 HTTP/2" 200 0 "-" "WordPress/7.0.1; https://aquaharmonyphuquoc.com"
156.59.26.114 - - [16/Jul/2026:23:59:53 +0000] "POST /wp-login.php HTTP/2" 200 3045 "-" "Mozilla/5.0 (Windows NT 10.0; Win64; x64) AppleWebKit/537.36 Chrome/129.0.0.0 Safari/537.36"
156.59.26.114 - - [17/Jul/2026:00:01:04 +0000] "POST /wp-login.php HTTP/2" 200 3043 "-" "Mozilla/5.0 (Macintosh; Intel Mac OS X 10_15_7) AppleWebKit/605.1.15 Version/17.0 Safari/605.1.15"
65.181.111.155 - - [17/Jul/2026:00:01:10 +0000] "POST /wp-cron.php?doing_wp_cron=1784246470.3603680133819580078125 HTTP/2" 200 0 "-" "WordPress/7.0.1; https://aquaharmonyphuquoc.com"
156.59.26.114 - - [17/Jul/2026:00:01:05 +0000] "POST /wp-login.php HTTP/2" 200 3038 "-" "Mozilla/5.0 (Windows NT 10.0; Win64; rv:143.0) Gecko/20100101 Firefox/143.0"
65.181.111.155 - - [17/Jul/2026:00:02:21 +0000] "POST /wp-cron.php?doing_wp_cron=1784246541.4937589168548583984375 HTTP/2" 200 0 "-" "WordPress/7.0.1; https://aquaharmonyphuquoc.com"
156.59.26.114 - - [17/Jul/2026:00:02:20 +0000] "POST /wp-login.php HTTP/2" 200 3043 "-" "Mozilla/5.0 (Windows NT 10.0; Win64; rv:143.0) Gecko/20100101 Firefox/143.0"
156.59.26.114 - - [17/Jul/2026:00:02:20 +0000] "POST /wp-login.php HTTP/2" 200 3038 "-" "Mozilla/5.0 (Windows NT 10.0; Win64; rv:143.0) Gecko/20100101 Firefox/143.0"
65.181.111.155 - - [17/Jul/2026:00:03:22 +0000] "POST /wp-cron.php?doing_wp_cron=1784246602.4767270088195800781250 HTTP/2" 200 0 "-" "WordPress/7.0.1; https://aquaharmonyphuquoc.com"
49.51.132.100 - - [17/Jul/2026:00:03:28 +0000] "GET /benefits-of-having-online-registration-at-your-hotel/ HTTP/2" 200 20873 "https://aquaharmonyphuquoc.com/?p=2363" "Mozilla/5.0 (iPhone; CPU iPhone OS 13_2_3 like Mac OS X) AppleWebKit/605.1.15 (KHTML, like Gecko) Version/13.0.3 Mobile/15E148 Safari/604.1"
156.59.26.114 - - [17/Jul/2026:00:03:43 +0000] "POST /wp-login.php HTTP/2" 200 3001 "-" "Mozilla/5.0 (Macintosh; Intel Mac OS X 10_15_7) AppleWebKit/605.1.15 Version/17.0 Safari/605.1.15"
65.181.111.155 - - [17/Jul/2026:00:05:09 +0000] "POST /wp-cron.php?doing_wp_cron=1784246709.3949289321899414062500 HTTP/2" 200 0 "-" "WordPress/7.0.1; https://aquaharmonyphuquoc.com"
156.59.26.114 - - [17/Jul/2026:00:05:08 +0000] "POST /wp-login.php HTTP/2" 200 3038 "-" "Mozilla/5.0 (Windows NT 10.0; Win64; x64) AppleWebKit/537.36 Chrome/129.0.0.0 Safari/537.36"
156.59.26.114 - - [17/Jul/2026:00:06:35 +0000] "POST /wp-login.php HTTP/2" 200 3038 "-" "Mozilla/5.0 (Macintosh; Intel Mac OS X 10_15_7) AppleWebKit/605.1.15 Version/17.0 Safari/605.1.15"
65.181.111.155 - - [17/Jul/2026:00:08:02 +0000] "POST /wp-cron.php?doing_wp_cron=1784246882.6241419315338134765625 HTTP/2" 200 0 "-" "WordPress/7.0.1; https://aquaharmonyphuquoc.com"
156.59.26.114 - - [17/Jul/2026:00:08:02 +0000] "POST /wp-login.php HTTP/2" 200 3043 "-" "Mozilla/5.0 (Macintosh; Intel Mac OS X 10_15_7) AppleWebKit/605.1.15 Version/17.0 Safari/605.1.15"
156.59.26.114 - - [17/Jul/2026:00:08:02 +0000] "POST /wp-login.php HTTP/2" 200 3038 "-" "Mozilla/5.0 (Macintosh; Intel Mac OS X 10_15_7) AppleWebKit/605.1.15 Version/17.0 Safari/605.1.15"
156.59.26.114 - - [17/Jul/2026:00:09:29 +0000] "POST /wp-login.php HTTP/2" 200 3043 "-" "Mozilla/5.0 (Windows NT 10.0; Win64; rv:143.0) Gecko/20100101 Firefox/143.0"
65.181.111.155 - - [17/Jul/2026:00:10:56 +0000] "POST /wp-cron.php?doing_wp_cron=1784247056.2581079006195068359375 HTTP/2" 200 0 "-" "WordPress/7.0.1; https://aquaharmonyphuquoc.com"
156.59.26.114 - - [17/Jul/2026:00:10:55 +0000] "POST /wp-login.php HTTP/2" 200 3038 "-" "Mozilla/5.0 (Windows NT 10.0; Win64; rv:143.0) Gecko/20100101 Firefox/143.0"
65.181.111.155 - - [17/Jul/2026:00:12:23 +0000] "POST /wp-cron.php?doing_wp_cron=1784247143.5073029994964599609375 HTTP/2" 200 0 "-" "WordPress/7.0.1; https://aquaharmonyphuquoc.com"
156.59.26.114 - - [17/Jul/2026:00:12:22 +0000] "POST /wp-login.php HTTP/2" 200 3043 "-" "Mozilla/5.0 (Windows NT 10.0; Win64; rv:143.0) Gecko/20100101 Firefox/143.0"
156.59.166.211 - - [17/Jul/2026:00:13:02 +0000] "POST /wp-login.php HTTP/2" 200 3038 "-" "Mozilla/5.0 (Windows NT 10.0; Win64; rv:143.0) Gecko/20100101 Firefox/143.0"
156.59.166.211 - - [17/Jul/2026:00:13:02 +0000] "POST /wp-login.php HTTP/2" 200 3043 "-" "Mozilla/5.0 (Windows NT 10.0; Win64; x64) AppleWebKit/537.36 Chrome/129.0.0.0 Safari/537.36"
65.181.111.155 - - [17/Jul/2026:00:13:48 +0000] "POST /wp-cron.php?doing_wp_cron=1784247228.4391350746154785156250 HTTP/2" 200 0 "-" "WordPress/7.0.1; https://aquaharmonyphuquoc.com"
156.59.26.114 - - [17/Jul/2026:00:13:47 +0000] "POST /wp-login.php HTTP/2" 200 3038 "-" "Mozilla/5.0 (Windows NT 10.0; Win64; rv:143.0) Gecko/20100101 Firefox/143.0"
65.181.111.155 - - [17/Jul/2026:00:15:20 +0000] "POST /wp-cron.php?doing_wp_cron=1784247319.9511508941650390625000 HTTP/2" 200 0 "-" "WordPress/7.0.1; https://aquaharmonyphuquoc.com"
156.59.26.114 - - [17/Jul/2026:00:15:17 +0000] "POST /wp-login.php HTTP/2" 200 3043 "-" "Mozilla/5.0 (Macintosh; Intel Mac OS X 10_15_7) AppleWebKit/605.1.15 Version/17.0 Safari/605.1.15"
65.181.111.155 - - [17/Jul/2026:00:16:49 +0000] "POST /wp-cron.php?doing_wp_cron=1784247409.7921679019927978515625 HTTP/2" 200 0 "-" "WordPress/7.0.1; https://aquaharmonyphuquoc.com"
43.130.110.130 - - [17/Jul/2026:00:17:10 +0000] "GET /wp-content/fonts/barlow-semi-condensed/wlpkgxjLBV1hqnzfr-F8sEYMB0Yybp0mudRXfbIrB1sno5k.woff2 HTTP/2" 200 24696 "-" "Mozilla/5.0 (iPhone; CPU iPhone OS 13_2_3 like Mac OS X) AppleWebKit/605.1.15 (KHTML, like Gecko) Version/13.0.3 Mobile/15E148 Safari/604.1"
49.51.132.100 - - [17/Jul/2026:00:03:21 +0000] "GET /?p=2363 HTTP/2" 301 0 "-" "Mozilla/5.0 (iPhone; CPU iPhone OS 13_2_3 like Mac OS X) AppleWebKit/605.1.15 (KHTML, like Gecko) Version/13.0.3 Mobile/15E148 Safari/604.1"
156.59.26.114 - - [17/Jul/2026:00:03:43 +0000] "POST /wp-login.php HTTP/2" 200 3043 "-" "Mozilla/5.0 (Windows NT 10.0; Win64; x64) AppleWebKit/537.36 Chrome/129.0.0.0 Safari/537.36"
156.59.26.114 - - [17/Jul/2026:00:05:08 +0000] "POST /wp-login.php HTTP/2" 200 3043 "-" "Mozilla/5.0 (Windows NT 10.0; Win64; rv:143.0) Gecko/20100101 Firefox/143.0"
156.59.26.114 - - [17/Jul/2026:00:06:35 +0000] "POST /wp-login.php HTTP/2" 200 3043 "-" "Mozilla/5.0 (Windows NT 10.0; Win64; x64) AppleWebKit/537.36 Chrome/129.0.0.0 Safari/537.36"
65.181.111.155 - - [17/Jul/2026:00:06:36 +0000] "POST /wp-cron.php?doing_wp_cron=1784246795.7607359886169433593750 HTTP/2" 200 0 "-" "WordPress/7.0.1; https://aquaharmonyphuquoc.com"
65.181.111.155 - - [17/Jul/2026:00:09:30 +0000] "POST /wp-cron.php?doing_wp_cron=1784246970.4211080074310302734375 HTTP/2" 200 0 "-" "WordPress/7.0.1; https://aquaharmonyphuquoc.com"
156.59.26.114 - - [17/Jul/2026:00:09:29 +0000] "POST /wp-login.php HTTP/2" 200 3038 "-" "Mozilla/5.0 (Windows NT 10.0; Win64; x64) AppleWebKit/537.36 Chrome/129.0.0.0 Safari/537.36"
156.59.26.114 - - [17/Jul/2026:00:10:55 +0000] "POST /wp-login.php HTTP/2" 200 3043 "-" "Mozilla/5.0 (Windows NT 10.0; Win64; x64) AppleWebKit/537.36 Chrome/129.0.0.0 Safari/537.36"
156.59.26.114 - - [17/Jul/2026:00:12:22 +0000] "POST /wp-login.php HTTP/2" 200 3038 "-" "Mozilla/5.0 (Macintosh; Intel Mac OS X 10_15_7) AppleWebKit/605.1.15 Version/17.0 Safari/605.1.15"
156.59.26.114 - - [17/Jul/2026:00:13:48 +0000] "POST /wp-login.php HTTP/2" 200 3043 "-" "Mozilla/5.0 (Macintosh; Intel Mac OS X 10_15_7) AppleWebKit/605.1.15 Version/17.0 Safari/605.1.15"
156.59.26.114 - - [17/Jul/2026:00:15:17 +0000] "POST /wp-login.php HTTP/2" 200 3038 "-" "Mozilla/5.0 (Macintosh; Intel Mac OS X 10_15_7) AppleWebKit/605.1.15 Version/17.0 Safari/605.1.15"
156.59.26.114 - - [17/Jul/2026:00:16:49 +0000] "POST /wp-login.php HTTP/2" 200 3038 "-" "Mozilla/5.0 (Macintosh; Intel Mac OS X 10_15_7) AppleWebKit/605.1.15 Version/17.0 Safari/605.1.15"
156.59.26.114 - - [17/Jul/2026:00:16:49 +0000] "POST /wp-login.php HTTP/2" 200 3043 "-" "Mozilla/5.0 (Macintosh; Intel Mac OS X 10_15_7) AppleWebKit/605.1.15 Version/17.0 Safari/605.1.15"
65.181.111.155 - - [17/Jul/2026:00:18:23 +0000] "POST /wp-cron.php?doing_wp_cron=1784247503.6945130825042724609375 HTTP/2" 200 0 "-" "WordPress/7.0.1; https://aquaharmonyphuquoc.com"
156.59.26.114 - - [17/Jul/2026:00:18:23 +0000] "POST /wp-login.php HTTP/2" 200 3038 "-" "Mozilla/5.0 (Macintosh; Intel Mac OS X 10_15_7) AppleWebKit/605.1.15 Version/17.0 Safari/605.1.15"
65.181.111.155 - - [17/Jul/2026:00:19:59 +0000] "POST /wp-cron.php?doing_wp_cron=1784247599.9489929676055908203125 HTTP/2" 200 0 "-" "WordPress/7.0.1; https://aquaharmonyphuquoc.com"
156.59.26.114 - - [17/Jul/2026:00:21:33 +0000] "POST /wp-login.php HTTP/2" 200 3038 "-" "Mozilla/5.0 (Macintosh; Intel Mac OS X 10_15_7) AppleWebKit/605.1.15 Version/17.0 Safari/605.1.15"
65.181.111.155 - - [17/Jul/2026:00:24:36 +0000] "POST /wp-cron.php?doing_wp_cron=1784247876.8688669204711914062500 HTTP/2" 200 0 "-" "WordPress/7.0.1; https://aquaharmonyphuquoc.com"
156.59.26.114 - - [17/Jul/2026:00:24:36 +0000] "POST /wp-login.php HTTP/2" 200 3038 "-" "Mozilla/5.0 (Macintosh; Intel Mac OS X 10_15_7) AppleWebKit/605.1.15 Version/17.0 Safari/605.1.15"
156.59.26.114 - - [17/Jul/2026:00:26:05 +0000] "POST /wp-login.php HTTP/2" 200 3038 "-" "Mozilla/5.0 (Windows NT 10.0; Win64; x64) AppleWebKit/537.36 Chrome/129.0.0.0 Safari/537.36"
156.59.26.114 - - [17/Jul/2026:00:27:38 +0000] "POST /wp-login.php HTTP/2" 200 3038 "-" "Mozilla/5.0 (Windows NT 10.0; Win64; rv:143.0) Gecko/20100101 Firefox/143.0"
65.181.111.155 - - [17/Jul/2026:00:27:39 +0000] "POST /wp-cron.php?doing_wp_cron=1784248059.0770690441131591796875 HTTP/2" 200 0 "-" "WordPress/7.0.1; https://aquaharmonyphuquoc.com"
65.181.111.155 - - [17/Jul/2026:00:29:15 +0000] "POST /wp-cron.php?doing_wp_cron=1784248155.6262929439544677734375 HTTP/2" 200 0 "-" "WordPress/7.0.1; https://aquaharmonyphuquoc.com"
156.59.26.114 - - [17/Jul/2026:00:29:15 +0000] "POST /wp-login.php HTTP/2" 200 3043 "-" "Mozilla/5.0 (Macintosh; Intel Mac OS X 10_15_7) AppleWebKit/605.1.15 Version/17.0 Safari/605.1.15"
156.59.26.114 - - [17/Jul/2026:00:29:15 +0000] "POST /wp-login.php HTTP/2" 200 3038 "-" "Mozilla/5.0 (Windows NT 10.0; Win64; rv:143.0) Gecko/20100101 Firefox/143.0"
65.181.111.155 - - [17/Jul/2026:00:30:08 +0000] "POST /wp-cron.php?doing_wp_cron=1784248208.3743219375610351562500 HTTP/2" 200 0 "-" "WordPress/7.0.1; https://aquaharmonyphuquoc.com"
156.59.166.211 - - [17/Jul/2026:00:30:06 +0000] "POST /wp-login.php HTTP/2" 200 3043 "-" "Mozilla/5.0 (Windows NT 10.0; Win64; x64) AppleWebKit/537.36 Chrome/129.0.0.0 Safari/537.36"
156.59.26.114 - - [17/Jul/2026:00:30:54 +0000] "POST /wp-login.php HTTP/2" 200 3043 "-" "Mozilla/5.0 (Windows NT 10.0; Win64; x64) AppleWebKit/537.36 Chrome/129.0.0.0 Safari/537.36"
156.59.26.114 - - [17/Jul/2026:00:32:30 +0000] "POST /wp-login.php HTTP/2" 200 3043 "-" "Mozilla/5.0 (Windows NT 10.0; Win64; rv:143.0) Gecko/20100101 Firefox/143.0"
156.59.26.114 - - [17/Jul/2026:00:18:23 +0000] "POST /wp-login.php HTTP/2" 200 3043 "-" "Mozilla/5.0 (Macintosh; Intel Mac OS X 10_15_7) AppleWebKit/605.1.15 Version/17.0 Safari/605.1.15"
156.59.26.114 - - [17/Jul/2026:00:19:59 +0000] "POST /wp-login.php HTTP/2" 200 3043 "-" "Mozilla/5.0 (Windows NT 10.0; Win64; x64) AppleWebKit/537.36 Chrome/129.0.0.0 Safari/537.36"
156.59.26.114 - - [17/Jul/2026:00:19:59 +0000] "POST /wp-login.php HTTP/2" 200 3038 "-" "Mozilla/5.0 (Windows NT 10.0; Win64; rv:143.0) Gecko/20100101 Firefox/143.0"
65.181.111.155 - - [17/Jul/2026:00:21:34 +0000] "POST /wp-cron.php?doing_wp_cron=1784247694.3672549724578857421875 HTTP/2" 200 0 "-" "WordPress/7.0.1; https://aquaharmonyphuquoc.com"
156.59.26.114 - - [17/Jul/2026:00:21:33 +0000] "POST /wp-login.php HTTP/2" 200 3043 "-" "Mozilla/5.0 (Windows NT 10.0; Win64; x64) AppleWebKit/537.36 Chrome/129.0.0.0 Safari/537.36"
65.181.111.155 - - [17/Jul/2026:00:23:05 +0000] "POST /wp-cron.php?doing_wp_cron=1784247785.8867819309234619140625 HTTP/2" 200 0 "-" "WordPress/7.0.1; https://aquaharmonyphuquoc.com"
