HEX
Server: LiteSpeed
System: Linux s1049.use1.mysecurecloudhost.com 4.18.0-477.27.2.lve.el8.x86_64 #1 SMP Wed Oct 11 12:32:56 UTC 2023 x86_64
User: xedaptot (3356)
PHP: 8.3.31
Disabled: NONE
Upload Files
File: /home/xedaptot/access-logs/agency.naniguide.com-ssl_log
37.27.51.139 - - [16/Jul/2026:12:22:37 +0000] "GET /robots.txt HTTP/1.1" 200 119 "-" "Mozilla/5.0 (compatible; SERankingBacklinksBot/1.0; +https://seranking.com/backlinks-crawler)"
37.27.51.139 - - [16/Jul/2026:12:22:37 +0000] "GET / HTTP/1.1" 200 32608 "-" "Mozilla/5.0 (compatible; SERankingBacklinksBot/1.0; +https://seranking.com/backlinks-crawler)"
69.171.231.7 - - [16/Jul/2026:12:39:42 +0000] "GET /robots.txt HTTP/2" 200 124 "-" "facebookexternalhit/1.1 (+http://www.facebook.com/externalhit_uatext.php)"
57.141.0.4 - - [16/Jul/2026:12:50:14 +0000] "GET /local-sitemap.xml HTTP/2" 200 399 "-" "Mozilla/5.0 (Windows NT 10.0; Win64; x64) AppleWebKit/537.36 (KHTML, like Gecko) Chrome/145.0.0.0 Safari/537.36 Edg/145.0.0.0 (compatible; meta-externalagent/1.1 (+https://developers.facebook.com/docs/sharing/webmasters/crawler))"
65.181.111.155 - - [16/Jul/2026:12:50:15 +0000] "POST /wp-admin/admin-ajax.php?action=async_litespeed&nonce=740f9a740b&litespeed_type=imgoptm HTTP/1.1" 200 21 "-" "WordPress/7.0.1; https://agency.naniguide.com"
65.181.111.155 - - [16/Jul/2026:12:50:15 +0000] "POST /wp-cron.php?doing_wp_cron=1784206215.4666879177093505859375 HTTP/1.1" 200 0 "-" "WordPress/7.0.1; https://agency.naniguide.com"
65.181.111.155 - - [16/Jul/2026:13:11:06 +0000] "POST /wp-cron.php?doing_wp_cron=1784207466.8204441070556640625000 HTTP/1.1" 200 0 "-" "WordPress/7.0.1; https://agency.naniguide.com"
57.141.0.46 - - [16/Jul/2026:13:11:05 +0000] "GET /page-sitemap.xml HTTP/2" 200 8335 "-" "Mozilla/5.0 (Windows NT 10.0; Win64; x64) AppleWebKit/537.36 (KHTML, like Gecko) Chrome/145.0.0.0 Safari/537.36 (compatible; meta-externalagent/1.1 (+https://developers.facebook.com/docs/sharing/webmasters/crawler))"
65.181.111.155 - - [16/Jul/2026:13:11:07 +0000] "POST /wp-admin/admin-ajax.php?action=async_litespeed&nonce=740f9a740b&litespeed_type=imgoptm HTTP/1.1" 200 21 "-" "WordPress/7.0.1; https://agency.naniguide.com"
103.131.71.45 - - [16/Jul/2026:14:13:26 +0000] "GET /wp-content/uploads/2023/04/qc2n6rqu4vw.jpg HTTP/1.1" 304 0 "-" "Mozilla/5.0 (compatible; coccocbot-image/1.0; +http://help.coccoc.com/searchengine)"
65.181.111.155 - - [16/Jul/2026:14:45:47 +0000] "POST /wp-cron.php?doing_wp_cron=1784213147.6376039981842041015625 HTTP/1.1" 200 0 "-" "WordPress/7.0.1; https://agency.naniguide.com"
37.27.51.139 - - [16/Jul/2026:14:45:42 +0000] "GET /sitemap_index.xml HTTP/1.1" 200 317 "-" "Mozilla/5.0 (compatible; SERankingBacklinksBot/1.0; +https://seranking.com/backlinks-crawler)"
65.181.111.155 - - [16/Jul/2026:14:45:48 +0000] "POST /wp-admin/admin-ajax.php?action=async_litespeed&nonce=740f9a740b&litespeed_type=imgoptm HTTP/1.1" 200 21 "-" "WordPress/7.0.1; https://agency.naniguide.com"
37.27.51.139 - - [16/Jul/2026:14:47:27 +0000] "GET /dich-vu/ HTTP/1.1" 200 33432 "-" "Mozilla/5.0 (compatible; SERankingBacklinksBot/1.0; +https://seranking.com/backlinks-crawler)"
37.27.51.139 - - [16/Jul/2026:14:49:09 +0000] "GET /lien-he/ HTTP/1.1" 200 27765 "-" "Mozilla/5.0 (compatible; SERankingBacklinksBot/1.0; +https://seranking.com/backlinks-crawler)"
37.27.51.139 - - [16/Jul/2026:14:50:52 +0000] "GET /ve-chung-toi/ HTTP/1.1" 200 29061 "-" "Mozilla/5.0 (compatible; SERankingBacklinksBot/1.0; +https://seranking.com/backlinks-crawler)"
65.181.111.155 - - [16/Jul/2026:14:54:07 +0000] "POST /wp-admin/admin-ajax.php?action=async_litespeed&nonce=740f9a740b&litespeed_type=imgoptm HTTP/1.1" 200 21 "-" "WordPress/7.0.1; https://agency.naniguide.com"
37.27.51.139 - - [16/Jul/2026:14:54:18 +0000] "GET /dich-vu-thiet-ke-website/ HTTP/1.1" 200 31216 "-" "Mozilla/5.0 (compatible; SERankingBacklinksBot/1.0; +https://seranking.com/backlinks-crawler)"
65.181.111.155 - - [16/Jul/2026:14:55:12 +0000] "POST /wp-admin/admin-ajax.php?action=async_litespeed&nonce=740f9a740b&litespeed_type=imgoptm HTTP/1.1" 200 21 "-" "WordPress/7.0.1; https://agency.naniguide.com"
37.27.51.139 - - [16/Jul/2026:14:45:42 +0000] "GET /robots.txt HTTP/1.1" 200 119 "-" "Mozilla/5.0 (compatible; SERankingBacklinksBot/1.0; +https://seranking.com/backlinks-crawler)"
37.27.51.139 - - [16/Jul/2026:14:52:34 +0000] "GET /dich-vu-cham-soc-fanpage/ HTTP/1.1" 200 31187 "-" "Mozilla/5.0 (compatible; SERankingBacklinksBot/1.0; +https://seranking.com/backlinks-crawler)"
65.181.111.155 - - [16/Jul/2026:14:54:00 +0000] "POST /wp-admin/admin-ajax.php?action=async_litespeed&nonce=740f9a740b&litespeed_type=imgoptm HTTP/1.1" 200 21 "-" "WordPress/7.0.1; https://agency.naniguide.com"
65.181.111.155 - - [16/Jul/2026:14:56:10 +0000] "POST /wp-admin/admin-ajax.php?action=async_litespeed&nonce=740f9a740b&litespeed_type=imgoptm HTTP/1.1" 200 21 "-" "WordPress/7.0.1; https://agency.naniguide.com"
65.181.111.155 - - [16/Jul/2026:14:57:08 +0000] "POST /wp-admin/admin-ajax.php?action=async_litespeed&nonce=740f9a740b&litespeed_type=imgoptm HTTP/1.1" 200 21 "-" "WordPress/7.0.1; https://agency.naniguide.com"
43.164.133.138 - - [16/Jul/2026:14:57:48 +0000] "GET / HTTP/1.1" 200 32617 "http://agency.naniguide.com" "Mozilla/5.0 (iPhone; CPU iPhone OS 13_2_3 like Mac OS X) AppleWebKit/605.1.15 (KHTML, like Gecko) Version/13.0.3 Mobile/15E148 Safari/604.1"
65.181.111.155 - - [16/Jul/2026:16:11:45 +0000] "POST /wp-cron.php?doing_wp_cron=1784218305.4691131114959716796875 HTTP/1.1" 200 0 "-" "WordPress/7.0.1; https://agency.naniguide.com"
102.129.82.233 - - [16/Jul/2026:16:14:42 +0000] "GET /dich-vu/tel:0365810086 HTTP/1.1" 404 10912 "-" "Mozilla/5.0 (Macintosh; Intel Mac OS X 10_13_6) AppleWebKit/537.36 (KHTML, like Gecko) Chrome/90.0.4430.212 Safari/537.36"
47.128.44.95 - - [16/Jul/2026:16:17:23 +0000] "GET /robots.txt HTTP/1.1" 200 119 "-" "Mozilla/5.0 (Linux; Android 5.0) AppleWebKit/537.36 (KHTML, like Gecko) Mobile Safari/537.36 (compatible; Bytespider; [email protected])"
65.181.111.155 - - [16/Jul/2026:16:17:34 +0000] "POST /wp-cron.php?doing_wp_cron=1784218654.6838300228118896484375 HTTP/1.1" 200 0 "-" "WordPress/7.0.1; https://agency.naniguide.com"
104.248.144.17 - - [16/Jul/2026:16:11:43 +0000] "GET /wp-login.php HTTP/1.1" 200 3024 "https://www.facebook.com/" "Mozilla/5.0 (Macintosh; Intel Mac OS X 13_6_1) AppleWebKit/537.36 (KHTML, like Gecko) Chrome/121.0.0.0 Safari/537.36"
65.181.111.155 - - [16/Jul/2026:16:11:45 +0000] "POST /wp-admin/admin-ajax.php?action=async_litespeed&nonce=740f9a740b&litespeed_type=imgoptm HTTP/1.1" 200 21 "-" "WordPress/7.0.1; https://agency.naniguide.com"
104.248.144.17 - - [16/Jul/2026:16:11:54 +0000] "GET /wp-login.php HTTP/1.1" 200 3024 "-" "Mozilla/5.0 (Windows NT 10.0; Win64; x64) AppleWebKit/537.36 (KHTML, like Gecko) Chrome/120.0.0.0 Safari/537.36"
104.248.144.17 - - [16/Jul/2026:16:11:59 +0000] "GET /wp-admin/ HTTP/1.1" 302 0 "-" "Mozilla/5.0 (Windows NT 10.0; Win64; x64) AppleWebKit/537.36 (KHTML, like Gecko) Chrome/120.0.0.0 Safari/537.36"
65.181.111.155 - - [16/Jul/2026:16:12:05 +0000] "POST /wp-cron.php?doing_wp_cron=1784218325.7080519199371337890625 HTTP/1.1" 200 0 "-" "WordPress/7.0.1; https://agency.naniguide.com"
104.248.144.17 - - [16/Jul/2026:16:12:05 +0000] "GET /wp-login.php?redirect_to=https%3A%2F%2Fagency.naniguide.com%2Fwp-admin%2F&reauth=1 HTTP/1.1" 200 3034 "-" "Mozilla/5.0 (Windows NT 10.0; Win64; x64) AppleWebKit/537.36 (KHTML, like Gecko) Chrome/120.0.0.0 Safari/537.36"
65.181.111.155 - - [16/Jul/2026:16:12:06 +0000] "POST /wp-admin/admin-ajax.php?action=async_litespeed&nonce=740f9a740b&litespeed_type=imgoptm HTTP/1.1" 200 21 "-" "WordPress/7.0.1; https://agency.naniguide.com"
65.181.111.155 - - [16/Jul/2026:16:14:43 +0000] "POST /wp-cron.php?doing_wp_cron=1784218483.0867559909820556640625 HTTP/1.1" 200 0 "-" "WordPress/7.0.1; https://agency.naniguide.com"
65.181.111.155 - - [16/Jul/2026:16:14:43 +0000] "POST /wp-admin/admin-ajax.php?action=async_litespeed&nonce=740f9a740b&litespeed_type=imgoptm HTTP/1.1" 200 21 "-" "WordPress/7.0.1; https://agency.naniguide.com"
181.123.37.70 - - [16/Jul/2026:16:17:34 +0000] "GET /tel:0365810086 HTTP/1.1" 404 10912 "-" "Mozilla/5.0 (Windows NT 6.1; Win64; x64) AppleWebKit/537.36 (KHTML, like Gecko) Chrome/102.0.5005.115 Safari/537.36"
65.181.111.155 - - [16/Jul/2026:16:17:35 +0000] "POST /wp-admin/admin-ajax.php?action=async_litespeed&nonce=740f9a740b&litespeed_type=imgoptm HTTP/1.1" 200 21 "-" "WordPress/7.0.1; https://agency.naniguide.com"
52.167.144.54 - - [16/Jul/2026:16:35:28 +0000] "GET /robots.txt HTTP/2" 200 105 "-" "Mozilla/5.0 AppleWebKit/537.36 (KHTML, like Gecko; compatible; bingbot/2.0; +http://www.bing.com/bingbot.htm) Chrome/116.0.1938.76 Safari/537.36"
40.77.167.235 - - [16/Jul/2026:16:35:31 +0000] "GET /wp-content/uploads/2023/04/bookingcom-1.svg HTTP/2" 200 688 "-" "Mozilla/5.0 AppleWebKit/537.36 (KHTML, like Gecko; compatible; bingbot/2.0; +http://www.bing.com/bingbot.htm) Chrome/116.0.1938.76 Safari/537.36"
65.181.111.155 - - [16/Jul/2026:16:45:19 +0000] "POST /wp-admin/admin-ajax.php?action=async_litespeed&nonce=740f9a740b&litespeed_type=imgoptm HTTP/1.1" 200 21 "-" "WordPress/7.0.1; https://agency.naniguide.com"
65.181.111.155 - - [16/Jul/2026:16:47:10 +0000] "POST /wp-admin/admin-ajax.php?action=async_litespeed&nonce=740f9a740b&litespeed_type=imgoptm HTTP/1.1" 200 21 "-" "WordPress/7.0.1; https://agency.naniguide.com"
51.222.168.128 - - [16/Jul/2026:16:47:40 +0000] "GET /robots.txt HTTP/2" 200 105 "-" "Mozilla/5.0 (compatible; AhrefsBot/7.0; +http://ahrefs.com/robot/)"
51.161.37.72 - - [16/Jul/2026:16:47:41 +0000] "GET /sitemap_index.xml HTTP/2" 200 287 "-" "Mozilla/5.0 (compatible; AhrefsBot/7.0; +http://ahrefs.com/robot/)"
148.113.130.220 - - [16/Jul/2026:16:47:50 +0000] "GET /page-sitemap.xml HTTP/2" 200 673 "-" "Mozilla/5.0 (compatible; AhrefsBot/7.0; +http://ahrefs.com/robot/)"
148.113.128.87 - - [16/Jul/2026:16:47:52 +0000] "GET /local-sitemap.xml HTTP/2" 200 267 "-" "Mozilla/5.0 (compatible; AhrefsBot/7.0; +http://ahrefs.com/robot/)"
65.181.111.155 - - [16/Jul/2026:16:44:20 +0000] "POST /wp-admin/admin-ajax.php?action=async_litespeed&nonce=740f9a740b&litespeed_type=imgoptm HTTP/1.1" 200 21 "-" "WordPress/7.0.1; https://agency.naniguide.com"
65.181.111.155 - - [16/Jul/2026:16:46:08 +0000] "POST /wp-admin/admin-ajax.php?action=async_litespeed&nonce=740f9a740b&litespeed_type=imgoptm HTTP/1.1" 200 21 "-" "WordPress/7.0.1; https://agency.naniguide.com"
65.181.111.155 - - [16/Jul/2026:16:47:41 +0000] "POST /wp-cron.php?doing_wp_cron=1784220461.7291910648345947265625 HTTP/1.1" 200 0 "-" "WordPress/7.0.1; https://agency.naniguide.com"
65.181.111.155 - - [16/Jul/2026:16:48:41 +0000] "POST /wp-admin/admin-ajax.php?action=async_litespeed&nonce=740f9a740b&litespeed_type=imgoptm HTTP/1.1" 200 21 "-" "WordPress/7.0.1; https://agency.naniguide.com"
65.181.111.155 - - [16/Jul/2026:16:49:48 +0000] "POST /wp-admin/admin-ajax.php?action=async_litespeed&nonce=740f9a740b&litespeed_type=imgoptm HTTP/1.1" 200 21 "-" "WordPress/7.0.1; https://agency.naniguide.com"
65.181.111.155 - - [16/Jul/2026:16:50:18 +0000] "POST /wp-admin/admin-ajax.php?action=async_litespeed&nonce=740f9a740b&litespeed_type=imgoptm HTTP/1.1" 200 21 "-" "WordPress/7.0.1; https://agency.naniguide.com"
65.181.111.155 - - [16/Jul/2026:17:08:32 +0000] "POST /wp-admin/admin-ajax.php?action=async_litespeed&nonce=740f9a740b&litespeed_type=imgoptm HTTP/1.1" 200 21 "-" "WordPress/7.0.1; https://agency.naniguide.com"
65.181.111.155 - - [16/Jul/2026:18:37:49 +0000] "POST /wp-cron.php?doing_wp_cron=1784227069.9400579929351806640625 HTTP/1.1" 200 0 "-" "WordPress/7.0.1; https://agency.naniguide.com"
37.27.51.139 - - [16/Jul/2026:18:37:48 +0000] "GET /robots.txt HTTP/1.1" 200 119 "-" "Mozilla/5.0 (compatible; SERankingBacklinksBot/1.0; +https://seranking.com/backlinks-crawler)"
37.27.51.139 - - [16/Jul/2026:18:37:49 +0000] "GET /page-sitemap.xml HTTP/1.1" 200 802 "-" "Mozilla/5.0 (compatible; SERankingBacklinksBot/1.0; +https://seranking.com/backlinks-crawler)"
65.181.111.155 - - [16/Jul/2026:18:37:50 +0000] "POST /wp-admin/admin-ajax.php?action=async_litespeed&nonce=740f9a740b&litespeed_type=imgoptm HTTP/1.1" 200 21 "-" "WordPress/7.0.1; https://agency.naniguide.com"
17.246.19.50 - - [16/Jul/2026:19:29:15 +0000] "GET /robots.txt HTTP/2" 200 119 "-" "Mozilla/5.0 (Macintosh; Intel Mac OS X 10_15_7) AppleWebKit/605.1.15 (KHTML, like Gecko) Version/17.4 Safari/605.1.15 (Applebot/0.1; +http://www.apple.com/go/applebot)"
17.246.19.50 - - [16/Jul/2026:19:29:15 +0000] "GET /comments/feed/ HTTP/2" 200 496 "-" "Mozilla/5.0 (Macintosh; Intel Mac OS X 10_15_7) AppleWebKit/605.1.15 (KHTML, like Gecko) Version/17.4 Safari/605.1.15 (Applebot/0.1; +http://www.apple.com/go/applebot)"
57.141.0.52 - - [16/Jul/2026:19:39:35 +0000] "GET / HTTP/2" 200 144084 "-" "Mozilla/5.0 (Windows NT 10.0; Win64; x64) AppleWebKit/537.36 (KHTML, like Gecko) Chrome/145.0.0.0 Safari/537.36 (compatible; meta-externalagent/1.1 (+https://developers.facebook.com/docs/sharing/webmasters/crawler))"
37.27.51.139 - - [16/Jul/2026:19:53:32 +0000] "GET /local-sitemap.xml HTTP/1.1" 200 297 "-" "Mozilla/5.0 (compatible; SERankingBacklinksBot/1.0; +https://seranking.com/backlinks-crawler)"
37.27.51.139 - - [16/Jul/2026:19:53:32 +0000] "GET /robots.txt HTTP/1.1" 200 119 "-" "Mozilla/5.0 (compatible; SERankingBacklinksBot/1.0; +https://seranking.com/backlinks-crawler)"
65.181.111.155 - - [16/Jul/2026:19:53:35 +0000] "POST /wp-cron.php?doing_wp_cron=1784231615.0040810108184814453125 HTTP/1.1" 200 0 "-" "WordPress/7.0.1; https://agency.naniguide.com"
65.181.111.155 - - [16/Jul/2026:19:53:35 +0000] "POST /wp-admin/admin-ajax.php?action=async_litespeed&nonce=740f9a740b&litespeed_type=imgoptm HTTP/1.1" 200 21 "-" "WordPress/7.0.1; https://agency.naniguide.com"
128.242.233.184 - - [16/Jul/2026:20:54:25 +0000] "GET /wp-content/uploads/2023/04/seobrand02.png HTTP/2" 200 6646 "https://agency.naniguide.com/" "Mozilla/5.0 (Macintosh; Intel Mac OS X 10_15_7) AppleWebKit/537.36 (KHTML, like Gecko) Chrome/130.0.0.0 Safari/537.36"
65.181.111.155 - - [16/Jul/2026:22:22:04 +0000] "POST /wp-cron.php?doing_wp_cron=1784240524.5625650882720947265625 HTTP/1.1" 200 0 "-" "WordPress/7.0.1; https://agency.naniguide.com"
65.181.111.155 - - [16/Jul/2026:22:22:06 +0000] "POST /wp-admin/admin-ajax.php?action=async_litespeed&nonce=740f9a740b&litespeed_type=imgoptm HTTP/1.1" 200 21 "-" "WordPress/7.0.1; https://agency.naniguide.com"
65.181.111.155 - - [16/Jul/2026:22:31:24 +0000] "POST /wp-cron.php?doing_wp_cron=1784241084.4983329772949218750000 HTTP/1.1" 200 0 "-" "WordPress/7.0.1; https://agency.naniguide.com"
57.141.0.22 - - [16/Jul/2026:22:31:22 +0000] "GET /sitemap_index.xml HTTP/2" 200 545 "-" "Mozilla/5.0 (Windows NT 10.0; Win64; x64) AppleWebKit/537.36 (KHTML, like Gecko) Chrome/145.0.0.0 Safari/537.36 (compatible; meta-externalagent/1.1 (+https://developers.facebook.com/docs/sharing/webmasters/crawler))"
65.181.111.155 - - [16/Jul/2026:22:31:25 +0000] "POST /wp-admin/admin-ajax.php?action=async_litespeed&nonce=740f9a740b&litespeed_type=imgoptm HTTP/1.1" 200 21 "-" "WordPress/7.0.1; https://agency.naniguide.com"
104.248.144.17 - - [16/Jul/2026:22:21:59 +0000] "GET /wp-login.php HTTP/1.1" 200 3024 "https://www.facebook.com/" "Mozilla/5.0 (Macintosh; Intel Mac OS X 10_15_7) AppleWebKit/537.36 (KHTML, like Gecko) Chrome/118.0.0.0 Safari/537.36"
104.248.144.17 - - [16/Jul/2026:22:22:12 +0000] "GET /wp-admin/ HTTP/1.1" 302 0 "https://t.co/" "Mozilla/5.0 (Macintosh; Intel Mac OS X 13_6_1) AppleWebKit/605.1.15 (KHTML, like Gecko) Version/17.1 Safari/605.1.15"
104.248.144.17 - - [16/Jul/2026:22:22:21 +0000] "GET /wp-login.php?redirect_to=https%3A%2F%2Fagency.naniguide.com%2Fwp-admin%2F&reauth=1 HTTP/1.1" 200 3033 "https://t.co/" "Mozilla/5.0 (Macintosh; Intel Mac OS X 13_6_1) AppleWebKit/605.1.15 (KHTML, like Gecko) Version/17.1 Safari/605.1.15"
104.248.144.17 - - [16/Jul/2026:22:22:27 +0000] "GET /wp-admin/ HTTP/1.1" 302 0 "https://www.google.com/" "Mozilla/5.0 (Macintosh; Intel Mac OS X 10_15_7; rv:119.0) Gecko/20100101 Firefox/119.0"
104.248.144.17 - - [16/Jul/2026:22:22:31 +0000] "GET /wp-login.php?redirect_to=https%3A%2F%2Fwww.agency.naniguide.com%2Fwp-admin%2F&reauth=1 HTTP/1.1" 200 3035 "https://www.google.com/" "Mozilla/5.0 (Macintosh; Intel Mac OS X 10_15_7; rv:119.0) Gecko/20100101 Firefox/119.0"